(7842,NULL,NULL,'2024-01-14 15:44:08','2024-01-14 15:35:09'),(7843,NULL,NULL,'2024-01-14 15:44:08','2024-01-14 15:35:09'),(7844,NULL,NULL,'2024-01-14 15:44:08','2024-01-14 15:35:09'),(7845,NULL,NULL,'2024-01-14 15:44:08','2024-01-14 15:35:09'),(7846,NULL,NULL,'2024-01-14 15:44:08','2024-01-14 15:35:09'),(7847,NULL,NULL,'2024-01-14 15:44:08','2024-01-14 15:35:09'),(7848,NULL,NULL,'2024-01-14 15:44:08','2024-01-14 15:35:09'),(7849,NULL,NULL,'2024-01-14 15:44:08','2024-01-14 15:35:09'),(7850,NULL,NULL,'2024-01-14 15:44:08','2024-01-14 15:35:09'),(7851,NULL,NULL,'2024-01-14 15:44:08','2024-01-14 15:35:09'),(7852,NULL,NULL,'2024-01-14 15:44:08','2024-01-14 15:35:09'),(7853,NULL,NULL,'2024-01-14 15:44:08','2024-01-14 15:35:09'),(7854,NULL,NULL,'2024-01-14 15:44:08','2024-01-14 15:35:09'),(7855,NULL,NULL,'2024-01-14 15:44:08','2024-01-14 15:35:09'),(7856,NULL,NULL,'2024-01-14 15:44:08','2024-01-14 15:35:09'),(7857,NULL,NULL,'2024-01-14 15:44:08','2024-01-14 15:35:09'),(7858,NULL,NULL,'2024-01-14 15:44:08','2024-01-14 15:35:09'),(7859,NULL,NULL,'2024-01-14 15:44:08','2024-01-14 15:35:09'),(7860,NULL,NULL,'2024-01-14 15:44:08','2024-01-14 15:35:09'),(7861,NULL,NULL,'2024-01-14 15:44:08','2024-01-14 15:35:09'),(7862,NULL,NULL,'2024-01-14 15:44:08','2024-01-14 15:35:09'),(7863,NULL,NULL,'2024-01-14 15:44:08','2024-01-14 15:35:09'),(7864,NULL,NULL,'2024-01-14 15:44:08','2024-01-14 15:35:09'),(7865,NULL,NULL,'2024-01-14 15:44:08','2024-01-14 15:35:09'),(7866,NULL,NULL,'2024-01-14 15:44:08','2024-01-14 15:35:09'),(7867,NULL,NULL,'2024-01-14 15:44:08','2024-01-14 15:35:09'),(7868,NULL,NULL,'2024-01-14 15:44:08','2024-01-14 15:35:09'),(7869,NULL,NULL,'2024-01-14 15:44:08','2024-01-14 15:35:09'),(7870,NULL,NULL,'2024-01-14 15:44:08','2024-01-14 15:35:09'),(7871,NULL,NULL,'2024-01-14 15:44:08','2024-01-14 15:35:09'),(7872,NULL,NULL,'2024-01-14 15:44:08','2024-01-14 15:35:09'),(7873,NULL,NULL,'2024-01-14 15:44:08','2024-01-14 15:35:09'),(7874,NULL,NULL,'2024-01-14 15:44:08','2024-01-14 15:35:09'),(7875,NULL,NULL,'2024-01-14 15:44:08','2024-01-14 15:35:09'),(7876,NULL,NULL,'2024-01-14 15:44:08','2024-01-14 15:35:09'),(7877,NULL,NULL,'2024-01-14 15:44:08','2024-01-14 15:35:09'),(7878,NULL,NULL,'2024-01-14 15:44:08','2024-01-14 15:35:09'),(7879,NULL,NULL,'2024-01-14 15:44:08','2024-01-14 15:35:09'),(7880,NULL,NULL,'2024-01-14 15:44:08','2024-01-14 15:35:09'),(7881,NULL,NULL,'2024-01-14 15:44:08','2024-01-14 15:35:09'),(7882,NULL,NULL,'2024-01-14 15:44:08','2024-01-14 15:35:09'),(7883,NULL,NULL,'2024-01-14 15:44:08','2024-01-14 15:35:09'),(7884,NULL,NULL,'2024-01-14 15:44:08','2024-01-14 15:35:09'),(7885,NULL,NULL,'2024-01-14 15:44:08','2024-01-14 15:35:09'),(7886,NULL,NULL,'2024-01-14 15:44:08','2024-01-14 15:35:09'),(7887,NULL,NULL,'2024-01-14 15:44:08','2024-01-14 15:35:09'),(7888,NULL,NULL,'2024-01-14 15:44:08','2024-01-14 15:35:09'),(7889,NULL,NULL,'2024-01-14 15:44:08','2024-01-14 15:35:09'),(7890,NULL,NULL,'2024-01-14 15:44:08','2024-01-14 15:35:09'),(7891,NULL,NULL,'2024-01-14 15:44:08','2024-01-14 15:35:09'),(7892,NULL,NULL,'2024-01-14 15:44:08','2024-01-14 15:35:09'),(7893,NULL,NULL,'2024-01-14 15:44:08','2024-01-14 15:35:09'),(7894,NULL,NULL,'2024-01-14 15:44:08','2024-01-14 15:35:09'),(7895,NULL,NULL,'2024-01-14 15:44:08','2024-01-14 15:35:09'),(7896,NULL,NULL,'2024-01-14 15:44:08','2024-01-14 15:35:09'),(7897,NULL,NULL,'2024-01-14 15:44:08','2024-01-14 15:35:09'),(7898,NULL,NULL,'2024-01-14 15:44:08','2024-01-14 15:35:09'),(7899,NULL,NULL,'2024-01-14 15:44:08','2024-01-14 15:35:09'),(7900,NULL,NULL,'2024-01-14 15:44:08','2024-01-14 15:35:09'),(7901,NULL,NULL,'2024-01-14 15:44:08','2024-01-14 15:35:09'),(7902,NULL,NULL,'2024-01-14 15:44:08','2024-01-14 15:35:09'),(7903,NULL,NULL,'2024-01-14 15:44:08','2024-01-14 15:35:09'),(7904,NULL,NULL,'2024-01-14 15:44:08','2024-01-14 15:35:09'),(7905,NULL,NULL,'2024-01-14 15:44:08','2024-01-14 15:35:09'),(7906,NULL,NULL,'2024-01-14 15:44:08','2024-01-14 15:35:09'),(7907,NULL,NULL,'2024-01-14 15:44:08','2024-01-14 15:35:09'),(7908,NULL,NULL,'2024-01-14 15:44:08','2024-01-14 15:35:09'),(7909,NULL,NULL,'2024-01-14 15:44:08','2024-01-14 15:35:09'),(7910,NULL,NULL,'2024-01-14 15:44:08','2024-01-14 15:35:09'),(7911,NULL,NULL,'2024-01-14 15:44:08','2024-01-14 15:35:09'),(7912,NULL,NULL,'2024-01-14 15:44:08','2024-01-14 15:35:09'),(7913,NULL,NULL,'2024-01-14 15:44:08','2024-01-14 15:35:09'),(7914,NULL,NULL,'2024-01-14 15:44:08','2024-01-14 15:35:09'),(7915,NULL,NULL,'2024-01-14 15:44:08','2024-01-14 15:35:09'),(7916,NULL,NULL,'2024-01-14 15:44:08','2024-01-14 15:35:09'),(7917,NULL,NULL,'2024-01-14 15:44:08','2024-01-14 15:35:09'),(7918,NULL,NULL,'2024-01-14 15:44:08','2024-01-14 15:35:09'),(7919,NULL,NULL,'2024-01-14 15:44:08','2024-01-14 15:35:09'),(7920,NULL,NULL,'2024-01-14 15:44:08','2024-01-14 15:35:09'),(7921,NULL,NULL,'2024-01-14 15:44:08','2024-01-14 15:35:09'),(7922,NULL,NULL,'2024-01-14 15:44:08','2024-01-14 15:35:09'),(7923,NULL,NULL,'2024-01-14 15:44:08','2024-01-14 15:35:09'),(7924,NULL,NULL,'2024-01-14 15:44:08','2024-01-14 15:35:09'),(7925,NULL,NULL,'2024-01-14 15:44:08','2024-01-14 15:35:09'),(7926,NULL,NULL,'2024-01-14 15:44:08','2024-01-14 15:35:09'),(7927,NULL,NULL,'2024-01-14 15:44:08','2024-01-14 15:35:09'),(7928,NULL,NULL,'2024-01-14 15:44:08','2024-01-14 15:35:09'),(7929,NULL,NULL,'2024-01-14 15:44:08','2024-01-14 15:35:09'),(7930,NULL,NULL,'2024-01-14 15:44:08','2024-01-14 15:35:09'),(7931,NULL,NULL,'2024-01-14 15:44:08','2024-01-14 15:35:09'),(7932,NULL,NULL,'2024-01-14 15:44:08','2024-01-14 15:35:09'),(7933,NULL,NULL,'2024-01-14 15:44:08','2024-01-14 15:35:09'),(7934,NULL,NULL,'2024-01-14 15:44:08','2024-01-14 15:35:09'),(7935,NULL,NULL,'2024-01-14 15:44:08','2024-01-14 15:35:09'),(7936,NULL,NULL,'2024-01-14 15:44:08','2024-01-14 15:35:09'),(7937,NULL,NULL,'2024-01-14 15:44:08','2024-01-14 15:35:09'),(7938,NULL,NULL,'2024-01-14 15:44:08','2024-01-14 15:35:09'),(7939,NULL,NULL,'2024-01-14 15:44:08','2024-01-14 15:35:09'),(7940,NULL,NULL,'2024-01-14 15:44:08','2024-01-14 15:35:09'),(7941,NULL,NULL,'2024-01-14 15:44:08','2024-01-14 15:35:09'),(7942,NULL,NULL,'2024-01-14 15:44:08','2024-01-14 15:35:09'),(7943,NULL,NULL,'2024-01-14 15:44:08','2024-01-14 15:35:09'),(7944,NULL,NULL,'2024-01-14 15:44:08','2024-01-14 15:35:09'),(7945,NULL,NULL,'2024-01-14 15:44:08','2024-01-14 15:35:09'),(7946,NULL,NULL,'2024-01-14 15:44:08','2024-01-14 15:35:09'),(7947,NULL,NULL,'2024-01-14 15:44:08','2024-01-14 15:35:09'),(7948,NULL,NULL,'2024-01-14 15:44:08','2024-01-14 15:35:09'),(7949,NULL,NULL,'2024-01-14 15:44:08','2024-01-14 15:35:09'),(7950,NULL,NULL,'2024-01-14 15:44:08','2024-01-14 15:35:09'),(7951,NULL,NULL,'2024-01-14 15:44:08','2024-01-14 15:35:09'),(7952,NULL,NULL,'2024-01-14 15:44:08','2024-01-14 15:35:09'),(7953,NULL,NULL,'2024-01-14 15:44:08','2024-01-14 15:35:09'),(7954,NULL,NULL,'2024-01-14 15:44:08','2024-01-14 15:35:09'),(7955,NULL,NULL,'2024-01-14 15:44:08','2024-01-14 15:35:09'),(7956,NULL,NULL,'2024-01-14 15:44:08','2024-01-14 15:35:09'),(7957,NULL,NULL,'2024-01-14 15:44:08','2024-01-14 15:35:09'),(7958,NULL,NULL,'2024-01-14 15:44:08','2024-01-14 15:35:09'),(7959,NULL,NULL,'2024-01-14 15:44:08','2024-01-14 15:35:09'),(7960,NULL,NULL,'2024-01-14 15:44:08','2024-01-14 15:35:09'),(7961,NULL,NULL,'2024-01-14 15:44:08','2024-01-14 15:35:09'),(7962,NULL,NULL,'2024-01-14 15:44:08','2024-01-14 15:35:09'),(7963,NULL,NULL,'2024-01-14 15:44:08','2024-01-14 15:35:09'),(7964,NULL,NULL,'2024-01-14 15:44:08','2024-01-14 15:35:09'),(7965,NULL,NULL,'2024-01-14 15:44:08','2024-01-14 15:35:09'),(7966,NULL,NULL,'2024-01-14 15:44:08','2024-01-14 15:35:09'),(7967,NULL,NULL,'2024-01-14 15:44:08','2024-01-14 15:35:09'),(7968,NULL,NULL,'2024-01-14 15:44:08','2024-01-14 15:35:09'),(7969,NULL,NULL,'2024-01-14 15:44:08','2024-01-14 15:35:09'),(7970,NULL,NULL,'2024-01-14 15:44:08','2024-01-14 15:35:09'),(7971,NULL,NULL,'2024-01-14 15:44:08','2024-01-14 15:35:09'),(7972,NULL,NULL,'2024-01-14 15:44:08','2024-01-14 15:35:09'),(7973,NULL,NULL,'2024-01-14 15:44:08','2024-01-14 15:35:09'),(7974,NULL,NULL,'2024-01-14 15:44:08','2024-01-14 15:35:09'),(7975,NULL,NULL,'2024-01-14 15:44:08','2024-01-14 15:35:09'),(7976,NULL,NULL,'2024-01-14 15:44:08','2024-01-14 15:35:09'),(7977,NULL,NULL,'2024-01-14 15:44:08','2024-01-14 15:35:09'),(7978,NULL,NULL,'2024-01-14 15:44:08','2024-01-14 15:35:09'),(7979,NULL,NULL,'2024-01-14 15:44:08','2024-01-14 15:35:09'),(7980,NULL,NULL,'2024-01-14 15:44:08','2024-01-14 15:35:09'),(7981,NULL,NULL,'2024-01-14 15:44:08','2024-01-14 15:35:09'),(7982,NULL,NULL,'2024-01-14 15:44:08','2024-01-14 15:35:09'),(7983,NULL,NULL,'2024-01-14 15:44:08','2024-01-14 15:35:09'),(7984,NULL,NULL,'2024-01-14 15:44:08','2024-01-14 15:35:09'),(7985,NULL,NULL,'2024-01-14 15:44:08','2024-01-14 15:35:09'),(7986,NULL,NULL,'2024-01-14 15:44:08','2024-01-14 15:35:09'),(7987,NULL,NULL,'2024-01-14 15:44:08','2024-01-14 15:35:09'),(7988,NULL,NULL,'2024-01-14 15:44:08','2024-01-14 15:35:09'),(7989,NULL,NULL,'2024-01-14 15:44:08','2024-01-14 15:35:09'),(7990,NULL,NULL,'2024-01-14 15:44:08','2024-01-14 15:35:09'),(7991,NULL,NULL,'2024-01-14 15:44:08','2024-01-14 15:35:09'),(7992,NULL,NULL,'2024-01-14 15:44:08','2024-01-14 15:35:09'),(7993,NULL,NULL,'2024-01-14 15:44:08','2024-01-14 15:35:09'),(7994,NULL,NULL,'2024-01-14 15:44:08','2024-01-14 15:35:09'),(7995,NULL,NULL,'2024-01-14 15:44:08','2024-01-14 15:35:09'),(7996,NULL,NULL,'2024-01-14 15:44:08','2024-01-14 15:35:09'),(7997,NULL,NULL,'2024-01-14 15:44:08','2024-01-14 15:35:09'),(7998,NULL,NULL,'2024-01-14 15:44:08','2024-01-14 15:35:09'),(7999,NULL,NULL,'2024-01-14 15:44:08','2024-01-14 15:35:09'),(8000,NULL,NULL,'2024-01-14 15:44:08','2024-01-14 15:35:09'),(8001,NULL,NULL,'2024-01-14 15:44:13','2024-01-14 15:35:09'),(8002,NULL,NULL,'2024-01-14 15:44:13','2024-01-14 15:35:09'),(8003,NULL,NULL,'2024-01-14 15:44:13','2024-01-14 15:35:09'),(8004,NULL,NULL,'2024-01-14 15:44:13','2024-01-14 15:35:09'),(8005,NULL,NULL,'2024-01-14 15:44:13','2024-01-14 15:35:09'),(8006,NULL,NULL,'2024-01-14 15:44:13','2024-01-14 15:35:09'),(8007,NULL,NULL,'2024-01-14 15:44:13','2024-01-14 15:35:09'),(8008,NULL,NULL,'2024-01-14 15:44:13','2024-01-14 15:35:09'),(8009,NULL,NULL,'2024-01-14 15:44:13','2024-01-14 15:35:09'),(8010,NULL,NULL,'2024-01-14 15:44:13','2024-01-14 15:35:09'),(8011,NULL,NULL,'2024-01-14 15:44:13','2024-01-14 15:35:09'),(8012,NULL,NULL,'2024-01-14 15:44:13','2024-01-14 15:35:09'),(8013,NULL,NULL,'2024-01-14 15:44:13','2024-01-14 15:35:09'),(8014,NULL,NULL,'2024-01-14 15:44:13','2024-01-14 15:35:09'),(8015,NULL,NULL,'2024-01-14 15:44:13','2024-01-14 15:35:09'),(8016,NULL,NULL,'2024-01-14 15:44:13','2024-01-14 15:35:09'),(8017,NULL,NULL,'2024-01-14 15:44:13','2024-01-14 15:35:09'),(8018,NULL,NULL,'2024-01-14 15:44:13','2024-01-14 15:35:09'),(8019,NULL,NULL,'2024-01-14 15:44:13','2024-01-14 15:35:09'),(8020,NULL,NULL,'2024-01-14 15:44:13','2024-01-14 15:35:09'),(8021,NULL,NULL,'2024-01-14 15:44:13','2024-01-14 15:35:09'),(8022,NULL,NULL,'2024-01-14 15:44:13','2024-01-14 15:35:09'),(8023,NULL,NULL,'2024-01-14 15:44:13','2024-01-14 15:35:09'),(8024,NULL,NULL,'2024-01-14 15:44:13','2024-01-14 15:35:09'),(8025,NULL,NULL,'2024-01-14 15:44:13','2024-01-14 15:35:09'),(8026,NULL,NULL,'2024-01-14 15:44:13','2024-01-14 15:35:09'),(8027,NULL,NULL,'2024-01-14 15:44:13','2024-01-14 15:35:09'),(8028,NULL,NULL,'2024-01-14 15:44:13','2024-01-14 15:35:09'),(8029,NULL,NULL,'2024-01-14 15:44:13','2024-01-14 15:35:09'),(8030,NULL,NULL,'2024-01-14 15:44:13','2024-01-14 15:35:09'),(8031,NULL,NULL,'2024-01-14 15:44:13','2024-01-14 15:35:09'),(8032,NULL,NULL,'2024-01-14 15:44:13','2024-01-14 15:35:09'),(8033,NULL,NULL,'2024-01-14 15:44:13','2024-01-14 15:35:09'),(8034,NULL,NULL,'2024-01-14 15:44:13','2024-01-14 15:35:09'),(8035,NULL,NULL,'2024-01-14 15:44:13','2024-01-14 15:35:09'),(8036,NULL,NULL,'2024-01-14 15:44:13','2024-01-14 15:35:09'),(8037,NULL,NULL,'2024-01-14 15:44:13','2024-01-14 15:35:09'),(8038,NULL,NULL,'2024-01-14 15:44:13','2024-01-14 15:35:09'),(8039,NULL,NULL,'2024-01-14 15:44:13','2024-01-14 15:35:09'),(8040,NULL,NULL,'2024-01-14 15:44:13','2024-01-14 15:35:09'),(8041,NULL,NULL,'2024-01-14 15:44:13','2024-01-14 15:35:09'),(8042,NULL,NULL,'2024-01-14 15:44:13','2024-01-14 15:35:09'),(8043,NULL,NULL,'2024-01-14 15:44:13','2024-01-14 15:35:09'),(8044,NULL,NULL,'2024-01-14 15:44:13','2024-01-14 15:35:09'),(8045,NULL,NULL,'2024-01-14 15:44:13','2024-01-14 15:35:09'),(8046,NULL,NULL,'2024-01-14 15:44:13','2024-01-14 15:35:09'),(8047,NULL,NULL,'2024-01-14 15:44:13','2024-01-14 15:35:09'),(8048,NULL,NULL,'2024-01-14 15:44:13','2024-01-14 15:35:09'),(8049,NULL,NULL,'2024-01-14 15:44:13','2024-01-14 15:35:09'),(8050,NULL,NULL,'2024-01-14 15:44:13','2024-01-14 15:35:09'),(8051,NULL,NULL,'2024-01-14 15:44:13','2024-01-14 15:35:09'),(8052,NULL,NULL,'2024-01-14 15:44:13','2024-01-14 15:35:09'),(8053,NULL,NULL,'2024-01-14 15:44:13','2024-01-14 15:35:09'),(8054,NULL,NULL,'2024-01-14 15:44:13','2024-01-14 15:35:09'),(8055,NULL,NULL,'2024-01-14 15:44:13','2024-01-14 15:35:09'),(8056,NULL,NULL,'2024-01-14 15:44:13','2024-01-14 15:35:09'),(8057,NULL,NULL,'2024-01-14 15:44:13','2024-01-14 15:35:09'),(8058,NULL,NULL,'2024-01-14 15:44:13','2024-01-14 15:35:09'),(8059,NULL,NULL,'2024-01-14 15:44:13','2024-01-14 15:35:09'),(8060,NULL,NULL,'2024-01-14 15:44:13','2024-01-14 15:35:09'),(8061,NULL,NULL,'2024-01-14 15:44:13','2024-01-14 15:35:09'),(8062,NULL,NULL,'2024-01-14 15:44:13','2024-01-14 15:35:09'),(8063,NULL,NULL,'2024-01-14 15:44:13','2024-01-14 15:35:09'),(8064,NULL,NULL,'2024-01-14 15:44:13','2024-01-14 15:35:09'),(8065,NULL,NULL,'2024-01-14 15:44:13','2024-01-14 15:35:09'),(8066,NULL,NULL,'2024-01-14 15:44:13','2024-01-14 15:35:09'),(8067,NULL,NULL,'2024-01-14 15:44:13','2024-01-14 15:35:09'),(8068,NULL,NULL,'2024-01-14 15:44:13','2024-01-14 15:35:09'),(8069,NULL,NULL,'2024-01-14 15:44:13','2024-01-14 15:35:09'),(8070,NULL,NULL,'2024-01-14 15:44:13','2024-01-14 15:35:09'),(8071,NULL,NULL,'2024-01-14 15:44:13','2024-01-14 15:35:09'),(8072,NULL,NULL,'2024-01-14 15:44:13','2024-01-14 15:35:09'),(8073,NULL,NULL,'2024-01-14 15:44:13','2024-01-14 15:35:09'),(8074,NULL,NULL,'2024-01-14 15:44:13','2024-01-14 15:35:09'),(8075,NULL,NULL,'2024-01-14 15:44:13','2024-01-14 15:35:09'),(8076,NULL,NULL,'2024-01-14 15:44:13','2024-01-14 15:35:09'),(8077,NULL,NULL,'2024-01-14 15:44:13','2024-01-14 15:35:09'),(8078,NULL,NULL,'2024-01-14 15:44:13','2024-01-14 15:35:09'),(8079,NULL,NULL,'2024-01-14 15:44:13','2024-01-14 15:35:09'),(8080,NULL,NULL,'2024-01-14 15:44:13','2024-01-14 15:35:09'),(8081,NULL,NULL,'2024-01-14 15:44:13','2024-01-14 15:35:09'),(8082,NULL,NULL,'2024-01-14 15:44:13','2024-01-14 15:35:09'),(8083,NULL,NULL,'2024-01-14 15:44:13','2024-01-14 15:35:09'),(8084,NULL,NULL,'2024-01-14 15:44:13','2024-01-14 15:35:09'),(8085,NULL,NULL,'2024-01-14 15:44:13','2024-01-14 15:35:09'),(8086,NULL,NULL,'2024-01-14 15:44:13','2024-01-14 15:35:09'),(8087,NULL,NULL,'2024-01-14 15:44:13','2024-01-14 15:35:09'),(8088,NULL,NULL,'2024-01-14 15:44:13','2024-01-14 15:35:09'),(8089,NULL,NULL,'2024-01-14 15:44:13','2024-01-14 15:35:09'),(8090,NULL,NULL,'2024-01-14 15:44:13','2024-01-14 15:35:09'),(8091,NULL,NULL,'2024-01-14 15:44:13','2024-01-14 15:35:09'),(8092,NULL,NULL,'2024-01-14 15:44:13','2024-01-14 15:35:09'),(8093,NULL,NULL,'2024-01-14 15:44:13','2024-01-14 15:35:09'),(8094,NULL,NULL,'2024-01-14 15:44:13','2024-01-14 15:35:09'),(8095,NULL,NULL,'2024-01-14 15:44:13','2024-01-14 15:35:09'),(8096,NULL,NULL,'2024-01-14 15:44:13','2024-01-14 15:35:09'),(8097,NULL,NULL,'2024-01-14 15:44:13','2024-01-14 15:35:09'),(8098,NULL,NULL,'2024-01-14 15:44:13','2024-01-14 15:35:09'),(8099,NULL,NULL,'2024-01-14 15:44:13','2024-01-14 15:35:09'),(8100,NULL,NULL,'2024-01-14 15:44:13','2024-01-14 15:35:09'),(8101,NULL,NULL,'2024-01-14 15:44:13','2024-01-14 15:35:09'),(8102,NULL,NULL,'2024-01-14 15:44:13','2024-01-14 15:35:09'),(8103,NULL,NULL,'2024-01-14 15:44:13','2024-01-14 15:35:09'),(8104,NULL,NULL,'2024-01-14 15:44:13','2024-01-14 15:35:09'),(8105,NULL,NULL,'2024-01-14 15:44:13','2024-01-14 15:35:09'),(8106,NULL,NULL,'2024-01-14 15:44:13','2024-01-14 15:35:09'),(8107,NULL,NULL,'2024-01-14 15:44:13','2024-01-14 15:35:09'),(8108,NULL,NULL,'2024-01-14 15:44:13','2024-01-14 15:35:09'),(8109,NULL,NULL,'2024-01-14 15:44:13','2024-01-14 15:35:09'),(8110,NULL,NULL,'2024-01-14 15:44:13','2024-01-14 15:35:09'),(8111,NULL,NULL,'2024-01-14 15:44:13','2024-01-14 15:35:09'),(8112,NULL,NULL,'2024-01-14 15:44:13','2024-01-14 15:35:09'),(8113,NULL,NULL,'2024-01-14 15:44:13','2024-01-14 15:35:09'),(8114,NULL,NULL,'2024-01-14 15:44:13','2024-01-14 15:35:09'),(8115,NULL,NULL,'2024-01-14 15:44:13','2024-01-14 15:35:09'),(8116,NULL,NULL,'2024-01-14 15:44:13','2024-01-14 15:35:09'),(8117,NULL,NULL,'2024-01-14 15:44:13','2024-01-14 15:35:09'),(8118,NULL,NULL,'2024-01-14 15:44:13','2024-01-14 15:35:09'),(8119,NULL,NULL,'2024-01-14 15:44:13','2024-01-14 15:35:09'),(8120,NULL,NULL,'2024-01-14 15:44:13','2024-01-14 15:35:09'),(8121,NULL,NULL,'2024-01-14 15:44:13','2024-01-14 15:35:09'),(8122,NULL,NULL,'2024-01-14 15:44:13','2024-01-14 15:35:09'),(8123,NULL,NULL,'2024-01-14 15:44:13','2024-01-14 15:35:09'),(8124,NULL,NULL,'2024-01-14 15:44:13','2024-01-14 15:35:09'),(8125,NULL,NULL,'2024-01-14 15:44:13','2024-01-14 15:35:09'),(8126,NULL,NULL,'2024-01-14 15:44:13','2024-01-14 15:35:09'),(8127,NULL,NULL,'2024-01-14 15:44:13','2024-01-14 15:35:09'),(8128,NULL,NULL,'2024-01-14 15:44:13','2024-01-14 15:35:09'),(8129,NULL,NULL,'2024-01-14 15:44:13','2024-01-14 15:35:09'),(8130,NULL,NULL,'2024-01-14 15:44:13','2024-01-14 15:35:09'),(8131,NULL,NULL,'2024-01-14 15:44:13','2024-01-14 15:35:09'),(8132,NULL,NULL,'2024-01-14 15:44:13','2024-01-14 15:35:09'),(8133,NULL,NULL,'2024-01-14 15:44:13','2024-01-14 15:35:09'),(8134,NULL,NULL,'2024-01-14 15:44:13','2024-01-14 15:35:09'),(8135,NULL,NULL,'2024-01-14 15:44:13','2024-01-14 15:35:09'),(8136,NULL,NULL,'2024-01-14 15:44:13','2024-01-14 15:35:09'),(8137,NULL,NULL,'2024-01-14 15:44:13','2024-01-14 15:35:09'),(8138,NULL,NULL,'2024-01-14 15:44:13','2024-01-14 15:35:09'),(8139,NULL,NULL,'2024-01-14 15:44:13','2024-01-14 15:35:09'),(8140,NULL,NULL,'2024-01-14 15:44:13','2024-01-14 15:35:09'),(8141,NULL,NULL,'2024-01-14 15:44:13','2024-01-14 15:35:09'),(8142,NULL,NULL,'2024-01-14 15:44:13','2024-01-14 15:35:09'),(8143,NULL,NULL,'2024-01-14 15:44:13','2024-01-14 15:35:09'),(8144,NULL,NULL,'2024-01-14 15:44:13','2024-01-14 15:35:09'),(8145,NULL,NULL,'2024-01-14 15:44:13','2024-01-14 15:35:09'),(8146,NULL,NULL,'2024-01-14 15:44:13','2024-01-14 15:35:09'),(8147,NULL,NULL,'2024-01-14 15:44:13','2024-01-14 15:35:09'),(8148,NULL,NULL,'2024-01-14 15:44:13','2024-01-14 15:35:09'),(8149,NULL,NULL,'2024-01-14 15:44:13','2024-01-14 15:35:09'),(8150,NULL,NULL,'2024-01-14 15:44:13','2024-01-14 15:35:09'),(8151,NULL,NULL,'2024-01-14 15:44:13','2024-01-14 15:35:09'),(8152,NULL,NULL,'2024-01-14 15:44:13','2024-01-14 15:35:09'),(8153,NULL,NULL,'2024-01-14 15:44:13','2024-01-14 15:35:09'),(8154,NULL,NULL,'2024-01-14 15:44:13','2024-01-14 15:35:09'),(8155,NULL,NULL,'2024-01-14 15:44:13','2024-01-14 15:35:09'),(8156,NULL,NULL,'2024-01-14 15:44:13','2024-01-14 15:35:09'),(8157,NULL,NULL,'2024-01-14 15:44:13','2024-01-14 15:35:09'),(8158,NULL,NULL,'2024-01-14 15:44:13','2024-01-14 15:35:09'),(8159,NULL,NULL,'2024-01-14 15:44:13','2024-01-14 15:35:09'),(8160,NULL,NULL,'2024-01-14 15:44:13','2024-01-14 15:35:09'),(8161,NULL,NULL,'2024-01-14 15:44:13','2024-01-14 15:35:09'),(8162,NULL,NULL,'2024-01-14 15:44:13','2024-01-14 15:35:09'),(8163,NULL,NULL,'2024-01-14 15:44:13','2024-01-14 15:35:09'),(8164,NULL,NULL,'2024-01-14 15:44:13','2024-01-14 15:35:09'),(8165,NULL,NULL,'2024-01-14 15:44:13','2024-01-14 15:35:09'),(8166,NULL,NULL,'2024-01-14 15:44:13','2024-01-14 15:35:09'),(8167,NULL,NULL,'2024-01-14 15:44:13','2024-01-14 15:35:09'),(8168,NULL,NULL,'2024-01-14 15:44:13','2024-01-14 15:35:09'),(8169,NULL,NULL,'2024-01-14 15:44:13','2024-01-14 15:35:09'),(8170,NULL,NULL,'2024-01-14 15:44:13','2024-01-14 15:35:09'),(8171,NULL,NULL,'2024-01-14 15:44:13','2024-01-14 15:35:09'),(8172,NULL,NULL,'2024-01-14 15:44:13','2024-01-14 15:35:09'),(8173,NULL,NULL,'2024-01-14 15:44:13','2024-01-14 15:35:09'),(8174,NULL,NULL,'2024-01-14 15:44:13','2024-01-14 15:35:09'),(8175,NULL,NULL,'2024-01-14 15:44:13','2024-01-14 15:35:09'),(8176,NULL,NULL,'2024-01-14 15:44:13','2024-01-14 15:35:09'),(8177,NULL,NULL,'2024-01-14 15:44:13','2024-01-14 15:35:09'),(8178,NULL,NULL,'2024-01-14 15:44:13','2024-01-14 15:35:09'),(8179,NULL,NULL,'2024-01-14 15:44:13','2024-01-14 15:35:09'),(8180,NULL,NULL,'2024-01-14 15:44:13','2024-01-14 15:35:09'),(8181,NULL,NULL,'2024-01-14 15:44:13','2024-01-14 15:35:09'),(8182,NULL,NULL,'2024-01-14 15:44:13','2024-01-14 15:35:09'),(8183,NULL,NULL,'2024-01-14 15:44:13','2024-01-14 15:35:09'),(8184,NULL,NULL,'2024-01-14 15:44:13','2024-01-14 15:35:09'),(8185,NULL,NULL,'2024-01-14 15:44:13','2024-01-14 15:35:09'),(8186,NULL,NULL,'2024-01-14 15:44:13','2024-01-14 15:35:09'),(8187,NULL,NULL,'2024-01-14 15:44:13','2024-01-14 15:35:09'),(8188,NULL,NULL,'2024-01-14 15:44:13','2024-01-14 15:35:09'),(8189,NULL,NULL,'2024-01-14 15:44:13','2024-01-14 15:35:09'),(8190,NULL,NULL,'2024-01-14 15:44:13','2024-01-14 15:35:09'),(8191,NULL,NULL,'2024-01-14 15:44:13','2024-01-14 15:35:09'),(8192,NULL,NULL,'2024-01-14 15:44:13','2024-01-14 15:35:09'),(8193,NULL,NULL,'2024-01-14 15:44:13','2024-01-14 15:35:09'),(8194,NULL,NULL,'2024-01-14 15:44:13','2024-01-14 15:35:09'),(8195,NULL,NULL,'2024-01-14 15:44:13','2024-01-14 15:35:09'),(8196,NULL,NULL,'2024-01-14 15:44:13','2024-01-14 15:35:09'),(8197,NULL,NULL,'2024-01-14 15:44:13','2024-01-14 15:35:09'),(8198,NULL,NULL,'2024-01-14 15:44:13','2024-01-14 15:35:09'),(8199,NULL,NULL,'2024-01-14 15:44:13','2024-01-14 15:35:09'),(8200,NULL,NULL,'2024-01-14 15:44:13','2024-01-14 15:35:09'),(8201,NULL,NULL,'2024-01-14 15:44:13','2024-01-14 15:35:09'),(8202,NULL,NULL,'2024-01-14 15:44:13','2024-01-14 15:35:09'),(8203,NULL,NULL,'2024-01-14 15:44:13','2024-01-14 15:35:09'),(8204,NULL,NULL,'2024-01-14 15:44:13','2024-01-14 15:35:09'),(8205,NULL,NULL,'2024-01-14 15:44:13','2024-01-14 15:35:09'),(8206,NULL,NULL,'2024-01-14 15:44:13','2024-01-14 15:35:09'),(8207,NULL,NULL,'2024-01-14 15:44:13','2024-01-14 15:35:09'),(8208,NULL,NULL,'2024-01-14 15:44:13','2024-01-14 15:35:09'),(8209,NULL,NULL,'2024-01-14 15:44:13','2024-01-14 15:35:09'),(8210,NULL,NULL,'2024-01-14 15:44:13','2024-01-14 15:35:09'),(8211,NULL,NULL,'2024-01-14 15:44:13','2024-01-14 15:35:09'),(8212,NULL,NULL,'2024-01-14 15:44:13','2024-01-14 15:35:09'),(8213,NULL,NULL,'2024-01-14 15:44:13','2024-01-14 15:35:09'),(8214,NULL,NULL,'2024-01-14 15:44:13','2024-01-14 15:35:09'),(8215,NULL,NULL,'2024-01-14 15:44:13','2024-01-14 15:35:09'),(8216,NULL,NULL,'2024-01-14 15:44:13','2024-01-14 15:35:09'),(8217,NULL,NULL,'2024-01-14 15:44:13','2024-01-14 15:35:09'),(8218,NULL,NULL,'2024-01-14 15:44:13','2024-01-14 15:35:09'),(8219,NULL,NULL,'2024-01-14 15:44:13','2024-01-14 15:35:09'),(8220,NULL,NULL,'2024-01-14 15:44:13','2024-01-14 15:35:09'),(8221,NULL,NULL,'2024-01-14 15:44:13','2024-01-14 15:35:09'),(8222,NULL,NULL,'2024-01-14 15:44:13','2024-01-14 15:35:09'),(8223,NULL,NULL,'2024-01-14 15:44:13','2024-01-14 15:35:09'),(8224,NULL,NULL,'2024-01-14 15:44:13','2024-01-14 15:35:09'),(8225,NULL,NULL,'2024-01-14 15:44:13','2024-01-14 15:35:09'),(8226,NULL,NULL,'2024-01-14 15:44:13','2024-01-14 15:35:09'),(8227,NULL,NULL,'2024-01-14 15:44:13','2024-01-14 15:35:09'),(8228,NULL,NULL,'2024-01-14 15:44:13','2024-01-14 15:35:09'),(8229,NULL,NULL,'2024-01-14 15:44:13','2024-01-14 15:35:09'),(8230,NULL,NULL,'2024-01-14 15:44:13','2024-01-14 15:35:09'),(8231,NULL,NULL,'2024-01-14 15:44:13','2024-01-14 15:35:09'),(8232,NULL,NULL,'2024-01-14 15:44:13','2024-01-14 15:35:09'),(8233,NULL,NULL,'2024-01-14 15:44:13','2024-01-14 15:35:09'),(8234,NULL,NULL,'2024-01-14 15:44:13','2024-01-14 15:35:09'),(8235,NULL,NULL,'2024-01-14 15:44:13','2024-01-14 15:35:09'),(8236,NULL,NULL,'2024-01-14 15:44:13','2024-01-14 15:35:09'),(8237,NULL,NULL,'2024-01-14 15:44:13','2024-01-14 15:35:09'),(8238,NULL,NULL,'2024-01-14 15:44:13','2024-01-14 15:35:09'),(8239,NULL,NULL,'2024-01-14 15:44:13','2024-01-14 15:35:09'),(8240,NULL,NULL,'2024-01-14 15:44:13','2024-01-14 15:35:09'),(8241,NULL,NULL,'2024-01-14 15:44:13','2024-01-14 15:35:09'),(8242,NULL,NULL,'2024-01-14 15:44:13','2024-01-14 15:35:09'),(8243,NULL,NULL,'2024-01-14 15:44:13','2024-01-14 15:35:09'),(8244,NULL,NULL,'2024-01-14 15:44:13','2024-01-14 15:35:09'),(8245,NULL,NULL,'2024-01-14 15:44:13','2024-01-14 15:35:09'),(8246,NULL,NULL,'2024-01-14 15:44:13','2024-01-14 15:35:09'),(8247,NULL,NULL,'2024-01-14 15:44:13','2024-01-14 15:35:09'),(8248,NULL,NULL,'2024-01-14 15:44:13','2024-01-14 15:35:09'),(8249,NULL,NULL,'2024-01-14 15:44:13','2024-01-14 15:35:09'),(8250,NULL,NULL,'2024-01-14 15:44:13','2024-01-14 15:35:09'),(8251,NULL,NULL,'2024-01-14 15:44:13','2024-01-14 15:35:09'),(8252,NULL,NULL,'2024-01-14 15:44:13','2024-01-14 15:35:09'),(8253,NULL,NULL,'2024-01-14 15:44:13','2024-01-14 15:35:09'),(8254,NULL,NULL,'2024-01-14 15:44:13','2024-01-14 15:35:09'),(8255,NULL,NULL,'2024-01-14 15:44:13','2024-01-14 15:35:09'),(8256,NULL,NULL,'2024-01-14 15:44:13','2024-01-14 15:35:09'),(8257,NULL,NULL,'2024-01-14 15:44:13','2024-01-14 15:35:09'),(8258,NULL,NULL,'2024-01-14 15:44:13','2024-01-14 15:35:09'),(8259,NULL,NULL,'2024-01-14 15:44:13','2024-01-14 15:35:09'),(8260,NULL,NULL,'2024-01-14 15:44:13','2024-01-14 15:35:09'),(8261,NULL,NULL,'2024-01-14 15:44:13','2024-01-14 15:35:09'),(8262,NULL,NULL,'2024-01-14 15:44:13','2024-01-14 15:35:09'),(8263,NULL,NULL,'2024-01-14 15:44:13','2024-01-14 15:35:09'),(8264,NULL,NULL,'2024-01-14 15:44:13','2024-01-14 15:35:09'),(8265,NULL,NULL,'2024-01-14 15:44:13','2024-01-14 15:35:09'),(8266,NULL,NULL,'2024-01-14 15:44:13','2024-01-14 15:35:09'),(8267,NULL,NULL,'2024-01-14 15:44:13','2024-01-14 15:35:09'),(8268,NULL,NULL,'2024-01-14 15:44:13','2024-01-14 15:35:09'),(8269,NULL,NULL,'2024-01-14 15:44:13','2024-01-14 15:35:09'),(8270,NULL,NULL,'2024-01-14 15:44:13','2024-01-14 15:35:09'),(8271,NULL,NULL,'2024-01-14 15:44:13','2024-01-14 15:35:09'),(8272,NULL,NULL,'2024-01-14 15:44:13','2024-01-14 15:35:09'),(8273,NULL,NULL,'2024-01-14 15:44:13','2024-01-14 15:35:09'),(8274,NULL,NULL,'2024-01-14 15:44:13','2024-01-14 15:35:09'),(8275,NULL,NULL,'2024-01-14 15:44:13','2024-01-14 15:35:09'),(8276,NULL,NULL,'2024-01-14 15:44:13','2024-01-14 15:35:09'),(8277,NULL,NULL,'2024-01-14 15:44:13','2024-01-14 15:35:09'),(8278,NULL,NULL,'2024-01-14 15:44:13','2024-01-14 15:35:09'),(8279,NULL,NULL,'2024-01-14 15:44:13','2024-01-14 15:35:09'),(8280,NULL,NULL,'2024-01-14 15:44:13','2024-01-14 15:35:09'),(8281,NULL,NULL,'2024-01-14 15:44:13','2024-01-14 15:35:09'),(8282,NULL,NULL,'2024-01-14 15:44:13','2024-01-14 15:35:09'),(8283,NULL,NULL,'2024-01-14 15:44:13','2024-01-14 15:35:09'),(8284,NULL,NULL,'2024-01-14 15:44:13','2024-01-14 15:35:09'),(8285,NULL,NULL,'2024-01-14 15:44:13','2024-01-14 15:35:09'),(8286,NULL,NULL,'2024-01-14 15:44:13','2024-01-14 15:35:09'),(8287,NULL,NULL,'2024-01-14 15:44:13','2024-01-14 15:35:09'),(8288,NULL,NULL,'2024-01-14 15:44:13','2024-01-14 15:35:09'),(8289,NULL,NULL,'2024-01-14 15:44:13','2024-01-14 15:35:09'),(8290,NULL,NULL,'2024-01-14 15:44:13','2024-01-14 15:35:09'),(8291,NULL,NULL,'2024-01-14 15:44:13','2024-01-14 15:35:09'),(8292,NULL,NULL,'2024-01-14 15:44:13','2024-01-14 15:35:09'),(8293,NULL,NULL,'2024-01-14 15:44:13','2024-01-14 15:35:09'),(8294,NULL,NULL,'2024-01-14 15:44:13','2024-01-14 15:35:09'),(8295,NULL,NULL,'2024-01-14 15:44:13','2024-01-14 15:35:09'),(8296,NULL,NULL,'2024-01-14 15:44:13','2024-01-14 15:35:09'),(8297,NULL,NULL,'2024-01-14 15:44:13','2024-01-14 15:35:09'),(8298,NULL,NULL,'2024-01-14 15:44:13','2024-01-14 15:35:09'),(8299,NULL,NULL,'2024-01-14 15:44:13','2024-01-14 15:35:09'),(8300,NULL,NULL,'2024-01-14 15:44:13','2024-01-14 15:35:09'),(8301,NULL,NULL,'2024-01-14 15:44:13','2024-01-14 15:35:09'),(8302,NULL,NULL,'2024-01-14 15:44:13','2024-01-14 15:35:09'),(8303,NULL,NULL,'2024-01-14 15:44:13','2024-01-14 15:35:09'),(8304,NULL,NULL,'2024-01-14 15:44:13','2024-01-14 15:35:09'),(8305,NULL,NULL,'2024-01-14 15:44:13','2024-01-14 15:35:09'),(8306,NULL,NULL,'2024-01-14 15:44:13','2024-01-14 15:35:09'),(8307,NULL,NULL,'2024-01-14 15:44:13','2024-01-14 15:35:09'),(8308,NULL,NULL,'2024-01-14 15:44:13','2024-01-14 15:35:09'),(8309,NULL,NULL,'2024-01-14 15:44:13','2024-01-14 15:35:09'),(8310,NULL,NULL,'2024-01-14 15:44:13','2024-01-14 15:35:09'),(8311,NULL,NULL,'2024-01-14 15:44:13','2024-01-14 15:35:09'),(8312,NULL,NULL,'2024-01-14 15:44:13','2024-01-14 15:35:09'),(8313,NULL,NULL,'2024-01-14 15:44:13','2024-01-14 15:35:09'),(8314,NULL,NULL,'2024-01-14 15:44:13','2024-01-14 15:35:09'),(8315,NULL,NULL,'2024-01-14 15:44:13','2024-01-14 15:35:09'),(8316,NULL,NULL,'2024-01-14 15:44:13','2024-01-14 15:35:09'),(8317,NULL,NULL,'2024-01-14 15:44:13','2024-01-14 15:35:09'),(8318,NULL,NULL,'2024-01-14 15:44:13','2024-01-14 15:35:09'),(8319,NULL,NULL,'2024-01-14 15:44:13','2024-01-14 15:35:09'),(8320,NULL,NULL,'2024-01-14 15:44:13','2024-01-14 15:35:09'),(8321,NULL,NULL,'2024-01-14 15:44:13','2024-01-14 15:35:09'),(8322,NULL,NULL,'2024-01-14 15:44:13','2024-01-14 15:35:09'),(8323,NULL,NULL,'2024-01-14 15:44:13','2024-01-14 15:35:09'),(8324,NULL,NULL,'2024-01-14 15:44:13','2024-01-14 15:35:09'),(8325,NULL,NULL,'2024-01-14 15:44:13','2024-01-14 15:35:09'),(8326,NULL,NULL,'2024-01-14 15:44:13','2024-01-14 15:35:09'),(8327,NULL,NULL,'2024-01-14 15:44:13','2024-01-14 15:35:09'),(8328,NULL,NULL,'2024-01-14 15:44:13','2024-01-14 15:35:09'),(8329,NULL,NULL,'2024-01-14 15:44:13','2024-01-14 15:35:09'),(8330,NULL,NULL,'2024-01-14 15:44:13','2024-01-14 15:35:09'),(8331,NULL,NULL,'2024-01-14 15:44:13','2024-01-14 15:35:09'),(8332,NULL,NULL,'2024-01-14 15:44:13','2024-01-14 15:35:09'),(8333,NULL,NULL,'2024-01-14 15:44:13','2024-01-14 15:35:09'),(8334,NULL,NULL,'2024-01-14 15:44:13','2024-01-14 15:35:09'),(8335,NULL,NULL,'2024-01-14 15:44:13','2024-01-14 15:35:09'),(8336,NULL,NULL,'2024-01-14 15:44:13','2024-01-14 15:35:09'),(8337,NULL,NULL,'2024-01-14 15:44:13','2024-01-14 15:35:09'),(8338,NULL,NULL,'2024-01-14 15:44:13','2024-01-14 15:35:09'),(8339,NULL,NULL,'2024-01-14 15:44:13','2024-01-14 15:35:09'),(8340,NULL,NULL,'2024-01-14 15:44:13','2024-01-14 15:35:09'),(8341,NULL,NULL,'2024-01-14 15:44:13','2024-01-14 15:35:09'),(8342,NULL,NULL,'2024-01-14 15:44:13','2024-01-14 15:35:09'),(8343,NULL,NULL,'2024-01-14 15:44:13','2024-01-14 15:35:09'),(8344,NULL,NULL,'2024-01-14 15:44:13','2024-01-14 15:35:09'),(8345,NULL,NULL,'2024-01-14 15:44:13','2024-01-14 15:35:09'),(8346,NULL,NULL,'2024-01-14 15:44:13','2024-01-14 15:35:09'),(8347,NULL,NULL,'2024-01-14 15:44:13','2024-01-14 15:35:09'),(8348,NULL,NULL,'2024-01-14 15:44:13','2024-01-14 15:35:09'),(8349,NULL,NULL,'2024-01-14 15:44:13','2024-01-14 15:35:09'),(8350,NULL,NULL,'2024-01-14 15:44:13','2024-01-14 15:35:09'),(8351,NULL,NULL,'2024-01-14 15:44:13','2024-01-14 15:35:09'),(8352,NULL,NULL,'2024-01-14 15:44:13','2024-01-14 15:35:09'),(8353,NULL,NULL,'2024-01-14 15:44:13','2024-01-14 15:35:09'),(8354,NULL,NULL,'2024-01-14 15:44:13','2024-01-14 15:35:09'),(8355,NULL,NULL,'2024-01-14 15:44:13','2024-01-14 15:35:09'),(8356,NULL,NULL,'2024-01-14 15:44:13','2024-01-14 15:35:09'),(8357,NULL,NULL,'2024-01-14 15:44:13','2024-01-14 15:35:09'),(8358,NULL,NULL,'2024-01-14 15:44:13','2024-01-14 15:35:09'),(8359,NULL,NULL,'2024-01-14 15:44:13','2024-01-14 15:35:09'),(8360,NULL,NULL,'2024-01-14 15:44:13','2024-01-14 15:35:09'),(8361,NULL,NULL,'2024-01-14 15:44:13','2024-01-14 15:35:09'),(8362,NULL,NULL,'2024-01-14 15:44:13','2024-01-14 15:35:09'),(8363,NULL,NULL,'2024-01-14 15:44:13','2024-01-14 15:35:09'),(8364,NULL,NULL,'2024-01-14 15:44:13','2024-01-14 15:35:09'),(8365,NULL,NULL,'2024-01-14 15:44:13','2024-01-14 15:35:09'),(8366,NULL,NULL,'2024-01-14 15:44:13','2024-01-14 15:35:09'),(8367,NULL,NULL,'2024-01-14 15:44:13','2024-01-14 15:35:09'),(8368,NULL,NULL,'2024-01-14 15:44:13','2024-01-14 15:35:09'),(8369,NULL,NULL,'2024-01-14 15:44:13','2024-01-14 15:35:09'),(8370,NULL,NULL,'2024-01-14 15:44:13','2024-01-14 15:35:09'),(8371,NULL,NULL,'2024-01-14 15:44:13','2024-01-14 15:35:09'),(8372,NULL,NULL,'2024-01-14 15:44:13','2024-01-14 15:35:09'),(8373,NULL,NULL,'2024-01-14 15:44:13','2024-01-14 15:35:09'),(8374,NULL,NULL,'2024-01-14 15:44:13','2024-01-14 15:35:09'),(8375,NULL,NULL,'2024-01-14 15:44:13','2024-01-14 15:35:09'),(8376,NULL,NULL,'2024-01-14 15:44:13','2024-01-14 15:35:09'),(8377,NULL,NULL,'2024-01-14 15:44:13','2024-01-14 15:35:09'),(8378,NULL,NULL,'2024-01-14 15:44:13','2024-01-14 15:35:09'),(8379,NULL,NULL,'2024-01-14 15:44:13','2024-01-14 15:35:09'),(8380,NULL,NULL,'2024-01-14 15:44:13','2024-01-14 15:35:09'),(8381,NULL,NULL,'2024-01-14 15:44:13','2024-01-14 15:35:09'),(8382,NULL,NULL,'2024-01-14 15:44:13','2024-01-14 15:35:09'),(8383,NULL,NULL,'2024-01-14 15:44:13','2024-01-14 15:35:09'),(8384,NULL,NULL,'2024-01-14 15:44:13','2024-01-14 15:35:09'),(8385,NULL,NULL,'2024-01-14 15:44:13','2024-01-14 15:35:09'),(8386,NULL,NULL,'2024-01-14 15:44:13','2024-01-14 15:35:09'),(8387,NULL,NULL,'2024-01-14 15:44:13','2024-01-14 15:35:09'),(8388,NULL,NULL,'2024-01-14 15:44:13','2024-01-14 15:35:09'),(8389,NULL,NULL,'2024-01-14 15:44:13','2024-01-14 15:35:09'),(8390,NULL,NULL,'2024-01-14 15:44:13','2024-01-14 15:35:09'),(8391,NULL,NULL,'2024-01-14 15:44:13','2024-01-14 15:35:09'),(8392,NULL,NULL,'2024-01-14 15:44:13','2024-01-14 15:35:09'),(8393,NULL,NULL,'2024-01-14 15:44:13','2024-01-14 15:35:09'),(8394,NULL,NULL,'2024-01-14 15:44:13','2024-01-14 15:35:09'),(8395,NULL,NULL,'2024-01-14 15:44:13','2024-01-14 15:35:09'),(8396,NULL,NULL,'2024-01-14 15:44:13','2024-01-14 15:35:09'),(8397,NULL,NULL,'2024-01-14 15:44:13','2024-01-14 15:35:09'),(8398,NULL,NULL,'2024-01-14 15:44:13','2024-01-14 15:35:09'),(8399,NULL,NULL,'2024-01-14 15:44:13','2024-01-14 15:35:09'),(8400,NULL,NULL,'2024-01-14 15:44:13','2024-01-14 15:35:09'),(8401,NULL,NULL,'2024-01-14 15:44:13','2024-01-14 15:35:09'),(8402,NULL,NULL,'2024-01-14 15:44:13','2024-01-14 15:35:09'),(8403,NULL,NULL,'2024-01-14 15:44:13','2024-01-14 15:35:09'),(8404,NULL,NULL,'2024-01-14 15:44:13','2024-01-14 15:35:09'),(8405,NULL,NULL,'2024-01-14 15:44:13','2024-01-14 15:35:09'),(8406,NULL,NULL,'2024-01-14 15:44:13','2024-01-14 15:35:09'),(8407,NULL,NULL,'2024-01-14 15:44:13','2024-01-14 15:35:09'),(8408,NULL,NULL,'2024-01-14 15:44:13','2024-01-14 15:35:09'),(8409,NULL,NULL,'2024-01-14 15:44:13','2024-01-14 15:35:09'),(8410,NULL,NULL,'2024-01-14 15:44:13','2024-01-14 15:35:09'),(8411,NULL,NULL,'2024-01-14 15:44:13','2024-01-14 15:35:09'),(8412,NULL,NULL,'2024-01-14 15:44:13','2024-01-14 15:35:09'),(8413,NULL,NULL,'2024-01-14 15:44:13','2024-01-14 15:35:09'),(8414,NULL,NULL,'2024-01-14 15:44:13','2024-01-14 15:35:09'),(8415,NULL,NULL,'2024-01-14 15:44:13','2024-01-14 15:35:09'),(8416,NULL,NULL,'2024-01-14 15:44:13','2024-01-14 15:35:09'),(8417,NULL,NULL,'2024-01-14 15:44:13','2024-01-14 15:35:09'),(8418,NULL,NULL,'2024-01-14 15:44:13','2024-01-14 15:35:09'),(8419,NULL,NULL,'2024-01-14 15:44:13','2024-01-14 15:35:09'),(8420,NULL,NULL,'2024-01-14 15:44:13','2024-01-14 15:35:09'),(8421,NULL,NULL,'2024-01-14 15:44:13','2024-01-14 15:35:09'),(8422,NULL,NULL,'2024-01-14 15:44:13','2024-01-14 15:35:09'),(8423,NULL,NULL,'2024-01-14 15:44:13','2024-01-14 15:35:09'),(8424,NULL,NULL,'2024-01-14 15:44:13','2024-01-14 15:35:09'),(8425,NULL,NULL,'2024-01-14 15:44:13','2024-01-14 15:35:09'),(8426,NULL,NULL,'2024-01-14 15:44:13','2024-01-14 15:35:09'),(8427,NULL,NULL,'2024-01-14 15:44:13','2024-01-14 15:35:09'),(8428,NULL,NULL,'2024-01-14 15:44:13','2024-01-14 15:35:09'),(8429,NULL,NULL,'2024-01-14 15:44:13','2024-01-14 15:35:09'),(8430,NULL,NULL,'2024-01-14 15:44:13','2024-01-14 15:35:09'),(8431,NULL,NULL,'2024-01-14 15:44:13','2024-01-14 15:35:09'),(8432,NULL,NULL,'2024-01-14 15:44:13','2024-01-14 15:35:09'),(8433,NULL,NULL,'2024-01-14 15:44:13','2024-01-14 15:35:09'),(8434,NULL,NULL,'2024-01-14 15:44:13','2024-01-14 15:35:09'),(8435,NULL,NULL,'2024-01-14 15:44:13','2024-01-14 15:35:09'),(8436,NULL,NULL,'2024-01-14 15:44:13','2024-01-14 15:35:09'),(8437,NULL,NULL,'2024-01-14 15:44:13','2024-01-14 15:35:09'),(8438,NULL,NULL,'2024-01-14 15:44:13','2024-01-14 15:35:09'),(8439,NULL,NULL,'2024-01-14 15:44:13','2024-01-14 15:35:09'),(8440,NULL,NULL,'2024-01-14 15:44:13','2024-01-14 15:35:09'),(8441,NULL,NULL,'2024-01-14 15:44:13','2024-01-14 15:35:09'),(8442,NULL,NULL,'2024-01-14 15:44:13','2024-01-14 15:35:09'),(8443,NULL,NULL,'2024-01-14 15:44:13','2024-01-14 15:35:09'),(8444,NULL,NULL,'2024-01-14 15:44:13','2024-01-14 15:35:09'),(8445,NULL,NULL,'2024-01-14 15:44:13','2024-01-14 15:35:09'),(8446,NULL,NULL,'2024-01-14 15:44:13','2024-01-14 15:35:09'),(8447,NULL,NULL,'2024-01-14 15:44:13','2024-01-14 15:35:09'),(8448,NULL,NULL,'2024-01-14 15:44:13','2024-01-14 15:35:09'),(8449,NULL,NULL,'2024-01-14 15:44:13','2024-01-14 15:35:09'),(8450,NULL,NULL,'2024-01-14 15:44:13','2024-01-14 15:35:09'),(8451,NULL,NULL,'2024-01-14 15:44:13','2024-01-14 15:35:09'),(8452,NULL,NULL,'2024-01-14 15:44:13','2024-01-14 15:35:09'),(8453,NULL,NULL,'2024-01-14 15:44:13','2024-01-14 15:35:09'),(8454,NULL,NULL,'2024-01-14 15:44:13','2024-01-14 15:35:09'),(8455,NULL,NULL,'2024-01-14 15:44:13','2024-01-14 15:35:09'),(8456,NULL,NULL,'2024-01-14 15:44:13','2024-01-14 15:35:09'),(8457,NULL,NULL,'2024-01-14 15:44:13','2024-01-14 15:35:09'),(8458,NULL,NULL,'2024-01-14 15:44:13','2024-01-14 15:35:09'),(8459,NULL,NULL,'2024-01-14 15:44:13','2024-01-14 15:35:09'),(8460,NULL,NULL,'2024-01-14 15:44:13','2024-01-14 15:35:09'),(8461,NULL,NULL,'2024-01-14 15:44:13','2024-01-14 15:35:09'),(8462,NULL,NULL,'2024-01-14 15:44:13','2024-01-14 15:35:09'),(8463,NULL,NULL,'2024-01-14 15:44:13','2024-01-14 15:35:09'),(8464,NULL,NULL,'2024-01-14 15:44:13','2024-01-14 15:35:09'),(8465,NULL,NULL,'2024-01-14 15:44:13','2024-01-14 15:35:09'),(8466,NULL,NULL,'2024-01-14 15:44:13','2024-01-14 15:35:09'),(8467,NULL,NULL,'2024-01-14 15:44:13','2024-01-14 15:35:09'),(8468,NULL,NULL,'2024-01-14 15:44:13','2024-01-14 15:35:09'),(8469,NULL,NULL,'2024-01-14 15:44:13','2024-01-14 15:35:09'),(8470,NULL,NULL,'2024-01-14 15:44:13','2024-01-14 15:35:09'),(8471,NULL,NULL,'2024-01-14 15:44:13','2024-01-14 15:35:09'),(8472,NULL,NULL,'2024-01-14 15:44:13','2024-01-14 15:35:09'),(8473,NULL,NULL,'2024-01-14 15:44:13','2024-01-14 15:35:09'),(8474,NULL,NULL,'2024-01-14 15:44:13','2024-01-14 15:35:09'),(8475,NULL,NULL,'2024-01-14 15:44:13','2024-01-14 15:35:09'),(8476,NULL,NULL,'2024-01-14 15:44:13','2024-01-14 15:35:09'),(8477,NULL,NULL,'2024-01-14 15:44:13','2024-01-14 15:35:09'),(8478,NULL,NULL,'2024-01-14 15:44:13','2024-01-14 15:35:09'),(8479,NULL,NULL,'2024-01-14 15:44:13','2024-01-14 15:35:09'),(8480,NULL,NULL,'2024-01-14 15:44:13','2024-01-14 15:35:09'),(8481,NULL,NULL,'2024-01-14 15:44:13','2024-01-14 15:35:09'),(8482,NULL,NULL,'2024-01-14 15:44:13','2024-01-14 15:35:09'),(8483,NULL,NULL,'2024-01-14 15:44:13','2024-01-14 15:35:09'),(8484,NULL,NULL,'2024-01-14 15:44:13','2024-01-14 15:35:09'),(8485,NULL,NULL,'2024-01-14 15:44:13','2024-01-14 15:35:09'),(8486,NULL,NULL,'2024-01-14 15:44:13','2024-01-14 15:35:09'),(8487,NULL,NULL,'2024-01-14 15:44:13','2024-01-14 15:35:09'),(8488,NULL,NULL,'2024-01-14 15:44:13','2024-01-14 15:35:09'),(8489,NULL,NULL,'2024-01-14 15:44:13','2024-01-14 15:35:09'),(8490,NULL,NULL,'2024-01-14 15:44:13','2024-01-14 15:35:09'),(8491,NULL,NULL,'2024-01-14 15:44:13','2024-01-14 15:35:09'),(8492,NULL,NULL,'2024-01-14 15:44:13','2024-01-14 15:35:09'),(8493,NULL,NULL,'2024-01-14 15:44:13','2024-01-14 15:35:09'),(8494,NULL,NULL,'2024-01-14 15:44:13','2024-01-14 15:35:09'),(8495,NULL,NULL,'2024-01-14 15:44:13','2024-01-14 15:35:09'),(8496,NULL,NULL,'2024-01-14 15:44:13','2024-01-14 15:35:09'),(8497,NULL,NULL,'2024-01-14 15:44:13','2024-01-14 15:35:09'),(8498,NULL,NULL,'2024-01-14 15:44:13','2024-01-14 15:35:09'),(8499,NULL,NULL,'2024-01-14 15:44:13','2024-01-14 15:35:09'),(8500,NULL,NULL,'2024-01-14 15:44:13','2024-01-14 15:35:09'),(8501,NULL,NULL,'2024-01-14 15:44:13','2024-01-14 15:35:09'),(8502,NULL,NULL,'2024-01-14 15:44:13','2024-01-14 15:35:09'),(8503,NULL,NULL,'2024-01-14 15:44:13','2024-01-14 15:35:09'),(8504,NULL,NULL,'2024-01-14 15:44:13','2024-01-14 15:35:09'),(8505,NULL,NULL,'2024-01-14 15:44:13','2024-01-14 15:35:09'),(8506,NULL,NULL,'2024-01-14 15:44:13','2024-01-14 15:35:09'),(8507,NULL,NULL,'2024-01-14 15:44:13','2024-01-14 15:35:09'),(8508,NULL,NULL,'2024-01-14 15:44:13','2024-01-14 15:35:09'),(8509,NULL,NULL,'2024-01-14 15:44:13','2024-01-14 15:35:09'),(8510,NULL,NULL,'2024-01-14 15:44:13','2024-01-14 15:35:09'),(8511,NULL,NULL,'2024-01-14 15:44:13','2024-01-14 15:35:09'),(8512,NULL,NULL,'2024-01-14 15:44:13','2024-01-14 15:35:09'),(8513,NULL,NULL,'2024-01-14 15:44:13','2024-01-14 15:35:09'),(8514,NULL,NULL,'2024-01-14 15:44:13','2024-01-14 15:35:09'),(8515,NULL,NULL,'2024-01-14 15:44:13','2024-01-14 15:35:09'),(8516,NULL,NULL,'2024-01-14 15:44:13','2024-01-14 15:35:09'),(8517,NULL,NULL,'2024-01-14 15:44:13','2024-01-14 15:35:09'),(8518,NULL,NULL,'2024-01-14 15:44:13','2024-01-14 15:35:09'),(8519,NULL,NULL,'2024-01-14 15:44:13','2024-01-14 15:35:09'),(8520,NULL,NULL,'2024-01-14 15:44:13','2024-01-14 15:35:09'),(8521,NULL,NULL,'2024-01-14 15:44:13','2024-01-14 15:35:09'),(8522,NULL,NULL,'2024-01-14 15:44:13','2024-01-14 15:35:09'),(8523,NULL,NULL,'2024-01-14 15:44:13','2024-01-14 15:35:09'),(8524,NULL,NULL,'2024-01-14 15:44:13','2024-01-14 15:35:09'),(8525,NULL,NULL,'2024-01-14 15:44:13','2024-01-14 15:35:09'),(8526,NULL,NULL,'2024-01-14 15:44:13','2024-01-14 15:35:09'),(8527,NULL,NULL,'2024-01-14 15:44:13','2024-01-14 15:35:09'),(8528,NULL,NULL,'2024-01-14 15:44:13','2024-01-14 15:35:09'),(8529,NULL,NULL,'2024-01-14 15:44:13','2024-01-14 15:35:09'),(8530,NULL,NULL,'2024-01-14 15:44:13','2024-01-14 15:35:09'),(8531,NULL,NULL,'2024-01-14 15:44:13','2024-01-14 15:35:09'),(8532,NULL,NULL,'2024-01-14 15:44:13','2024-01-14 15:35:09'),(8533,NULL,NULL,'2024-01-14 15:44:13','2024-01-14 15:35:09'),(8534,NULL,NULL,'2024-01-14 15:44:13','2024-01-14 15:35:09'),(8535,NULL,NULL,'2024-01-14 15:44:13','2024-01-14 15:35:09'),(8536,NULL,NULL,'2024-01-14 15:44:13','2024-01-14 15:35:09'),(8537,NULL,NULL,'2024-01-14 15:44:13','2024-01-14 15:35:09'),(8538,NULL,NULL,'2024-01-14 15:44:13','2024-01-14 15:35:09'),(8539,NULL,NULL,'2024-01-14 15:44:13','2024-01-14 15:35:09'),(8540,NULL,NULL,'2024-01-14 15:44:13','2024-01-14 15:35:09'),(8541,NULL,NULL,'2024-01-14 15:44:13','2024-01-14 15:35:09'),(8542,NULL,NULL,'2024-01-14 15:44:13','2024-01-14 15:35:09'),(8543,NULL,NULL,'2024-01-14 15:44:13','2024-01-14 15:35:09'),(8544,NULL,NULL,'2024-01-14 15:44:13','2024-01-14 15:35:09'),(8545,NULL,NULL,'2024-01-14 15:44:13','2024-01-14 15:35:09'),(8546,NULL,NULL,'2024-01-14 15:44:13','2024-01-14 15:35:09'),(8547,NULL,NULL,'2024-01-14 15:44:13','2024-01-14 15:35:09'),(8548,NULL,NULL,'2024-01-14 15:44:13','2024-01-14 15:35:09'),(8549,NULL,NULL,'2024-01-14 15:44:13','2024-01-14 15:35:09'),(8550,NULL,NULL,'2024-01-14 15:44:13','2024-01-14 15:35:09'),(8551,NULL,NULL,'2024-01-14 15:44:13','2024-01-14 15:35:09'),(8552,NULL,NULL,'2024-01-14 15:44:13','2024-01-14 15:35:09'),(8553,NULL,NULL,'2024-01-14 15:44:13','2024-01-14 15:35:09'),(8554,NULL,NULL,'2024-01-14 15:44:13','2024-01-14 15:35:09'),(8555,NULL,NULL,'2024-01-14 15:44:13','2024-01-14 15:35:09'),(8556,NULL,NULL,'2024-01-14 15:44:13','2024-01-14 15:35:09'),(8557,NULL,NULL,'2024-01-14 15:44:13','2024-01-14 15:35:09'),(8558,NULL,NULL,'2024-01-14 15:44:13','2024-01-14 15:35:09'),(8559,NULL,NULL,'2024-01-14 15:44:13','2024-01-14 15:35:09'),(8560,NULL,NULL,'2024-01-14 15:44:13','2024-01-14 15:35:09'),(8561,NULL,NULL,'2024-01-14 15:44:13','2024-01-14 15:35:09'),(8562,NULL,NULL,'2024-01-14 15:44:13','2024-01-14 15:35:09'),(8563,NULL,NULL,'2024-01-14 15:44:13','2024-01-14 15:35:09'),(8564,NULL,NULL,'2024-01-14 15:44:13','2024-01-14 15:35:09'),(8565,NULL,NULL,'2024-01-14 15:44:13','2024-01-14 15:35:09'),(8566,NULL,NULL,'2024-01-14 15:44:13','2024-01-14 15:35:09'),(8567,NULL,NULL,'2024-01-14 15:44:13','2024-01-14 15:35:09'),(8568,NULL,NULL,'2024-01-14 15:44:13','2024-01-14 15:35:09'),(8569,NULL,NULL,'2024-01-14 15:44:13','2024-01-14 15:35:09'),(8570,NULL,NULL,'2024-01-14 15:44:13','2024-01-14 15:35:09'),(8571,NULL,NULL,'2024-01-14 15:44:13','2024-01-14 15:35:09'),(8572,NULL,NULL,'2024-01-14 15:44:13','2024-01-14 15:35:09'),(8573,NULL,NULL,'2024-01-14 15:44:13','2024-01-14 15:35:09'),(8574,NULL,NULL,'2024-01-14 15:44:13','2024-01-14 15:35:09'),(8575,NULL,NULL,'2024-01-14 15:44:13','2024-01-14 15:35:09'),(8576,NULL,NULL,'2024-01-14 15:44:13','2024-01-14 15:35:09'),(8577,NULL,NULL,'2024-01-14 15:44:13','2024-01-14 15:35:09'),(8578,NULL,NULL,'2024-01-14 15:44:13','2024-01-14 15:35:09'),(8579,NULL,NULL,'2024-01-14 15:44:13','2024-01-14 15:35:09'),(8580,NULL,NULL,'2024-01-14 15:44:13','2024-01-14 15:35:09'),(8581,NULL,NULL,'2024-01-14 15:44:13','2024-01-14 15:35:09'),(8582,NULL,NULL,'2024-01-14 15:44:13','2024-01-14 15:35:09'),(8583,NULL,NULL,'2024-01-14 15:44:13','2024-01-14 15:35:09'),(8584,NULL,NULL,'2024-01-14 15:44:13','2024-01-14 15:35:09'),(8585,NULL,NULL,'2024-01-14 15:44:13','2024-01-14 15:35:09'),(8586,NULL,NULL,'2024-01-14 15:44:13','2024-01-14 15:35:09'),(8587,NULL,NULL,'2024-01-14 15:44:13','2024-01-14 15:35:09'),(8588,NULL,NULL,'2024-01-14 15:44:13','2024-01-14 15:35:09'),(8589,NULL,NULL,'2024-01-14 15:44:13','2024-01-14 15:35:09'),(8590,NULL,NULL,'2024-01-14 15:44:13','2024-01-14 15:35:09'),(8591,NULL,NULL,'2024-01-14 15:44:13','2024-01-14 15:35:09'),(8592,NULL,NULL,'2024-01-14 15:44:13','2024-01-14 15:35:09'),(8593,NULL,NULL,'2024-01-14 15:44:13','2024-01-14 15:35:09'),(8594,NULL,NULL,'2024-01-14 15:44:13','2024-01-14 15:35:09'),(8595,NULL,NULL,'2024-01-14 15:44:13','2024-01-14 15:35:09'),(8596,NULL,NULL,'2024-01-14 15:44:13','2024-01-14 15:35:09'),(8597,NULL,NULL,'2024-01-14 15:44:13','2024-01-14 15:35:09'),(8598,NULL,NULL,'2024-01-14 15:44:13','2024-01-14 15:35:09'),(8599,NULL,NULL,'2024-01-14 15:44:13','2024-01-14 15:35:09'),(8600,NULL,NULL,'2024-01-14 15:44:13','2024-01-14 15:35:09'),(8601,NULL,NULL,'2024-01-14 15:44:13','2024-01-14 15:35:09'),(8602,NULL,NULL,'2024-01-14 15:44:13','2024-01-14 15:35:09'),(8603,NULL,NULL,'2024-01-14 15:44:13','2024-01-14 15:35:09'),(8604,NULL,NULL,'2024-01-14 15:44:13','2024-01-14 15:35:09'),(8605,NULL,NULL,'2024-01-14 15:44:13','2024-01-14 15:35:09'),(8606,NULL,NULL,'2024-01-14 15:44:13','2024-01-14 15:35:09'),(8607,NULL,NULL,'2024-01-14 15:44:13','2024-01-14 15:35:09'),(8608,NULL,NULL,'2024-01-14 15:44:13','2024-01-14 15:35:09'),(8609,NULL,NULL,'2024-01-14 15:44:13','2024-01-14 15:35:09'),(8610,NULL,NULL,'2024-01-14 15:44:13','2024-01-14 15:35:09'),(8611,NULL,NULL,'2024-01-14 15:44:13','2024-01-14 15:35:09'),(8612,NULL,NULL,'2024-01-14 15:44:13','2024-01-14 15:35:09'),(8613,NULL,NULL,'2024-01-14 15:44:13','2024-01-14 15:35:09'),(8614,NULL,NULL,'2024-01-14 15:44:13','2024-01-14 15:35:09'),(8615,NULL,NULL,'2024-01-14 15:44:13','2024-01-14 15:35:09'),(8616,NULL,NULL,'2024-01-14 15:44:13','2024-01-14 15:35:09'),(8617,NULL,NULL,'2024-01-14 15:44:13','2024-01-14 15:35:09'),(8618,NULL,NULL,'2024-01-14 15:44:13','2024-01-14 15:35:09'),(8619,NULL,NULL,'2024-01-14 15:44:13','2024-01-14 15:35:09'),(8620,NULL,NULL,'2024-01-14 15:44:13','2024-01-14 15:35:09'),(8621,NULL,NULL,'2024-01-14 15:44:13','2024-01-14 15:35:09'),(8622,NULL,NULL,'2024-01-14 15:44:13','2024-01-14 15:35:09'),(8623,NULL,NULL,'2024-01-14 15:44:13','2024-01-14 15:35:09'),(8624,NULL,NULL,'2024-01-14 15:44:13','2024-01-14 15:35:09'),(8625,NULL,NULL,'2024-01-14 15:44:13','2024-01-14 15:35:09'),(8626,NULL,NULL,'2024-01-14 15:44:13','2024-01-14 15:35:09'),(8627,NULL,NULL,'2024-01-14 15:44:13','2024-01-14 15:35:09'),(8628,NULL,NULL,'2024-01-14 15:44:13','2024-01-14 15:35:09'),(8629,NULL,NULL,'2024-01-14 15:44:13','2024-01-14 15:35:09'),(8630,NULL,NULL,'2024-01-14 15:44:13','2024-01-14 15:35:09'),(8631,NULL,NULL,'2024-01-14 15:44:13','2024-01-14 15:35:09'),(8632,NULL,NULL,'2024-01-14 15:44:13','2024-01-14 15:35:09'),(8633,NULL,NULL,'2024-01-14 15:44:13','2024-01-14 15:35:09'),(8634,NULL,NULL,'2024-01-14 15:44:13','2024-01-14 15:35:09'),(8635,NULL,NULL,'2024-01-14 15:44:13','2024-01-14 15:35:09'),(8636,NULL,NULL,'2024-01-14 15:44:13','2024-01-14 15:35:09'),(8637,NULL,NULL,'2024-01-14 15:44:13','2024-01-14 15:35:09'),(8638,NULL,NULL,'2024-01-14 15:44:13','2024-01-14 15:35:09'),(8639,NULL,NULL,'2024-01-14 15:44:13','2024-01-14 15:35:09'),(8640,NULL,NULL,'2024-01-14 15:44:13','2024-01-14 15:35:09'),(8641,NULL,NULL,'2024-01-14 15:44:13','2024-01-14 15:35:09'),(8642,NULL,NULL,'2024-01-14 15:44:13','2024-01-14 15:35:09'),(8643,NULL,NULL,'2024-01-14 15:44:13','2024-01-14 15:35:09'),(8644,NULL,NULL,'2024-01-14 15:44:13','2024-01-14 15:35:09'),(8645,NULL,NULL,'2024-01-14 15:44:13','2024-01-14 15:35:09'),(8646,NULL,NULL,'2024-01-14 15:44:13','2024-01-14 15:35:09'),(8647,NULL,NULL,'2024-01-14 15:44:13','2024-01-14 15:35:09'),(8648,NULL,NULL,'2024-01-14 15:44:13','2024-01-14 15:35:09'),(8649,NULL,NULL,'2024-01-14 15:44:13','2024-01-14 15:35:09'),(8650,NULL,NULL,'2024-01-14 15:44:13','2024-01-14 15:35:09'),(8651,NULL,NULL,'2024-01-14 15:44:13','2024-01-14 15:35:09'),(8652,NULL,NULL,'2024-01-14 15:44:13','2024-01-14 15:35:09'),(8653,NULL,NULL,'2024-01-14 15:44:13','2024-01-14 15:35:09'),(8654,NULL,NULL,'2024-01-14 15:44:13','2024-01-14 15:35:09'),(8655,NULL,NULL,'2024-01-14 15:44:13','2024-01-14 15:35:09'),(8656,NULL,NULL,'2024-01-14 15:44:13','2024-01-14 15:35:09'),(8657,NULL,NULL,'2024-01-14 15:44:13','2024-01-14 15:35:09'),(8658,NULL,NULL,'2024-01-14 15:44:13','2024-01-14 15:35:09'),(8659,NULL,NULL,'2024-01-14 15:44:13','2024-01-14 15:35:09'),(8660,NULL,NULL,'2024-01-14 15:44:13','2024-01-14 15:35:09'),(8661,NULL,NULL,'2024-01-14 15:44:13','2024-01-14 15:35:09'),(8662,NULL,NULL,'2024-01-14 15:44:13','2024-01-14 15:35:09'),(8663,NULL,NULL,'2024-01-14 15:44:13','2024-01-14 15:35:09'),(8664,NULL,NULL,'2024-01-14 15:44:13','2024-01-14 15:35:09'),(8665,NULL,NULL,'2024-01-14 15:44:13','2024-01-14 15:35:09'),(8666,NULL,NULL,'2024-01-14 15:44:13','2024-01-14 15:35:09'),(8667,NULL,NULL,'2024-01-14 15:44:13','2024-01-14 15:35:09'),(8668,NULL,NULL,'2024-01-14 15:44:13','2024-01-14 15:35:09'),(8669,NULL,NULL,'2024-01-14 15:44:13','2024-01-14 15:35:09'),(8670,NULL,NULL,'2024-01-14 15:44:13','2024-01-14 15:35:09'),(8671,NULL,NULL,'2024-01-14 15:44:13','2024-01-14 15:35:09'),(8672,NULL,NULL,'2024-01-14 15:44:13','2024-01-14 15:35:09'),(8673,NULL,NULL,'2024-01-14 15:44:13','2024-01-14 15:35:09'),(8674,NULL,NULL,'2024-01-14 15:44:13','2024-01-14 15:35:09'),(8675,NULL,NULL,'2024-01-14 15:44:13','2024-01-14 15:35:09'),(8676,NULL,NULL,'2024-01-14 15:44:13','2024-01-14 15:35:09'),(8677,NULL,NULL,'2024-01-14 15:44:13','2024-01-14 15:35:09'),(8678,NULL,NULL,'2024-01-14 15:44:13','2024-01-14 15:35:09'),(8679,NULL,NULL,'2024-01-14 15:44:13','2024-01-14 15:35:09'),(8680,NULL,NULL,'2024-01-14 15:44:13','2024-01-14 15:35:09'),(8681,NULL,NULL,'2024-01-14 15:44:13','2024-01-14 15:35:09'),(8682,NULL,NULL,'2024-01-14 15:44:13','2024-01-14 15:35:09'),(8683,NULL,NULL,'2024-01-14 15:44:13','2024-01-14 15:35:09'),(8684,NULL,NULL,'2024-01-14 15:44:13','2024-01-14 15:35:09'),(8685,NULL,NULL,'2024-01-14 15:44:13','2024-01-14 15:35:09'),(8686,NULL,NULL,'2024-01-14 15:44:13','2024-01-14 15:35:09'),(8687,NULL,NULL,'2024-01-14 15:44:13','2024-01-14 15:35:09'),(8688,NULL,NULL,'2024-01-14 15:44:13','2024-01-14 15:35:09'),(8689,NULL,NULL,'2024-01-14 15:44:13','2024-01-14 15:35:09'),(8690,NULL,NULL,'2024-01-14 15:44:13','2024-01-14 15:35:09'),(8691,NULL,NULL,'2024-01-14 15:44:13','2024-01-14 15:35:09'),(8692,NULL,NULL,'2024-01-14 15:44:13','2024-01-14 15:35:09'),(8693,NULL,NULL,'2024-01-14 15:44:13','2024-01-14 15:35:09'),(8694,NULL,NULL,'2024-01-14 15:44:13','2024-01-14 15:35:09'),(8695,NULL,NULL,'2024-01-14 15:44:13','2024-01-14 15:35:09'),(8696,NULL,NULL,'2024-01-14 15:44:13','2024-01-14 15:35:09'),(8697,NULL,NULL,'2024-01-14 15:44:13','2024-01-14 15:35:09'),(8698,NULL,NULL,'2024-01-14 15:44:13','2024-01-14 15:35:09'),(8699,NULL,NULL,'2024-01-14 15:44:13','2024-01-14 15:35:09'),(8700,NULL,NULL,'2024-01-14 15:44:13','2024-01-14 15:35:09'),(8701,NULL,NULL,'2024-01-14 15:44:13','2024-01-14 15:35:09'),(8702,NULL,NULL,'2024-01-14 15:44:13','2024-01-14 15:35:09'),(8703,NULL,NULL,'2024-01-14 15:44:13','2024-01-14 15:35:09'),(8704,NULL,NULL,'2024-01-14 15:44:13','2024-01-14 15:35:09'),(8705,NULL,NULL,'2024-01-14 15:44:13','2024-01-14 15:35:09'),(8706,NULL,NULL,'2024-01-14 15:44:13','2024-01-14 15:35:09'),(8707,NULL,NULL,'2024-01-14 15:44:13','2024-01-14 15:35:09'),(8708,NULL,NULL,'2024-01-14 15:44:13','2024-01-14 15:35:09'),(8709,NULL,NULL,'2024-01-14 15:44:13','2024-01-14 15:35:09'),(8710,NULL,NULL,'2024-01-14 15:44:13','2024-01-14 15:35:09'),(8711,NULL,NULL,'2024-01-14 15:44:13','2024-01-14 15:35:09'),(8712,NULL,NULL,'2024-01-14 15:44:13','2024-01-14 15:35:09'),(8713,NULL,NULL,'2024-01-14 15:44:13','2024-01-14 15:35:09'),(8714,NULL,NULL,'2024-01-14 15:44:13','2024-01-14 15:35:09'),(8715,NULL,NULL,'2024-01-14 15:44:13','2024-01-14 15:35:09'),(8716,NULL,NULL,'2024-01-14 15:44:13','2024-01-14 15:35:09'),(8717,NULL,NULL,'2024-01-14 15:44:13','2024-01-14 15:35:09'),(8718,NULL,NULL,'2024-01-14 15:44:13','2024-01-14 15:35:09'),(8719,NULL,NULL,'2024-01-14 15:44:13','2024-01-14 15:35:09'),(8720,NULL,NULL,'2024-01-14 15:44:13','2024-01-14 15:35:09'),(8721,NULL,NULL,'2024-01-14 15:44:13','2024-01-14 15:35:09'),(8722,NULL,NULL,'2024-01-14 15:44:13','2024-01-14 15:35:09'),(8723,NULL,NULL,'2024-01-14 15:44:13','2024-01-14 15:35:09'),(8724,NULL,NULL,'2024-01-14 15:44:13','2024-01-14 15:35:09'),(8725,NULL,NULL,'2024-01-14 15:44:13','2024-01-14 15:35:09'),(8726,NULL,NULL,'2024-01-14 15:44:13','2024-01-14 15:35:09'),(8727,NULL,NULL,'2024-01-14 15:44:13','2024-01-14 15:35:09'),(8728,NULL,NULL,'2024-01-14 15:44:13','2024-01-14 15:35:09'),(8729,NULL,NULL,'2024-01-14 15:44:13','2024-01-14 15:35:09'),(8730,NULL,NULL,'2024-01-14 15:44:13','2024-01-14 15:35:09'),(8731,NULL,NULL,'2024-01-14 15:44:13','2024-01-14 15:35:09'),(8732,NULL,NULL,'2024-01-14 15:44:13','2024-01-14 15:35:09'),(8733,NULL,NULL,'2024-01-14 15:44:13','2024-01-14 15:35:09'),(8734,NULL,NULL,'2024-01-14 15:44:13','2024-01-14 15:35:09'),(8735,NULL,NULL,'2024-01-14 15:44:13','2024-01-14 15:35:09'),(8736,NULL,NULL,'2024-01-14 15:44:13','2024-01-14 15:35:09'),(8737,NULL,NULL,'2024-01-14 15:44:13','2024-01-14 15:35:09'),(8738,NULL,NULL,'2024-01-14 15:44:13','2024-01-14 15:35:09'),(8739,NULL,NULL,'2024-01-14 15:44:13','2024-01-14 15:35:09'),(8740,NULL,NULL,'2024-01-14 15:44:13','2024-01-14 15:35:09'),(8741,NULL,NULL,'2024-01-14 15:44:13','2024-01-14 15:35:09'),(8742,NULL,NULL,'2024-01-14 15:44:13','2024-01-14 15:35:09'),(8743,NULL,NULL,'2024-01-14 15:44:13','2024-01-14 15:35:09'),(8744,NULL,NULL,'2024-01-14 15:44:13','2024-01-14 15:35:09'),(8745,NULL,NULL,'2024-01-14 15:44:13','2024-01-14 15:35:09'),(8746,NULL,NULL,'2024-01-14 15:44:13','2024-01-14 15:35:09'),(8747,NULL,NULL,'2024-01-14 15:44:13','2024-01-14 15:35:09'),(8748,NULL,NULL,'2024-01-14 15:44:13','2024-01-14 15:35:09'),(8749,NULL,NULL,'2024-01-14 15:44:13','2024-01-14 15:35:09'),(8750,NULL,NULL,'2024-01-14 15:44:13','2024-01-14 15:35:09'),(8751,NULL,NULL,'2024-01-14 15:44:13','2024-01-14 15:35:09'),(8752,NULL,NULL,'2024-01-14 15:44:13','2024-01-14 15:35:09'),(8753,NULL,NULL,'2024-01-14 15:44:13','2024-01-14 15:35:09'),(8754,NULL,NULL,'2024-01-14 15:44:13','2024-01-14 15:35:09'),(8755,NULL,NULL,'2024-01-14 15:44:13','2024-01-14 15:35:09'),(8756,NULL,NULL,'2024-01-14 15:44:13','2024-01-14 15:35:09'),(8757,NULL,NULL,'2024-01-14 15:44:13','2024-01-14 15:35:09'),(8758,NULL,NULL,'2024-01-14 15:44:13','2024-01-14 15:35:09'),(8759,NULL,NULL,'2024-01-14 15:44:13','2024-01-14 15:35:09'),(8760,NULL,NULL,'2024-01-14 15:44:13','2024-01-14 15:35:09'),(8761,NULL,NULL,'2024-01-14 15:44:13','2024-01-14 15:35:09'),(8762,NULL,NULL,'2024-01-14 15:44:13','2024-01-14 15:35:09'),(8763,NULL,NULL,'2024-01-14 15:44:13','2024-01-14 15:35:09'),(8764,NULL,NULL,'2024-01-14 15:44:13','2024-01-14 15:35:09'),(8765,NULL,NULL,'2024-01-14 15:44:13','2024-01-14 15:35:09'),(8766,NULL,NULL,'2024-01-14 15:44:13','2024-01-14 15:35:09'),(8767,NULL,NULL,'2024-01-14 15:44:13','2024-01-14 15:35:09'),(8768,NULL,NULL,'2024-01-14 15:44:13','2024-01-14 15:35:09'),(8769,NULL,NULL,'2024-01-14 15:44:13','2024-01-14 15:35:09'),(8770,NULL,NULL,'2024-01-14 15:44:13','2024-01-14 15:35:09'),(8771,NULL,NULL,'2024-01-14 15:44:13','2024-01-14 15:35:09'),(8772,NULL,NULL,'2024-01-14 15:44:13','2024-01-14 15:35:09'),(8773,NULL,NULL,'2024-01-14 15:44:13','2024-01-14 15:35:09'),(8774,NULL,NULL,'2024-01-14 15:44:13','2024-01-14 15:35:09'),(8775,NULL,NULL,'2024-01-14 15:44:13','2024-01-14 15:35:09'),(8776,NULL,NULL,'2024-01-14 15:44:13','2024-01-14 15:35:09'),(8777,NULL,NULL,'2024-01-14 15:44:13','2024-01-14 15:35:09'),(8778,NULL,NULL,'2024-01-14 15:44:13','2024-01-14 15:35:09'),(8779,NULL,NULL,'2024-01-14 15:44:13','2024-01-14 15:35:09'),(8780,NULL,NULL,'2024-01-14 15:44:13','2024-01-14 15:35:09'),(8781,NULL,NULL,'2024-01-14 15:44:13','2024-01-14 15:35:09'),(8782,NULL,NULL,'2024-01-14 15:44:13','2024-01-14 15:35:09'),(8783,NULL,NULL,'2024-01-14 15:44:13','2024-01-14 15:35:09'),(8784,NULL,NULL,'2024-01-14 15:44:13','2024-01-14 15:35:09'),(8785,NULL,NULL,'2024-01-14 15:44:13','2024-01-14 15:35:09'),(8786,NULL,NULL,'2024-01-14 15:44:13','2024-01-14 15:35:09'),(8787,NULL,NULL,'2024-01-14 15:44:13','2024-01-14 15:35:09'),(8788,NULL,NULL,'2024-01-14 15:44:13','2024-01-14 15:35:09'),(8789,NULL,NULL,'2024-01-14 15:44:13','2024-01-14 15:35:09'),(8790,NULL,NULL,'2024-01-14 15:44:13','2024-01-14 15:35:09'),(8791,NULL,NULL,'2024-01-14 15:44:13','2024-01-14 15:35:09'),(8792,NULL,NULL,'2024-01-14 15:44:13','2024-01-14 15:35:09'),(8793,NULL,NULL,'2024-01-14 15:44:13','2024-01-14 15:35:09'),(8794,NULL,NULL,'2024-01-14 15:44:13','2024-01-14 15:35:09'),(8795,NULL,NULL,'2024-01-14 15:44:13','2024-01-14 15:35:09'),(8796,NULL,NULL,'2024-01-14 15:44:13','2024-01-14 15:35:09'),(8797,NULL,NULL,'2024-01-14 15:44:13','2024-01-14 15:35:09'),(8798,NULL,NULL,'2024-01-14 15:44:13','2024-01-14 15:35:09'),(8799,NULL,NULL,'2024-01-14 15:44:13','2024-01-14 15:35:09'),(8800,NULL,NULL,'2024-01-14 15:44:13','2024-01-14 15:35:09'),(8801,NULL,NULL,'2024-01-14 15:44:13','2024-01-14 15:35:09'),(8802,NULL,NULL,'2024-01-14 15:44:13','2024-01-14 15:35:09'),(8803,NULL,NULL,'2024-01-14 15:44:13','2024-01-14 15:35:09'),(8804,NULL,NULL,'2024-01-14 15:44:13','2024-01-14 15:35:09'),(8805,NULL,NULL,'2024-01-14 15:44:13','2024-01-14 15:35:09'),(8806,NULL,NULL,'2024-01-14 15:44:13','2024-01-14 15:35:09'),(8807,NULL,NULL,'2024-01-14 15:44:13','2024-01-14 15:35:09'),(8808,NULL,NULL,'2024-01-14 15:44:13','2024-01-14 15:35:09'),(8809,NULL,NULL,'2024-01-14 15:44:13','2024-01-14 15:35:09'),(8810,NULL,NULL,'2024-01-14 15:44:13','2024-01-14 15:35:09'),(8811,NULL,NULL,'2024-01-14 15:44:13','2024-01-14 15:35:09'),(8812,NULL,NULL,'2024-01-14 15:44:13','2024-01-14 15:35:09'),(8813,NULL,NULL,'2024-01-14 15:44:13','2024-01-14 15:35:09'),(8814,NULL,NULL,'2024-01-14 15:44:13','2024-01-14 15:35:09'),(8815,NULL,NULL,'2024-01-14 15:44:13','2024-01-14 15:35:09'),(8816,NULL,NULL,'2024-01-14 15:44:13','2024-01-14 15:35:09'),(8817,NULL,NULL,'2024-01-14 15:44:13','2024-01-14 15:35:09'),(8818,NULL,NULL,'2024-01-14 15:44:13','2024-01-14 15:35:09'),(8819,NULL,NULL,'2024-01-14 15:44:13','2024-01-14 15:35:09'),(8820,NULL,NULL,'2024-01-14 15:44:13','2024-01-14 15:35:09'),(8821,NULL,NULL,'2024-01-14 15:44:13','2024-01-14 15:35:09'),(8822,NULL,NULL,'2024-01-14 15:44:13','2024-01-14 15:35:09'),(8823,NULL,NULL,'2024-01-14 15:44:13','2024-01-14 15:35:09'),(8824,NULL,NULL,'2024-01-14 15:44:13','2024-01-14 15:35:09'),(8825,NULL,NULL,'2024-01-14 15:44:13','2024-01-14 15:35:09'),(8826,NULL,NULL,'2024-01-14 15:44:13','2024-01-14 15:35:09'),(8827,NULL,NULL,'2024-01-14 15:44:13','2024-01-14 15:35:09'),(8828,NULL,NULL,'2024-01-14 15:44:13','2024-01-14 15:35:09'),(8829,NULL,NULL,'2024-01-14 15:44:13','2024-01-14 15:35:09'),(8830,NULL,NULL,'2024-01-14 15:44:13','2024-01-14 15:35:09'),(8831,NULL,NULL,'2024-01-14 15:44:13','2024-01-14 15:35:09'),(8832,NULL,NULL,'2024-01-14 15:44:13','2024-01-14 15:35:09'),(8833,NULL,NULL,'2024-01-14 15:44:13','2024-01-14 15:35:09'),(8834,NULL,NULL,'2024-01-14 15:44:13','2024-01-14 15:35:09'),(8835,NULL,NULL,'2024-01-14 15:44:13','2024-01-14 15:35:09'),(8836,NULL,NULL,'2024-01-14 15:44:13','2024-01-14 15:35:09'),(8837,NULL,NULL,'2024-01-14 15:44:13','2024-01-14 15:35:09'),(8838,NULL,NULL,'2024-01-14 15:44:13','2024-01-14 15:35:09'),(8839,NULL,NULL,'2024-01-14 15:44:13','2024-01-14 15:35:09'),(8840,NULL,NULL,'2024-01-14 15:44:13','2024-01-14 15:35:09'),(8841,NULL,NULL,'2024-01-14 15:44:13','2024-01-14 15:35:09'),(8842,NULL,NULL,'2024-01-14 15:44:13','2024-01-14 15:35:09'),(8843,NULL,NULL,'2024-01-14 15:44:13','2024-01-14 15:35:09'),(8844,NULL,NULL,'2024-01-14 15:44:13','2024-01-14 15:35:09'),(8845,NULL,NULL,'2024-01-14 15:44:13','2024-01-14 15:35:09'),(8846,NULL,NULL,'2024-01-14 15:44:13','2024-01-14 15:35:09'),(8847,NULL,NULL,'2024-01-14 15:44:13','2024-01-14 15:35:09'),(8848,NULL,NULL,'2024-01-14 15:44:13','2024-01-14 15:35:09'),(8849,NULL,NULL,'2024-01-14 15:44:13','2024-01-14 15:35:09'),(8850,NULL,NULL,'2024-01-14 15:44:13','2024-01-14 15:35:09'),(8851,NULL,NULL,'2024-01-14 15:44:13','2024-01-14 15:35:09'),(8852,NULL,NULL,'2024-01-14 15:44:13','2024-01-14 15:35:09'),(8853,NULL,NULL,'2024-01-14 15:44:13','2024-01-14 15:35:09'),(8854,NULL,NULL,'2024-01-14 15:44:13','2024-01-14 15:35:09'),(8855,NULL,NULL,'2024-01-14 15:44:13','2024-01-14 15:35:09'),(8856,NULL,NULL,'2024-01-14 15:44:13','2024-01-14 15:35:09'),(8857,NULL,NULL,'2024-01-14 15:44:13','2024-01-14 15:35:09'),(8858,NULL,NULL,'2024-01-14 15:44:13','2024-01-14 15:35:09'),(8859,NULL,NULL,'2024-01-14 15:44:13','2024-01-14 15:35:09'),(8860,NULL,NULL,'2024-01-14 15:44:13','2024-01-14 15:35:09'),(8861,NULL,NULL,'2024-01-14 15:44:13','2024-01-14 15:35:09'),(8862,NULL,NULL,'2024-01-14 15:44:13','2024-01-14 15:35:09'),(8863,NULL,NULL,'2024-01-14 15:44:13','2024-01-14 15:35:09'),(8864,NULL,NULL,'2024-01-14 15:44:13','2024-01-14 15:35:09'),(8865,NULL,NULL,'2024-01-14 15:44:13','2024-01-14 15:35:09'),(8866,NULL,NULL,'2024-01-14 15:44:13','2024-01-14 15:35:09'),(8867,NULL,NULL,'2024-01-14 15:44:13','2024-01-14 15:35:09'),(8868,NULL,NULL,'2024-01-14 15:44:13','2024-01-14 15:35:09'),(8869,NULL,NULL,'2024-01-14 15:44:13','2024-01-14 15:35:09'),(8870,NULL,NULL,'2024-01-14 15:44:13','2024-01-14 15:35:09'),(8871,NULL,NULL,'2024-01-14 15:44:13','2024-01-14 15:35:09'),(8872,NULL,NULL,'2024-01-14 15:44:13','2024-01-14 15:35:09'),(8873,NULL,NULL,'2024-01-14 15:44:13','2024-01-14 15:35:09'),(8874,NULL,NULL,'2024-01-14 15:44:13','2024-01-14 15:35:09'),(8875,NULL,NULL,'2024-01-14 15:44:13','2024-01-14 15:35:09'),(8876,NULL,NULL,'2024-01-14 15:44:13','2024-01-14 15:35:09'),(8877,NULL,NULL,'2024-01-14 15:44:13','2024-01-14 15:35:09'),(8878,NULL,NULL,'2024-01-14 15:44:13','2024-01-14 15:35:09'),(8879,NULL,NULL,'2024-01-14 15:44:13','2024-01-14 15:35:09'),(8880,NULL,NULL,'2024-01-14 15:44:13','2024-01-14 15:35:09'),(8881,NULL,NULL,'2024-01-14 15:44:13','2024-01-14 15:35:09'),(8882,NULL,NULL,'2024-01-14 15:44:13','2024-01-14 15:35:09'),(8883,NULL,NULL,'2024-01-14 15:44:13','2024-01-14 15:35:09'),(8884,NULL,NULL,'2024-01-14 15:44:13','2024-01-14 15:35:09'),(8885,NULL,NULL,'2024-01-14 15:44:13','2024-01-14 15:35:09'),(8886,NULL,NULL,'2024-01-14 15:44:13','2024-01-14 15:35:09'),(8887,NULL,NULL,'2024-01-14 15:44:13','2024-01-14 15:35:09'),(8888,NULL,NULL,'2024-01-14 15:44:13','2024-01-14 15:35:09'),(8889,NULL,NULL,'2024-01-14 15:44:13','2024-01-14 15:35:09'),(8890,NULL,NULL,'2024-01-14 15:44:13','2024-01-14 15:35:09'),(8891,NULL,NULL,'2024-01-14 15:44:13','2024-01-14 15:35:09'),(8892,NULL,NULL,'2024-01-14 15:44:13','2024-01-14 15:35:09'),(8893,NULL,NULL,'2024-01-14 15:44:13','2024-01-14 15:35:09'),(8894,NULL,NULL,'2024-01-14 15:44:13','2024-01-14 15:35:09'),(8895,NULL,NULL,'2024-01-14 15:44:13','2024-01-14 15:35:09'),(8896,NULL,NULL,'2024-01-14 15:44:13','2024-01-14 15:35:09'),(8897,NULL,NULL,'2024-01-14 15:44:13','2024-01-14 15:35:09'),(8898,NULL,NULL,'2024-01-14 15:44:13','2024-01-14 15:35:09'),(8899,NULL,NULL,'2024-01-14 15:44:13','2024-01-14 15:35:09'),(8900,NULL,NULL,'2024-01-14 15:44:13','2024-01-14 15:35:09'),(8901,NULL,NULL,'2024-01-14 15:44:13','2024-01-14 15:35:09'),(8902,NULL,NULL,'2024-01-14 15:44:13','2024-01-14 15:35:09'),(8903,NULL,NULL,'2024-01-14 15:44:13','2024-01-14 15:35:09'),(8904,NULL,NULL,'2024-01-14 15:44:13','2024-01-14 15:35:09'),(8905,NULL,NULL,'2024-01-14 15:44:13','2024-01-14 15:35:09'),(8906,NULL,NULL,'2024-01-14 15:44:13','2024-01-14 15:35:09'),(8907,NULL,NULL,'2024-01-14 15:44:13','2024-01-14 15:35:09'),(8908,NULL,NULL,'2024-01-14 15:44:13','2024-01-14 15:35:09'),(8909,NULL,NULL,'2024-01-14 15:44:13','2024-01-14 15:35:09'),(8910,NULL,NULL,'2024-01-14 15:44:13','2024-01-14 15:35:09'),(8911,NULL,NULL,'2024-01-14 15:44:13','2024-01-14 15:35:09'),(8912,NULL,NULL,'2024-01-14 15:44:13','2024-01-14 15:35:09'),(8913,NULL,NULL,'2024-01-14 15:44:13','2024-01-14 15:35:09'),(8914,NULL,NULL,'2024-01-14 15:44:13','2024-01-14 15:35:09'),(8915,NULL,NULL,'2024-01-14 15:44:13','2024-01-14 15:35:09'),(8916,NULL,NULL,'2024-01-14 15:44:13','2024-01-14 15:35:09'),(8917,NULL,NULL,'2024-01-14 15:44:13','2024-01-14 15:35:09'),(8918,NULL,NULL,'2024-01-14 15:44:13','2024-01-14 15:35:09'),(8919,NULL,NULL,'2024-01-14 15:44:13','2024-01-14 15:35:09'),(8920,NULL,NULL,'2024-01-14 15:44:13','2024-01-14 15:35:09'),(8921,NULL,NULL,'2024-01-14 15:44:13','2024-01-14 15:35:09'),(8922,NULL,NULL,'2024-01-14 15:44:13','2024-01-14 15:35:09'),(8923,NULL,NULL,'2024-01-14 15:44:13','2024-01-14 15:35:09'),(8924,NULL,NULL,'2024-01-14 15:44:13','2024-01-14 15:35:09'),(8925,NULL,NULL,'2024-01-14 15:44:13','2024-01-14 15:35:09'),(8926,NULL,NULL,'2024-01-14 15:44:13','2024-01-14 15:35:09'),(8927,NULL,NULL,'2024-01-14 15:44:13','2024-01-14 15:35:09'),(8928,NULL,NULL,'2024-01-14 15:44:13','2024-01-14 15:35:09'),(8929,NULL,NULL,'2024-01-14 15:44:13','2024-01-14 15:35:09'),(8930,NULL,NULL,'2024-01-14 15:44:13','2024-01-14 15:35:09'),(8931,NULL,NULL,'2024-01-14 15:44:13','2024-01-14 15:35:09'),(8932,NULL,NULL,'2024-01-14 15:44:13','2024-01-14 15:35:09'),(8933,NULL,NULL,'2024-01-14 15:44:13','2024-01-14 15:35:09'),(8934,NULL,NULL,'2024-01-14 15:44:13','2024-01-14 15:35:09'),(8935,NULL,NULL,'2024-01-14 15:44:13','2024-01-14 15:35:09'),(8936,NULL,NULL,'2024-01-14 15:44:13','2024-01-14 15:35:09'),(8937,NULL,NULL,'2024-01-14 15:44:13','2024-01-14 15:35:09'),(8938,NULL,NULL,'2024-01-14 15:44:13','2024-01-14 15:35:09'),(8939,NULL,NULL,'2024-01-14 15:44:13','2024-01-14 15:35:09'),(8940,NULL,NULL,'2024-01-14 15:44:13','2024-01-14 15:35:09'),(8941,NULL,NULL,'2024-01-14 15:44:13','2024-01-14 15:35:09'),(8942,NULL,NULL,'2024-01-14 15:44:13','2024-01-14 15:35:09'),(8943,NULL,NULL,'2024-01-14 15:44:13','2024-01-14 15:35:09'),(8944,NULL,NULL,'2024-01-14 15:44:13','2024-01-14 15:35:09'),(8945,NULL,NULL,'2024-01-14 15:44:13','2024-01-14 15:35:09'),(8946,NULL,NULL,'2024-01-14 15:44:13','2024-01-14 15:35:09'),(8947,NULL,NULL,'2024-01-14 15:44:13','2024-01-14 15:35:09'),(8948,NULL,NULL,'2024-01-14 15:44:13','2024-01-14 15:35:09'),(8949,NULL,NULL,'2024-01-14 15:44:13','2024-01-14 15:35:09'),(8950,NULL,NULL,'2024-01-14 15:44:13','2024-01-14 15:35:09'),(8951,NULL,NULL,'2024-01-14 15:44:13','2024-01-14 15:35:09'),(8952,NULL,NULL,'2024-01-14 15:44:13','2024-01-14 15:35:09'),(8953,NULL,NULL,'2024-01-14 15:44:13','2024-01-14 15:35:09'),(8954,NULL,NULL,'2024-01-14 15:44:13','2024-01-14 15:35:09'),(8955,NULL,NULL,'2024-01-14 15:44:13','2024-01-14 15:35:09'),(8956,NULL,NULL,'2024-01-14 15:44:13','2024-01-14 15:35:09'),(8957,NULL,NULL,'2024-01-14 15:44:13','2024-01-14 15:35:09'),(8958,NULL,NULL,'2024-01-14 15:44:13','2024-01-14 15:35:09'),(8959,NULL,NULL,'2024-01-14 15:44:13','2024-01-14 15:35:09'),(8960,NULL,NULL,'2024-01-14 15:44:13','2024-01-14 15:35:09'),(8961,NULL,NULL,'2024-01-14 15:44:13','2024-01-14 15:35:09'),(8962,NULL,NULL,'2024-01-14 15:44:13','2024-01-14 15:35:09'),(8963,NULL,NULL,'2024-01-14 15:44:13','2024-01-14 15:35:09'),(8964,NULL,NULL,'2024-01-14 15:44:13','2024-01-14 15:35:09'),(8965,NULL,NULL,'2024-01-14 15:44:13','2024-01-14 15:35:09'),(8966,NULL,NULL,'2024-01-14 15:44:13','2024-01-14 15:35:09'),(8967,NULL,NULL,'2024-01-14 15:44:13','2024-01-14 15:35:09'),(8968,NULL,NULL,'2024-01-14 15:44:13','2024-01-14 15:35:09'),(8969,NULL,NULL,'2024-01-14 15:44:13','2024-01-14 15:35:09'),(8970,NULL,NULL,'2024-01-14 15:44:13','2024-01-14 15:35:09'),(8971,NULL,NULL,'2024-01-14 15:44:13','2024-01-14 15:35:09'),(8972,NULL,NULL,'2024-01-14 15:44:13','2024-01-14 15:35:09'),(8973,NULL,NULL,'2024-01-14 15:44:13','2024-01-14 15:35:09'),(8974,NULL,NULL,'2024-01-14 15:44:13','2024-01-14 15:35:09'),(8975,NULL,NULL,'2024-01-14 15:44:13','2024-01-14 15:35:09'),(8976,NULL,NULL,'2024-01-14 15:44:13','2024-01-14 15:35:09'),(8977,NULL,NULL,'2024-01-14 15:44:13','2024-01-14 15:35:09'),(8978,NULL,NULL,'2024-01-14 15:44:13','2024-01-14 15:35:09'),(8979,NULL,NULL,'2024-01-14 15:44:13','2024-01-14 15:35:09'),(8980,NULL,NULL,'2024-01-14 15:44:13','2024-01-14 15:35:09'),(8981,NULL,NULL,'2024-01-14 15:44:13','2024-01-14 15:35:09'),(8982,NULL,NULL,'2024-01-14 15:44:13','2024-01-14 15:35:09'),(8983,NULL,NULL,'2024-01-14 15:44:13','2024-01-14 15:35:09'),(8984,NULL,NULL,'2024-01-14 15:44:13','2024-01-14 15:35:09'),(8985,NULL,NULL,'2024-01-14 15:44:13','2024-01-14 15:35:09'),(8986,NULL,NULL,'2024-01-14 15:44:13','2024-01-14 15:35:09'),(8987,NULL,NULL,'2024-01-14 15:44:13','2024-01-14 15:35:09'),(8988,NULL,NULL,'2024-01-14 15:44:13','2024-01-14 15:35:09'),(8989,NULL,NULL,'2024-01-14 15:44:13','2024-01-14 15:35:09'),(8990,NULL,NULL,'2024-01-14 15:44:13','2024-01-14 15:35:09'),(8991,NULL,NULL,'2024-01-14 15:44:13','2024-01-14 15:35:09'),(8992,NULL,NULL,'2024-01-14 15:44:13','2024-01-14 15:35:09'),(8993,NULL,NULL,'2024-01-14 15:44:13','2024-01-14 15:35:09'),(8994,NULL,NULL,'2024-01-14 15:44:13','2024-01-14 15:35:09'),(8995,NULL,NULL,'2024-01-14 15:44:13','2024-01-14 15:35:09'),(8996,NULL,NULL,'2024-01-14 15:44:13','2024-01-14 15:35:09'),(8997,NULL,NULL,'2024-01-14 15:44:13','2024-01-14 15:35:09'),(8998,NULL,NULL,'2024-01-14 15:44:13','2024-01-14 15:35:09'),(8999,NULL,NULL,'2024-01-14 15:44:13','2024-01-14 15:35:09'),(9000,NULL,NULL,'2024-01-14 15:44:13','2024-01-14 15:35:09'),(9001,NULL,NULL,'2024-01-14 15:44:13','2024-01-14 15:35:09'),(9002,NULL,NULL,'2024-01-14 15:44:13','2024-01-14 15:35:09'),(9003,NULL,NULL,'2024-01-14 15:44:13','2024-01-14 15:35:09'),(9004,NULL,NULL,'2024-01-14 15:44:13','2024-01-14 15:35:09'),(9005,NULL,NULL,'2024-01-14 15:44:13','2024-01-14 15:35:09'),(9006,NULL,NULL,'2024-01-14 15:44:13','2024-01-14 15:35:09'),(9007,NULL,NULL,'2024-01-14 15:44:13','2024-01-14 15:35:09'),(9008,NULL,NULL,'2024-01-14 15:44:13','2024-01-14 15:35:09'),(9009,NULL,NULL,'2024-01-14 15:44:13','2024-01-14 15:35:09'),(9010,NULL,NULL,'2024-01-14 15:44:13','2024-01-14 15:35:09'),(9011,NULL,NULL,'2024-01-14 15:44:13','2024-01-14 15:35:09'),(9012,NULL,NULL,'2024-01-14 15:44:13','2024-01-14 15:35:09'),(9013,NULL,NULL,'2024-01-14 15:44:13','2024-01-14 15:35:09'),(9014,NULL,NULL,'2024-01-14 15:44:13','2024-01-14 15:35:09'),(9015,NULL,NULL,'2024-01-14 15:44:13','2024-01-14 15:35:09'),(9016,NULL,NULL,'2024-01-14 15:44:13','2024-01-14 15:35:09'),(9017,NULL,NULL,'2024-01-14 15:44:13','2024-01-14 15:35:09'),(9018,NULL,NULL,'2024-01-14 15:44:13','2024-01-14 15:35:09'),(9019,NULL,NULL,'2024-01-14 15:44:13','2024-01-14 15:35:09'),(9020,NULL,NULL,'2024-01-14 15:44:13','2024-01-14 15:35:09'),(9021,NULL,NULL,'2024-01-14 15:44:13','2024-01-14 15:35:09'),(9022,NULL,NULL,'2024-01-14 15:44:13','2024-01-14 15:35:09'),(9023,NULL,NULL,'2024-01-14 15:44:13','2024-01-14 15:35:09'),(9024,NULL,NULL,'2024-01-14 15:44:13','2024-01-14 15:35:09'),(9025,NULL,NULL,'2024-01-14 15:44:13','2024-01-14 15:35:09'),(9026,NULL,NULL,'2024-01-14 15:44:13','2024-01-14 15:35:09'),(9027,NULL,NULL,'2024-01-14 15:44:13','2024-01-14 15:35:09'),(9028,NULL,NULL,'2024-01-14 15:44:13','2024-01-14 15:35:09'),(9029,NULL,NULL,'2024-01-14 15:44:13','2024-01-14 15:35:09'),(9030,NULL,NULL,'2024-01-14 15:44:13','2024-01-14 15:35:09'),(9031,NULL,NULL,'2024-01-14 15:44:13','2024-01-14 15:35:09'),(9032,NULL,NULL,'2024-01-14 15:44:13','2024-01-14 15:35:09'),(9033,NULL,NULL,'2024-01-14 15:44:13','2024-01-14 15:35:09'),(9034,NULL,NULL,'2024-01-14 15:44:13','2024-01-14 15:35:09'),(9035,NULL,NULL,'2024-01-14 15:44:13','2024-01-14 15:35:09'),(9036,NULL,NULL,'2024-01-14 15:44:13','2024-01-14 15:35:09'),(9037,NULL,NULL,'2024-01-14 15:44:13','2024-01-14 15:35:09'),(9038,NULL,NULL,'2024-01-14 15:44:13','2024-01-14 15:35:09'),(9039,NULL,NULL,'2024-01-14 15:44:13','2024-01-14 15:35:09'),(9040,NULL,NULL,'2024-01-14 15:44:13','2024-01-14 15:35:09'),(9041,NULL,NULL,'2024-01-14 15:44:13','2024-01-14 15:35:09'),(9042,NULL,NULL,'2024-01-14 15:44:13','2024-01-14 15:35:09'),(9043,NULL,NULL,'2024-01-14 15:44:13','2024-01-14 15:35:09'),(9044,NULL,NULL,'2024-01-14 15:44:13','2024-01-14 15:35:09'),(9045,NULL,NULL,'2024-01-14 15:44:13','2024-01-14 15:35:09'),(9046,NULL,NULL,'2024-01-14 15:44:13','2024-01-14 15:35:09'),(9047,NULL,NULL,'2024-01-14 15:44:13','2024-01-14 15:35:09'),(9048,NULL,NULL,'2024-01-14 15:44:13','2024-01-14 15:35:09'),(9049,NULL,NULL,'2024-01-14 15:44:13','2024-01-14 15:35:09'),(9050,NULL,NULL,'2024-01-14 15:44:13','2024-01-14 15:35:09'),(9051,NULL,NULL,'2024-01-14 15:44:13','2024-01-14 15:35:09'),(9052,NULL,NULL,'2024-01-14 15:44:13','2024-01-14 15:35:09'),(9053,NULL,NULL,'2024-01-14 15:44:13','2024-01-14 15:35:09'),(9054,NULL,NULL,'2024-01-14 15:44:13','2024-01-14 15:35:09'),(9055,NULL,NULL,'2024-01-14 15:44:13','2024-01-14 15:35:09'),(9056,NULL,NULL,'2024-01-14 15:44:13','2024-01-14 15:35:09'),(9057,NULL,NULL,'2024-01-14 15:44:13','2024-01-14 15:35:09'),(9058,NULL,NULL,'2024-01-14 15:44:13','2024-01-14 15:35:09'),(9059,NULL,NULL,'2024-01-14 15:44:13','2024-01-14 15:35:09'),(9060,NULL,NULL,'2024-01-14 15:44:13','2024-01-14 15:35:09'),(9061,NULL,NULL,'2024-01-14 15:44:13','2024-01-14 15:35:09'),(9062,NULL,NULL,'2024-01-14 15:44:13','2024-01-14 15:35:09'),(9063,NULL,NULL,'2024-01-14 15:44:13','2024-01-14 15:35:09'),(9064,NULL,NULL,'2024-01-14 15:44:13','2024-01-14 15:35:09'),(9065,NULL,NULL,'2024-01-14 15:44:13','2024-01-14 15:35:09'),(9066,NULL,NULL,'2024-01-14 15:44:13','2024-01-14 15:35:09'),(9067,NULL,NULL,'2024-01-14 15:44:13','2024-01-14 15:35:09'),(9068,NULL,NULL,'2024-01-14 15:44:13','2024-01-14 15:35:09'),(9069,NULL,NULL,'2024-01-14 15:44:13','2024-01-14 15:35:09'),(9070,NULL,NULL,'2024-01-14 15:44:13','2024-01-14 15:35:09'),(9071,NULL,NULL,'2024-01-14 15:44:13','2024-01-14 15:35:09'),(9072,NULL,NULL,'2024-01-14 15:44:13','2024-01-14 15:35:09'),(9073,NULL,NULL,'2024-01-14 15:44:13','2024-01-14 15:35:09'),(9074,NULL,NULL,'2024-01-14 15:44:13','2024-01-14 15:35:09'),(9075,NULL,NULL,'2024-01-14 15:44:13','2024-01-14 15:35:09'),(9076,NULL,NULL,'2024-01-14 15:44:13','2024-01-14 15:35:09'),(9077,NULL,NULL,'2024-01-14 15:44:13','2024-01-14 15:35:09'),(9078,NULL,NULL,'2024-01-14 15:44:13','2024-01-14 15:35:09'),(9079,NULL,NULL,'2024-01-14 15:44:13','2024-01-14 15:35:09'),(9080,NULL,NULL,'2024-01-14 15:44:13','2024-01-14 15:35:09'),(9081,NULL,NULL,'2024-01-14 15:44:13','2024-01-14 15:35:09'),(9082,NULL,NULL,'2024-01-14 15:44:13','2024-01-14 15:35:09'),(9083,NULL,NULL,'2024-01-14 15:44:13','2024-01-14 15:35:09'),(9084,NULL,NULL,'2024-01-14 15:44:13','2024-01-14 15:35:09'),(9085,NULL,NULL,'2024-01-14 15:44:13','2024-01-14 15:35:09'),(9086,NULL,NULL,'2024-01-14 15:44:13','2024-01-14 15:35:09'),(9087,NULL,NULL,'2024-01-14 15:44:13','2024-01-14 15:35:09'),(9088,NULL,NULL,'2024-01-14 15:44:13','2024-01-14 15:35:09'),(9089,NULL,NULL,'2024-01-14 15:44:13','2024-01-14 15:35:09'),(9090,NULL,NULL,'2024-01-14 15:44:13','2024-01-14 15:35:09'),(9091,NULL,NULL,'2024-01-14 15:44:13','2024-01-14 15:35:09'),(9092,NULL,NULL,'2024-01-14 15:44:13','2024-01-14 15:35:09'),(9093,NULL,NULL,'2024-01-14 15:44:13','2024-01-14 15:35:09'),(9094,NULL,NULL,'2024-01-14 15:44:13','2024-01-14 15:35:09'),(9095,NULL,NULL,'2024-01-14 15:44:13','2024-01-14 15:35:09'),(9096,NULL,NULL,'2024-01-14 15:44:13','2024-01-14 15:35:09'),(9097,NULL,NULL,'2024-01-14 15:44:13','2024-01-14 15:35:09'),(9098,NULL,NULL,'2024-01-14 15:44:13','2024-01-14 15:35:09'),(9099,NULL,NULL,'2024-01-14 15:44:13','2024-01-14 15:35:09'),(9100,NULL,NULL,'2024-01-14 15:44:13','2024-01-14 15:35:09'),(9101,NULL,NULL,'2024-01-14 15:44:13','2024-01-14 15:35:09'),(9102,NULL,NULL,'2024-01-14 15:44:13','2024-01-14 15:35:09'),(9103,NULL,NULL,'2024-01-14 15:44:13','2024-01-14 15:35:09'),(9104,NULL,NULL,'2024-01-14 15:44:13','2024-01-14 15:35:09'),(9105,NULL,NULL,'2024-01-14 15:44:13','2024-01-14 15:35:09'),(9106,NULL,NULL,'2024-01-14 15:44:13','2024-01-14 15:35:09'),(9107,NULL,NULL,'2024-01-14 15:44:13','2024-01-14 15:35:09'),(9108,NULL,NULL,'2024-01-14 15:44:13','2024-01-14 15:35:09'),(9109,NULL,NULL,'2024-01-14 15:44:13','2024-01-14 15:35:09'),(9110,NULL,NULL,'2024-01-14 15:44:13','2024-01-14 15:35:09'),(9111,NULL,NULL,'2024-01-14 15:44:13','2024-01-14 15:35:09'),(9112,NULL,NULL,'2024-01-14 15:44:13','2024-01-14 15:35:09'),(9113,NULL,NULL,'2024-01-14 15:44:13','2024-01-14 15:35:09'),(9114,NULL,NULL,'2024-01-14 15:44:13','2024-01-14 15:35:09'),(9115,NULL,NULL,'2024-01-14 15:44:13','2024-01-14 15:35:09'),(9116,NULL,NULL,'2024-01-14 15:44:13','2024-01-14 15:35:09'),(9117,NULL,NULL,'2024-01-14 15:44:13','2024-01-14 15:35:09'),(9118,NULL,NULL,'2024-01-14 15:44:13','2024-01-14 15:35:09'),(9119,NULL,NULL,'2024-01-14 15:44:13','2024-01-14 15:35:09'),(9120,NULL,NULL,'2024-01-14 15:44:13','2024-01-14 15:35:09'),(9121,NULL,NULL,'2024-01-14 15:44:13','2024-01-14 15:35:09'),(9122,NULL,NULL,'2024-01-14 15:44:13','2024-01-14 15:35:09'),(9123,NULL,NULL,'2024-01-14 15:44:13','2024-01-14 15:35:09'),(9124,NULL,NULL,'2024-01-14 15:44:13','2024-01-14 15:35:09'),(9125,NULL,NULL,'2024-01-14 15:44:13','2024-01-14 15:35:09'),(9126,NULL,NULL,'2024-01-14 15:44:13','2024-01-14 15:35:09'),(9127,NULL,NULL,'2024-01-14 15:44:13','2024-01-14 15:35:09'),(9128,NULL,NULL,'2024-01-14 15:44:13','2024-01-14 15:35:09'),(9129,NULL,NULL,'2024-01-14 15:44:13','2024-01-14 15:35:09'),(9130,NULL,NULL,'2024-01-14 15:44:13','2024-01-14 15:35:09'),(9131,NULL,NULL,'2024-01-14 15:44:13','2024-01-14 15:35:09'),(9132,NULL,NULL,'2024-01-14 15:44:13','2024-01-14 15:35:09'),(9133,NULL,NULL,'2024-01-14 15:44:13','2024-01-14 15:35:09'),(9134,NULL,NULL,'2024-01-14 15:44:13','2024-01-14 15:35:09'),(9135,NULL,NULL,'2024-01-14 15:44:13','2024-01-14 15:35:09'),(9136,NULL,NULL,'2024-01-14 15:44:13','2024-01-14 15:35:09'),(9137,NULL,NULL,'2024-01-14 15:44:13','2024-01-14 15:35:09'),(9138,NULL,NULL,'2024-01-14 15:44:13','2024-01-14 15:35:09'),(9139,NULL,NULL,'2024-01-14 15:44:13','2024-01-14 15:35:09'),(9140,NULL,NULL,'2024-01-14 15:44:13','2024-01-14 15:35:09'),(9141,NULL,NULL,'2024-01-14 15:44:13','2024-01-14 15:35:09'),(9142,NULL,NULL,'2024-01-14 15:44:13','2024-01-14 15:35:09'),(9143,NULL,NULL,'2024-01-14 15:44:13','2024-01-14 15:35:09'),(9144,NULL,NULL,'2024-01-14 15:44:13','2024-01-14 15:35:09'),(9145,NULL,NULL,'2024-01-14 15:44:13','2024-01-14 15:35:09'),(9146,NULL,NULL,'2024-01-14 15:44:13','2024-01-14 15:35:09'),(9147,NULL,NULL,'2024-01-14 15:44:13','2024-01-14 15:35:09'),(9148,NULL,NULL,'2024-01-14 15:44:13','2024-01-14 15:35:09'),(9149,NULL,NULL,'2024-01-14 15:44:13','2024-01-14 15:35:09'),(9150,NULL,NULL,'2024-01-14 15:44:13','2024-01-14 15:35:09'),(9151,NULL,NULL,'2024-01-14 15:44:13','2024-01-14 15:35:09'),(9152,NULL,NULL,'2024-01-14 15:44:13','2024-01-14 15:35:09'),(9153,NULL,NULL,'2024-01-14 15:44:13','2024-01-14 15:35:09'),(9154,NULL,NULL,'2024-01-14 15:44:13','2024-01-14 15:35:09'),(9155,NULL,NULL,'2024-01-14 15:44:13','2024-01-14 15:35:09'),(9156,NULL,NULL,'2024-01-14 15:44:13','2024-01-14 15:35:09'),(9157,NULL,NULL,'2024-01-14 15:44:13','2024-01-14 15:35:09'),(9158,NULL,NULL,'2024-01-14 15:44:13','2024-01-14 15:35:09'),(9159,NULL,NULL,'2024-01-14 15:44:13','2024-01-14 15:35:09'),(9160,NULL,NULL,'2024-01-14 15:44:13','2024-01-14 15:35:09'),(9161,NULL,NULL,'2024-01-14 15:44:13','2024-01-14 15:35:09'),(9162,NULL,NULL,'2024-01-14 15:44:13','2024-01-14 15:35:09'),(9163,NULL,NULL,'2024-01-14 15:44:13','2024-01-14 15:35:09'),(9164,NULL,NULL,'2024-01-14 15:44:13','2024-01-14 15:35:09'),(9165,NULL,NULL,'2024-01-14 15:44:13','2024-01-14 15:35:09'),(9166,NULL,NULL,'2024-01-14 15:44:13','2024-01-14 15:35:09'),(9167,NULL,NULL,'2024-01-14 15:44:13','2024-01-14 15:35:09'),(9168,NULL,NULL,'2024-01-14 15:44:13','2024-01-14 15:35:09'),(9169,NULL,NULL,'2024-01-14 15:44:13','2024-01-14 15:35:09'),(9170,NULL,NULL,'2024-01-14 15:44:13','2024-01-14 15:35:09'),(9171,NULL,NULL,'2024-01-14 15:44:13','2024-01-14 15:35:09'),(9172,NULL,NULL,'2024-01-14 15:44:13','2024-01-14 15:35:09'),(9173,NULL,NULL,'2024-01-14 15:44:13','2024-01-14 15:35:09'),(9174,NULL,NULL,'2024-01-14 15:44:13','2024-01-14 15:35:09'),(9175,NULL,NULL,'2024-01-14 15:44:13','2024-01-14 15:35:09'),(9176,NULL,NULL,'2024-01-14 15:44:13','2024-01-14 15:35:09'),(9177,NULL,NULL,'2024-01-14 15:44:13','2024-01-14 15:35:09'),(9178,NULL,NULL,'2024-01-14 15:44:13','2024-01-14 15:35:09'),(9179,NULL,NULL,'2024-01-14 15:44:13','2024-01-14 15:35:09'),(9180,NULL,NULL,'2024-01-14 15:44:13','2024-01-14 15:35:09'),(9181,NULL,NULL,'2024-01-14 15:44:13','2024-01-14 15:35:09'),(9182,NULL,NULL,'2024-01-14 15:44:13','2024-01-14 15:35:09'),(9183,NULL,NULL,'2024-01-14 15:44:13','2024-01-14 15:35:09'),(9184,NULL,NULL,'2024-01-14 15:44:13','2024-01-14 15:35:09'),(9185,NULL,NULL,'2024-01-14 15:44:13','2024-01-14 15:35:09'),(9186,NULL,NULL,'2024-01-14 15:44:13','2024-01-14 15:35:09'),(9187,NULL,NULL,'2024-01-14 15:44:13','2024-01-14 15:35:09'),(9188,NULL,NULL,'2024-01-14 15:44:13','2024-01-14 15:35:09'),(9189,NULL,NULL,'2024-01-14 15:44:13','2024-01-14 15:35:09'),(9190,NULL,NULL,'2024-01-14 15:44:13','2024-01-14 15:35:09'),(9191,NULL,NULL,'2024-01-14 15:44:13','2024-01-14 15:35:09'),(9192,NULL,NULL,'2024-01-14 15:44:13','2024-01-14 15:35:09'),(9193,NULL,NULL,'2024-01-14 15:44:13','2024-01-14 15:35:09'),(9194,NULL,NULL,'2024-01-14 15:44:13','2024-01-14 15:35:09'),(9195,NULL,NULL,'2024-01-14 15:44:13','2024-01-14 15:35:09'),(9196,NULL,NULL,'2024-01-14 15:44:13','2024-01-14 15:35:09'),(9197,NULL,NULL,'2024-01-14 15:44:13','2024-01-14 15:35:09'),(9198,NULL,NULL,'2024-01-14 15:44:13','2024-01-14 15:35:09'),(9199,NULL,NULL,'2024-01-14 15:44:13','2024-01-14 15:35:09'),(9200,NULL,NULL,'2024-01-14 15:44:13','2024-01-14 15:35:09'),(9201,NULL,NULL,'2024-01-14 15:44:13','2024-01-14 15:35:09'),(9202,NULL,NULL,'2024-01-14 15:44:13','2024-01-14 15:35:09'),(9203,NULL,NULL,'2024-01-14 15:44:13','2024-01-14 15:35:09'),(9204,NULL,NULL,'2024-01-14 15:44:13','2024-01-14 15:35:09'),(9205,NULL,NULL,'2024-01-14 15:44:13','2024-01-14 15:35:09'),(9206,NULL,NULL,'2024-01-14 15:44:13','2024-01-14 15:35:09'),(9207,NULL,NULL,'2024-01-14 15:44:13','2024-01-14 15:35:09'),(9208,NULL,NULL,'2024-01-14 15:44:13','2024-01-14 15:35:09'),(9209,NULL,NULL,'2024-01-14 15:44:13','2024-01-14 15:35:09'),(9210,NULL,NULL,'2024-01-14 15:44:13','2024-01-14 15:35:09'),(9211,NULL,NULL,'2024-01-14 15:44:13','2024-01-14 15:35:09'),(9212,NULL,NULL,'2024-01-14 15:44:13','2024-01-14 15:35:09'),(9213,NULL,NULL,'2024-01-14 15:44:13','2024-01-14 15:35:09'),(9214,NULL,NULL,'2024-01-14 15:44:13','2024-01-14 15:35:09'),(9215,NULL,NULL,'2024-01-14 15:44:13','2024-01-14 15:35:09'),(9216,NULL,NULL,'2024-01-14 15:44:13','2024-01-14 15:35:09'),(9217,NULL,NULL,'2024-01-14 15:44:13','2024-01-14 15:35:09'),(9218,NULL,NULL,'2024-01-14 15:44:13','2024-01-14 15:35:09'),(9219,NULL,NULL,'2024-01-14 15:44:13','2024-01-14 15:35:09'),(9220,NULL,NULL,'2024-01-14 15:44:13','2024-01-14 15:35:09'),(9221,NULL,NULL,'2024-01-14 15:44:13','2024-01-14 15:35:09'),(9222,NULL,NULL,'2024-01-14 15:44:13','2024-01-14 15:35:09'),(9223,NULL,NULL,'2024-01-14 15:44:13','2024-01-14 15:35:09'),(9224,NULL,NULL,'2024-01-14 15:44:13','2024-01-14 15:35:09'),(9225,NULL,NULL,'2024-01-14 15:44:13','2024-01-14 15:35:09'),(9226,NULL,NULL,'2024-01-14 15:44:13','2024-01-14 15:35:09'),(9227,NULL,NULL,'2024-01-14 15:44:13','2024-01-14 15:35:09'),(9228,NULL,NULL,'2024-01-14 15:44:13','2024-01-14 15:35:09'),(9229,NULL,NULL,'2024-01-14 15:44:13','2024-01-14 15:35:09'),(9230,NULL,NULL,'2024-01-14 15:44:13','2024-01-14 15:35:09'),(9231,NULL,NULL,'2024-01-14 15:44:13','2024-01-14 15:35:09'),(9232,NULL,NULL,'2024-01-14 15:44:13','2024-01-14 15:35:09'),(9233,NULL,NULL,'2024-01-14 15:44:13','2024-01-14 15:35:09'),(9234,NULL,NULL,'2024-01-14 15:44:13','2024-01-14 15:35:09'),(9235,NULL,NULL,'2024-01-14 15:44:13','2024-01-14 15:35:09'),(9236,NULL,NULL,'2024-01-14 15:44:13','2024-01-14 15:35:09'),(9237,NULL,NULL,'2024-01-14 15:44:13','2024-01-14 15:35:09'),(9238,NULL,NULL,'2024-01-14 15:44:13','2024-01-14 15:35:09'),(9239,NULL,NULL,'2024-01-14 15:44:13','2024-01-14 15:35:09'),(9240,NULL,NULL,'2024-01-14 15:44:13','2024-01-14 15:35:09'),(9241,NULL,NULL,'2024-01-14 15:44:13','2024-01-14 15:35:09'),(9242,NULL,NULL,'2024-01-14 15:44:13','2024-01-14 15:35:09'),(9243,NULL,NULL,'2024-01-14 15:44:13','2024-01-14 15:35:09'),(9244,NULL,NULL,'2024-01-14 15:44:13','2024-01-14 15:35:09'),(9245,NULL,NULL,'2024-01-14 15:44:13','2024-01-14 15:35:09'),(9246,NULL,NULL,'2024-01-14 15:44:13','2024-01-14 15:35:09'),(9247,NULL,NULL,'2024-01-14 15:44:13','2024-01-14 15:35:09'),(9248,NULL,NULL,'2024-01-14 15:44:13','2024-01-14 15:35:09'),(9249,NULL,NULL,'2024-01-14 15:44:13','2024-01-14 15:35:09'),(9250,NULL,NULL,'2024-01-14 15:44:13','2024-01-14 15:35:09'),(9251,NULL,NULL,'2024-01-14 15:44:13','2024-01-14 15:35:09'),(9252,NULL,NULL,'2024-01-14 15:44:13','2024-01-14 15:35:09'),(9253,NULL,NULL,'2024-01-14 15:44:13','2024-01-14 15:35:09'),(9254,NULL,NULL,'2024-01-14 15:44:13','2024-01-14 15:35:09'),(9255,NULL,NULL,'2024-01-14 15:44:13','2024-01-14 15:35:09'),(9256,NULL,NULL,'2024-01-14 15:44:13','2024-01-14 15:35:09'),(9257,NULL,NULL,'2024-01-14 15:44:13','2024-01-14 15:35:09'),(9258,NULL,NULL,'2024-01-14 15:44:13','2024-01-14 15:35:09'),(9259,NULL,NULL,'2024-01-14 15:44:13','2024-01-14 15:35:09'),(9260,NULL,NULL,'2024-01-14 15:44:13','2024-01-14 15:35:09'),(9261,NULL,NULL,'2024-01-14 15:44:13','2024-01-14 15:35:09'),(9262,NULL,NULL,'2024-01-14 15:44:13','2024-01-14 15:35:09'),(9263,NULL,NULL,'2024-01-14 15:44:13','2024-01-14 15:35:09'),(9264,NULL,NULL,'2024-01-14 15:44:13','2024-01-14 15:35:09'),(9265,NULL,NULL,'2024-01-14 15:44:13','2024-01-14 15:35:09'),(9266,NULL,NULL,'2024-01-14 15:44:13','2024-01-14 15:35:09'),(9267,NULL,NULL,'2024-01-14 15:44:13','2024-01-14 15:35:09'),(9268,NULL,NULL,'2024-01-14 15:44:13','2024-01-14 15:35:09'),(9269,NULL,NULL,'2024-01-14 15:44:13','2024-01-14 15:35:09'),(9270,NULL,NULL,'2024-01-14 15:44:13','2024-01-14 15:35:09'),(9271,NULL,NULL,'2024-01-14 15:44:13','2024-01-14 15:35:09'),(9272,NULL,NULL,'2024-01-14 15:44:13','2024-01-14 15:35:09'),(9273,NULL,NULL,'2024-01-14 15:44:13','2024-01-14 15:35:09'),(9274,NULL,NULL,'2024-01-14 15:44:13','2024-01-14 15:35:09'),(9275,NULL,NULL,'2024-01-14 15:44:13','2024-01-14 15:35:09'),(9276,NULL,NULL,'2024-01-14 15:44:13','2024-01-14 15:35:09'),(9277,NULL,NULL,'2024-01-14 15:44:13','2024-01-14 15:35:09'),(9278,NULL,NULL,'2024-01-14 15:44:13','2024-01-14 15:35:09'),(9279,NULL,NULL,'2024-01-14 15:44:13','2024-01-14 15:35:09'),(9280,NULL,NULL,'2024-01-14 15:44:13','2024-01-14 15:35:09'),(9281,NULL,NULL,'2024-01-14 15:44:13','2024-01-14 15:35:09'),(9282,NULL,NULL,'2024-01-14 15:44:13','2024-01-14 15:35:09'),(9283,NULL,NULL,'2024-01-14 15:44:13','2024-01-14 15:35:09'),(9284,NULL,NULL,'2024-01-14 15:44:13','2024-01-14 15:35:09'),(9285,NULL,NULL,'2024-01-14 15:44:13','2024-01-14 15:35:09'),(9286,NULL,NULL,'2024-01-14 15:44:13','2024-01-14 15:35:09'),(9287,NULL,NULL,'2024-01-14 15:44:13','2024-01-14 15:35:09'),(9288,NULL,NULL,'2024-01-14 15:44:13','2024-01-14 15:35:09'),(9289,NULL,NULL,'2024-01-14 15:44:13','2024-01-14 15:35:09'),(9290,NULL,NULL,'2024-01-14 15:44:13','2024-01-14 15:35:09'),(9291,NULL,NULL,'2024-01-14 15:44:13','2024-01-14 15:35:09'),(9292,NULL,NULL,'2024-01-14 15:44:13','2024-01-14 15:35:09'),(9293,NULL,NULL,'2024-01-14 15:44:13','2024-01-14 15:35:09'),(9294,NULL,NULL,'2024-01-14 15:44:13','2024-01-14 15:35:09'),(9295,NULL,NULL,'2024-01-14 15:44:13','2024-01-14 15:35:09'),(9296,NULL,NULL,'2024-01-14 15:44:13','2024-01-14 15:35:09'),(9297,NULL,NULL,'2024-01-14 15:44:13','2024-01-14 15:35:09'),(9298,NULL,NULL,'2024-01-14 15:44:13','2024-01-14 15:35:09'),(9299,NULL,NULL,'2024-01-14 15:44:13','2024-01-14 15:35:09'),(9300,NULL,NULL,'2024-01-14 15:44:13','2024-01-14 15:35:09'),(9301,NULL,NULL,'2024-01-14 15:44:13','2024-01-14 15:35:09'),(9302,NULL,NULL,'2024-01-14 15:44:13','2024-01-14 15:35:09'),(9303,NULL,NULL,'2024-01-14 15:44:13','2024-01-14 15:35:09'),(9304,NULL,NULL,'2024-01-14 15:44:13','2024-01-14 15:35:09'),(9305,NULL,NULL,'2024-01-14 15:44:13','2024-01-14 15:35:09'),(9306,NULL,NULL,'2024-01-14 15:44:13','2024-01-14 15:35:09'),(9307,NULL,NULL,'2024-01-14 15:44:13','2024-01-14 15:35:09'),(9308,NULL,NULL,'2024-01-14 15:44:13','2024-01-14 15:35:09'),(9309,NULL,NULL,'2024-01-14 15:44:13','2024-01-14 15:35:09'),(9310,NULL,NULL,'2024-01-14 15:44:13','2024-01-14 15:35:09'),(9311,NULL,NULL,'2024-01-14 15:44:13','2024-01-14 15:35:09'),(9312,NULL,NULL,'2024-01-14 15:44:13','2024-01-14 15:35:09'),(9313,NULL,NULL,'2024-01-14 15:44:13','2024-01-14 15:35:09'),(9314,NULL,NULL,'2024-01-14 15:44:13','2024-01-14 15:35:09'),(9315,NULL,NULL,'2024-01-14 15:44:13','2024-01-14 15:35:09'),(9316,NULL,NULL,'2024-01-14 15:44:13','2024-01-14 15:35:09'),(9317,NULL,NULL,'2024-01-14 15:44:13','2024-01-14 15:35:09'),(9318,NULL,NULL,'2024-01-14 15:44:13','2024-01-14 15:35:09'),(9319,NULL,NULL,'2024-01-14 15:44:13','2024-01-14 15:35:09'),(9320,NULL,NULL,'2024-01-14 15:44:13','2024-01-14 15:35:09'),(9321,NULL,NULL,'2024-01-14 15:44:13','2024-01-14 15:35:09'),(9322,NULL,NULL,'2024-01-14 15:44:13','2024-01-14 15:35:09'),(9323,NULL,NULL,'2024-01-14 15:44:13','2024-01-14 15:35:09'),(9324,NULL,NULL,'2024-01-14 15:44:13','2024-01-14 15:35:09'),(9325,NULL,NULL,'2024-01-14 15:44:13','2024-01-14 15:35:09'),(9326,NULL,NULL,'2024-01-14 15:44:13','2024-01-14 15:35:09'),(9327,NULL,NULL,'2024-01-14 15:44:13','2024-01-14 15:35:09'),(9328,NULL,NULL,'2024-01-14 15:44:13','2024-01-14 15:35:09'),(9329,NULL,NULL,'2024-01-14 15:44:13','2024-01-14 15:35:09'),(9330,NULL,NULL,'2024-01-14 15:44:13','2024-01-14 15:35:09'),(9331,NULL,NULL,'2024-01-14 15:44:13','2024-01-14 15:35:09'),(9332,NULL,NULL,'2024-01-14 15:44:13','2024-01-14 15:35:09'),(9333,NULL,NULL,'2024-01-14 15:44:13','2024-01-14 15:35:09'),(9334,NULL,NULL,'2024-01-14 15:44:13','2024-01-14 15:35:09'),(9335,NULL,NULL,'2024-01-14 15:44:13','2024-01-14 15:35:09'),(9336,NULL,NULL,'2024-01-14 15:44:13','2024-01-14 15:35:09'),(9337,NULL,NULL,'2024-01-14 15:44:13','2024-01-14 15:35:09'),(9338,NULL,NULL,'2024-01-14 15:44:13','2024-01-14 15:35:09'),(9339,NULL,NULL,'2024-01-14 15:44:13','2024-01-14 15:35:09'),(9340,NULL,NULL,'2024-01-14 15:44:13','2024-01-14 15:35:09'),(9341,NULL,NULL,'2024-01-14 15:44:13','2024-01-14 15:35:09'),(9342,NULL,NULL,'2024-01-14 15:44:13','2024-01-14 15:35:09'),(9343,NULL,NULL,'2024-01-14 15:44:13','2024-01-14 15:35:09'),(9344,NULL,NULL,'2024-01-14 15:44:13','2024-01-14 15:35:09'),(9345,NULL,NULL,'2024-01-14 15:44:13','2024-01-14 15:35:09'),(9346,NULL,NULL,'2024-01-14 15:44:13','2024-01-14 15:35:09'),(9347,NULL,NULL,'2024-01-14 15:44:13','2024-01-14 15:35:09'),(9348,NULL,NULL,'2024-01-14 15:44:13','2024-01-14 15:35:09'),(9349,NULL,NULL,'2024-01-14 15:44:13','2024-01-14 15:35:09'),(9350,NULL,NULL,'2024-01-14 15:44:13','2024-01-14 15:35:09'),(9351,NULL,NULL,'2024-01-14 15:44:13','2024-01-14 15:35:09'),(9352,NULL,NULL,'2024-01-14 15:44:13','2024-01-14 15:35:09'),(9353,NULL,NULL,'2024-01-14 15:44:13','2024-01-14 15:35:09'),(9354,NULL,NULL,'2024-01-14 15:44:13','2024-01-14 15:35:09'),(9355,NULL,NULL,'2024-01-14 15:44:13','2024-01-14 15:35:09'),(9356,NULL,NULL,'2024-01-14 15:44:13','2024-01-14 15:35:09'),(9357,NULL,NULL,'2024-01-14 15:44:13','2024-01-14 15:35:09'),(9358,NULL,NULL,'2024-01-14 15:44:13','2024-01-14 15:35:09'),(9359,NULL,NULL,'2024-01-14 15:44:13','2024-01-14 15:35:09'),(9360,NULL,NULL,'2024-01-14 15:44:13','2024-01-14 15:35:09'),(9361,NULL,NULL,'2024-01-14 15:44:13','2024-01-14 15:35:09'),(9362,NULL,NULL,'2024-01-14 15:44:13','2024-01-14 15:35:09'),(9363,NULL,NULL,'2024-01-14 15:44:13','2024-01-14 15:35:09'),(9364,NULL,NULL,'2024-01-14 15:44:13','2024-01-14 15:35:09'),(9365,NULL,NULL,'2024-01-14 15:44:13','2024-01-14 15:35:09'),(9366,NULL,NULL,'2024-01-14 15:44:13','2024-01-14 15:35:09'),(9367,NULL,NULL,'2024-01-14 15:44:13','2024-01-14 15:35:09'),(9368,NULL,NULL,'2024-01-14 15:44:13','2024-01-14 15:35:09'),(9369,NULL,NULL,'2024-01-14 15:44:13','2024-01-14 15:35:09'),(9370,NULL,NULL,'2024-01-14 15:44:13','2024-01-14 15:35:09'),(9371,NULL,NULL,'2024-01-14 15:44:13','2024-01-14 15:35:09'),(9372,NULL,NULL,'2024-01-14 15:44:13','2024-01-14 15:35:09'),(9373,NULL,NULL,'2024-01-14 15:44:13','2024-01-14 15:35:09'),(9374,NULL,NULL,'2024-01-14 15:44:13','2024-01-14 15:35:09'),(9375,NULL,NULL,'2024-01-14 15:44:13','2024-01-14 15:35:09'),(9376,NULL,NULL,'2024-01-14 15:44:13','2024-01-14 15:35:09'),(9377,NULL,NULL,'2024-01-14 15:44:13','2024-01-14 15:35:09'),(9378,NULL,NULL,'2024-01-14 15:44:13','2024-01-14 15:35:09'),(9379,NULL,NULL,'2024-01-14 15:44:13','2024-01-14 15:35:09'),(9380,NULL,NULL,'2024-01-14 15:44:13','2024-01-14 15:35:09'),(9381,NULL,NULL,'2024-01-14 15:44:13','2024-01-14 15:35:09'),(9382,NULL,NULL,'2024-01-14 15:44:13','2024-01-14 15:35:09'),(9383,NULL,NULL,'2024-01-14 15:44:13','2024-01-14 15:35:09'),(9384,NULL,NULL,'2024-01-14 15:44:13','2024-01-14 15:35:09'),(9385,NULL,NULL,'2024-01-14 15:44:13','2024-01-14 15:35:09'),(9386,NULL,NULL,'2024-01-14 15:44:13','2024-01-14 15:35:09'),(9387,NULL,NULL,'2024-01-14 15:44:13','2024-01-14 15:35:09'),(9388,NULL,NULL,'2024-01-14 15:44:13','2024-01-14 15:35:09'),(9389,NULL,NULL,'2024-01-14 15:44:13','2024-01-14 15:35:09'),(9390,NULL,NULL,'2024-01-14 15:44:13','2024-01-14 15:35:09'),(9391,NULL,NULL,'2024-01-14 15:44:13','2024-01-14 15:35:09'),(9392,NULL,NULL,'2024-01-14 15:44:13','2024-01-14 15:35:09'),(9393,NULL,NULL,'2024-01-14 15:44:13','2024-01-14 15:35:09'),(9394,NULL,NULL,'2024-01-14 15:44:13','2024-01-14 15:35:09'),(9395,NULL,NULL,'2024-01-14 15:44:13','2024-01-14 15:35:09'),(9396,NULL,NULL,'2024-01-14 15:44:13','2024-01-14 15:35:09'),(9397,NULL,NULL,'2024-01-14 15:44:13','2024-01-14 15:35:09'),(9398,NULL,NULL,'2024-01-14 15:44:13','2024-01-14 15:35:09'),(9399,NULL,NULL,'2024-01-14 15:44:13','2024-01-14 15:35:09'),(9400,NULL,NULL,'2024-01-14 15:44:13','2024-01-14 15:35:09'),(9401,NULL,NULL,'2024-01-14 15:44:13','2024-01-14 15:35:09'),(9402,NULL,NULL,'2024-01-14 15:44:13','2024-01-14 15:35:09'),(9403,NULL,NULL,'2024-01-14 15:44:13','2024-01-14 15:35:09'),(9404,NULL,NULL,'2024-01-14 15:44:13','2024-01-14 15:35:09'),(9405,NULL,NULL,'2024-01-14 15:44:13','2024-01-14 15:35:09'),(9406,NULL,NULL,'2024-01-14 15:44:13','2024-01-14 15:35:09'),(9407,NULL,NULL,'2024-01-14 15:44:13','2024-01-14 15:35:09'),(9408,NULL,NULL,'2024-01-14 15:44:13','2024-01-14 15:35:09'),(9409,NULL,NULL,'2024-01-14 15:44:13','2024-01-14 15:35:09'),(9410,NULL,NULL,'2024-01-14 15:44:13','2024-01-14 15:35:09'),(9411,NULL,NULL,'2024-01-14 15:44:13','2024-01-14 15:35:09'),(9412,NULL,NULL,'2024-01-14 15:44:13','2024-01-14 15:35:09'),(9413,NULL,NULL,'2024-01-14 15:44:13','2024-01-14 15:35:09'),(9414,NULL,NULL,'2024-01-14 15:44:13','2024-01-14 15:35:09'),(9415,NULL,NULL,'2024-01-14 15:44:13','2024-01-14 15:35:09'),(9416,NULL,NULL,'2024-01-14 15:44:13','2024-01-14 15:35:09'),(9417,NULL,NULL,'2024-01-14 15:44:13','2024-01-14 15:35:09'),(9418,NULL,NULL,'2024-01-14 15:44:13','2024-01-14 15:35:09'),(9419,NULL,NULL,'2024-01-14 15:44:13','2024-01-14 15:35:09'),(9420,NULL,NULL,'2024-01-14 15:44:13','2024-01-14 15:35:09'),(9421,NULL,NULL,'2024-01-14 15:44:13','2024-01-14 15:35:09'),(9422,NULL,NULL,'2024-01-14 15:44:13','2024-01-14 15:35:09'),(9423,NULL,NULL,'2024-01-14 15:44:13','2024-01-14 15:35:09'),(9424,NULL,NULL,'2024-01-14 15:44:13','2024-01-14 15:35:09'),(9425,NULL,NULL,'2024-01-14 15:44:13','2024-01-14 15:35:09'),(9426,NULL,NULL,'2024-01-14 15:44:13','2024-01-14 15:35:09'),(9427,NULL,NULL,'2024-01-14 15:44:13','2024-01-14 15:35:09'),(9428,NULL,NULL,'2024-01-14 15:44:13','2024-01-14 15:35:09'),(9429,NULL,NULL,'2024-01-14 15:44:13','2024-01-14 15:35:09'),(9430,NULL,NULL,'2024-01-14 15:44:13','2024-01-14 15:35:09'),(9431,NULL,NULL,'2024-01-14 15:44:13','2024-01-14 15:35:09'),(9432,NULL,NULL,'2024-01-14 15:44:13','2024-01-14 15:35:09'),(9433,NULL,NULL,'2024-01-14 15:44:13','2024-01-14 15:35:09'),(9434,NULL,NULL,'2024-01-14 15:44:13','2024-01-14 15:35:09'),(9435,NULL,NULL,'2024-01-14 15:44:13','2024-01-14 15:35:09'),(9436,NULL,NULL,'2024-01-14 15:44:13','2024-01-14 15:35:09'),(9437,NULL,NULL,'2024-01-14 15:44:13','2024-01-14 15:35:09'),(9438,NULL,NULL,'2024-01-14 15:44:13','2024-01-14 15:35:09'),(9439,NULL,NULL,'2024-01-14 15:44:13','2024-01-14 15:35:09'),(9440,NULL,NULL,'2024-01-14 15:44:13','2024-01-14 15:35:09'),(9441,NULL,NULL,'2024-01-14 15:44:13','2024-01-14 15:35:09'),(9442,NULL,NULL,'2024-01-14 15:44:13','2024-01-14 15:35:09'),(9443,NULL,NULL,'2024-01-14 15:44:13','2024-01-14 15:35:09'),(9444,NULL,NULL,'2024-01-14 15:44:13','2024-01-14 15:35:09'),(9445,NULL,NULL,'2024-01-14 15:44:13','2024-01-14 15:35:09'),(9446,NULL,NULL,'2024-01-14 15:44:13','2024-01-14 15:35:09'),(9447,NULL,NULL,'2024-01-14 15:44:13','2024-01-14 15:35:09'),(9448,NULL,NULL,'2024-01-14 15:44:13','2024-01-14 15:35:09'),(9449,NULL,NULL,'2024-01-14 15:44:13','2024-01-14 15:35:09'),(9450,NULL,NULL,'2024-01-14 15:44:13','2024-01-14 15:35:09'),(9451,NULL,NULL,'2024-01-14 15:44:13','2024-01-14 15:35:09'),(9452,NULL,NULL,'2024-01-14 15:44:13','2024-01-14 15:35:09'),(9453,NULL,NULL,'2024-01-14 15:44:13','2024-01-14 15:35:09'),(9454,NULL,NULL,'2024-01-14 15:44:13','2024-01-14 15:35:09'),(9455,NULL,NULL,'2024-01-14 15:44:13','2024-01-14 15:35:09'),(9456,NULL,NULL,'2024-01-14 15:44:13','2024-01-14 15:35:09'),(9457,NULL,NULL,'2024-01-14 15:44:13','2024-01-14 15:35:09'),(9458,NULL,NULL,'2024-01-14 15:44:13','2024-01-14 15:35:09'),(9459,NULL,NULL,'2024-01-14 15:44:13','2024-01-14 15:35:09'),(9460,NULL,NULL,'2024-01-14 15:44:13','2024-01-14 15:35:09'),(9461,NULL,NULL,'2024-01-14 15:44:13','2024-01-14 15:35:09'),(9462,NULL,NULL,'2024-01-14 15:44:13','2024-01-14 15:35:09'),(9463,NULL,NULL,'2024-01-14 15:44:13','2024-01-14 15:35:09'),(9464,NULL,NULL,'2024-01-14 15:44:13','2024-01-14 15:35:09'),(9465,NULL,NULL,'2024-01-14 15:44:13','2024-01-14 15:35:09'),(9466,NULL,NULL,'2024-01-14 15:44:13','2024-01-14 15:35:09'),(9467,NULL,NULL,'2024-01-14 15:44:13','2024-01-14 15:35:09'),(9468,NULL,NULL,'2024-01-14 15:44:13','2024-01-14 15:35:09'),(9469,NULL,NULL,'2024-01-14 15:44:13','2024-01-14 15:35:09'),(9470,NULL,NULL,'2024-01-14 15:44:13','2024-01-14 15:35:09'),(9471,NULL,NULL,'2024-01-14 15:44:13','2024-01-14 15:35:09'),(9472,NULL,NULL,'2024-01-14 15:44:13','2024-01-14 15:35:09'),(9473,NULL,NULL,'2024-01-14 15:44:13','2024-01-14 15:35:09'),(9474,NULL,NULL,'2024-01-14 15:44:13','2024-01-14 15:35:09'),(9475,NULL,NULL,'2024-01-14 15:44:13','2024-01-14 15:35:09'),(9476,NULL,NULL,'2024-01-14 15:44:13','2024-01-14 15:35:09'),(9477,NULL,NULL,'2024-01-14 15:44:13','2024-01-14 15:35:09'),(9478,NULL,NULL,'2024-01-14 15:44:13','2024-01-14 15:35:09'),(9479,NULL,NULL,'2024-01-14 15:44:13','2024-01-14 15:35:09'),(9480,NULL,NULL,'2024-01-14 15:44:13','2024-01-14 15:35:09'),(9481,NULL,NULL,'2024-01-14 15:44:13','2024-01-14 15:35:09'),(9482,NULL,NULL,'2024-01-14 15:44:13','2024-01-14 15:35:09'),(9483,NULL,NULL,'2024-01-14 15:44:13','2024-01-14 15:35:09'),(9484,NULL,NULL,'2024-01-14 15:44:13','2024-01-14 15:35:09'),(9485,NULL,NULL,'2024-01-14 15:44:13','2024-01-14 15:35:09'),(9486,NULL,NULL,'2024-01-14 15:44:13','2024-01-14 15:35:09'),(9487,NULL,NULL,'2024-01-14 15:44:13','2024-01-14 15:35:09'),(9488,NULL,NULL,'2024-01-14 15:44:13','2024-01-14 15:35:09'),(9489,NULL,NULL,'2024-01-14 15:44:13','2024-01-14 15:35:09'),(9490,NULL,NULL,'2024-01-14 15:44:13','2024-01-14 15:35:09'),(9491,NULL,NULL,'2024-01-14 15:44:13','2024-01-14 15:35:09'),(9492,NULL,NULL,'2024-01-14 15:44:13','2024-01-14 15:35:09'),(9493,NULL,NULL,'2024-01-14 15:44:13','2024-01-14 15:35:09'),(9494,NULL,NULL,'2024-01-14 15:44:13','2024-01-14 15:35:09'),(9495,NULL,NULL,'2024-01-14 15:44:13','2024-01-14 15:35:09'),(9496,NULL,NULL,'2024-01-14 15:44:13','2024-01-14 15:35:09'),(9497,NULL,NULL,'2024-01-14 15:44:13','2024-01-14 15:35:09'),(9498,NULL,NULL,'2024-01-14 15:44:13','2024-01-14 15:35:09'),(9499,NULL,NULL,'2024-01-14 15:44:13','2024-01-14 15:35:09'),(9500,NULL,NULL,'2024-01-14 15:44:13','2024-01-14 15:35:09'),(9501,NULL,NULL,'2024-01-14 15:44:13','2024-01-14 15:35:09'),(9502,NULL,NULL,'2024-01-14 15:44:13','2024-01-14 15:35:09'),(9503,NULL,NULL,'2024-01-14 15:44:13','2024-01-14 15:35:09'),(9504,NULL,NULL,'2024-01-14 15:44:13','2024-01-14 15:35:09'),(9505,NULL,NULL,'2024-01-14 15:44:13','2024-01-14 15:35:09'),(9506,NULL,NULL,'2024-01-14 15:44:13','2024-01-14 15:35:09'),(9507,NULL,NULL,'2024-01-14 15:44:13','2024-01-14 15:35:09'),(9508,NULL,NULL,'2024-01-14 15:44:13','2024-01-14 15:35:09'),(9509,NULL,NULL,'2024-01-14 15:44:13','2024-01-14 15:35:09'),(9510,NULL,NULL,'2024-01-14 15:44:13','2024-01-14 15:35:09'),(9511,NULL,NULL,'2024-01-14 15:44:13','2024-01-14 15:35:09'),(9512,NULL,NULL,'2024-01-14 15:44:13','2024-01-14 15:35:09'),(9513,NULL,NULL,'2024-01-14 15:44:13','2024-01-14 15:35:09'),(9514,NULL,NULL,'2024-01-14 15:44:13','2024-01-14 15:35:09'),(9515,NULL,NULL,'2024-01-14 15:44:13','2024-01-14 15:35:09'),(9516,NULL,NULL,'2024-01-14 15:44:13','2024-01-14 15:35:09'),(9517,NULL,NULL,'2024-01-14 15:44:13','2024-01-14 15:35:09'),(9518,NULL,NULL,'2024-01-14 15:44:13','2024-01-14 15:35:09'),(9519,NULL,NULL,'2024-01-14 15:44:13','2024-01-14 15:35:09'),(9520,NULL,NULL,'2024-01-14 15:44:13','2024-01-14 15:35:09'),(9521,NULL,NULL,'2024-01-14 15:44:13','2024-01-14 15:35:09'),(9522,NULL,NULL,'2024-01-14 15:44:13','2024-01-14 15:35:09'),(9523,NULL,NULL,'2024-01-14 15:44:13','2024-01-14 15:35:09'),(9524,NULL,NULL,'2024-01-14 15:44:13','2024-01-14 15:35:09'),(9525,NULL,NULL,'2024-01-14 15:44:13','2024-01-14 15:35:09'),(9526,NULL,NULL,'2024-01-14 15:44:13','2024-01-14 15:35:09'),(9527,NULL,NULL,'2024-01-14 15:44:13','2024-01-14 15:35:09'),(9528,NULL,NULL,'2024-01-14 15:44:13','2024-01-14 15:35:09'),(9529,NULL,NULL,'2024-01-14 15:44:13','2024-01-14 15:35:09'),(9530,NULL,NULL,'2024-01-14 15:44:13','2024-01-14 15:35:09'),(9531,NULL,NULL,'2024-01-14 15:44:13','2024-01-14 15:35:09'),(9532,NULL,NULL,'2024-01-14 15:44:13','2024-01-14 15:35:09'),(9533,NULL,NULL,'2024-01-14 15:44:13','2024-01-14 15:35:09'),(9534,NULL,NULL,'2024-01-14 15:44:13','2024-01-14 15:35:09'),(9535,NULL,NULL,'2024-01-14 15:44:13','2024-01-14 15:35:09'),(9536,NULL,NULL,'2024-01-14 15:44:13','2024-01-14 15:35:09'),(9537,NULL,NULL,'2024-01-14 15:44:13','2024-01-14 15:35:09'),(9538,NULL,NULL,'2024-01-14 15:44:13','2024-01-14 15:35:09'),(9539,NULL,NULL,'2024-01-14 15:44:13','2024-01-14 15:35:09'),(9540,NULL,NULL,'2024-01-14 15:44:13','2024-01-14 15:35:09'),(9541,NULL,NULL,'2024-01-14 15:44:13','2024-01-14 15:35:09'),(9542,NULL,NULL,'2024-01-14 15:44:13','2024-01-14 15:35:09'),(9543,NULL,NULL,'2024-01-14 15:44:13','2024-01-14 15:35:09'),(9544,NULL,NULL,'2024-01-14 15:44:13','2024-01-14 15:35:09'),(9545,NULL,NULL,'2024-01-14 15:44:13','2024-01-14 15:35:09'),(9546,NULL,NULL,'2024-01-14 15:44:13','2024-01-14 15:35:09'),(9547,NULL,NULL,'2024-01-14 15:44:13','2024-01-14 15:35:09'),(9548,NULL,NULL,'2024-01-14 15:44:13','2024-01-14 15:35:09'),(9549,NULL,NULL,'2024-01-14 15:44:13','2024-01-14 15:35:09'),(9550,NULL,NULL,'2024-01-14 15:44:13','2024-01-14 15:35:09'),(9551,NULL,NULL,'2024-01-14 15:44:13','2024-01-14 15:35:09'),(9552,NULL,NULL,'2024-01-14 15:44:13','2024-01-14 15:35:09'),(9553,NULL,NULL,'2024-01-14 15:44:13','2024-01-14 15:35:09'),(9554,NULL,NULL,'2024-01-14 15:44:13','2024-01-14 15:35:09'),(9555,NULL,NULL,'2024-01-14 15:44:13','2024-01-14 15:35:09'),(9556,NULL,NULL,'2024-01-14 15:44:13','2024-01-14 15:35:09'),(9557,NULL,NULL,'2024-01-14 15:44:13','2024-01-14 15:35:09'),(9558,NULL,NULL,'2024-01-14 15:44:13','2024-01-14 15:35:09'),(9559,NULL,NULL,'2024-01-14 15:44:13','2024-01-14 15:35:09'),(9560,NULL,NULL,'2024-01-14 15:44:13','2024-01-14 15:35:09'),(9561,NULL,NULL,'2024-01-14 15:44:13','2024-01-14 15:35:09'),(9562,NULL,NULL,'2024-01-14 15:44:13','2024-01-14 15:35:09'),(9563,NULL,NULL,'2024-01-14 15:44:13','2024-01-14 15:35:09'),(9564,NULL,NULL,'2024-01-14 15:44:13','2024-01-14 15:35:09'),(9565,NULL,NULL,'2024-01-14 15:44:13','2024-01-14 15:35:09'),(9566,NULL,NULL,'2024-01-14 15:44:13','2024-01-14 15:35:09'),(9567,NULL,NULL,'2024-01-14 15:44:13','2024-01-14 15:35:09'),(9568,NULL,NULL,'2024-01-14 15:44:13','2024-01-14 15:35:09'),(9569,NULL,NULL,'2024-01-14 15:44:13','2024-01-14 15:35:09'),(9570,NULL,NULL,'2024-01-14 15:44:13','2024-01-14 15:35:09'),(9571,NULL,NULL,'2024-01-14 15:44:13','2024-01-14 15:35:09'),(9572,NULL,NULL,'2024-01-14 15:44:13','2024-01-14 15:35:09'),(9573,NULL,NULL,'2024-01-14 15:44:13','2024-01-14 15:35:09'),(9574,NULL,NULL,'2024-01-14 15:44:13','2024-01-14 15:35:09'),(9575,NULL,NULL,'2024-01-14 15:44:13','2024-01-14 15:35:09'),(9576,NULL,NULL,'2024-01-14 15:44:13','2024-01-14 15:35:09'),(9577,NULL,NULL,'2024-01-14 15:44:13','2024-01-14 15:35:09'),(9578,NULL,NULL,'2024-01-14 15:44:13','2024-01-14 15:35:09'),(9579,NULL,NULL,'2024-01-14 15:44:13','2024-01-14 15:35:09'),(9580,NULL,NULL,'2024-01-14 15:44:13','2024-01-14 15:35:09'),(9581,NULL,NULL,'2024-01-14 15:44:13','2024-01-14 15:35:09'),(9582,NULL,NULL,'2024-01-14 15:44:13','2024-01-14 15:35:09'),(9583,NULL,NULL,'2024-01-14 15:44:13','2024-01-14 15:35:09'),(9584,NULL,NULL,'2024-01-14 15:44:13','2024-01-14 15:35:09'),(9585,NULL,NULL,'2024-01-14 15:44:13','2024-01-14 15:35:09'),(9586,NULL,NULL,'2024-01-14 15:44:13','2024-01-14 15:35:09'),(9587,NULL,NULL,'2024-01-14 15:44:13','2024-01-14 15:35:09'),(9588,NULL,NULL,'2024-01-14 15:44:13','2024-01-14 15:35:09'),(9589,NULL,NULL,'2024-01-14 15:44:13','2024-01-14 15:35:09'),(9590,NULL,NULL,'2024-01-14 15:44:13','2024-01-14 15:35:09'),(9591,NULL,NULL,'2024-01-14 15:44:13','2024-01-14 15:35:09'),(9592,NULL,NULL,'2024-01-14 15:44:13','2024-01-14 15:35:09'),(9593,NULL,NULL,'2024-01-14 15:44:13','2024-01-14 15:35:09'),(9594,NULL,NULL,'2024-01-14 15:44:13','2024-01-14 15:35:09'),(9595,NULL,NULL,'2024-01-14 15:44:13','2024-01-14 15:35:09'),(9596,NULL,NULL,'2024-01-14 15:44:13','2024-01-14 15:35:09'),(9597,NULL,NULL,'2024-01-14 15:44:13','2024-01-14 15:35:09'),(9598,NULL,NULL,'2024-01-14 15:44:13','2024-01-14 15:35:09'),(9599,NULL,NULL,'2024-01-14 15:44:13','2024-01-14 15:35:09'),(9600,NULL,NULL,'2024-01-14 15:44:13','2024-01-14 15:35:09'),(9601,NULL,NULL,'2024-01-14 15:44:13','2024-01-14 15:35:09'),(9602,NULL,NULL,'2024-01-14 15:44:13','2024-01-14 15:35:09'),(9603,NULL,NULL,'2024-01-14 15:44:13','2024-01-14 15:35:09'),(9604,NULL,NULL,'2024-01-14 15:44:13','2024-01-14 15:35:09'),(9605,NULL,NULL,'2024-01-14 15:44:13','2024-01-14 15:35:09'),(9606,NULL,NULL,'2024-01-14 15:44:13','2024-01-14 15:35:09'),(9607,NULL,NULL,'2024-01-14 15:44:13','2024-01-14 15:35:09'),(9608,NULL,NULL,'2024-01-14 15:44:13','2024-01-14 15:35:09'),(9609,NULL,NULL,'2024-01-14 15:44:13','2024-01-14 15:35:09'),(9610,NULL,NULL,'2024-01-14 15:44:13','2024-01-14 15:35:09'),(9611,NULL,NULL,'2024-01-14 15:44:13','2024-01-14 15:35:09'),(9612,NULL,NULL,'2024-01-14 15:44:13','2024-01-14 15:35:09'),(9613,NULL,NULL,'2024-01-14 15:44:13','2024-01-14 15:35:09'),(9614,NULL,NULL,'2024-01-14 15:44:13','2024-01-14 15:35:09'),(9615,NULL,NULL,'2024-01-14 15:44:13','2024-01-14 15:35:09'),(9616,NULL,NULL,'2024-01-14 15:44:13','2024-01-14 15:35:09'),(9617,NULL,NULL,'2024-01-14 15:44:13','2024-01-14 15:35:09'),(9618,NULL,NULL,'2024-01-14 15:44:13','2024-01-14 15:35:09'),(9619,NULL,NULL,'2024-01-14 15:44:13','2024-01-14 15:35:09'),(9620,NULL,NULL,'2024-01-14 15:44:13','2024-01-14 15:35:09'),(9621,NULL,NULL,'2024-01-14 15:44:13','2024-01-14 15:35:09'),(9622,NULL,NULL,'2024-01-14 15:44:13','2024-01-14 15:35:09'),(9623,NULL,NULL,'2024-01-14 15:44:13','2024-01-14 15:35:09'),(9624,NULL,NULL,'2024-01-14 15:44:13','2024-01-14 15:35:09'),(9625,NULL,NULL,'2024-01-14 15:44:13','2024-01-14 15:35:09'),(9626,NULL,NULL,'2024-01-14 15:44:13','2024-01-14 15:35:09'),(9627,NULL,NULL,'2024-01-14 15:44:13','2024-01-14 15:35:09'),(9628,NULL,NULL,'2024-01-14 15:44:13','2024-01-14 15:35:09'),(9629,NULL,NULL,'2024-01-14 15:44:13','2024-01-14 15:35:09'),(9630,NULL,NULL,'2024-01-14 15:44:13','2024-01-14 15:35:09'),(9631,NULL,NULL,'2024-01-14 15:44:13','2024-01-14 15:35:09'),(9632,NULL,NULL,'2024-01-14 15:44:13','2024-01-14 15:35:09'),(9633,NULL,NULL,'2024-01-14 15:44:13','2024-01-14 15:35:09'),(9634,NULL,NULL,'2024-01-14 15:44:13','2024-01-14 15:35:09'),(9635,NULL,NULL,'2024-01-14 15:44:13','2024-01-14 15:35:09'),(9636,NULL,NULL,'2024-01-14 15:44:13','2024-01-14 15:35:09'),(9637,NULL,NULL,'2024-01-14 15:44:13','2024-01-14 15:35:09'),(9638,NULL,NULL,'2024-01-14 15:44:13','2024-01-14 15:35:09'),(9639,NULL,NULL,'2024-01-14 15:44:13','2024-01-14 15:35:09'),(9640,NULL,NULL,'2024-01-14 15:44:13','2024-01-14 15:35:09'),(9641,NULL,NULL,'2024-01-14 15:44:13','2024-01-14 15:35:09'),(9642,NULL,NULL,'2024-01-14 15:44:13','2024-01-14 15:35:09'),(9643,NULL,NULL,'2024-01-14 15:44:13','2024-01-14 15:35:09'),(9644,NULL,NULL,'2024-01-14 15:44:13','2024-01-14 15:35:09'),(9645,NULL,NULL,'2024-01-14 15:44:13','2024-01-14 15:35:09'),(9646,NULL,NULL,'2024-01-14 15:44:13','2024-01-14 15:35:09'),(9647,NULL,NULL,'2024-01-14 15:44:13','2024-01-14 15:35:09'),(9648,NULL,NULL,'2024-01-14 15:44:13','2024-01-14 15:35:09'),(9649,NULL,NULL,'2024-01-14 15:44:13','2024-01-14 15:35:09'),(9650,NULL,NULL,'2024-01-14 15:44:13','2024-01-14 15:35:09'),(9651,NULL,NULL,'2024-01-14 15:44:13','2024-01-14 15:35:09'),(9652,NULL,NULL,'2024-01-14 15:44:13','2024-01-14 15:35:09'),(9653,NULL,NULL,'2024-01-14 15:44:13','2024-01-14 15:35:09'),(9654,NULL,NULL,'2024-01-14 15:44:13','2024-01-14 15:35:09'),(9655,NULL,NULL,'2024-01-14 15:44:13','2024-01-14 15:35:09'),(9656,NULL,NULL,'2024-01-14 15:44:13','2024-01-14 15:35:09'),(9657,NULL,NULL,'2024-01-14 15:44:13','2024-01-14 15:35:09'),(9658,NULL,NULL,'2024-01-14 15:44:13','2024-01-14 15:35:09'),(9659,NULL,NULL,'2024-01-14 15:44:13','2024-01-14 15:35:09'),(9660,NULL,NULL,'2024-01-14 15:44:13','2024-01-14 15:35:09'),(9661,NULL,NULL,'2024-01-14 15:44:13','2024-01-14 15:35:09'),(9662,NULL,NULL,'2024-01-14 15:44:13','2024-01-14 15:35:09'),(9663,NULL,NULL,'2024-01-14 15:44:13','2024-01-14 15:35:09'),(9664,NULL,NULL,'2024-01-14 15:44:13','2024-01-14 15:35:09'),(9665,NULL,NULL,'2024-01-14 15:44:13','2024-01-14 15:35:09'),(9666,NULL,NULL,'2024-01-14 15:44:13','2024-01-14 15:35:09'),(9667,NULL,NULL,'2024-01-14 15:44:13','2024-01-14 15:35:09'),(9668,NULL,NULL,'2024-01-14 15:44:13','2024-01-14 15:35:09'),(9669,NULL,NULL,'2024-01-14 15:44:13','2024-01-14 15:35:09'),(9670,NULL,NULL,'2024-01-14 15:44:13','2024-01-14 15:35:09'),(9671,NULL,NULL,'2024-01-14 15:44:13','2024-01-14 15:35:09'),(9672,NULL,NULL,'2024-01-14 15:44:13','2024-01-14 15:35:09'),(9673,NULL,NULL,'2024-01-14 15:44:13','2024-01-14 15:35:09'),(9674,NULL,NULL,'2024-01-14 15:44:13','2024-01-14 15:35:09'),(9675,NULL,NULL,'2024-01-14 15:44:13','2024-01-14 15:35:09'),(9676,NULL,NULL,'2024-01-14 15:44:13','2024-01-14 15:35:09'),(9677,NULL,NULL,'2024-01-14 15:44:13','2024-01-14 15:35:09'),(9678,NULL,NULL,'2024-01-14 15:44:13','2024-01-14 15:35:09'),(9679,NULL,NULL,'2024-01-14 15:44:13','2024-01-14 15:35:09'),(9680,NULL,NULL,'2024-01-14 15:44:13','2024-01-14 15:35:09'),(9681,NULL,NULL,'2024-01-14 15:44:13','2024-01-14 15:35:09'),(9682,NULL,NULL,'2024-01-14 15:44:13','2024-01-14 15:35:09'),(9683,NULL,NULL,'2024-01-14 15:44:13','2024-01-14 15:35:09'),(9684,NULL,NULL,'2024-01-14 15:44:13','2024-01-14 15:35:09'),(9685,NULL,NULL,'2024-01-14 15:44:13','2024-01-14 15:35:09'),(9686,NULL,NULL,'2024-01-14 15:44:13','2024-01-14 15:35:09'),(9687,NULL,NULL,'2024-01-14 15:44:13','2024-01-14 15:35:09'),(9688,NULL,NULL,'2024-01-14 15:44:13','2024-01-14 15:35:09'),(9689,NULL,NULL,'2024-01-14 15:44:13','2024-01-14 15:35:09'),(9690,NULL,NULL,'2024-01-14 15:44:13','2024-01-14 15:35:09'),(9691,NULL,NULL,'2024-01-14 15:44:13','2024-01-14 15:35:09'),(9692,NULL,NULL,'2024-01-14 15:44:13','2024-01-14 15:35:09'),(9693,NULL,NULL,'2024-01-14 15:44:13','2024-01-14 15:35:09'),(9694,NULL,NULL,'2024-01-14 15:44:13','2024-01-14 15:35:09'),(9695,NULL,NULL,'2024-01-14 15:44:13','2024-01-14 15:35:09'),(9696,NULL,NULL,'2024-01-14 15:44:13','2024-01-14 15:35:09'),(9697,NULL,NULL,'2024-01-14 15:44:13','2024-01-14 15:35:09'),(9698,NULL,NULL,'2024-01-14 15:44:13','2024-01-14 15:35:09'),(9699,NULL,NULL,'2024-01-14 15:44:13','2024-01-14 15:35:09'),(9700,NULL,NULL,'2024-01-14 15:44:13','2024-01-14 15:35:09'),(9701,NULL,NULL,'2024-01-14 15:44:13','2024-01-14 15:35:09'),(9702,NULL,NULL,'2024-01-14 15:44:13','2024-01-14 15:35:09'),(9703,NULL,NULL,'2024-01-14 15:44:13','2024-01-14 15:35:09'),(9704,NULL,NULL,'2024-01-14 15:44:13','2024-01-14 15:35:09'),(9705,NULL,NULL,'2024-01-14 15:44:13','2024-01-14 15:35:09'),(9706,NULL,NULL,'2024-01-14 15:44:13','2024-01-14 15:35:09'),(9707,NULL,NULL,'2024-01-14 15:44:13','2024-01-14 15:35:09'),(9708,NULL,NULL,'2024-01-14 15:44:13','2024-01-14 15:35:09'),(9709,NULL,NULL,'2024-01-14 15:44:13','2024-01-14 15:35:09'),(9710,NULL,NULL,'2024-01-14 15:44:13','2024-01-14 15:35:09'),(9711,NULL,NULL,'2024-01-14 15:44:13','2024-01-14 15:35:09'),(9712,NULL,NULL,'2024-01-14 15:44:13','2024-01-14 15:35:09'),(9713,NULL,NULL,'2024-01-14 15:44:13','2024-01-14 15:35:09'),(9714,NULL,NULL,'2024-01-14 15:44:13','2024-01-14 15:35:09'),(9715,NULL,NULL,'2024-01-14 15:44:13','2024-01-14 15:35:09'),(9716,NULL,NULL,'2024-01-14 15:44:13','2024-01-14 15:35:09'),(9717,NULL,NULL,'2024-01-14 15:44:13','2024-01-14 15:35:09'),(9718,NULL,NULL,'2024-01-14 15:44:13','2024-01-14 15:35:09'),(9719,NULL,NULL,'2024-01-14 15:44:13','2024-01-14 15:35:09'),(9720,NULL,NULL,'2024-01-14 15:44:13','2024-01-14 15:35:09'),(9721,NULL,NULL,'2024-01-14 15:44:13','2024-01-14 15:35:09'),(9722,NULL,NULL,'2024-01-14 15:44:13','2024-01-14 15:35:09'),(9723,NULL,NULL,'2024-01-14 15:44:13','2024-01-14 15:35:09'),(9724,NULL,NULL,'2024-01-14 15:44:13','2024-01-14 15:35:09'),(9725,NULL,NULL,'2024-01-14 15:44:13','2024-01-14 15:35:09'),(9726,NULL,NULL,'2024-01-14 15:44:13','2024-01-14 15:35:09'),(9727,NULL,NULL,'2024-01-14 15:44:13','2024-01-14 15:35:09'),(9728,NULL,NULL,'2024-01-14 15:44:13','2024-01-14 15:35:09'),(9729,NULL,NULL,'2024-01-14 15:44:13','2024-01-14 15:35:09'),(9730,NULL,NULL,'2024-01-14 15:44:13','2024-01-14 15:35:09'),(9731,NULL,NULL,'2024-01-14 15:44:13','2024-01-14 15:35:09'),(9732,NULL,NULL,'2024-01-14 15:44:13','2024-01-14 15:35:09'),(9733,NULL,NULL,'2024-01-14 15:44:13','2024-01-14 15:35:09'),(9734,NULL,NULL,'2024-01-14 15:44:13','2024-01-14 15:35:09'),(9735,NULL,NULL,'2024-01-14 15:44:13','2024-01-14 15:35:09'),(9736,NULL,NULL,'2024-01-14 15:44:13','2024-01-14 15:35:09'),(9737,NULL,NULL,'2024-01-14 15:44:13','2024-01-14 15:35:09'),(9738,NULL,NULL,'2024-01-14 15:44:13','2024-01-14 15:35:09'),(9739,NULL,NULL,'2024-01-14 15:44:13','2024-01-14 15:35:09'),(9740,NULL,NULL,'2024-01-14 15:44:13','2024-01-14 15:35:09'),(9741,NULL,NULL,'2024-01-14 15:44:13','2024-01-14 15:35:09'),(9742,NULL,NULL,'2024-01-14 15:44:13','2024-01-14 15:35:09'),(9743,NULL,NULL,'2024-01-14 15:44:13','2024-01-14 15:35:09'),(9744,NULL,NULL,'2024-01-14 15:44:13','2024-01-14 15:35:09'),(9745,NULL,NULL,'2024-01-14 15:44:13','2024-01-14 15:35:09'),(9746,NULL,NULL,'2024-01-14 15:44:13','2024-01-14 15:35:09'),(9747,NULL,NULL,'2024-01-14 15:44:13','2024-01-14 15:35:09'),(9748,NULL,NULL,'2024-01-14 15:44:13','2024-01-14 15:35:09'),(9749,NULL,NULL,'2024-01-14 15:44:13','2024-01-14 15:35:09'),(9750,NULL,NULL,'2024-01-14 15:44:13','2024-01-14 15:35:09'),(9751,NULL,NULL,'2024-01-14 15:44:13','2024-01-14 15:35:09'),(9752,NULL,NULL,'2024-01-14 15:44:13','2024-01-14 15:35:09'),(9753,NULL,NULL,'2024-01-14 15:44:13','2024-01-14 15:35:09'),(9754,NULL,NULL,'2024-01-14 15:44:13','2024-01-14 15:35:09'),(9755,NULL,NULL,'2024-01-14 15:44:13','2024-01-14 15:35:09'),(9756,NULL,NULL,'2024-01-14 15:44:13','2024-01-14 15:35:09'),(9757,NULL,NULL,'2024-01-14 15:44:13','2024-01-14 15:35:09'),(9758,NULL,NULL,'2024-01-14 15:44:13','2024-01-14 15:35:09'),(9759,NULL,NULL,'2024-01-14 15:44:13','2024-01-14 15:35:09'),(9760,NULL,NULL,'2024-01-14 15:44:13','2024-01-14 15:35:09'),(9761,NULL,NULL,'2024-01-14 15:44:13','2024-01-14 15:35:09'),(9762,NULL,NULL,'2024-01-14 15:44:13','2024-01-14 15:35:09'),(9763,NULL,NULL,'2024-01-14 15:44:13','2024-01-14 15:35:09'),(9764,NULL,NULL,'2024-01-14 15:44:13','2024-01-14 15:35:09'),(9765,NULL,NULL,'2024-01-14 15:44:13','2024-01-14 15:35:09'),(9766,NULL,NULL,'2024-01-14 15:44:13','2024-01-14 15:35:09'),(9767,NULL,NULL,'2024-01-14 15:44:13','2024-01-14 15:35:09'),(9768,NULL,NULL,'2024-01-14 15:44:13','2024-01-14 15:35:09'),(9769,NULL,NULL,'2024-01-14 15:44:13','2024-01-14 15:35:09'),(9770,NULL,NULL,'2024-01-14 15:44:13','2024-01-14 15:35:09'),(9771,NULL,NULL,'2024-01-14 15:44:13','2024-01-14 15:35:09'),(9772,NULL,NULL,'2024-01-14 15:44:13','2024-01-14 15:35:09'),(9773,NULL,NULL,'2024-01-14 15:44:13','2024-01-14 15:35:09'),(9774,NULL,NULL,'2024-01-14 15:44:13','2024-01-14 15:35:09'),(9775,NULL,NULL,'2024-01-14 15:44:13','2024-01-14 15:35:09'),(9776,NULL,NULL,'2024-01-14 15:44:13','2024-01-14 15:35:09'),(9777,NULL,NULL,'2024-01-14 15:44:13','2024-01-14 15:35:09'),(9778,NULL,NULL,'2024-01-14 15:44:13','2024-01-14 15:35:09'),(9779,NULL,NULL,'2024-01-14 15:44:13','2024-01-14 15:35:09'),(9780,NULL,NULL,'2024-01-14 15:44:13','2024-01-14 15:35:09'),(9781,NULL,NULL,'2024-01-14 15:44:13','2024-01-14 15:35:09'),(9782,NULL,NULL,'2024-01-14 15:44:13','2024-01-14 15:35:09'),(9783,NULL,NULL,'2024-01-14 15:44:13','2024-01-14 15:35:09'),(9784,NULL,NULL,'2024-01-14 15:44:13','2024-01-14 15:35:09'),(9785,NULL,NULL,'2024-01-14 15:44:13','2024-01-14 15:35:09'),(9786,NULL,NULL,'2024-01-14 15:44:13','2024-01-14 15:35:09'),(9787,NULL,NULL,'2024-01-14 15:44:13','2024-01-14 15:35:09'),(9788,NULL,NULL,'2024-01-14 15:44:13','2024-01-14 15:35:09'),(9789,NULL,NULL,'2024-01-14 15:44:13','2024-01-14 15:35:09'),(9790,NULL,NULL,'2024-01-14 15:44:13','2024-01-14 15:35:09'),(9791,NULL,NULL,'2024-01-14 15:44:13','2024-01-14 15:35:09'),(9792,NULL,NULL,'2024-01-14 15:44:13','2024-01-14 15:35:09'),(9793,NULL,NULL,'2024-01-14 15:44:13','2024-01-14 15:35:09'),(9794,NULL,NULL,'2024-01-14 15:44:13','2024-01-14 15:35:09'),(9795,NULL,NULL,'2024-01-14 15:44:13','2024-01-14 15:35:09'),(9796,NULL,NULL,'2024-01-14 15:44:13','2024-01-14 15:35:09'),(9797,NULL,NULL,'2024-01-14 15:44:13','2024-01-14 15:35:09'),(9798,NULL,NULL,'2024-01-14 15:44:13','2024-01-14 15:35:09'),(9799,NULL,NULL,'2024-01-14 15:44:13','2024-01-14 15:35:09'),(9800,NULL,NULL,'2024-01-14 15:44:13','2024-01-14 15:35:09'),(9801,NULL,NULL,'2024-01-14 15:44:13','2024-01-14 15:35:09'),(9802,NULL,NULL,'2024-01-14 15:44:13','2024-01-14 15:35:09'),(9803,NULL,NULL,'2024-01-14 15:44:13','2024-01-14 15:35:09'),(9804,NULL,NULL,'2024-01-14 15:44:13','2024-01-14 15:35:09'),(9805,NULL,NULL,'2024-01-14 15:44:13','2024-01-14 15:35:09'),(9806,NULL,NULL,'2024-01-14 15:44:13','2024-01-14 15:35:09'),(9807,NULL,NULL,'2024-01-14 15:44:13','2024-01-14 15:35:09'),(9808,NULL,NULL,'2024-01-14 15:44:13','2024-01-14 15:35:09'),(9809,NULL,NULL,'2024-01-14 15:44:13','2024-01-14 15:35:09'),(9810,NULL,NULL,'2024-01-14 15:44:13','2024-01-14 15:35:09'),(9811,NULL,NULL,'2024-01-14 15:44:13','2024-01-14 15:35:09'),(9812,NULL,NULL,'2024-01-14 15:44:13','2024-01-14 15:35:09'),(9813,NULL,NULL,'2024-01-14 15:44:13','2024-01-14 15:35:09'),(9814,NULL,NULL,'2024-01-14 15:44:13','2024-01-14 15:35:09'),(9815,NULL,NULL,'2024-01-14 15:44:13','2024-01-14 15:35:09'),(9816,NULL,NULL,'2024-01-14 15:44:13','2024-01-14 15:35:09'),(9817,NULL,NULL,'2024-01-14 15:44:13','2024-01-14 15:35:09'),(9818,NULL,NULL,'2024-01-14 15:44:13','2024-01-14 15:35:09'),(9819,NULL,NULL,'2024-01-14 15:44:13','2024-01-14 15:35:09'),(9820,NULL,NULL,'2024-01-14 15:44:13','2024-01-14 15:35:09'),(9821,NULL,NULL,'2024-01-14 15:44:13','2024-01-14 15:35:09'),(9822,NULL,NULL,'2024-01-14 15:44:13','2024-01-14 15:35:09'),(9823,NULL,NULL,'2024-01-14 15:44:13','2024-01-14 15:35:09'),(9824,NULL,NULL,'2024-01-14 15:44:13','2024-01-14 15:35:09'),(9825,NULL,NULL,'2024-01-14 15:44:13','2024-01-14 15:35:09'),(9826,NULL,NULL,'2024-01-14 15:44:13','2024-01-14 15:35:09'),(9827,NULL,NULL,'2024-01-14 15:44:13','2024-01-14 15:35:09'),(9828,NULL,NULL,'2024-01-14 15:44:13','2024-01-14 15:35:09'),(9829,NULL,NULL,'2024-01-14 15:44:13','2024-01-14 15:35:09'),(9830,NULL,NULL,'2024-01-14 15:44:13','2024-01-14 15:35:09'),(9831,NULL,NULL,'2024-01-14 15:44:13','2024-01-14 15:35:09'),(9832,NULL,NULL,'2024-01-14 15:44:13','2024-01-14 15:35:09'),(9833,NULL,NULL,'2024-01-14 15:44:13','2024-01-14 15:35:09'),(9834,NULL,NULL,'2024-01-14 15:44:13','2024-01-14 15:35:09'),(9835,NULL,NULL,'2024-01-14 15:44:13','2024-01-14 15:35:09'),(9836,NULL,NULL,'2024-01-14 15:44:13','2024-01-14 15:35:09'),(9837,NULL,NULL,'2024-01-14 15:44:13','2024-01-14 15:35:09'),(9838,NULL,NULL,'2024-01-14 15:44:13','2024-01-14 15:35:09'),(9839,NULL,NULL,'2024-01-14 15:44:13','2024-01-14 15:35:09'),(9840,NULL,NULL,'2024-01-14 15:44:13','2024-01-14 15:35:09'),(9841,NULL,NULL,'2024-01-14 15:44:13','2024-01-14 15:35:09'),(9842,NULL,NULL,'2024-01-14 15:44:13','2024-01-14 15:35:09'),(9843,NULL,NULL,'2024-01-14 15:44:13','2024-01-14 15:35:09'),(9844,NULL,NULL,'2024-01-14 15:44:13','2024-01-14 15:35:09'),(9845,NULL,NULL,'2024-01-14 15:44:13','2024-01-14 15:35:09'),(9846,NULL,NULL,'2024-01-14 15:44:13','2024-01-14 15:35:09'),(9847,NULL,NULL,'2024-01-14 15:44:13','2024-01-14 15:35:09'),(9848,NULL,NULL,'2024-01-14 15:44:13','2024-01-14 15:35:09'),(9849,NULL,NULL,'2024-01-14 15:44:13','2024-01-14 15:35:09'),(9850,NULL,NULL,'2024-01-14 15:44:13','2024-01-14 15:35:09'),(9851,NULL,NULL,'2024-01-14 15:44:13','2024-01-14 15:35:09'),(9852,NULL,NULL,'2024-01-14 15:44:13','2024-01-14 15:35:09'),(9853,NULL,NULL,'2024-01-14 15:44:13','2024-01-14 15:35:09'),(9854,NULL,NULL,'2024-01-14 15:44:13','2024-01-14 15:35:09'),(9855,NULL,NULL,'2024-01-14 15:44:13','2024-01-14 15:35:09'),(9856,NULL,NULL,'2024-01-14 15:44:13','2024-01-14 15:35:09'),(9857,NULL,NULL,'2024-01-14 15:44:13','2024-01-14 15:35:09'),(9858,NULL,NULL,'2024-01-14 15:44:13','2024-01-14 15:35:09'),(9859,NULL,NULL,'2024-01-14 15:44:13','2024-01-14 15:35:09'),(9860,NULL,NULL,'2024-01-14 15:44:13','2024-01-14 15:35:09'),(9861,NULL,NULL,'2024-01-14 15:44:13','2024-01-14 15:35:09'),(9862,NULL,NULL,'2024-01-14 15:44:13','2024-01-14 15:35:09'),(9863,NULL,NULL,'2024-01-14 15:44:13','2024-01-14 15:35:09'),(9864,NULL,NULL,'2024-01-14 15:44:13','2024-01-14 15:35:09'),(9865,NULL,NULL,'2024-01-14 15:44:13','2024-01-14 15:35:09'),(9866,NULL,NULL,'2024-01-14 15:44:13','2024-01-14 15:35:09'),(9867,NULL,NULL,'2024-01-14 15:44:13','2024-01-14 15:35:09'),(9868,NULL,NULL,'2024-01-14 15:44:13','2024-01-14 15:35:09'),(9869,NULL,NULL,'2024-01-14 15:44:13','2024-01-14 15:35:09'),(9870,NULL,NULL,'2024-01-14 15:44:13','2024-01-14 15:35:09'),(9871,NULL,NULL,'2024-01-14 15:44:13','2024-01-14 15:35:09'),(9872,NULL,NULL,'2024-01-14 15:44:13','2024-01-14 15:35:09'),(9873,NULL,NULL,'2024-01-14 15:44:13','2024-01-14 15:35:09'),(9874,NULL,NULL,'2024-01-14 15:44:13','2024-01-14 15:35:09'),(9875,NULL,NULL,'2024-01-14 15:44:13','2024-01-14 15:35:09'),(9876,NULL,NULL,'2024-01-14 15:44:13','2024-01-14 15:35:09'),(9877,NULL,NULL,'2024-01-14 15:44:13','2024-01-14 15:35:09'),(9878,NULL,NULL,'2024-01-14 15:44:13','2024-01-14 15:35:09'),(9879,NULL,NULL,'2024-01-14 15:44:13','2024-01-14 15:35:09'),(9880,NULL,NULL,'2024-01-14 15:44:13','2024-01-14 15:35:09'),(9881,NULL,NULL,'2024-01-14 15:44:13','2024-01-14 15:35:09'),(9882,NULL,NULL,'2024-01-14 15:44:13','2024-01-14 15:35:09'),(9883,NULL,NULL,'2024-01-14 15:44:13','2024-01-14 15:35:09'),(9884,NULL,NULL,'2024-01-14 15:44:13','2024-01-14 15:35:09'),(9885,NULL,NULL,'2024-01-14 15:44:13','2024-01-14 15:35:09'),(9886,NULL,NULL,'2024-01-14 15:44:13','2024-01-14 15:35:09'),(9887,NULL,NULL,'2024-01-14 15:44:13','2024-01-14 15:35:09'),(9888,NULL,NULL,'2024-01-14 15:44:13','2024-01-14 15:35:09'),(9889,NULL,NULL,'2024-01-14 15:44:13','2024-01-14 15:35:09'),(9890,NULL,NULL,'2024-01-14 15:44:13','2024-01-14 15:35:09'),(9891,NULL,NULL,'2024-01-14 15:44:13','2024-01-14 15:35:09'),(9892,NULL,NULL,'2024-01-14 15:44:13','2024-01-14 15:35:09'),(9893,NULL,NULL,'2024-01-14 15:44:13','2024-01-14 15:35:09'),(9894,NULL,NULL,'2024-01-14 15:44:13','2024-01-14 15:35:09'),(9895,NULL,NULL,'2024-01-14 15:44:13','2024-01-14 15:35:09'),(9896,NULL,NULL,'2024-01-14 15:44:13','2024-01-14 15:35:09'),(9897,NULL,NULL,'2024-01-14 15:44:13','2024-01-14 15:35:09'),(9898,NULL,NULL,'2024-01-14 15:44:13','2024-01-14 15:35:09'),(9899,NULL,NULL,'2024-01-14 15:44:13','2024-01-14 15:35:09'),(9900,NULL,NULL,'2024-01-14 15:44:13','2024-01-14 15:35:09'),(9901,NULL,NULL,'2024-01-14 15:44:13','2024-01-14 15:35:09'),(9902,NULL,NULL,'2024-01-14 15:44:13','2024-01-14 15:35:09'),(9903,NULL,NULL,'2024-01-14 15:44:13','2024-01-14 15:35:09'),(9904,NULL,NULL,'2024-01-14 15:44:13','2024-01-14 15:35:09'),(9905,NULL,NULL,'2024-01-14 15:44:13','2024-01-14 15:35:09'),(9906,NULL,NULL,'2024-01-14 15:44:13','2024-01-14 15:35:09'),(9907,NULL,NULL,'2024-01-14 15:44:13','2024-01-14 15:35:09'),(9908,NULL,NULL,'2024-01-14 15:44:13','2024-01-14 15:35:09'),(9909,NULL,NULL,'2024-01-14 15:44:13','2024-01-14 15:35:09'),(9910,NULL,NULL,'2024-01-14 15:44:13','2024-01-14 15:35:09'),(9911,NULL,NULL,'2024-01-14 15:44:13','2024-01-14 15:35:09'),(9912,NULL,NULL,'2024-01-14 15:44:13','2024-01-14 15:35:09'),(9913,NULL,NULL,'2024-01-14 15:44:13','2024-01-14 15:35:09'),(9914,NULL,NULL,'2024-01-14 15:44:13','2024-01-14 15:35:09'),(9915,NULL,NULL,'2024-01-14 15:44:13','2024-01-14 15:35:09'),(9916,NULL,NULL,'2024-01-14 15:44:13','2024-01-14 15:35:09'),(9917,NULL,NULL,'2024-01-14 15:44:13','2024-01-14 15:35:09'),(9918,NULL,NULL,'2024-01-14 15:44:13','2024-01-14 15:35:09'),(9919,NULL,NULL,'2024-01-14 15:44:13','2024-01-14 15:35:09'),(9920,NULL,NULL,'2024-01-14 15:44:13','2024-01-14 15:35:09'),(9921,NULL,NULL,'2024-01-14 15:44:13','2024-01-14 15:35:09'),(9922,NULL,NULL,'2024-01-14 15:44:13','2024-01-14 15:35:09'),(9923,NULL,NULL,'2024-01-14 15:44:13','2024-01-14 15:35:09'),(9924,NULL,NULL,'2024-01-14 15:44:13','2024-01-14 15:35:09'),(9925,NULL,NULL,'2024-01-14 15:44:13','2024-01-14 15:35:09'),(9926,NULL,NULL,'2024-01-14 15:44:13','2024-01-14 15:35:09'),(9927,NULL,NULL,'2024-01-14 15:44:13','2024-01-14 15:35:09'),(9928,NULL,NULL,'2024-01-14 15:44:13','2024-01-14 15:35:09'),(9929,NULL,NULL,'2024-01-14 15:44:13','2024-01-14 15:35:09'),(9930,NULL,NULL,'2024-01-14 15:44:13','2024-01-14 15:35:09'),(9931,NULL,NULL,'2024-01-14 15:44:13','2024-01-14 15:35:09'),(9932,NULL,NULL,'2024-01-14 15:44:13','2024-01-14 15:35:09'),(9933,NULL,NULL,'2024-01-14 15:44:13','2024-01-14 15:35:09'),(9934,NULL,NULL,'2024-01-14 15:44:13','2024-01-14 15:35:09'),(9935,NULL,NULL,'2024-01-14 15:44:13','2024-01-14 15:35:09'),(9936,NULL,NULL,'2024-01-14 15:44:13','2024-01-14 15:35:09'),(9937,NULL,NULL,'2024-01-14 15:44:13','2024-01-14 15:35:09'),(9938,NULL,NULL,'2024-01-14 15:44:13','2024-01-14 15:35:09'),(9939,NULL,NULL,'2024-01-14 15:44:13','2024-01-14 15:35:09'),(9940,NULL,NULL,'2024-01-14 15:44:13','2024-01-14 15:35:09'),(9941,NULL,NULL,'2024-01-14 15:44:13','2024-01-14 15:35:09'),(9942,NULL,NULL,'2024-01-14 15:44:13','2024-01-14 15:35:09'),(9943,NULL,NULL,'2024-01-14 15:44:13','2024-01-14 15:35:09'),(9944,NULL,NULL,'2024-01-14 15:44:13','2024-01-14 15:35:09'),(9945,NULL,NULL,'2024-01-14 15:44:13','2024-01-14 15:35:09'),(9946,NULL,NULL,'2024-01-14 15:44:13','2024-01-14 15:35:09'),(9947,NULL,NULL,'2024-01-14 15:44:13','2024-01-14 15:35:09'),(9948,NULL,NULL,'2024-01-14 15:44:13','2024-01-14 15:35:09'),(9949,NULL,NULL,'2024-01-14 15:44:13','2024-01-14 15:35:09'),(9950,NULL,NULL,'2024-01-14 15:44:13','2024-01-14 15:35:09'),(9951,NULL,NULL,'2024-01-14 15:44:13','2024-01-14 15:35:09'),(9952,NULL,NULL,'2024-01-14 15:44:13','2024-01-14 15:35:09'),(9953,NULL,NULL,'2024-01-14 15:44:13','2024-01-14 15:35:09'),(9954,NULL,NULL,'2024-01-14 15:44:13','2024-01-14 15:35:09'),(9955,NULL,NULL,'2024-01-14 15:44:13','2024-01-14 15:35:09'),(9956,NULL,NULL,'2024-01-14 15:44:13','2024-01-14 15:35:09'),(9957,NULL,NULL,'2024-01-14 15:44:13','2024-01-14 15:35:09'),(9958,NULL,NULL,'2024-01-14 15:44:13','2024-01-14 15:35:09'),(9959,NULL,NULL,'2024-01-14 15:44:13','2024-01-14 15:35:09'),(9960,NULL,NULL,'2024-01-14 15:44:13','2024-01-14 15:35:09'),(9961,NULL,NULL,'2024-01-14 15:44:13','2024-01-14 15:35:09'),(9962,NULL,NULL,'2024-01-14 15:44:13','2024-01-14 15:35:09'),(9963,NULL,NULL,'2024-01-14 15:44:13','2024-01-14 15:35:09'),(9964,NULL,NULL,'2024-01-14 15:44:13','2024-01-14 15:35:09'),(9965,NULL,NULL,'2024-01-14 15:44:13','2024-01-14 15:35:09'),(9966,NULL,NULL,'2024-01-14 15:44:13','2024-01-14 15:35:09'),(9967,NULL,NULL,'2024-01-14 15:44:13','2024-01-14 15:35:09'),(9968,NULL,NULL,'2024-01-14 15:44:13','2024-01-14 15:35:09'),(9969,NULL,NULL,'2024-01-14 15:44:13','2024-01-14 15:35:09'),(9970,NULL,NULL,'2024-01-14 15:44:13','2024-01-14 15:35:09'),(9971,NULL,NULL,'2024-01-14 15:44:13','2024-01-14 15:35:09'),(9972,NULL,NULL,'2024-01-14 15:44:13','2024-01-14 15:35:09'),(9973,NULL,NULL,'2024-01-14 15:44:13','2024-01-14 15:35:09'),(9974,NULL,NULL,'2024-01-14 15:44:13','2024-01-14 15:35:09'),(9975,NULL,NULL,'2024-01-14 15:44:13','2024-01-14 15:35:09'),(9976,NULL,NULL,'2024-01-14 15:44:13','2024-01-14 15:35:09'),(9977,NULL,NULL,'2024-01-14 15:44:13','2024-01-14 15:35:09'),(9978,NULL,NULL,'2024-01-14 15:44:13','2024-01-14 15:35:09'),(9979,NULL,NULL,'2024-01-14 15:44:13','2024-01-14 15:35:09'),(9980,NULL,NULL,'2024-01-14 15:44:13','2024-01-14 15:35:09'),(9981,NULL,NULL,'2024-01-14 15:44:13','2024-01-14 15:35:09'),(9982,NULL,NULL,'2024-01-14 15:44:13','2024-01-14 15:35:09'),(9983,NULL,NULL,'2024-01-14 15:44:13','2024-01-14 15:35:09'),(9984,NULL,NULL,'2024-01-14 15:44:13','2024-01-14 15:35:09'),(9985,NULL,NULL,'2024-01-14 15:44:13','2024-01-14 15:35:09'),(9986,NULL,NULL,'2024-01-14 15:44:13','2024-01-14 15:35:09'),(9987,NULL,NULL,'2024-01-14 15:44:13','2024-01-14 15:35:09'),(9988,NULL,NULL,'2024-01-14 15:44:13','2024-01-14 15:35:09'),(9989,NULL,NULL,'2024-01-14 15:44:13','2024-01-14 15:35:09'),(9990,NULL,NULL,'2024-01-14 15:44:13','2024-01-14 15:35:09'),(9991,NULL,NULL,'2024-01-14 15:44:13','2024-01-14 15:35:09'),(9992,NULL,NULL,'2024-01-14 15:44:13','2024-01-14 15:35:09'),(9993,NULL,NULL,'2024-01-14 15:44:13','2024-01-14 15:35:09'),(9994,NULL,NULL,'2024-01-14 15:44:13','2024-01-14 15:35:09'),(9995,NULL,NULL,'2024-01-14 15:44:13','2024-01-14 15:35:09'),(9996,NULL,NULL,'2024-01-14 15:44:13','2024-01-14 15:35:09'),(9997,NULL,NULL,'2024-01-14 15:44:13','2024-01-14 15:35:09'),(9998,NULL,NULL,'2024-01-14 15:44:13','2024-01-14 15:35:09'),(9999,NULL,NULL,'2024-01-14 15:44:13','2024-01-14 15:35:09'),(10000,NULL,NULL,'2024-01-14 15:44:13','2024-01-14 15:35:09'),(10001,NULL,NULL,'2024-01-14 15:44:20','2024-01-14 15:35:09'),(10002,NULL,NULL,'2024-01-14 15:44:20','2024-01-14 15:35:09'),(10003,NULL,NULL,'2024-01-14 15:44:20','2024-01-14 15:35:09'),(10004,NULL,NULL,'2024-01-14 15:44:20','2024-01-14 15:35:09'),(10005,NULL,NULL,'2024-01-14 15:44:20','2024-01-14 15:35:09'),(10006,NULL,NULL,'2024-01-14 15:44:20','2024-01-14 15:35:09'),(10007,NULL,NULL,'2024-01-14 15:44:20','2024-01-14 15:35:09'),(10008,NULL,NULL,'2024-01-14 15:44:20','2024-01-14 15:35:09'),(10009,NULL,NULL,'2024-01-14 15:44:20','2024-01-14 15:35:09'),(10010,NULL,NULL,'2024-01-14 15:44:20','2024-01-14 15:35:09'),(10011,NULL,NULL,'2024-01-14 15:44:20','2024-01-14 15:35:09'),(10012,NULL,NULL,'2024-01-14 15:44:20','2024-01-14 15:35:09'),(10013,NULL,NULL,'2024-01-14 15:44:20','2024-01-14 15:35:09'),(10014,NULL,NULL,'2024-01-14 15:44:20','2024-01-14 15:35:09'),(10015,NULL,NULL,'2024-01-14 15:44:20','2024-01-14 15:35:09'),(10016,NULL,NULL,'2024-01-14 15:44:20','2024-01-14 15:35:09'),(10017,NULL,NULL,'2024-01-14 15:44:20','2024-01-14 15:35:09'),(10018,NULL,NULL,'2024-01-14 15:44:20','2024-01-14 15:35:09'),(10019,NULL,NULL,'2024-01-14 15:44:20','2024-01-14 15:35:09'),(10020,NULL,NULL,'2024-01-14 15:44:20','2024-01-14 15:35:09'),(10021,NULL,NULL,'2024-01-14 15:44:20','2024-01-14 15:35:09'),(10022,NULL,NULL,'2024-01-14 15:44:20','2024-01-14 15:35:09'),(10023,NULL,NULL,'2024-01-14 15:44:20','2024-01-14 15:35:09'),(10024,NULL,NULL,'2024-01-14 15:44:20','2024-01-14 15:35:09'),(10025,NULL,NULL,'2024-01-14 15:44:20','2024-01-14 15:35:09'),(10026,NULL,NULL,'2024-01-14 15:44:20','2024-01-14 15:35:09'),(10027,NULL,NULL,'2024-01-14 15:44:20','2024-01-14 15:35:09'),(10028,NULL,NULL,'2024-01-14 15:44:20','2024-01-14 15:35:09'),(10029,NULL,NULL,'2024-01-14 15:44:20','2024-01-14 15:35:09'),(10030,NULL,NULL,'2024-01-14 15:44:20','2024-01-14 15:35:09'),(10031,NULL,NULL,'2024-01-14 15:44:20','2024-01-14 15:35:09'),(10032,NULL,NULL,'2024-01-14 15:44:20','2024-01-14 15:35:09'),(10033,NULL,NULL,'2024-01-14 15:44:20','2024-01-14 15:35:09'),(10034,NULL,NULL,'2024-01-14 15:44:20','2024-01-14 15:35:09'),(10035,NULL,NULL,'2024-01-14 15:44:20','2024-01-14 15:35:09'),(10036,NULL,NULL,'2024-01-14 15:44:20','2024-01-14 15:35:09'),(10037,NULL,NULL,'2024-01-14 15:44:20','2024-01-14 15:35:09'),(10038,NULL,NULL,'2024-01-14 15:44:20','2024-01-14 15:35:09'),(10039,NULL,NULL,'2024-01-14 15:44:20','2024-01-14 15:35:09'),(10040,NULL,NULL,'2024-01-14 15:44:20','2024-01-14 15:35:09'),(10041,NULL,NULL,'2024-01-14 15:44:20','2024-01-14 15:35:09'),(10042,NULL,NULL,'2024-01-14 15:44:20','2024-01-14 15:35:09'),(10043,NULL,NULL,'2024-01-14 15:44:20','2024-01-14 15:35:09'),(10044,NULL,NULL,'2024-01-14 15:44:20','2024-01-14 15:35:09'),(10045,NULL,NULL,'2024-01-14 15:44:20','2024-01-14 15:35:09'),(10046,NULL,NULL,'2024-01-14 15:44:20','2024-01-14 15:35:09'),(10047,NULL,NULL,'2024-01-14 15:44:20','2024-01-14 15:35:09'),(10048,NULL,NULL,'2024-01-14 15:44:20','2024-01-14 15:35:09'),(10049,NULL,NULL,'2024-01-14 15:44:20','2024-01-14 15:35:09'),(10050,NULL,NULL,'2024-01-14 15:44:20','2024-01-14 15:35:09'),(10051,NULL,NULL,'2024-01-14 15:44:20','2024-01-14 15:35:09'),(10052,NULL,NULL,'2024-01-14 15:44:20','2024-01-14 15:35:09'),(10053,NULL,NULL,'2024-01-14 15:44:20','2024-01-14 15:35:09'),(10054,NULL,NULL,'2024-01-14 15:44:20','2024-01-14 15:35:09'),(10055,NULL,NULL,'2024-01-14 15:44:20','2024-01-14 15:35:09'),(10056,NULL,NULL,'2024-01-14 15:44:20','2024-01-14 15:35:09'),(10057,NULL,NULL,'2024-01-14 15:44:20','2024-01-14 15:35:09'),(10058,NULL,NULL,'2024-01-14 15:44:20','2024-01-14 15:35:09'),(10059,NULL,NULL,'2024-01-14 15:44:20','2024-01-14 15:35:09'),(10060,NULL,NULL,'2024-01-14 15:44:20','2024-01-14 15:35:09'),(10061,NULL,NULL,'2024-01-14 15:44:20','2024-01-14 15:35:09'),(10062,NULL,NULL,'2024-01-14 15:44:20','2024-01-14 15:35:09'),(10063,NULL,NULL,'2024-01-14 15:44:20','2024-01-14 15:35:09'),(10064,NULL,NULL,'2024-01-14 15:44:20','2024-01-14 15:35:09'),(10065,NULL,NULL,'2024-01-14 15:44:20','2024-01-14 15:35:09'),(10066,NULL,NULL,'2024-01-14 15:44:20','2024-01-14 15:35:09'),(10067,NULL,NULL,'2024-01-14 15:44:20','2024-01-14 15:35:09'),(10068,NULL,NULL,'2024-01-14 15:44:20','2024-01-14 15:35:09'),(10069,NULL,NULL,'2024-01-14 15:44:20','2024-01-14 15:35:09'),(10070,NULL,NULL,'2024-01-14 15:44:20','2024-01-14 15:35:09'),(10071,NULL,NULL,'2024-01-14 15:44:20','2024-01-14 15:35:09'),(10072,NULL,NULL,'2024-01-14 15:44:20','2024-01-14 15:35:09'),(10073,NULL,NULL,'2024-01-14 15:44:20','2024-01-14 15:35:09'),(10074,NULL,NULL,'2024-01-14 15:44:20','2024-01-14 15:35:09'),(10075,NULL,NULL,'2024-01-14 15:44:20','2024-01-14 15:35:09'),(10076,NULL,NULL,'2024-01-14 15:44:20','2024-01-14 15:35:09'),(10077,NULL,NULL,'2024-01-14 15:44:20','2024-01-14 15:35:09'),(10078,NULL,NULL,'2024-01-14 15:44:20','2024-01-14 15:35:09'),(10079,NULL,NULL,'2024-01-14 15:44:20','2024-01-14 15:35:09'),(10080,NULL,NULL,'2024-01-14 15:44:20','2024-01-14 15:35:09'),(10081,NULL,NULL,'2024-01-14 15:44:20','2024-01-14 15:35:09'),(10082,NULL,NULL,'2024-01-14 15:44:20','2024-01-14 15:35:09'),(10083,NULL,NULL,'2024-01-14 15:44:20','2024-01-14 15:35:09'),(10084,NULL,NULL,'2024-01-14 15:44:20','2024-01-14 15:35:09'),(10085,NULL,NULL,'2024-01-14 15:44:20','2024-01-14 15:35:09'),(10086,NULL,NULL,'2024-01-14 15:44:20','2024-01-14 15:35:09'),(10087,NULL,NULL,'2024-01-14 15:44:20','2024-01-14 15:35:09'),(10088,NULL,NULL,'2024-01-14 15:44:20','2024-01-14 15:35:09'),(10089,NULL,NULL,'2024-01-14 15:44:20','2024-01-14 15:35:09'),(10090,NULL,NULL,'2024-01-14 15:44:20','2024-01-14 15:35:09'),(10091,NULL,NULL,'2024-01-14 15:44:20','2024-01-14 15:35:09'),(10092,NULL,NULL,'2024-01-14 15:44:20','2024-01-14 15:35:09'),(10093,NULL,NULL,'2024-01-14 15:44:20','2024-01-14 15:35:09'),(10094,NULL,NULL,'2024-01-14 15:44:20','2024-01-14 15:35:09'),(10095,NULL,NULL,'2024-01-14 15:44:20','2024-01-14 15:35:09'),(10096,NULL,NULL,'2024-01-14 15:44:20','2024-01-14 15:35:09'),(10097,NULL,NULL,'2024-01-14 15:44:20','2024-01-14 15:35:09'),(10098,NULL,NULL,'2024-01-14 15:44:20','2024-01-14 15:35:09'),(10099,NULL,NULL,'2024-01-14 15:44:20','2024-01-14 15:35:09'),(10100,NULL,NULL,'2024-01-14 15:44:20','2024-01-14 15:35:09'),(10101,NULL,NULL,'2024-01-14 15:44:20','2024-01-14 15:35:09'),(10102,NULL,NULL,'2024-01-14 15:44:20','2024-01-14 15:35:09'),(10103,NULL,NULL,'2024-01-14 15:44:20','2024-01-14 15:35:09'),(10104,NULL,NULL,'2024-01-14 15:44:20','2024-01-14 15:35:09'),(10105,NULL,NULL,'2024-01-14 15:44:20','2024-01-14 15:35:09'),(10106,NULL,NULL,'2024-01-14 15:44:20','2024-01-14 15:35:09'),(10107,NULL,NULL,'2024-01-14 15:44:20','2024-01-14 15:35:09'),(10108,NULL,NULL,'2024-01-14 15:44:20','2024-01-14 15:35:09'),(10109,NULL,NULL,'2024-01-14 15:44:20','2024-01-14 15:35:09'),(10110,NULL,NULL,'2024-01-14 15:44:20','2024-01-14 15:35:09'),(10111,NULL,NULL,'2024-01-14 15:44:20','2024-01-14 15:35:09'),(10112,NULL,NULL,'2024-01-14 15:44:20','2024-01-14 15:35:09'),(10113,NULL,NULL,'2024-01-14 15:44:20','2024-01-14 15:35:09'),(10114,NULL,NULL,'2024-01-14 15:44:20','2024-01-14 15:35:09'),(10115,NULL,NULL,'2024-01-14 15:44:20','2024-01-14 15:35:09'),(10116,NULL,NULL,'2024-01-14 15:44:20','2024-01-14 15:35:09'),(10117,NULL,NULL,'2024-01-14 15:44:20','2024-01-14 15:35:09'),(10118,NULL,NULL,'2024-01-14 15:44:20','2024-01-14 15:35:09'),(10119,NULL,NULL,'2024-01-14 15:44:20','2024-01-14 15:35:09'),(10120,NULL,NULL,'2024-01-14 15:44:20','2024-01-14 15:35:09'),(10121,NULL,NULL,'2024-01-14 15:44:20','2024-01-14 15:35:09'),(10122,NULL,NULL,'2024-01-14 15:44:20','2024-01-14 15:35:09'),(10123,NULL,NULL,'2024-01-14 15:44:20','2024-01-14 15:35:09'),(10124,NULL,NULL,'2024-01-14 15:44:20','2024-01-14 15:35:09'),(10125,NULL,NULL,'2024-01-14 15:44:20','2024-01-14 15:35:09'),(10126,NULL,NULL,'2024-01-14 15:44:20','2024-01-14 15:35:09'),(10127,NULL,NULL,'2024-01-14 15:44:20','2024-01-14 15:35:09'),(10128,NULL,NULL,'2024-01-14 15:44:20','2024-01-14 15:35:09'),(10129,NULL,NULL,'2024-01-14 15:44:20','2024-01-14 15:35:09'),(10130,NULL,NULL,'2024-01-14 15:44:20','2024-01-14 15:35:09'),(10131,NULL,NULL,'2024-01-14 15:44:20','2024-01-14 15:35:09'),(10132,NULL,NULL,'2024-01-14 15:44:20','2024-01-14 15:35:09'),(10133,NULL,NULL,'2024-01-14 15:44:20','2024-01-14 15:35:09'),(10134,NULL,NULL,'2024-01-14 15:44:20','2024-01-14 15:35:09'),(10135,NULL,NULL,'2024-01-14 15:44:20','2024-01-14 15:35:09'),(10136,NULL,NULL,'2024-01-14 15:44:20','2024-01-14 15:35:09'),(10137,NULL,NULL,'2024-01-14 15:44:20','2024-01-14 15:35:09'),(10138,NULL,NULL,'2024-01-14 15:44:20','2024-01-14 15:35:09'),(10139,NULL,NULL,'2024-01-14 15:44:20','2024-01-14 15:35:09'),(10140,NULL,NULL,'2024-01-14 15:44:20','2024-01-14 15:35:09'),(10141,NULL,NULL,'2024-01-14 15:44:20','2024-01-14 15:35:09'),(10142,NULL,NULL,'2024-01-14 15:44:20','2024-01-14 15:35:09'),(10143,NULL,NULL,'2024-01-14 15:44:20','2024-01-14 15:35:09'),(10144,NULL,NULL,'2024-01-14 15:44:20','2024-01-14 15:35:09'),(10145,NULL,NULL,'2024-01-14 15:44:20','2024-01-14 15:35:09'),(10146,NULL,NULL,'2024-01-14 15:44:20','2024-01-14 15:35:09'),(10147,NULL,NULL,'2024-01-14 15:44:20','2024-01-14 15:35:09'),(10148,NULL,NULL,'2024-01-14 15:44:20','2024-01-14 15:35:09'),(10149,NULL,NULL,'2024-01-14 15:44:20','2024-01-14 15:35:09'),(10150,NULL,NULL,'2024-01-14 15:44:20','2024-01-14 15:35:09'),(10151,NULL,NULL,'2024-01-14 15:44:20','2024-01-14 15:35:09'),(10152,NULL,NULL,'2024-01-14 15:44:20','2024-01-14 15:35:09'),(10153,NULL,NULL,'2024-01-14 15:44:20','2024-01-14 15:35:09'),(10154,NULL,NULL,'2024-01-14 15:44:20','2024-01-14 15:35:09'),(10155,NULL,NULL,'2024-01-14 15:44:20','2024-01-14 15:35:09'),(10156,NULL,NULL,'2024-01-14 15:44:20','2024-01-14 15:35:09'),(10157,NULL,NULL,'2024-01-14 15:44:20','2024-01-14 15:35:09'),(10158,NULL,NULL,'2024-01-14 15:44:20','2024-01-14 15:35:09'),(10159,NULL,NULL,'2024-01-14 15:44:20','2024-01-14 15:35:09'),(10160,NULL,NULL,'2024-01-14 15:44:20','2024-01-14 15:35:09'),(10161,NULL,NULL,'2024-01-14 15:44:20','2024-01-14 15:35:09'),(10162,NULL,NULL,'2024-01-14 15:44:20','2024-01-14 15:35:09'),(10163,NULL,NULL,'2024-01-14 15:44:20','2024-01-14 15:35:09'),(10164,NULL,NULL,'2024-01-14 15:44:20','2024-01-14 15:35:09'),(10165,NULL,NULL,'2024-01-14 15:44:20','2024-01-14 15:35:09'),(10166,NULL,NULL,'2024-01-14 15:44:20','2024-01-14 15:35:09'),(10167,NULL,NULL,'2024-01-14 15:44:20','2024-01-14 15:35:09'),(10168,NULL,NULL,'2024-01-14 15:44:20','2024-01-14 15:35:09'),(10169,NULL,NULL,'2024-01-14 15:44:20','2024-01-14 15:35:09'),(10170,NULL,NULL,'2024-01-14 15:44:20','2024-01-14 15:35:09'),(10171,NULL,NULL,'2024-01-14 15:44:20','2024-01-14 15:35:09'),(10172,NULL,NULL,'2024-01-14 15:44:20','2024-01-14 15:35:09'),(10173,NULL,NULL,'2024-01-14 15:44:20','2024-01-14 15:35:09'),(10174,NULL,NULL,'2024-01-14 15:44:20','2024-01-14 15:35:09'),(10175,NULL,NULL,'2024-01-14 15:44:20','2024-01-14 15:35:09'),(10176,NULL,NULL,'2024-01-14 15:44:20','2024-01-14 15:35:09'),(10177,NULL,NULL,'2024-01-14 15:44:20','2024-01-14 15:35:09'),(10178,NULL,NULL,'2024-01-14 15:44:20','2024-01-14 15:35:09'),(10179,NULL,NULL,'2024-01-14 15:44:20','2024-01-14 15:35:09'),(10180,NULL,NULL,'2024-01-14 15:44:20','2024-01-14 15:35:09'),(10181,NULL,NULL,'2024-01-14 15:44:20','2024-01-14 15:35:09'),(10182,NULL,NULL,'2024-01-14 15:44:20','2024-01-14 15:35:09'),(10183,NULL,NULL,'2024-01-14 15:44:20','2024-01-14 15:35:09'),(10184,NULL,NULL,'2024-01-14 15:44:20','2024-01-14 15:35:09'),(10185,NULL,NULL,'2024-01-14 15:44:20','2024-01-14 15:35:09'),(10186,NULL,NULL,'2024-01-14 15:44:20','2024-01-14 15:35:09'),(10187,NULL,NULL,'2024-01-14 15:44:20','2024-01-14 15:35:09'),(10188,NULL,NULL,'2024-01-14 15:44:20','2024-01-14 15:35:09'),(10189,NULL,NULL,'2024-01-14 15:44:20','2024-01-14 15:35:09'),(10190,NULL,NULL,'2024-01-14 15:44:20','2024-01-14 15:35:09'),(10191,NULL,NULL,'2024-01-14 15:44:20','2024-01-14 15:35:09'),(10192,NULL,NULL,'2024-01-14 15:44:20','2024-01-14 15:35:09'),(10193,NULL,NULL,'2024-01-14 15:44:20','2024-01-14 15:35:09'),(10194,NULL,NULL,'2024-01-14 15:44:20','2024-01-14 15:35:09'),(10195,NULL,NULL,'2024-01-14 15:44:20','2024-01-14 15:35:09'),(10196,NULL,NULL,'2024-01-14 15:44:20','2024-01-14 15:35:09'),(10197,NULL,NULL,'2024-01-14 15:44:20','2024-01-14 15:35:09'),(10198,NULL,NULL,'2024-01-14 15:44:20','2024-01-14 15:35:09'),(10199,NULL,NULL,'2024-01-14 15:44:20','2024-01-14 15:35:09'),(10200,NULL,NULL,'2024-01-14 15:44:20','2024-01-14 15:35:09'),(10201,NULL,NULL,'2024-01-14 15:44:20','2024-01-14 15:35:09'),(10202,NULL,NULL,'2024-01-14 16:51:18','2024-01-14 16:51:18');

--
-- Table structure for table `design_change`
--

CREATE TABLE `design_change` (
  `design_change_id` int(11) NOT NULL AUTO_INCREMENT COMMENT 'Design Change ID',
  `store_id` smallint(5) unsigned NOT NULL DEFAULT 0 COMMENT 'Store ID',
  `design` varchar(255) DEFAULT NULL COMMENT 'Design',
  `date_from` date DEFAULT NULL COMMENT 'First Date of Design Activity',
  `date_to` date DEFAULT NULL COMMENT 'Last Date of Design Activity',
  PRIMARY KEY (`design_change_id`),
  KEY `DESIGN_CHANGE_STORE_ID` (`store_id`),
  CONSTRAINT `DESIGN_CHANGE_STORE_ID_STORE_STORE_ID` FOREIGN KEY (`store_id`) REFERENCES `store` (`store_id`) ON DELETE CASCADE
) ENGINE=InnoDB DEFAULT CHARSET=utf8 COLLATE=utf8_general_ci COMMENT='Design Changes';

--
-- Dumping data for table `design_change`
--


--
-- Table structure for table `design_config_grid_flat`
--

CREATE TABLE `design_config_grid_flat` (
  `entity_id` int(10) unsigned NOT NULL COMMENT 'Entity ID',
  `store_website_id` int(11) DEFAULT NULL COMMENT 'Store_website_id',
  `store_group_id` int(11) DEFAULT NULL COMMENT 'Store_group_id',
  `store_id` int(11) DEFAULT NULL COMMENT 'Store_id',
  `theme_theme_id` varchar(255) DEFAULT NULL COMMENT 'Theme_theme_id',
  PRIMARY KEY (`entity_id`),
  KEY `DESIGN_CONFIG_GRID_FLAT_STORE_WEBSITE_ID` (`store_website_id`),
  KEY `DESIGN_CONFIG_GRID_FLAT_STORE_GROUP_ID` (`store_group_id`),
  KEY `DESIGN_CONFIG_GRID_FLAT_STORE_ID` (`store_id`),
  FULLTEXT KEY `DESIGN_CONFIG_GRID_FLAT_THEME_THEME_ID` (`theme_theme_id`)
) ENGINE=InnoDB DEFAULT CHARSET=utf8 COLLATE=utf8_general_ci COMMENT='design_config_grid_flat';

--
-- Dumping data for table `design_config_grid_flat`
--

INSERT INTO `design_config_grid_flat` VALUES (0,NULL,NULL,NULL,''),(1,1,NULL,NULL,''),(2,1,1,1,'10');

--
-- Table structure for table `directory_country`
--

CREATE TABLE `directory_country` (
  `country_id` varchar(2) NOT NULL COMMENT 'Country ID in ISO-2',
  `iso2_code` varchar(2) DEFAULT NULL COMMENT 'Country ISO-2 format',
  `iso3_code` varchar(3) DEFAULT NULL COMMENT 'Country ISO-3',
  PRIMARY KEY (`country_id`)
) ENGINE=InnoDB DEFAULT CHARSET=utf8 COLLATE=utf8_general_ci COMMENT='Directory Country';

--
-- Dumping data for table `directory_country`
--

INSERT INTO `directory_country` VALUES ('AD','AD','AND'),('AE','AE','ARE'),('AF','AF','AFG'),('AG','AG','ATG'),('AI','AI','AIA'),('AL','AL','ALB'),('AM','AM','ARM'),('AN','AN','ANT'),('AO','AO','AGO'),('AQ','AQ','ATA'),('AR','AR','ARG'),('AS','AS','ASM'),('AT','AT','AUT'),('AU','AU','AUS'),('AW','AW','ABW'),('AX','AX','ALA'),('AZ','AZ','AZE'),('BA','BA','BIH'),('BB','BB','BRB'),('BD','BD','BGD'),('BE','BE','BEL'),('BF','BF','BFA'),('BG','BG','BGR'),('BH','BH','BHR'),('BI','BI','BDI'),('BJ','BJ','BEN'),('BL','BL','BLM'),('BM','BM','BMU'),('BN','BN','BRN'),('BO','BO','BOL'),('BQ','BQ','BES'),('BR','BR','BRA'),('BS','BS','BHS'),('BT','BT','BTN'),('BV','BV','BVT'),('BW','BW','BWA'),('BY','BY','BLR'),('BZ','BZ','BLZ'),('CA','CA','CAN'),('CC','CC','CCK'),('CD','CD','COD'),('CF','CF','CAF'),('CG','CG','COG'),('CH','CH','CHE'),('CI','CI','CIV'),('CK','CK','COK'),('CL','CL','CHL'),('CM','CM','CMR'),('CN','CN','CHN'),('CO','CO','COL'),('CR','CR','CRI'),('CU','CU','CUB'),('CV','CV','CPV'),('CW','CW','CUW'),('CX','CX','CXR'),('CY','CY','CYP'),('CZ','CZ','CZE'),('DE','DE','DEU'),('DJ','DJ','DJI'),('DK','DK','DNK'),('DM','DM','DMA'),('DO','DO','DOM'),('DZ','DZ','DZA'),('EC','EC','ECU'),('EE','EE','EST'),('EG','EG','EGY'),('EH','EH','ESH'),('ER','ER','ERI'),('ES','ES','ESP'),('ET','ET','ETH'),('FI','FI','FIN'),('FJ','FJ','FJI'),('FK','FK','FLK'),('FM','FM','FSM'),('FO','FO','FRO'),('FR','FR','FRA'),('GA','GA','GAB'),('GB','GB','GBR'),('GD','GD','GRD'),('GE','GE','GEO'),('GF','GF','GUF'),('GG','GG','GGY'),('GH','GH','GHA'),('GI','GI','GIB'),('GL','GL','GRL'),('GM','GM','GMB'),('GN','GN','GIN'),('GP','GP','GLP'),('GQ','GQ','GNQ'),('GR','GR','GRC'),('GS','GS','SGS'),('GT','GT','GTM'),('GU','GU','GUM'),('GW','GW','GNB'),('GY','GY','GUY'),('HK','HK','HKG'),('HM','HM','HMD'),('HN','HN','HND'),('HR','HR','HRV'),('HT','HT','HTI'),('HU','HU','HUN'),('ID','ID','IDN'),('IE','IE','IRL'),('IL','IL','ISR'),('IM','IM','IMN'),('IN','IN','IND'),('IO','IO','IOT'),('IQ','IQ','IRQ'),('IR','IR','IRN'),('IS','IS','ISL'),('IT','IT','ITA'),('JE','JE','JEY'),('JM','JM','JAM'),('JO','JO','JOR'),('JP','JP','JPN'),('KE','KE','KEN'),('KG','KG','KGZ'),('KH','KH','KHM'),('KI','KI','KIR'),('KM','KM','COM'),('KN','KN','KNA'),('KP','KP','PRK'),('KR','KR','KOR'),('KW','KW','KWT'),('KY','KY','CYM'),('KZ','KZ','KAZ'),('LA','LA','LAO'),('LB','LB','LBN'),('LC','LC','LCA'),('LI','LI','LIE'),('LK','LK','LKA'),('LR','LR','LBR'),('LS','LS','LSO'),('LT','LT','LTU'),('LU','LU','LUX'),('LV','LV','LVA'),('LY','LY','LBY'),('MA','MA','MAR'),('MC','MC','MCO'),('MD','MD','MDA'),('ME','ME','MNE'),('MF','MF','MAF'),('MG','MG','MDG'),('MH','MH','MHL'),('MK','MK','MKD'),('ML','ML','MLI'),('MM','MM','MMR'),('MN','MN','MNG'),('MO','MO','MAC'),('MP','MP','MNP'),('MQ','MQ','MTQ'),('MR','MR','MRT'),('MS','MS','MSR'),('MT','MT','MLT'),('MU','MU','MUS'),('MV','MV','MDV'),('MW','MW','MWI'),('MX','MX','MEX'),('MY','MY','MYS'),('MZ','MZ','MOZ'),('NA','NA','NAM'),('NC','NC','NCL'),('NE','NE','NER'),('NF','NF','NFK'),('NG','NG','NGA'),('NI','NI','NIC'),('NL','NL','NLD'),('NO','NO','NOR'),('NP','NP','NPL'),('NR','NR','NRU'),('NU','NU','NIU'),('NZ','NZ','NZL'),('OM','OM','OMN'),('PA','PA','PAN'),('PE','PE','PER'),('PF','PF','PYF'),('PG','PG','PNG'),('PH','PH','PHL'),('PK','PK','PAK'),('PL','PL','POL'),('PM','PM','SPM'),('PN','PN','PCN'),('PS','PS','PSE'),('PT','PT','PRT'),('PW','PW','PLW'),('PY','PY','PRY'),('QA','QA','QAT'),('RE','RE','REU'),('RO','RO','ROU'),('RS','RS','SRB'),('RU','RU','RUS'),('RW','RW','RWA'),('SA','SA','SAU'),('SB','SB','SLB'),('SC','SC','SYC'),('SD','SD','SDN'),('SE','SE','SWE'),('SG','SG','SGP'),('SH','SH','SHN'),('SI','SI','SVN'),('SJ','SJ','SJM'),('SK','SK','SVK'),('SL','SL','SLE'),('SM','SM','SMR'),('SN','SN','SEN'),('SO','SO','SOM'),('SR','SR','SUR'),('ST','ST','STP'),('SV','SV','SLV'),('SX','SX','SXM'),('SY','SY','SYR'),('SZ','SZ','SWZ'),('TC','TC','TCA'),('TD','TD','TCD'),('TF','TF','ATF'),('TG','TG','TGO'),('TH','TH','THA'),('TJ','TJ','TJK'),('TK','TK','TKL'),('TL','TL','TLS'),('TM','TM','TKM'),('TN','TN','TUN'),('TO','TO','TON'),('TR','TR','TUR'),('TT','TT','TTO'),('TV','TV','TUV'),('TW','TW','TWN'),('TZ','TZ','TZA'),('UA','UA','UKR'),('UG','UG','UGA'),('UM','UM','UMI'),('US','US','USA'),('UY','UY','URY'),('UZ','UZ','UZB'),('VA','VA','VAT'),('VC','VC','VCT'),('VE','VE','VEN'),('VG','VG','VGB'),('VI','VI','VIR'),('VN','VN','VNM'),('VU','VU','VUT'),('WF','WF','WLF'),('WS','WS','WSM'),('XK','XK','XKX'),('YE','YE','YEM'),('YT','YT','MYT'),('ZA','ZA','ZAF'),('ZM','ZM','ZMB'),('ZW','ZW','ZWE');

--
-- Table structure for table `directory_country_format`
--

CREATE TABLE `directory_country_format` (
  `country_format_id` int(10) unsigned NOT NULL AUTO_INCREMENT COMMENT 'Country Format ID',
  `country_id` varchar(2) DEFAULT NULL COMMENT 'Country ID in ISO-2',
  `type` varchar(30) DEFAULT NULL COMMENT 'Country Format Type',
  `format` text NOT NULL COMMENT 'Country Format',
  PRIMARY KEY (`country_format_id`),
  UNIQUE KEY `DIRECTORY_COUNTRY_FORMAT_COUNTRY_ID_TYPE` (`country_id`,`type`)
) ENGINE=InnoDB DEFAULT CHARSET=utf8 COLLATE=utf8_general_ci COMMENT='Directory Country Format';

--
-- Dumping data for table `directory_country_format`
--


--
-- Table structure for table `directory_country_region`
--

CREATE TABLE `directory_country_region` (
  `region_id` int(10) unsigned NOT NULL AUTO_INCREMENT COMMENT 'Region ID',
  `country_id` varchar(4) NOT NULL DEFAULT '0' COMMENT 'Country ID in ISO-2',
  `code` varchar(32) DEFAULT NULL COMMENT 'Region code',
  `default_name` varchar(255) DEFAULT NULL COMMENT 'Region Name',
  PRIMARY KEY (`region_id`),
  KEY `DIRECTORY_COUNTRY_REGION_COUNTRY_ID` (`country_id`)
) ENGINE=InnoDB AUTO_INCREMENT=1122 DEFAULT CHARSET=utf8 COLLATE=utf8_general_ci COMMENT='Directory Country Region';

--
-- Dumping data for table `directory_country_region`
--

INSERT INTO `directory_country_region` VALUES (1,'US','AL','Alabama'),(2,'US','AK','Alaska'),(3,'US','AS','American Samoa'),(4,'US','AZ','Arizona'),(5,'US','AR','Arkansas'),(6,'US','AE','Armed Forces Africa'),(7,'US','AA','Armed Forces Americas'),(8,'US','AE','Armed Forces Canada'),(9,'US','AE','Armed Forces Europe'),(10,'US','AE','Armed Forces Middle East'),(11,'US','AP','Armed Forces Pacific'),(12,'US','CA','California'),(13,'US','CO','Colorado'),(14,'US','CT','Connecticut'),(15,'US','DE','Delaware'),(16,'US','DC','District of Columbia'),(17,'US','FM','Federated States Of Micronesia'),(18,'US','FL','Florida'),(19,'US','GA','Georgia'),(20,'US','GU','Guam'),(21,'US','HI','Hawaii'),(22,'US','ID','Idaho'),(23,'US','IL','Illinois'),(24,'US','IN','Indiana'),(25,'US','IA','Iowa'),(26,'US','KS','Kansas'),(27,'US','KY','Kentucky'),(28,'US','LA','Louisiana'),(29,'US','ME','Maine'),(30,'US','MH','Marshall Islands'),(31,'US','MD','Maryland'),(32,'US','MA','Massachusetts'),(33,'US','MI','Michigan'),(34,'US','MN','Minnesota'),(35,'US','MS','Mississippi'),(36,'US','MO','Missouri'),(37,'US','MT','Montana'),(38,'US','NE','Nebraska'),(39,'US','NV','Nevada'),(40,'US','NH','New Hampshire'),(41,'US','NJ','New Jersey'),(42,'US','NM','New Mexico'),(43,'US','NY','New York'),(44,'US','NC','North Carolina'),(45,'US','ND','North Dakota'),(46,'US','MP','Northern Mariana Islands'),(47,'US','OH','Ohio'),(48,'US','OK','Oklahoma'),(49,'US','OR','Oregon'),(50,'US','PW','Palau'),(51,'US','PA','Pennsylvania'),(52,'US','PR','Puerto Rico'),(53,'US','RI','Rhode Island'),(54,'US','SC','South Carolina'),(55,'US','SD','South Dakota'),(56,'US','TN','Tennessee'),(57,'US','TX','Texas'),(58,'US','UT','Utah'),(59,'US','VT','Vermont'),(60,'US','VI','Virgin Islands'),(61,'US','VA','Virginia'),(62,'US','WA','Washington'),(63,'US','WV','West Virginia'),(64,'US','WI','Wisconsin'),(65,'US','WY','Wyoming'),(66,'CA','AB','Alberta'),(67,'CA','BC','British Columbia'),(68,'CA','MB','Manitoba'),(69,'CA','NL','Newfoundland and Labrador'),(70,'CA','NB','New Brunswick'),(71,'CA','NS','Nova Scotia'),(72,'CA','NT','Northwest Territories'),(73,'CA','NU','Nunavut'),(74,'CA','ON','Ontario'),(75,'CA','PE','Prince Edward Island'),(76,'CA','QC','Quebec'),(77,'CA','SK','Saskatchewan'),(78,'CA','YT','Yukon Territory'),(79,'DE','NDS','Niedersachsen'),(80,'DE','BAW','Baden-Württemberg'),(81,'DE','BAY','Bayern'),(82,'DE','BER','Berlin'),(83,'DE','BRG','Brandenburg'),(84,'DE','BRE','Bremen'),(85,'DE','HAM','Hamburg'),(86,'DE','HES','Hessen'),(87,'DE','MEC','Mecklenburg-Vorpommern'),(88,'DE','NRW','Nordrhein-Westfalen'),(89,'DE','RHE','Rheinland-Pfalz'),(90,'DE','SAR','Saarland'),(91,'DE','SAS','Sachsen'),(92,'DE','SAC','Sachsen-Anhalt'),(93,'DE','SCN','Schleswig-Holstein'),(94,'DE','THE','Thüringen'),(95,'AT','WI','Wien'),(96,'AT','NO','Niederösterreich'),(97,'AT','OO','Oberösterreich'),(98,'AT','SB','Salzburg'),(99,'AT','KN','Kärnten'),(100,'AT','ST','Steiermark'),(101,'AT','TI','Tirol'),(102,'AT','BL','Burgenland'),(103,'AT','VB','Vorarlberg'),(104,'CH','AG','Aargau'),(105,'CH','AI','Appenzell Innerrhoden'),(106,'CH','AR','Appenzell Ausserrhoden'),(107,'CH','BE','Bern'),(108,'CH','BL','Basel-Landschaft'),(109,'CH','BS','Basel-Stadt'),(110,'CH','FR','Friburg'),(111,'CH','GE','Geneva'),(112,'CH','GL','Glarus'),(113,'CH','GR','Graubünden'),(114,'CH','JU','Jura'),(115,'CH','LU','Lucerne'),(116,'CH','NE','Neuchâtel'),(117,'CH','NW','Nidwalden'),(118,'CH','OW','Obwalden'),(119,'CH','SG','St. Gallen'),(120,'CH','SH','Schaffhausen'),(121,'CH','SO','Solothurn'),(122,'CH','SZ','Schwyz'),(123,'CH','TG','Thurgau'),(124,'CH','TI','Ticino'),(125,'CH','UR','Uri'),(126,'CH','VD','Vaud'),(127,'CH','VS','Wallis'),(128,'CH','ZG','Zug'),(129,'CH','ZH','Zürich'),(130,'ES','A Coruсa','A Coruña'),(131,'ES','Alava','Alava'),(132,'ES','Albacete','Albacete'),(133,'ES','Alicante','Alicante'),(134,'ES','Almeria','Almeria'),(135,'ES','Asturias','Asturias'),(136,'ES','Avila','Avila'),(137,'ES','Badajoz','Badajoz'),(138,'ES','Baleares','Baleares'),(139,'ES','Barcelona','Barcelona'),(140,'ES','Burgos','Burgos'),(141,'ES','Caceres','Caceres'),(142,'ES','Cadiz','Cadiz'),(143,'ES','Cantabria','Cantabria'),(144,'ES','Castellon','Castellon'),(145,'ES','Ceuta','Ceuta'),(146,'ES','Ciudad Real','Ciudad Real'),(147,'ES','Cordoba','Cordoba'),(148,'ES','Cuenca','Cuenca'),(149,'ES','Girona','Girona'),(150,'ES','Granada','Granada'),(151,'ES','Guadalajara','Guadalajara'),(152,'ES','Guipuzcoa','Guipuzcoa'),(153,'ES','Huelva','Huelva'),(154,'ES','Huesca','Huesca'),(155,'ES','Jaen','Jaen'),(156,'ES','La Rioja','La Rioja'),(157,'ES','Las Palmas','Las Palmas'),(158,'ES','Leon','Leon'),(159,'ES','Lleida','Lleida'),(160,'ES','Lugo','Lugo'),(161,'ES','Madrid','Madrid'),(162,'ES','Malaga','Malaga'),(163,'ES','Melilla','Melilla'),(164,'ES','Murcia','Murcia'),(165,'ES','Navarra','Navarra'),(166,'ES','Ourense','Ourense'),(167,'ES','Palencia','Palencia'),(168,'ES','Pontevedra','Pontevedra'),(169,'ES','Salamanca','Salamanca'),(170,'ES','Santa Cruz de Tenerife','Santa Cruz de Tenerife'),(171,'ES','Segovia','Segovia'),(172,'ES','Sevilla','Sevilla'),(173,'ES','Soria','Soria'),(174,'ES','Tarragona','Tarragona'),(175,'ES','Teruel','Teruel'),(176,'ES','Toledo','Toledo'),(177,'ES','Valencia','Valencia'),(178,'ES','Valladolid','Valladolid'),(179,'ES','Vizcaya','Vizcaya'),(180,'ES','Zamora','Zamora'),(181,'ES','Zaragoza','Zaragoza'),(182,'FR','1','Ain'),(183,'FR','2','Aisne'),(184,'FR','3','Allier'),(185,'FR','4','Alpes-de-Haute-Provence'),(186,'FR','5','Hautes-Alpes'),(187,'FR','6','Alpes-Maritimes'),(188,'FR','7','Ardèche'),(189,'FR','8','Ardennes'),(190,'FR','9','Ariège'),(191,'FR','10','Aube'),(192,'FR','11','Aude'),(193,'FR','12','Aveyron'),(194,'FR','13','Bouches-du-Rhône'),(195,'FR','14','Calvados'),(196,'FR','15','Cantal'),(197,'FR','16','Charente'),(198,'FR','17','Charente-Maritime'),(199,'FR','18','Cher'),(200,'FR','19','Corrèze'),(201,'FR','2A','Corse-du-Sud'),(202,'FR','2B','Haute-Corse'),(203,'FR','21','Côte-d\'Or'),(204,'FR','22','Côtes-d\'Armor'),(205,'FR','23','Creuse'),(206,'FR','24','Dordogne'),(207,'FR','25','Doubs'),(208,'FR','26','Drôme'),(209,'FR','27','Eure'),(210,'FR','28','Eure-et-Loir'),(211,'FR','29','Finistère'),(212,'FR','30','Gard'),(213,'FR','31','Haute-Garonne'),(214,'FR','32','Gers'),(215,'FR','33','Gironde'),(216,'FR','34','Hérault'),(217,'FR','35','Ille-et-Vilaine'),(218,'FR','36','Indre'),(219,'FR','37','Indre-et-Loire'),(220,'FR','38','Isère'),(221,'FR','39','Jura'),(222,'FR','40','Landes'),(223,'FR','41','Loir-et-Cher'),(224,'FR','42','Loire'),(225,'FR','43','Haute-Loire'),(226,'FR','44','Loire-Atlantique'),(227,'FR','45','Loiret'),(228,'FR','46','Lot'),(229,'FR','47','Lot-et-Garonne'),(230,'FR','48','Lozère'),(231,'FR','49','Maine-et-Loire'),(232,'FR','50','Manche'),(233,'FR','51','Marne'),(234,'FR','52','Haute-Marne'),(235,'FR','53','Mayenne'),(236,'FR','54','Meurthe-et-Moselle'),(237,'FR','55','Meuse'),(238,'FR','56','Morbihan'),(239,'FR','57','Moselle'),(240,'FR','58','Nièvre'),(241,'FR','59','Nord'),(242,'FR','60','Oise'),(243,'FR','61','Orne'),(244,'FR','62','Pas-de-Calais'),(245,'FR','63','Puy-de-Dôme'),(246,'FR','64','Pyrénées-Atlantiques'),(247,'FR','65','Hautes-Pyrénées'),(248,'FR','66','Pyrénées-Orientales'),(249,'FR','67','Bas-Rhin'),(250,'FR','68','Haut-Rhin'),(251,'FR','69','Rhône'),(252,'FR','70','Haute-Saône'),(253,'FR','71','Saône-et-Loire'),(254,'FR','72','Sarthe'),(255,'FR','73','Savoie'),(256,'FR','74','Haute-Savoie'),(257,'FR','75','Paris'),(258,'FR','76','Seine-Maritime'),(259,'FR','77','Seine-et-Marne'),(260,'FR','78','Yvelines'),(261,'FR','79','Deux-Sèvres'),(262,'FR','80','Somme'),(263,'FR','81','Tarn'),(264,'FR','82','Tarn-et-Garonne'),(265,'FR','83','Var'),(266,'FR','84','Vaucluse'),(267,'FR','85','Vendée'),(268,'FR','86','Vienne'),(269,'FR','87','Haute-Vienne'),(270,'FR','88','Vosges'),(271,'FR','89','Yonne'),(272,'FR','90','Territoire-de-Belfort'),(273,'FR','91','Essonne'),(274,'FR','92','Hauts-de-Seine'),(275,'FR','93','Seine-Saint-Denis'),(276,'FR','94','Val-de-Marne'),(277,'FR','95','Val-d\'Oise'),(278,'RO','AB','Alba'),(279,'RO','AR','Arad'),(280,'RO','AG','Argeş'),(281,'RO','BC','Bacău'),(282,'RO','BH','Bihor'),(283,'RO','BN','Bistriţa-Năsăud'),(284,'RO','BT','Botoşani'),(285,'RO','BV','Braşov'),(286,'RO','BR','Brăila'),(287,'RO','B','Bucureşti'),(288,'RO','BZ','Buzău'),(289,'RO','CS','Caraş-Severin'),(290,'RO','CL','Călăraşi'),(291,'RO','CJ','Cluj'),(292,'RO','CT','Constanţa'),(293,'RO','CV','Covasna'),(294,'RO','DB','Dâmboviţa'),(295,'RO','DJ','Dolj'),(296,'RO','GL','Galaţi'),(297,'RO','GR','Giurgiu'),(298,'RO','GJ','Gorj'),(299,'RO','HR','Harghita'),(300,'RO','HD','Hunedoara'),(301,'RO','IL','Ialomiţa'),(302,'RO','IS','Iaşi'),(303,'RO','IF','Ilfov'),(304,'RO','MM','Maramureş'),(305,'RO','MH','Mehedinţi'),(306,'RO','MS','Mureş'),(307,'RO','NT','Neamţ'),(308,'RO','OT','Olt'),(309,'RO','PH','Prahova'),(310,'RO','SM','Satu-Mare'),(311,'RO','SJ','Sălaj'),(312,'RO','SB','Sibiu'),(313,'RO','SV','Suceava'),(314,'RO','TR','Teleorman'),(315,'RO','TM','Timiş'),(316,'RO','TL','Tulcea'),(317,'RO','VS','Vaslui'),(318,'RO','VL','Vâlcea'),(319,'RO','VN','Vrancea'),(320,'FI','Lappi','Lappi'),(321,'FI','Pohjois-Pohjanmaa','Pohjois-Pohjanmaa'),(322,'FI','Kainuu','Kainuu'),(323,'FI','Pohjois-Karjala','Pohjois-Karjala'),(324,'FI','Pohjois-Savo','Pohjois-Savo'),(325,'FI','Etelä-Savo','Etelä-Savo'),(326,'FI','Etelä-Pohjanmaa','Etelä-Pohjanmaa'),(327,'FI','Pohjanmaa','Pohjanmaa'),(328,'FI','Pirkanmaa','Pirkanmaa'),(329,'FI','Satakunta','Satakunta'),(330,'FI','Keski-Pohjanmaa','Keski-Pohjanmaa'),(331,'FI','Keski-Suomi','Keski-Suomi'),(332,'FI','Varsinais-Suomi','Varsinais-Suomi'),(333,'FI','Etelä-Karjala','Etelä-Karjala'),(334,'FI','Päijät-Häme','Päijät-Häme'),(335,'FI','Kanta-Häme','Kanta-Häme'),(336,'FI','Uusimaa','Uusimaa'),(337,'FI','Itä-Uusimaa','Itä-Uusimaa'),(338,'FI','Kymenlaakso','Kymenlaakso'),(339,'FI','Ahvenanmaa','Ahvenanmaa'),(340,'EE','EE-37','Harjumaa'),(341,'EE','EE-39','Hiiumaa'),(342,'EE','EE-44','Ida-Virumaa'),(343,'EE','EE-49','Jõgevamaa'),(344,'EE','EE-51','Järvamaa'),(345,'EE','EE-57','Läänemaa'),(346,'EE','EE-59','Lääne-Virumaa'),(347,'EE','EE-65','Põlvamaa'),(348,'EE','EE-67','Pärnumaa'),(349,'EE','EE-70','Raplamaa'),(350,'EE','EE-74','Saaremaa'),(351,'EE','EE-78','Tartumaa'),(352,'EE','EE-82','Valgamaa'),(353,'EE','EE-84','Viljandimaa'),(354,'EE','EE-86','Võrumaa'),(355,'LV','LV-DGV','Daugavpils'),(356,'LV','LV-JEL','Jelgava'),(357,'LV','Jēkabpils','Jēkabpils'),(358,'LV','LV-JUR','Jūrmala'),(359,'LV','LV-LPX','Liepāja'),(360,'LV','LV-LE','Liepājas novads'),(361,'LV','LV-REZ','Rēzekne'),(362,'LV','LV-RIX','Rīga'),(363,'LV','LV-RI','Rīgas novads'),(364,'LV','Valmiera','Valmiera'),(365,'LV','LV-VEN','Ventspils'),(366,'LV','Aglonas novads','Aglonas novads'),(367,'LV','LV-AI','Aizkraukles novads'),(368,'LV','Aizputes novads','Aizputes novads'),(369,'LV','Aknīstes novads','Aknīstes novads'),(370,'LV','Alojas novads','Alojas novads'),(371,'LV','Alsungas novads','Alsungas novads'),(372,'LV','LV-AL','Alūksnes novads'),(373,'LV','Amatas novads','Amatas novads'),(374,'LV','Apes novads','Apes novads'),(375,'LV','Auces novads','Auces novads'),(376,'LV','Babītes novads','Babītes novads'),(377,'LV','Baldones novads','Baldones novads'),(378,'LV','Baltinavas novads','Baltinavas novads'),(379,'LV','LV-BL','Balvu novads'),(380,'LV','LV-BU','Bauskas novads'),(381,'LV','Beverīnas novads','Beverīnas novads'),(382,'LV','Brocēnu novads','Brocēnu novads'),(383,'LV','Burtnieku novads','Burtnieku novads'),(384,'LV','Carnikavas novads','Carnikavas novads'),(385,'LV','Cesvaines novads','Cesvaines novads'),(386,'LV','Ciblas novads','Ciblas novads'),(387,'LV','LV-CE','Cēsu novads'),(388,'LV','Dagdas novads','Dagdas novads'),(389,'LV','LV-DA','Daugavpils novads'),(390,'LV','LV-DO','Dobeles novads'),(391,'LV','Dundagas novads','Dundagas novads'),(392,'LV','Durbes novads','Durbes novads'),(393,'LV','Engures novads','Engures novads'),(394,'LV','Garkalnes novads','Garkalnes novads'),(395,'LV','Grobiņas novads','Grobiņas novads'),(396,'LV','LV-GU','Gulbenes novads'),(397,'LV','Iecavas novads','Iecavas novads'),(398,'LV','Ikšķiles novads','Ikšķiles novads'),(399,'LV','Ilūkstes novads','Ilūkstes novads'),(400,'LV','Inčukalna novads','Inčukalna novads'),(401,'LV','Jaunjelgavas novads','Jaunjelgavas novads'),(402,'LV','Jaunpiebalgas novads','Jaunpiebalgas novads'),(403,'LV','Jaunpils novads','Jaunpils novads'),(404,'LV','LV-JL','Jelgavas novads'),(405,'LV','LV-JK','Jēkabpils novads'),(406,'LV','Kandavas novads','Kandavas novads'),(407,'LV','Kokneses novads','Kokneses novads'),(408,'LV','Krimuldas novads','Krimuldas novads'),(409,'LV','Krustpils novads','Krustpils novads'),(410,'LV','LV-KR','Krāslavas novads'),(411,'LV','LV-KU','Kuldīgas novads'),(412,'LV','Kārsavas novads','Kārsavas novads'),(413,'LV','Lielvārdes novads','Lielvārdes novads'),(414,'LV','LV-LM','Limbažu novads'),(415,'LV','Lubānas novads','Lubānas novads'),(416,'LV','LV-LU','Ludzas novads'),(417,'LV','Līgatnes novads','Līgatnes novads'),(418,'LV','Līvānu novads','Līvānu novads'),(419,'LV','LV-MA','Madonas novads'),(420,'LV','Mazsalacas novads','Mazsalacas novads'),(421,'LV','Mālpils novads','Mālpils novads'),(422,'LV','Mārupes novads','Mārupes novads'),(423,'LV','Naukšēnu novads','Naukšēnu novads'),(424,'LV','Neretas novads','Neretas novads'),(425,'LV','Nīcas novads','Nīcas novads'),(426,'LV','LV-OG','Ogres novads'),(427,'LV','Olaines novads','Olaines novads'),(428,'LV','Ozolnieku novads','Ozolnieku novads'),(429,'LV','LV-PR','Preiļu novads'),(430,'LV','Priekules novads','Priekules novads'),(431,'LV','Priekuļu novads','Priekuļu novads'),(432,'LV','Pārgaujas novads','Pārgaujas novads'),(433,'LV','Pāvilostas novads','Pāvilostas novads'),(434,'LV','Pļaviņu novads','Pļaviņu novads'),(435,'LV','Raunas novads','Raunas novads'),(436,'LV','Riebiņu novads','Riebiņu novads'),(437,'LV','Rojas novads','Rojas novads'),(438,'LV','Ropažu novads','Ropažu novads'),(439,'LV','Rucavas novads','Rucavas novads'),(440,'LV','Rugāju novads','Rugāju novads'),(441,'LV','Rundāles novads','Rundāles novads'),(442,'LV','LV-RE','Rēzeknes novads'),(443,'LV','Rūjienas novads','Rūjienas novads'),(444,'LV','Salacgrīvas novads','Salacgrīvas novads'),(445,'LV','Salas novads','Salas novads'),(446,'LV','Salaspils novads','Salaspils novads'),(447,'LV','LV-SA','Saldus novads'),(448,'LV','Saulkrastu novads','Saulkrastu novads'),(449,'LV','Siguldas novads','Siguldas novads'),(450,'LV','Skrundas novads','Skrundas novads'),(451,'LV','Skrīveru novads','Skrīveru novads'),(452,'LV','Smiltenes novads','Smiltenes novads'),(453,'LV','Stopiņu novads','Stopiņu novads'),(454,'LV','Strenču novads','Strenču novads'),(455,'LV','Sējas novads','Sējas novads'),(456,'LV','LV-TA','Talsu novads'),(457,'LV','LV-TU','Tukuma novads'),(458,'LV','Tērvetes novads','Tērvetes novads'),(459,'LV','Vaiņodes novads','Vaiņodes novads'),(460,'LV','LV-VK','Valkas novads'),(461,'LV','LV-VM','Valmieras novads'),(462,'LV','Varakļānu novads','Varakļānu novads'),(463,'LV','Vecpiebalgas novads','Vecpiebalgas novads'),(464,'LV','Vecumnieku novads','Vecumnieku novads'),(465,'LV','LV-VE','Ventspils novads'),(466,'LV','Viesītes novads','Viesītes novads'),(467,'LV','Viļakas novads','Viļakas novads'),(468,'LV','Viļānu novads','Viļānu novads'),(469,'LV','Vārkavas novads','Vārkavas novads'),(470,'LV','Zilupes novads','Zilupes novads'),(471,'LV','Ādažu novads','Ādažu novads'),(472,'LV','Ērgļu novads','Ērgļu novads'),(473,'LV','Ķeguma novads','Ķeguma novads'),(474,'LV','Ķekavas novads','Ķekavas novads'),(475,'LT','LT-AL','Alytaus Apskritis'),(476,'LT','LT-KU','Kauno Apskritis'),(477,'LT','LT-KL','Klaipėdos Apskritis'),(478,'LT','LT-MR','Marijampolės Apskritis'),(479,'LT','LT-PN','Panevėžio Apskritis'),(480,'LT','LT-SA','Šiaulių Apskritis'),(481,'LT','LT-TA','Tauragės Apskritis'),(482,'LT','LT-TE','Telšių Apskritis'),(483,'LT','LT-UT','Utenos Apskritis'),(484,'LT','LT-VL','Vilniaus Apskritis'),(485,'BR','AC','Acre'),(486,'BR','AL','Alagoas'),(487,'BR','AP','Amapá'),(488,'BR','AM','Amazonas'),(489,'BR','BA','Bahia'),(490,'BR','CE','Ceará'),(491,'BR','ES','Espírito Santo'),(492,'BR','GO','Goiás'),(493,'BR','MA','Maranhão'),(494,'BR','MT','Mato Grosso'),(495,'BR','MS','Mato Grosso do Sul'),(496,'BR','MG','Minas Gerais'),(497,'BR','PA','Pará'),(498,'BR','PB','Paraíba'),(499,'BR','PR','Paraná'),(500,'BR','PE','Pernambuco'),(501,'BR','PI','Piauí'),(502,'BR','RJ','Rio de Janeiro'),(503,'BR','RN','Rio Grande do Norte'),(504,'BR','RS','Rio Grande do Sul'),(505,'BR','RO','Rondônia'),(506,'BR','RR','Roraima'),(507,'BR','SC','Santa Catarina'),(508,'BR','SP','São Paulo'),(509,'BR','SE','Sergipe'),(510,'BR','TO','Tocantins'),(511,'BR','DF','Distrito Federal'),(512,'HR','HR-01','Zagrebačka županija'),(513,'HR','HR-02','Krapinsko-zagorska županija'),(514,'HR','HR-03','Sisačko-moslavačka županija'),(515,'HR','HR-04','Karlovačka županija'),(516,'HR','HR-05','Varaždinska županija'),(517,'HR','HR-06','Koprivničko-križevačka županija'),(518,'HR','HR-07','Bjelovarsko-bilogorska županija'),(519,'HR','HR-08','Primorsko-goranska županija'),(520,'HR','HR-09','Ličko-senjska županija'),(521,'HR','HR-10','Virovitičko-podravska županija'),(522,'HR','HR-11','Požeško-slavonska županija'),(523,'HR','HR-12','Brodsko-posavska županija'),(524,'HR','HR-13','Zadarska županija'),(525,'HR','HR-14','Osječko-baranjska županija'),(526,'HR','HR-15','Šibensko-kninska županija'),(527,'HR','HR-16','Vukovarsko-srijemska županija'),(528,'HR','HR-17','Splitsko-dalmatinska županija'),(529,'HR','HR-18','Istarska županija'),(530,'HR','HR-19','Dubrovačko-neretvanska županija'),(531,'HR','HR-20','Međimurska županija'),(532,'HR','HR-21','Grad Zagreb'),(533,'IN','AN','Andaman and Nicobar Islands'),(534,'IN','AP','Andhra Pradesh'),(535,'IN','AR','Arunachal Pradesh'),(536,'IN','AS','Assam'),(537,'IN','BR','Bihar'),(538,'IN','CH','Chandigarh'),(539,'IN','CT','Chhattisgarh'),(540,'IN','DN','Dadra and Nagar Haveli'),(541,'IN','DD','Daman and Diu'),(542,'IN','DL','Delhi'),(543,'IN','GA','Goa'),(544,'IN','GJ','Gujarat'),(545,'IN','HR','Haryana'),(546,'IN','HP','Himachal Pradesh'),(547,'IN','JK','Jammu and Kashmir'),(548,'IN','JH','Jharkhand'),(549,'IN','KA','Karnataka'),(550,'IN','KL','Kerala'),(551,'IN','LD','Lakshadweep'),(552,'IN','MP','Madhya Pradesh'),(553,'IN','MH','Maharashtra'),(554,'IN','MN','Manipur'),(555,'IN','ML','Meghalaya'),(556,'IN','MZ','Mizoram'),(557,'IN','NL','Nagaland'),(558,'IN','OR','Odisha'),(559,'IN','PY','Puducherry'),(560,'IN','PB','Punjab'),(561,'IN','RJ','Rajasthan'),(562,'IN','SK','Sikkim'),(563,'IN','TN','Tamil Nadu'),(564,'IN','TG','Telangana'),(565,'IN','TR','Tripura'),(566,'IN','UP','Uttar Pradesh'),(567,'IN','UT','Uttarakhand'),(568,'IN','WB','West Bengal'),(569,'AU','ACT','Australian Capital Territory'),(570,'AU','NSW','New South Wales'),(571,'AU','VIC','Victoria'),(572,'AU','QLD','Queensland'),(573,'AU','SA','South Australia'),(574,'AU','TAS','Tasmania'),(575,'AU','WA','Western Australia'),(576,'AU','NT','Northern Territory'),(577,'AL','AL-01','Berat'),(578,'AL','AL-09','Dibër'),(579,'AL','AL-02','Durrës'),(580,'AL','AL-03','Elbasan'),(581,'AL','AL-04','Fier'),(582,'AL','AL-05','Gjirokastër'),(583,'AL','AL-06','Korçë'),(584,'AL','AL-07','Kukës'),(585,'AL','AL-08','Lezhë'),(586,'AL','AL-10','Shkodër'),(587,'AL','AL-11','Tiranë'),(588,'AL','AL-12','Vlorë'),(589,'AR','AR-C','Ciudad Autónoma de Buenos Aires'),(590,'AR','AR-B','Buenos Aires'),(591,'AR','AR-K','Catamarca'),(592,'AR','AR-H','Chaco'),(593,'AR','AR-U','Chubut'),(594,'AR','AR-X','Córdoba'),(595,'AR','AR-W','Corrientes'),(596,'AR','AR-E','Entre Ríos'),(597,'AR','AR-P','Formosa'),(598,'AR','AR-Y','Jujuy'),(599,'AR','AR-L','La Pampa'),(600,'AR','AR-F','La Rioja'),(601,'AR','AR-M','Mendoza'),(602,'AR','AR-N','Misiones'),(603,'AR','AR-Q','Neuquén'),(604,'AR','AR-R','Río Negro'),(605,'AR','AR-A','Salta'),(606,'AR','AR-J','San Juan'),(607,'AR','AR-D','San Luis'),(608,'AR','AR-Z','Santa Cruz'),(609,'AR','AR-S','Santa Fe'),(610,'AR','AR-G','Santiago del Estero'),(611,'AR','AR-V','Tierra del Fuego'),(612,'AR','AR-T','Tucumán'),(613,'BY','BY-BR','Bresckaja voblasć'),(614,'BY','BY-HO','Homieĺskaja voblasć'),(615,'BY','BY-HM','Horad Minsk'),(616,'BY','BY-HR','Hrodzienskaja voblasć'),(617,'BY','BY-MA','Mahilioŭskaja voblasć'),(618,'BY','BY-MI','Minskaja voblasć'),(619,'BY','BY-VI','Viciebskaja voblasć'),(620,'BE','VAN','Antwerpen'),(621,'BE','WBR','Brabant wallon'),(622,'BE','BRU','Brussels-Capital Region'),(623,'BE','WHT','Hainaut'),(624,'BE','VLI','Limburg'),(625,'BE','WLG','Liège'),(626,'BE','WLX','Luxembourg'),(627,'BE','WNA','Namur'),(628,'BE','VOV','Oost-Vlaanderen'),(629,'BE','VBR','Vlaams-Brabant'),(630,'BE','VWV','West-Vlaanderen'),(631,'BO','BO-C','Cochabamba'),(632,'BO','BO-H','Chuquisaca'),(633,'BO','BO-B','El Beni'),(634,'BO','BO-L','La Paz'),(635,'BO','BO-O','Oruro'),(636,'BO','BO-N','Pando'),(637,'BO','BO-P','Potosí'),(638,'BO','BO-S','Santa Cruz'),(639,'BO','BO-T','Tarija'),(640,'BG','BG-01','Blagoevgrad'),(641,'BG','BG-02','Burgas'),(642,'BG','BG-03','Varna'),(643,'BG','BG-04','Veliko Tarnovo'),(644,'BG','BG-05','Vidin'),(645,'BG','BG-06','Vratsa'),(646,'BG','BG-07','Gabrovo'),(647,'BG','BG-08','Dobrich'),(648,'BG','BG-09','Kardzhali'),(649,'BG','BG-10','Kyustendil'),(650,'BG','BG-11','Lovech'),(651,'BG','BG-12','Montana'),(652,'BG','BG-13','Pazardzhik'),(653,'BG','BG-14','Pernik'),(654,'BG','BG-15','Pleven'),(655,'BG','BG-16','Plovdiv'),(656,'BG','BG-17','Razgrad'),(657,'BG','BG-18','Ruse'),(658,'BG','BG-19','Silistra'),(659,'BG','BG-20','Sliven'),(660,'BG','BG-21','Smolyan'),(661,'BG','BG-22','Sofia City'),(662,'BG','BG-23','Sofia Province'),(663,'BG','BG-24','Stara Zagora'),(664,'BG','BG-25','Targovishte'),(665,'BG','BG-26','Haskovo'),(666,'BG','BG-27','Shumen'),(667,'BG','BG-28','Yambol'),(668,'CL','CL-AI','Aisén del General Carlos Ibañez del Campo'),(669,'CL','CL-AN','Antofagasta'),(670,'CL','CL-AP','Arica y Parinacota'),(671,'CL','CL-AR','La Araucanía'),(672,'CL','CL-AT','Atacama'),(673,'CL','CL-BI','Biobío'),(674,'CL','CL-CO','Coquimbo'),(675,'CL','CL-LI','Libertador General Bernardo O\'Higgins'),(676,'CL','CL-LL','Los Lagos'),(677,'CL','CL-LR','Los Ríos'),(678,'CL','CL-MA','Magallanes'),(679,'CL','CL-ML','Maule'),(680,'CL','CL-NB','Ñuble'),(681,'CL','CL-RM','Región Metropolitana de Santiago'),(682,'CL','CL-TA','Tarapacá'),(683,'CL','CL-VS','Valparaíso'),(684,'CN','CN-AH','Anhui Sheng'),(685,'CN','CN-BJ','Beijing Shi'),(686,'CN','CN-CQ','Chongqing Shi'),(687,'CN','CN-FJ','Fujian Sheng'),(688,'CN','CN-GS','Gansu Sheng'),(689,'CN','CN-GD','Guangdong Sheng'),(690,'CN','CN-GX','Guangxi Zhuangzu Zizhiqu'),(691,'CN','CN-GZ','Guizhou Sheng'),(692,'CN','CN-HI','Hainan Sheng'),(693,'CN','CN-HE','Hebei Sheng'),(694,'CN','CN-HL','Heilongjiang Sheng'),(695,'CN','CN-HA','Henan Sheng'),(696,'CN','CN-HK','Hong Kong SAR'),(697,'CN','CN-HB','Hubei Sheng'),(698,'CN','CN-HN','Hunan Sheng'),(699,'CN','CN-JS','Jiangsu Sheng'),(700,'CN','CN-JX','Jiangxi Sheng'),(701,'CN','CN-JL','Jilin Sheng'),(702,'CN','CN-LN','Liaoning Sheng'),(703,'CN','CN-MO','Macao SAR'),(704,'CN','CN-NM','Nei Mongol Zizhiqu'),(705,'CN','CN-NX','Ningxia Huizi Zizhiqu'),(706,'CN','CN-QH','Qinghai Sheng'),(707,'CN','CN-SN','Shaanxi Sheng'),(708,'CN','CN-SD','Shandong Sheng'),(709,'CN','CN-SH','Shanghai Shi'),(710,'CN','CN-SX','Shanxi Sheng'),(711,'CN','CN-SC','Sichuan Sheng'),(712,'CN','CN-TW','Taiwan Sheng'),(713,'CN','CN-TJ','Tianjin Shi'),(714,'CN','CN-XJ','Xinjiang Uygur Zizhiqu'),(715,'CN','CN-XZ','Xizang Zizhiqu'),(716,'CN','CN-YN','Yunnan Sheng'),(717,'CN','CN-ZJ','Zhejiang Sheng'),(718,'CO','CO-AMA','Amazonas'),(719,'CO','CO-ANT','Antioquia'),(720,'CO','CO-ARA','Arauca'),(721,'CO','CO-ATL','Atlántico'),(722,'CO','CO-BOL','Bolívar'),(723,'CO','CO-BOY','Boyacá'),(724,'CO','CO-CAL','Caldas'),(725,'CO','CO-CAQ','Caquetá'),(726,'CO','CO-CAS','Casanare'),(727,'CO','CO-CAU','Cauca'),(728,'CO','CO-CES','Cesar'),(729,'CO','CO-CHO','Chocó'),(730,'CO','CO-COR','Córdoba'),(731,'CO','CO-CUN','Cundinamarca'),(732,'CO','CO-GUA','Guainía'),(733,'CO','CO-GUV','Guaviare'),(734,'CO','CO-HUL','Huila'),(735,'CO','CO-LAG','La Guajira'),(736,'CO','CO-MAG','Magdalena'),(737,'CO','CO-MET','Meta'),(738,'CO','CO-NAR','Nariño'),(739,'CO','CO-NSA','Norte de Santander'),(740,'CO','CO-PUT','Putumayo'),(741,'CO','CO-QUI','Quindío'),(742,'CO','CO-RIS','Risaralda'),(743,'CO','CO-SAP','San Andrés y Providencia'),(744,'CO','CO-SAN','Santander'),(745,'CO','CO-SUC','Sucre'),(746,'CO','CO-TOL','Tolima'),(747,'CO','CO-VAC','Valle del Cauca'),(748,'CO','CO-VAU','Vaupés'),(749,'CO','CO-VID','Vichada'),(750,'CZ','CZ-10','Praha, Hlavní město'),(751,'CZ','CZ-20','Středočeský kraj'),(752,'CZ','CZ-31','Jihočeský kraj'),(753,'CZ','CZ-32','Plzeňský kraj'),(754,'CZ','CZ-41','Karlovarský kraj'),(755,'CZ','CZ-42','Ústecký kraj'),(756,'CZ','CZ-51','Liberecký kraj'),(757,'CZ','CZ-52','Královéhradecký kraj'),(758,'CZ','CZ-53','Pardubický kraj'),(759,'CZ','CZ-63','Kraj Vysočina'),(760,'CZ','CZ-64','Jihomoravský kraj'),(761,'CZ','CZ-71','Olomoucký kraj'),(762,'CZ','CZ-72','Zlínský kraj'),(763,'CZ','CZ-80','Moravskoslezský kraj'),(764,'DK','DK-84','Hovedstaden'),(765,'DK','DK-82','Midtjylland'),(766,'DK','DK-81','Nordjylland'),(767,'DK','DK-85','Sjælland'),(768,'DK','DK-83','Syddanmark'),(769,'EC','EC-A','Azuay'),(770,'EC','EC-B','Bolívar'),(771,'EC','EC-F','Cañar'),(772,'EC','EC-C','Carchi'),(773,'EC','EC-H','Chimborazo'),(774,'EC','EC-X','Cotopaxi'),(775,'EC','EC-O','El Oro'),(776,'EC','EC-E','Esmeraldas'),(777,'EC','EC-W','Galápagos'),(778,'EC','EC-G','Guayas'),(779,'EC','EC-I','Imbabura'),(780,'EC','EC-L','Loja'),(781,'EC','EC-R','Los Ríos'),(782,'EC','EC-M','Manabí'),(783,'EC','EC-S','Morona Santiago'),(784,'EC','EC-N','Napo'),(785,'EC','EC-D','Orellana'),(786,'EC','EC-Y','Pastaza'),(787,'EC','EC-P','Pichincha'),(788,'EC','EC-SE','Santa Elena'),(789,'EC','EC-SD','Santo Domingo de los Tsáchilas'),(790,'EC','EC-U','Sucumbíos'),(791,'EC','EC-T','Tungurahua'),(792,'EC','EC-Z','Zamora Chinchipe'),(793,'GR','GR-A','Anatolikí Makedonía kai Thráki'),(794,'GR','GR-I','Attikí'),(795,'GR','GR-G','Dytikí Elláda'),(796,'GR','GR-C','Dytikí Makedonía'),(797,'GR','GR-F','Ionía Nísia'),(798,'GR','GR-D','Ípeiros'),(799,'GR','GR-B','Kentrikí Makedonía'),(800,'GR','GR-M','Kríti'),(801,'GR','GR-L','Nótio Aigaío'),(802,'GR','GR-J','Pelopónnisos'),(803,'GR','GR-H','Stereá Elláda'),(804,'GR','GR-E','Thessalía'),(805,'GR','GR-K','Vóreio Aigaío'),(806,'GR','GR-69','Ágion Óros'),(807,'GY','GY-BA','Barima-Waini'),(808,'GY','GY-CU','Cuyuni-Mazaruni'),(809,'GY','GY-DE','Demerara-Mahaica'),(810,'GY','GY-EB','East Berbice-Corentyne'),(811,'GY','GY-ES','Essequibo Islands-West Demerara'),(812,'GY','GY-MA','Mahaica-Berbice'),(813,'GY','GY-PM','Pomeroon-Supenaam'),(814,'GY','GY-PT','Potaro-Siparuni'),(815,'GY','GY-UD','Upper Demerara-Berbice'),(816,'GY','GY-UT','Upper Takutu-Upper Essequibo'),(817,'IS','IS-01','Höfuðborgarsvæði'),(818,'IS','IS-02','Suðurnes'),(819,'IS','IS-03','Vesturland'),(820,'IS','IS-04','Vestfirðir'),(821,'IS','IS-05','Norðurland vestra'),(822,'IS','IS-06','Norðurland eystra'),(823,'IS','IS-07','Austurland'),(824,'IS','IS-08','Suðurland'),(825,'IT','AG','Agrigento'),(826,'IT','AL','Alessandria'),(827,'IT','AN','Ancona'),(828,'IT','AO','Aosta'),(829,'IT','AQ','L\'Aquila'),(830,'IT','AR','Arezzo'),(831,'IT','AP','Ascoli-Piceno'),(832,'IT','AT','Asti'),(833,'IT','AV','Avellino'),(834,'IT','BA','Bari'),(835,'IT','BT','Barletta-Andria-Trani'),(836,'IT','BL','Belluno'),(837,'IT','BN','Benevento'),(838,'IT','BG','Bergamo'),(839,'IT','BI','Biella'),(840,'IT','BO','Bologna'),(841,'IT','BZ','Bolzano'),(842,'IT','BS','Brescia'),(843,'IT','BR','Brindisi'),(844,'IT','CA','Cagliari'),(845,'IT','CL','Caltanissetta'),(846,'IT','CB','Campobasso'),(847,'IT','CI','Carbonia Iglesias'),(848,'IT','CE','Caserta'),(849,'IT','CT','Catania'),(850,'IT','CZ','Catanzaro'),(851,'IT','CH','Chieti'),(852,'IT','CO','Como'),(853,'IT','CS','Cosenza'),(854,'IT','CR','Cremona'),(855,'IT','KR','Crotone'),(856,'IT','CN','Cuneo'),(857,'IT','EN','Enna'),(858,'IT','FM','Fermo'),(859,'IT','FE','Ferrara'),(860,'IT','FI','Firenze'),(861,'IT','FG','Foggia'),(862,'IT','FC','Forli-Cesena'),(863,'IT','FR','Frosinone'),(864,'IT','GE','Genova'),(865,'IT','GO','Gorizia'),(866,'IT','GR','Grosseto'),(867,'IT','IM','Imperia'),(868,'IT','IS','Isernia'),(869,'IT','SP','La-Spezia'),(870,'IT','LT','Latina'),(871,'IT','LE','Lecce'),(872,'IT','LC','Lecco'),(873,'IT','LI','Livorno'),(874,'IT','LO','Lodi'),(875,'IT','LU','Lucca'),(876,'IT','MC','Macerata'),(877,'IT','MN','Mantova'),(878,'IT','MS','Massa-Carrara'),(879,'IT','MT','Matera'),(880,'IT','VS','Medio Campidano'),(881,'IT','ME','Messina'),(882,'IT','MI','Milano'),(883,'IT','MO','Modena'),(884,'IT','MB','Monza-Brianza'),(885,'IT','NA','Napoli'),(886,'IT','NO','Novara'),(887,'IT','NU','Nuoro'),(888,'IT','OG','Ogliastra'),(889,'IT','OT','Olbia Tempio'),(890,'IT','OR','Oristano'),(891,'IT','PD','Padova'),(892,'IT','PA','Palermo'),(893,'IT','PR','Parma'),(894,'IT','PV','Pavia'),(895,'IT','PG','Perugia'),(896,'IT','PU','Pesaro-Urbino'),(897,'IT','PE','Pescara'),(898,'IT','PC','Piacenza'),(899,'IT','PI','Pisa'),(900,'IT','PT','Pistoia'),(901,'IT','PN','Pordenone'),(902,'IT','PZ','Potenza'),(903,'IT','PO','Prato'),(904,'IT','RG','Ragusa'),(905,'IT','RA','Ravenna'),(906,'IT','RC','Reggio-Calabria'),(907,'IT','RE','Reggio-Emilia'),(908,'IT','RI','Rieti'),(909,'IT','RN','Rimini'),(910,'IT','RM','Roma'),(911,'IT','RO','Rovigo'),(912,'IT','SA','Salerno'),(913,'IT','SS','Sassari'),(914,'IT','SV','Savona'),(915,'IT','SI','Siena'),(916,'IT','SR','Siracusa'),(917,'IT','SO','Sondrio'),(918,'IT','TA','Taranto'),(919,'IT','TE','Teramo'),(920,'IT','TR','Terni'),(921,'IT','TO','Torino'),(922,'IT','TP','Trapani'),(923,'IT','TN','Trento'),(924,'IT','TV','Treviso'),(925,'IT','TS','Trieste'),(926,'IT','UD','Udine'),(927,'IT','VA','Varese'),(928,'IT','VE','Venezia'),(929,'IT','VB','Verbania'),(930,'IT','VC','Vercelli'),(931,'IT','VR','Verona'),(932,'IT','VV','Vibo-Valentia'),(933,'IT','VI','Vicenza'),(934,'IT','VT','Viterbo'),(935,'MX','AGU','Aguascalientes'),(936,'MX','BCN','Baja California'),(937,'MX','BCS','Baja California Sur'),(938,'MX','CAM','Campeche'),(939,'MX','CHP','Chiapas'),(940,'MX','CHH','Chihuahua'),(941,'MX','CMX','Ciudad de México'),(942,'MX','COA','Coahuila'),(943,'MX','COL','Colima'),(944,'MX','DUR','Durango'),(945,'MX','MEX','Estado de México'),(946,'MX','GUA','Guanajuato'),(947,'MX','GRO','Guerrero'),(948,'MX','HID','Hidalgo'),(949,'MX','JAL','Jalisco'),(950,'MX','MIC','Michoacán'),(951,'MX','MOR','Morelos'),(952,'MX','NAY','Nayarit'),(953,'MX','NLE','Nuevo León'),(954,'MX','OAX','Oaxaca'),(955,'MX','PUE','Puebla'),(956,'MX','QUE','Querétaro'),(957,'MX','ROO','Quintana Roo'),(958,'MX','SLP','San Luis Potosí'),(959,'MX','SIN','Sinaloa'),(960,'MX','SON','Sonora'),(961,'MX','TAB','Tabasco'),(962,'MX','TAM','Tamaulipas'),(963,'MX','TLA','Tlaxcala'),(964,'MX','VER','Veracruz'),(965,'MX','YUC','Yucatán'),(966,'MX','ZAC','Zacatecas'),(967,'PY','PY-ASU','Asunción'),(968,'PY','PY-16','Alto Paraguay'),(969,'PY','PY-10','Alto Paraná'),(970,'PY','PY-13','Amambay'),(971,'PY','PY-19','Boquerón'),(972,'PY','PY-5','Caaguazú'),(973,'PY','PY-6','Caazapá'),(974,'PY','PY-14','Canindeyú'),(975,'PY','PY-11','Central'),(976,'PY','PY-1','Concepción'),(977,'PY','PY-3','Cordillera'),(978,'PY','PY-4','Guairá'),(979,'PY','PY-7','Itapúa'),(980,'PY','PY-8','Misiones'),(981,'PY','PY-12','Ñeembucú'),(982,'PY','PY-9','Paraguarí'),(983,'PY','PY-15','Presidente Hayes'),(984,'PY','PY-2','San Pedro'),(985,'PE','PE-LMA','Municipalidad Metropolitana de Lima'),(986,'PE','PE-AMA','Amazonas'),(987,'PE','PE-ANC','Ancash'),(988,'PE','PE-APU','Apurímac'),(989,'PE','PE-ARE','Arequipa'),(990,'PE','PE-AYA','Ayacucho'),(991,'PE','PE-CAJ','Cajamarca'),(992,'PE','PE-CUS','Cusco'),(993,'PE','PE-CAL','El Callao'),(994,'PE','PE-HUV','Huancavelica'),(995,'PE','PE-HUC','Huánuco'),(996,'PE','PE-ICA','Ica'),(997,'PE','PE-JUN','Junín'),(998,'PE','PE-LAL','La Libertad'),(999,'PE','PE-LAM','Lambayeque'),(1000,'PE','PE-LIM','Lima'),(1001,'PE','PE-LOR','Loreto'),(1002,'PE','PE-MDD','Madre de Dios'),(1003,'PE','PE-MOQ','Moquegua'),(1004,'PE','PE-PAS','Pasco'),(1005,'PE','PE-PIU','Piura'),(1006,'PE','PE-PUN','Puno'),(1007,'PE','PE-SAM','San Martín'),(1008,'PE','PE-TAC','Tacna'),(1009,'PE','PE-TUM','Tumbes'),(1010,'PE','PE-UCA','Ucayali'),(1011,'PL','PL-02','dolnośląskie'),(1012,'PL','PL-04','kujawsko-pomorskie'),(1013,'PL','PL-06','lubelskie'),(1014,'PL','PL-08','lubuskie'),(1015,'PL','PL-10','łódzkie'),(1016,'PL','PL-12','małopolskie'),(1017,'PL','PL-14','mazowieckie'),(1018,'PL','PL-16','opolskie'),(1019,'PL','PL-18','podkarpackie'),(1020,'PL','PL-20','podlaskie'),(1021,'PL','PL-22','pomorskie'),(1022,'PL','PL-24','śląskie'),(1023,'PL','PL-26','świętokrzyskie'),(1024,'PL','PL-28','warmińsko-mazurskie'),(1025,'PL','PL-30','wielkopolskie'),(1026,'PL','PL-32','zachodniopomorskie'),(1027,'PT','PT-01','Aveiro'),(1028,'PT','PT-02','Beja'),(1029,'PT','PT-03','Braga'),(1030,'PT','PT-04','Bragança'),(1031,'PT','PT-05','Castelo Branco'),(1032,'PT','PT-06','Coimbra'),(1033,'PT','PT-07','Évora'),(1034,'PT','PT-08','Faro'),(1035,'PT','PT-09','Guarda'),(1036,'PT','PT-10','Leiria'),(1037,'PT','PT-11','Lisboa'),(1038,'PT','PT-12','Portalegre'),(1039,'PT','PT-13','Porto'),(1040,'PT','PT-14','Santarém'),(1041,'PT','PT-15','Setúbal'),(1042,'PT','PT-16','Viana do Castelo'),(1043,'PT','PT-17','Vila Real'),(1044,'PT','PT-18','Viseu'),(1045,'PT','PT-20','Região Autónoma dos Açores'),(1046,'PT','PT-30','Região Autónoma da Madeira'),(1047,'SR','SR-BR','Brokopondo'),(1048,'SR','SR-CM','Commewijne'),(1049,'SR','SR-CR','Coronie'),(1050,'SR','SR-MA','Marowijne'),(1051,'SR','SR-NI','Nickerie'),(1052,'SR','SR-PR','Para'),(1053,'SR','SR-PM','Paramaribo'),(1054,'SR','SR-SA','Saramacca'),(1055,'SR','SR-SI','Sipaliwini'),(1056,'SR','SR-WA','Wanica'),(1057,'SE','SE-K','Blekinge län'),(1058,'SE','SE-W','Dalarnas län'),(1059,'SE','SE-I','Gotlands län'),(1060,'SE','SE-X','Gävleborgs län'),(1061,'SE','SE-N','Hallands län'),(1062,'SE','SE-Z','Jämtlands län'),(1063,'SE','SE-F','Jönköpings län'),(1064,'SE','SE-H','Kalmar län'),(1065,'SE','SE-G','Kronobergs län'),(1066,'SE','SE-BD','Norrbottens län'),(1067,'SE','SE-M','Skåne län'),(1068,'SE','SE-AB','Stockholms län'),(1069,'SE','SE-D','Södermanlands län'),(1070,'SE','SE-C','Uppsala län'),(1071,'SE','SE-S','Värmlands län'),(1072,'SE','SE-AC','Västerbottens län'),(1073,'SE','SE-Y','Västernorrlands län'),(1074,'SE','SE-U','Västmanlands län'),(1075,'SE','SE-O','Västra Götalands län'),(1076,'SE','SE-T','Örebro län'),(1077,'SE','SE-E','Östergötlands län'),(1078,'UY','UY-AR','Artigas'),(1079,'UY','UY-CA','Canelones'),(1080,'UY','UY-CL','Cerro Largo'),(1081,'UY','UY-CO','Colonia'),(1082,'UY','UY-DU','Durazno'),(1083,'UY','UY-FS','Flores'),(1084,'UY','UY-FD','Florida'),(1085,'UY','UY-LA','Lavalleja'),(1086,'UY','UY-MA','Maldonado'),(1087,'UY','UY-MO','Montevideo'),(1088,'UY','UY-PA','Paysandu'),(1089,'UY','UY-RN','Río Negro'),(1090,'UY','UY-RV','Rivera'),(1091,'UY','UY-RO','Rocha'),(1092,'UY','UY-SA','Salto'),(1093,'UY','UY-SJ','San José'),(1094,'UY','UY-SO','Soriano'),(1095,'UY','UY-TA','Tacuarembó'),(1096,'UY','UY-TT','Treinta y Tres'),(1097,'VE','VE-W','Dependencias Federales'),(1098,'VE','VE-A','Distrito Capital'),(1099,'VE','VE-Z','Amazonas'),(1100,'VE','VE-B','Anzoátegui'),(1101,'VE','VE-C','Apure'),(1102,'VE','VE-D','Aragua'),(1103,'VE','VE-E','Barinas'),(1104,'VE','VE-F','Bolívar'),(1105,'VE','VE-G','Carabobo'),(1106,'VE','VE-H','Cojedes'),(1107,'VE','VE-Y','Delta Amacuro'),(1108,'VE','VE-I','Falcón'),(1109,'VE','VE-J','Guárico'),(1110,'VE','VE-K','Lara'),(1111,'VE','VE-L','Mérida'),(1112,'VE','VE-M','Miranda'),(1113,'VE','VE-N','Monagas'),(1114,'VE','VE-O','Nueva Esparta'),(1115,'VE','VE-P','Portuguesa'),(1116,'VE','VE-R','Sucre'),(1117,'VE','VE-S','Táchira'),(1118,'VE','VE-T','Trujillo'),(1119,'VE','VE-X','Vargas'),(1120,'VE','VE-U','Yaracuy'),(1121,'VE','VE-V','Zulia');

--
-- Table structure for table `directory_country_region_name`
--

CREATE TABLE `directory_country_region_name` (
  `locale` varchar(16) NOT NULL COMMENT 'Locale',
  `region_id` int(10) unsigned NOT NULL DEFAULT 0 COMMENT 'Region ID',
  `name` varchar(255) DEFAULT NULL COMMENT 'Region Name',
  PRIMARY KEY (`locale`,`region_id`),
  KEY `DIRECTORY_COUNTRY_REGION_NAME_REGION_ID` (`region_id`),
  CONSTRAINT `DIR_COUNTRY_REGION_NAME_REGION_ID_DIR_COUNTRY_REGION_REGION_ID` FOREIGN KEY (`region_id`) REFERENCES `directory_country_region` (`region_id`) ON DELETE CASCADE
) ENGINE=InnoDB DEFAULT CHARSET=utf8 COLLATE=utf8_general_ci COMMENT='Directory Country Region Name';

--
-- Dumping data for table `directory_country_region_name`
--

INSERT INTO `directory_country_region_name` VALUES ('en_US',1,'Alabama'),('en_US',2,'Alaska'),('en_US',3,'American Samoa'),('en_US',4,'Arizona'),('en_US',5,'Arkansas'),('en_US',6,'Armed Forces Africa'),('en_US',7,'Armed Forces Americas'),('en_US',8,'Armed Forces Canada'),('en_US',9,'Armed Forces Europe'),('en_US',10,'Armed Forces Middle East'),('en_US',11,'Armed Forces Pacific'),('en_US',12,'California'),('en_US',13,'Colorado'),('en_US',14,'Connecticut'),('en_US',15,'Delaware'),('en_US',16,'District of Columbia'),('en_US',17,'Federated States Of Micronesia'),('en_US',18,'Florida'),('en_US',19,'Georgia'),('en_US',20,'Guam'),('en_US',21,'Hawaii'),('en_US',22,'Idaho'),('en_US',23,'Illinois'),('en_US',24,'Indiana'),('en_US',25,'Iowa'),('en_US',26,'Kansas'),('en_US',27,'Kentucky'),('en_US',28,'Louisiana'),('en_US',29,'Maine'),('en_US',30,'Marshall Islands'),('en_US',31,'Maryland'),('en_US',32,'Massachusetts'),('en_US',33,'Michigan'),('en_US',34,'Minnesota'),('en_US',35,'Mississippi'),('en_US',36,'Missouri'),('en_US',37,'Montana'),('en_US',38,'Nebraska'),('en_US',39,'Nevada'),('en_US',40,'New Hampshire'),('en_US',41,'New Jersey'),('en_US',42,'New Mexico'),('en_US',43,'New York'),('en_US',44,'North Carolina'),('en_US',45,'North Dakota'),('en_US',46,'Northern Mariana Islands'),('en_US',47,'Ohio'),('en_US',48,'Oklahoma'),('en_US',49,'Oregon'),('en_US',50,'Palau'),('en_US',51,'Pennsylvania'),('en_US',52,'Puerto Rico'),('en_US',53,'Rhode Island'),('en_US',54,'South Carolina'),('en_US',55,'South Dakota'),('en_US',56,'Tennessee'),('en_US',57,'Texas'),('en_US',58,'Utah'),('en_US',59,'Vermont'),('en_US',60,'Virgin Islands'),('en_US',61,'Virginia'),('en_US',62,'Washington'),('en_US',63,'West Virginia'),('en_US',64,'Wisconsin'),('en_US',65,'Wyoming'),('en_US',66,'Alberta'),('en_US',67,'British Columbia'),('en_US',68,'Manitoba'),('en_US',69,'Newfoundland and Labrador'),('en_US',70,'New Brunswick'),('en_US',71,'Nova Scotia'),('en_US',72,'Northwest Territories'),('en_US',73,'Nunavut'),('en_US',74,'Ontario'),('en_US',75,'Prince Edward Island'),('en_US',76,'Quebec'),('en_US',77,'Saskatchewan'),('en_US',78,'Yukon Territory'),('en_US',79,'Niedersachsen'),('en_US',80,'Baden-Württemberg'),('en_US',81,'Bayern'),('en_US',82,'Berlin'),('en_US',83,'Brandenburg'),('en_US',84,'Bremen'),('en_US',85,'Hamburg'),('en_US',86,'Hessen'),('en_US',87,'Mecklenburg-Vorpommern'),('en_US',88,'Nordrhein-Westfalen'),('en_US',89,'Rheinland-Pfalz'),('en_US',90,'Saarland'),('en_US',91,'Sachsen'),('en_US',92,'Sachsen-Anhalt'),('en_US',93,'Schleswig-Holstein'),('en_US',94,'Thüringen'),('en_US',95,'Wien'),('en_US',96,'Niederösterreich'),('en_US',97,'Oberösterreich'),('en_US',98,'Salzburg'),('en_US',99,'Kärnten'),('en_US',100,'Steiermark'),('en_US',101,'Tirol'),('en_US',102,'Burgenland'),('en_US',103,'Vorarlberg'),('en_US',104,'Aargau'),('en_US',105,'Appenzell Innerrhoden'),('en_US',106,'Appenzell Ausserrhoden'),('en_US',107,'Bern'),('en_US',108,'Basel-Landschaft'),('en_US',109,'Basel-Stadt'),('en_US',110,'Friburg'),('en_US',111,'Geneva'),('en_US',112,'Glarus'),('en_US',113,'Graubünden'),('en_US',114,'Jura'),('en_US',115,'Lucerne'),('en_US',116,'Neuchâtel'),('en_US',117,'Nidwalden'),('en_US',118,'Obwalden'),('en_US',119,'St. Gallen'),('en_US',120,'Schaffhausen'),('en_US',121,'Solothurn'),('en_US',122,'Schwyz'),('en_US',123,'Thurgau'),('en_US',124,'Ticino'),('en_US',125,'Uri'),('en_US',126,'Vaud'),('en_US',127,'Wallis'),('en_US',128,'Zug'),('en_US',129,'Zürich'),('en_US',130,'A Coruña'),('en_US',131,'Alava'),('en_US',132,'Albacete'),('en_US',133,'Alicante'),('en_US',134,'Almeria'),('en_US',135,'Asturias'),('en_US',136,'Avila'),('en_US',137,'Badajoz'),('en_US',138,'Baleares'),('en_US',139,'Barcelona'),('en_US',140,'Burgos'),('en_US',141,'Caceres'),('en_US',142,'Cadiz'),('en_US',143,'Cantabria'),('en_US',144,'Castellon'),('en_US',145,'Ceuta'),('en_US',146,'Ciudad Real'),('en_US',147,'Cordoba'),('en_US',148,'Cuenca'),('en_US',149,'Girona'),('en_US',150,'Granada'),('en_US',151,'Guadalajara'),('en_US',152,'Guipuzcoa'),('en_US',153,'Huelva'),('en_US',154,'Huesca'),('en_US',155,'Jaen'),('en_US',156,'La Rioja'),('en_US',157,'Las Palmas'),('en_US',158,'Leon'),('en_US',159,'Lleida'),('en_US',160,'Lugo'),('en_US',161,'Madrid'),('en_US',162,'Malaga'),('en_US',163,'Melilla'),('en_US',164,'Murcia'),('en_US',165,'Navarra'),('en_US',166,'Ourense'),('en_US',167,'Palencia'),('en_US',168,'Pontevedra'),('en_US',169,'Salamanca'),('en_US',170,'Santa Cruz de Tenerife'),('en_US',171,'Segovia'),('en_US',172,'Sevilla'),('en_US',173,'Soria'),('en_US',174,'Tarragona'),('en_US',175,'Teruel'),('en_US',176,'Toledo'),('en_US',177,'Valencia'),('en_US',178,'Valladolid'),('en_US',179,'Vizcaya'),('en_US',180,'Zamora'),('en_US',181,'Zaragoza'),('en_US',182,'Ain'),('en_US',183,'Aisne'),('en_US',184,'Allier'),('en_US',185,'Alpes-de-Haute-Provence'),('en_US',186,'Hautes-Alpes'),('en_US',187,'Alpes-Maritimes'),('en_US',188,'Ardèche'),('en_US',189,'Ardennes'),('en_US',190,'Ariège'),('en_US',191,'Aube'),('en_US',192,'Aude'),('en_US',193,'Aveyron'),('en_US',194,'Bouches-du-Rhône'),('en_US',195,'Calvados'),('en_US',196,'Cantal'),('en_US',197,'Charente'),('en_US',198,'Charente-Maritime'),('en_US',199,'Cher'),('en_US',200,'Corrèze'),('en_US',201,'Corse-du-Sud'),('en_US',202,'Haute-Corse'),('en_US',203,'Côte-d\'Or'),('en_US',204,'Côtes-d\'Armor'),('en_US',205,'Creuse'),('en_US',206,'Dordogne'),('en_US',207,'Doubs'),('en_US',208,'Drôme'),('en_US',209,'Eure'),('en_US',210,'Eure-et-Loir'),('en_US',211,'Finistère'),('en_US',212,'Gard'),('en_US',213,'Haute-Garonne'),('en_US',214,'Gers'),('en_US',215,'Gironde'),('en_US',216,'Hérault'),('en_US',217,'Ille-et-Vilaine'),('en_US',218,'Indre'),('en_US',219,'Indre-et-Loire'),('en_US',220,'Isère'),('en_US',221,'Jura'),('en_US',222,'Landes'),('en_US',223,'Loir-et-Cher'),('en_US',224,'Loire'),('en_US',225,'Haute-Loire'),('en_US',226,'Loire-Atlantique'),('en_US',227,'Loiret'),('en_US',228,'Lot'),('en_US',229,'Lot-et-Garonne'),('en_US',230,'Lozère'),('en_US',231,'Maine-et-Loire'),('en_US',232,'Manche'),('en_US',233,'Marne'),('en_US',234,'Haute-Marne'),('en_US',235,'Mayenne'),('en_US',236,'Meurthe-et-Moselle'),('en_US',237,'Meuse'),('en_US',238,'Morbihan'),('en_US',239,'Moselle'),('en_US',240,'Nièvre'),('en_US',241,'Nord'),('en_US',242,'Oise'),('en_US',243,'Orne'),('en_US',244,'Pas-de-Calais'),('en_US',245,'Puy-de-Dôme'),('en_US',246,'Pyrénées-Atlantiques'),('en_US',247,'Hautes-Pyrénées'),('en_US',248,'Pyrénées-Orientales'),('en_US',249,'Bas-Rhin'),('en_US',250,'Haut-Rhin'),('en_US',251,'Rhône'),('en_US',252,'Haute-Saône'),('en_US',253,'Saône-et-Loire'),('en_US',254,'Sarthe'),('en_US',255,'Savoie'),('en_US',256,'Haute-Savoie'),('en_US',257,'Paris'),('en_US',258,'Seine-Maritime'),('en_US',259,'Seine-et-Marne'),('en_US',260,'Yvelines'),('en_US',261,'Deux-Sèvres'),('en_US',262,'Somme'),('en_US',263,'Tarn'),('en_US',264,'Tarn-et-Garonne'),('en_US',265,'Var'),('en_US',266,'Vaucluse'),('en_US',267,'Vendée'),('en_US',268,'Vienne'),('en_US',269,'Haute-Vienne'),('en_US',270,'Vosges'),('en_US',271,'Yonne'),('en_US',272,'Territoire-de-Belfort'),('en_US',273,'Essonne'),('en_US',274,'Hauts-de-Seine'),('en_US',275,'Seine-Saint-Denis'),('en_US',276,'Val-de-Marne'),('en_US',277,'Val-d\'Oise'),('en_US',278,'Alba'),('en_US',279,'Arad'),('en_US',280,'Argeş'),('en_US',281,'Bacău'),('en_US',282,'Bihor'),('en_US',283,'Bistriţa-Năsăud'),('en_US',284,'Botoşani'),('en_US',285,'Braşov'),('en_US',286,'Brăila'),('en_US',287,'Bucureşti'),('en_US',288,'Buzău'),('en_US',289,'Caraş-Severin'),('en_US',290,'Călăraşi'),('en_US',291,'Cluj'),('en_US',292,'Constanţa'),('en_US',293,'Covasna'),('en_US',294,'Dâmboviţa'),('en_US',295,'Dolj'),('en_US',296,'Galaţi'),('en_US',297,'Giurgiu'),('en_US',298,'Gorj'),('en_US',299,'Harghita'),('en_US',300,'Hunedoara'),('en_US',301,'Ialomiţa'),('en_US',302,'Iaşi'),('en_US',303,'Ilfov'),('en_US',304,'Maramureş'),('en_US',305,'Mehedinţi'),('en_US',306,'Mureş'),('en_US',307,'Neamţ'),('en_US',308,'Olt'),('en_US',309,'Prahova'),('en_US',310,'Satu-Mare'),('en_US',311,'Sălaj'),('en_US',312,'Sibiu'),('en_US',313,'Suceava'),('en_US',314,'Teleorman'),('en_US',315,'Timiş'),('en_US',316,'Tulcea'),('en_US',317,'Vaslui'),('en_US',318,'Vâlcea'),('en_US',319,'Vrancea'),('en_US',320,'Lappi'),('en_US',321,'Pohjois-Pohjanmaa'),('en_US',322,'Kainuu'),('en_US',323,'Pohjois-Karjala'),('en_US',324,'Pohjois-Savo'),('en_US',325,'Etelä-Savo'),('en_US',326,'Etelä-Pohjanmaa'),('en_US',327,'Pohjanmaa'),('en_US',328,'Pirkanmaa'),('en_US',329,'Satakunta'),('en_US',330,'Keski-Pohjanmaa'),('en_US',331,'Keski-Suomi'),('en_US',332,'Varsinais-Suomi'),('en_US',333,'Etelä-Karjala'),('en_US',334,'Päijät-Häme'),('en_US',335,'Kanta-Häme'),('en_US',336,'Uusimaa'),('en_US',337,'Itä-Uusimaa'),('en_US',338,'Kymenlaakso'),('en_US',339,'Ahvenanmaa'),('en_US',340,'Harjumaa'),('en_US',341,'Hiiumaa'),('en_US',342,'Ida-Virumaa'),('en_US',343,'Jõgevamaa'),('en_US',344,'Järvamaa'),('en_US',345,'Läänemaa'),('en_US',346,'Lääne-Virumaa'),('en_US',347,'Põlvamaa'),('en_US',348,'Pärnumaa'),('en_US',349,'Raplamaa'),('en_US',350,'Saaremaa'),('en_US',351,'Tartumaa'),('en_US',352,'Valgamaa'),('en_US',353,'Viljandimaa'),('en_US',354,'Võrumaa'),('en_US',355,'Daugavpils'),('en_US',356,'Jelgava'),('en_US',357,'Jēkabpils'),('en_US',358,'Jūrmala'),('en_US',359,'Liepāja'),('en_US',360,'Liepājas novads'),('en_US',361,'Rēzekne'),('en_US',362,'Rīga'),('en_US',363,'Rīgas novads'),('en_US',364,'Valmiera'),('en_US',365,'Ventspils'),('en_US',366,'Aglonas novads'),('en_US',367,'Aizkraukles novads'),('en_US',368,'Aizputes novads'),('en_US',369,'Aknīstes novads'),('en_US',370,'Alojas novads'),('en_US',371,'Alsungas novads'),('en_US',372,'Alūksnes novads'),('en_US',373,'Amatas novads'),('en_US',374,'Apes novads'),('en_US',375,'Auces novads'),('en_US',376,'Babītes novads'),('en_US',377,'Baldones novads'),('en_US',378,'Baltinavas novads'),('en_US',379,'Balvu novads'),('en_US',380,'Bauskas novads'),('en_US',381,'Beverīnas novads'),('en_US',382,'Brocēnu novads'),('en_US',383,'Burtnieku novads'),('en_US',384,'Carnikavas novads'),('en_US',385,'Cesvaines novads'),('en_US',386,'Ciblas novads'),('en_US',387,'Cēsu novads'),('en_US',388,'Dagdas novads'),('en_US',389,'Daugavpils novads'),('en_US',390,'Dobeles novads'),('en_US',391,'Dundagas novads'),('en_US',392,'Durbes novads'),('en_US',393,'Engures novads'),('en_US',394,'Garkalnes novads'),('en_US',395,'Grobiņas novads'),('en_US',396,'Gulbenes novads'),('en_US',397,'Iecavas novads'),('en_US',398,'Ikšķiles novads'),('en_US',399,'Ilūkstes novads'),('en_US',400,'Inčukalna novads'),('en_US',401,'Jaunjelgavas novads'),('en_US',402,'Jaunpiebalgas novads'),('en_US',403,'Jaunpils novads'),('en_US',404,'Jelgavas novads'),('en_US',405,'Jēkabpils novads'),('en_US',406,'Kandavas novads'),('en_US',407,'Kokneses novads'),('en_US',408,'Krimuldas novads'),('en_US',409,'Krustpils novads'),('en_US',410,'Krāslavas novads'),('en_US',411,'Kuldīgas novads'),('en_US',412,'Kārsavas novads'),('en_US',413,'Lielvārdes novads'),('en_US',414,'Limbažu novads'),('en_US',415,'Lubānas novads'),('en_US',416,'Ludzas novads'),('en_US',417,'Līgatnes novads'),('en_US',418,'Līvānu novads'),('en_US',419,'Madonas novads'),('en_US',420,'Mazsalacas novads'),('en_US',421,'Mālpils novads'),('en_US',422,'Mārupes novads'),('en_US',423,'Naukšēnu novads'),('en_US',424,'Neretas novads'),('en_US',425,'Nīcas novads'),('en_US',426,'Ogres novads'),('en_US',427,'Olaines novads'),('en_US',428,'Ozolnieku novads'),('en_US',429,'Preiļu novads'),('en_US',430,'Priekules novads'),('en_US',431,'Priekuļu novads'),('en_US',432,'Pārgaujas novads'),('en_US',433,'Pāvilostas novads'),('en_US',434,'Pļaviņu novads'),('en_US',435,'Raunas novads'),('en_US',436,'Riebiņu novads'),('en_US',437,'Rojas novads'),('en_US',438,'Ropažu novads'),('en_US',439,'Rucavas novads'),('en_US',440,'Rugāju novads'),('en_US',441,'Rundāles novads'),('en_US',442,'Rēzeknes novads'),('en_US',443,'Rūjienas novads'),('en_US',444,'Salacgrīvas novads'),('en_US',445,'Salas novads'),('en_US',446,'Salaspils novads'),('en_US',447,'Saldus novads'),('en_US',448,'Saulkrastu novads'),('en_US',449,'Siguldas novads'),('en_US',450,'Skrundas novads'),('en_US',451,'Skrīveru novads'),('en_US',452,'Smiltenes novads'),('en_US',453,'Stopiņu novads'),('en_US',454,'Strenču novads'),('en_US',455,'Sējas novads'),('en_US',456,'Talsu novads'),('en_US',457,'Tukuma novads'),('en_US',458,'Tērvetes novads'),('en_US',459,'Vaiņodes novads'),('en_US',460,'Valkas novads'),('en_US',461,'Valmieras novads'),('en_US',462,'Varakļānu novads'),('en_US',463,'Vecpiebalgas novads'),('en_US',464,'Vecumnieku novads'),('en_US',465,'Ventspils novads'),('en_US',466,'Viesītes novads'),('en_US',467,'Viļakas novads'),('en_US',468,'Viļānu novads'),('en_US',469,'Vārkavas novads'),('en_US',470,'Zilupes novads'),('en_US',471,'Ādažu novads'),('en_US',472,'Ērgļu novads'),('en_US',473,'Ķeguma novads'),('en_US',474,'Ķekavas novads'),('en_US',475,'Alytaus Apskritis'),('en_US',476,'Kauno Apskritis'),('en_US',477,'Klaipėdos Apskritis'),('en_US',478,'Marijampolės Apskritis'),('en_US',479,'Panevėžio Apskritis'),('en_US',480,'Šiaulių Apskritis'),('en_US',481,'Tauragės Apskritis'),('en_US',482,'Telšių Apskritis'),('en_US',483,'Utenos Apskritis'),('en_US',484,'Vilniaus Apskritis'),('en_US',485,'Acre'),('en_US',486,'Alagoas'),('en_US',487,'Amapá'),('en_US',488,'Amazonas'),('en_US',489,'Bahia'),('en_US',490,'Ceará'),('en_US',491,'Espírito Santo'),('en_US',492,'Goiás'),('en_US',493,'Maranhão'),('en_US',494,'Mato Grosso'),('en_US',495,'Mato Grosso do Sul'),('en_US',496,'Minas Gerais'),('en_US',497,'Pará'),('en_US',498,'Paraíba'),('en_US',499,'Paraná'),('en_US',500,'Pernambuco'),('en_US',501,'Piauí'),('en_US',502,'Rio de Janeiro'),('en_US',503,'Rio Grande do Norte'),('en_US',504,'Rio Grande do Sul'),('en_US',505,'Rondônia'),('en_US',506,'Roraima'),('en_US',507,'Santa Catarina'),('en_US',508,'São Paulo'),('en_US',509,'Sergipe'),('en_US',510,'Tocantins'),('en_US',511,'Distrito Federal'),('en_US',512,'Zagrebačka županija'),('en_US',513,'Krapinsko-zagorska županija'),('en_US',514,'Sisačko-moslavačka županija'),('en_US',515,'Karlovačka županija'),('en_US',516,'Varaždinska županija'),('en_US',517,'Koprivničko-križevačka županija'),('en_US',518,'Bjelovarsko-bilogorska županija'),('en_US',519,'Primorsko-goranska županija'),('en_US',520,'Ličko-senjska županija'),('en_US',521,'Virovitičko-podravska županija'),('en_US',522,'Požeško-slavonska županija'),('en_US',523,'Brodsko-posavska županija'),('en_US',524,'Zadarska županija'),('en_US',525,'Osječko-baranjska županija'),('en_US',526,'Šibensko-kninska županija'),('en_US',527,'Vukovarsko-srijemska županija'),('en_US',528,'Splitsko-dalmatinska županija'),('en_US',529,'Istarska županija'),('en_US',530,'Dubrovačko-neretvanska županija'),('en_US',531,'Međimurska županija'),('en_US',532,'Grad Zagreb'),('en_US',533,'Andaman and Nicobar Islands'),('en_US',534,'Andhra Pradesh'),('en_US',535,'Arunachal Pradesh'),('en_US',536,'Assam'),('en_US',537,'Bihar'),('en_US',538,'Chandigarh'),('en_US',539,'Chhattisgarh'),('en_US',540,'Dadra and Nagar Haveli'),('en_US',541,'Daman and Diu'),('en_US',542,'Delhi'),('en_US',543,'Goa'),('en_US',544,'Gujarat'),('en_US',545,'Haryana'),('en_US',546,'Himachal Pradesh'),('en_US',547,'Jammu and Kashmir'),('en_US',548,'Jharkhand'),('en_US',549,'Karnataka'),('en_US',550,'Kerala'),('en_US',551,'Lakshadweep'),('en_US',552,'Madhya Pradesh'),('en_US',553,'Maharashtra'),('en_US',554,'Manipur'),('en_US',555,'Meghalaya'),('en_US',556,'Mizoram'),('en_US',557,'Nagaland'),('en_US',558,'Odisha'),('en_US',559,'Puducherry'),('en_US',560,'Punjab'),('en_US',561,'Rajasthan'),('en_US',562,'Sikkim'),('en_US',563,'Tamil Nadu'),('en_US',564,'Telangana'),('en_US',565,'Tripura'),('en_US',566,'Uttar Pradesh'),('en_US',567,'Uttarakhand'),('en_US',568,'West Bengal'),('en_US',569,'Australian Capital Territory'),('en_US',570,'New South Wales'),('en_US',571,'Victoria'),('en_US',572,'Queensland'),('en_US',573,'South Australia'),('en_US',574,'Tasmania'),('en_US',575,'Western Australia'),('en_US',576,'Northern Territory'),('en_US',577,'Berat'),('en_US',578,'Dibër'),('en_US',579,'Durrës'),('en_US',580,'Elbasan'),('en_US',581,'Fier'),('en_US',582,'Gjirokastër'),('en_US',583,'Korçë'),('en_US',584,'Kukës'),('en_US',585,'Lezhë'),('en_US',586,'Shkodër'),('en_US',587,'Tiranë'),('en_US',588,'Vlorë'),('en_US',589,'Ciudad Autónoma de Buenos Aires'),('en_US',590,'Buenos Aires'),('en_US',591,'Catamarca'),('en_US',592,'Chaco'),('en_US',593,'Chubut'),('en_US',594,'Córdoba'),('en_US',595,'Corrientes'),('en_US',596,'Entre Ríos'),('en_US',597,'Formosa'),('en_US',598,'Jujuy'),('en_US',599,'La Pampa'),('en_US',600,'La Rioja'),('en_US',601,'Mendoza'),('en_US',602,'Misiones'),('en_US',603,'Neuquén'),('en_US',604,'Río Negro'),('en_US',605,'Salta'),('en_US',606,'San Juan'),('en_US',607,'San Luis'),('en_US',608,'Santa Cruz'),('en_US',609,'Santa Fe'),('en_US',610,'Santiago del Estero'),('en_US',611,'Tierra del Fuego'),('en_US',612,'Tucumán'),('en_US',613,'Bresckaja voblasć'),('en_US',614,'Homieĺskaja voblasć'),('en_US',615,'Horad Minsk'),('en_US',616,'Hrodzienskaja voblasć'),('en_US',617,'Mahilioŭskaja voblasć'),('en_US',618,'Minskaja voblasć'),('en_US',619,'Viciebskaja voblasć'),('en_US',620,'Antwerpen'),('en_US',621,'Brabant wallon'),('en_US',622,'Brussels-Capital Region'),('en_US',623,'Hainaut'),('en_US',624,'Limburg'),('en_US',625,'Liège'),('en_US',626,'Luxembourg'),('en_US',627,'Namur'),('en_US',628,'Oost-Vlaanderen'),('en_US',629,'Vlaams-Brabant'),('en_US',630,'West-Vlaanderen'),('en_US',631,'Cochabamba'),('en_US',632,'Chuquisaca'),('en_US',633,'El Beni'),('en_US',634,'La Paz'),('en_US',635,'Oruro'),('en_US',636,'Pando'),('en_US',637,'Potosí'),('en_US',638,'Santa Cruz'),('en_US',639,'Tarija'),('en_US',640,'Blagoevgrad'),('en_US',641,'Burgas'),('en_US',642,'Varna'),('en_US',643,'Veliko Tarnovo'),('en_US',644,'Vidin'),('en_US',645,'Vratsa'),('en_US',646,'Gabrovo'),('en_US',647,'Dobrich'),('en_US',648,'Kardzhali'),('en_US',649,'Kyustendil'),('en_US',650,'Lovech'),('en_US',651,'Montana'),('en_US',652,'Pazardzhik'),('en_US',653,'Pernik'),('en_US',654,'Pleven'),('en_US',655,'Plovdiv'),('en_US',656,'Razgrad'),('en_US',657,'Ruse'),('en_US',658,'Silistra'),('en_US',659,'Sliven'),('en_US',660,'Smolyan'),('en_US',661,'Sofia City'),('en_US',662,'Sofia Province'),('en_US',663,'Stara Zagora'),('en_US',664,'Targovishte'),('en_US',665,'Haskovo'),('en_US',666,'Shumen'),('en_US',667,'Yambol'),('en_US',668,'Aisén del General Carlos Ibañez del Campo'),('en_US',669,'Antofagasta'),('en_US',670,'Arica y Parinacota'),('en_US',671,'La Araucanía'),('en_US',672,'Atacama'),('en_US',673,'Biobío'),('en_US',674,'Coquimbo'),('en_US',675,'Libertador General Bernardo O\'Higgins'),('en_US',676,'Los Lagos'),('en_US',677,'Los Ríos'),('en_US',678,'Magallanes'),('en_US',679,'Maule'),('en_US',680,'Ñuble'),('en_US',681,'Región Metropolitana de Santiago'),('en_US',682,'Tarapacá'),('en_US',683,'Valparaíso'),('en_US',684,'Anhui Sheng'),('en_US',685,'Beijing Shi'),('en_US',686,'Chongqing Shi'),('en_US',687,'Fujian Sheng'),('en_US',688,'Gansu Sheng'),('en_US',689,'Guangdong Sheng'),('en_US',690,'Guangxi Zhuangzu Zizhiqu'),('en_US',691,'Guizhou Sheng'),('en_US',692,'Hainan Sheng'),('en_US',693,'Hebei Sheng'),('en_US',694,'Heilongjiang Sheng'),('en_US',695,'Henan Sheng'),('en_US',696,'Hong Kong SAR'),('en_US',697,'Hubei Sheng'),('en_US',698,'Hunan Sheng'),('en_US',699,'Jiangsu Sheng'),('en_US',700,'Jiangxi Sheng'),('en_US',701,'Jilin Sheng'),('en_US',702,'Liaoning Sheng'),('en_US',703,'Macao SAR'),('en_US',704,'Nei Mongol Zizhiqu'),('en_US',705,'Ningxia Huizi Zizhiqu'),('en_US',706,'Qinghai Sheng'),('en_US',707,'Shaanxi Sheng'),('en_US',708,'Shandong Sheng'),('en_US',709,'Shanghai Shi'),('en_US',710,'Shanxi Sheng'),('en_US',711,'Sichuan Sheng'),('en_US',712,'Taiwan Sheng'),('en_US',713,'Tianjin Shi'),('en_US',714,'Xinjiang Uygur Zizhiqu'),('en_US',715,'Xizang Zizhiqu'),('en_US',716,'Yunnan Sheng'),('en_US',717,'Zhejiang Sheng'),('en_US',718,'Amazonas'),('en_US',719,'Antioquia'),('en_US',720,'Arauca'),('en_US',721,'Atlántico'),('en_US',722,'Bolívar'),('en_US',723,'Boyacá'),('en_US',724,'Caldas'),('en_US',725,'Caquetá'),('en_US',726,'Casanare'),('en_US',727,'Cauca'),('en_US',728,'Cesar'),('en_US',729,'Chocó'),('en_US',730,'Córdoba'),('en_US',731,'Cundinamarca'),('en_US',732,'Guainía'),('en_US',733,'Guaviare'),('en_US',734,'Huila'),('en_US',735,'La Guajira'),('en_US',736,'Magdalena'),('en_US',737,'Meta'),('en_US',738,'Nariño'),('en_US',739,'Norte de Santander'),('en_US',740,'Putumayo'),('en_US',741,'Quindío'),('en_US',742,'Risaralda'),('en_US',743,'San Andrés y Providencia'),('en_US',744,'Santander'),('en_US',745,'Sucre'),('en_US',746,'Tolima'),('en_US',747,'Valle del Cauca'),('en_US',748,'Vaupés'),('en_US',749,'Vichada'),('en_US',750,'Praha, Hlavní město'),('en_US',751,'Středočeský kraj'),('en_US',752,'Jihočeský kraj'),('en_US',753,'Plzeňský kraj'),('en_US',754,'Karlovarský kraj'),('en_US',755,'Ústecký kraj'),('en_US',756,'Liberecký kraj'),('en_US',757,'Královéhradecký kraj'),('en_US',758,'Pardubický kraj'),('en_US',759,'Kraj Vysočina'),('en_US',760,'Jihomoravský kraj'),('en_US',761,'Olomoucký kraj'),('en_US',762,'Zlínský kraj'),('en_US',763,'Moravskoslezský kraj'),('en_US',764,'Hovedstaden'),('en_US',765,'Midtjylland'),('en_US',766,'Nordjylland'),('en_US',767,'Sjælland'),('en_US',768,'Syddanmark'),('en_US',769,'Azuay'),('en_US',770,'Bolívar'),('en_US',771,'Cañar'),('en_US',772,'Carchi'),('en_US',773,'Chimborazo'),('en_US',774,'Cotopaxi'),('en_US',775,'El Oro'),('en_US',776,'Esmeraldas'),('en_US',777,'Galápagos'),('en_US',778,'Guayas'),('en_US',779,'Imbabura'),('en_US',780,'Loja'),('en_US',781,'Los Ríos'),('en_US',782,'Manabí'),('en_US',783,'Morona Santiago'),('en_US',784,'Napo'),('en_US',785,'Orellana'),('en_US',786,'Pastaza'),('en_US',787,'Pichincha'),('en_US',788,'Santa Elena'),('en_US',789,'Santo Domingo de los Tsáchilas'),('en_US',790,'Sucumbíos'),('en_US',791,'Tungurahua'),('en_US',792,'Zamora Chinchipe'),('en_US',793,'Anatolikí Makedonía kai Thráki'),('en_US',794,'Attikí'),('en_US',795,'Dytikí Elláda'),('en_US',796,'Dytikí Makedonía'),('en_US',797,'Ionía Nísia'),('en_US',798,'Ípeiros'),('en_US',799,'Kentrikí Makedonía'),('en_US',800,'Kríti'),('en_US',801,'Nótio Aigaío'),('en_US',802,'Pelopónnisos'),('en_US',803,'Stereá Elláda'),('en_US',804,'Thessalía'),('en_US',805,'Vóreio Aigaío'),('en_US',806,'Ágion Óros'),('en_US',807,'Barima-Waini'),('en_US',808,'Cuyuni-Mazaruni'),('en_US',809,'Demerara-Mahaica'),('en_US',810,'East Berbice-Corentyne'),('en_US',811,'Essequibo Islands-West Demerara'),('en_US',812,'Mahaica-Berbice'),('en_US',813,'Pomeroon-Supenaam'),('en_US',814,'Potaro-Siparuni'),('en_US',815,'Upper Demerara-Berbice'),('en_US',816,'Upper Takutu-Upper Essequibo'),('en_US',817,'Höfuðborgarsvæði'),('en_US',818,'Suðurnes'),('en_US',819,'Vesturland'),('en_US',820,'Vestfirðir'),('en_US',821,'Norðurland vestra'),('en_US',822,'Norðurland eystra'),('en_US',823,'Austurland'),('en_US',824,'Suðurland'),('en_US',825,'Agrigento'),('en_US',826,'Alessandria'),('en_US',827,'Ancona'),('en_US',828,'Aosta'),('en_US',829,'L\'Aquila'),('en_US',830,'Arezzo'),('en_US',831,'Ascoli-Piceno'),('en_US',832,'Asti'),('en_US',833,'Avellino'),('en_US',834,'Bari'),('en_US',835,'Barletta-Andria-Trani'),('en_US',836,'Belluno'),('en_US',837,'Benevento'),('en_US',838,'Bergamo'),('en_US',839,'Biella'),('en_US',840,'Bologna'),('en_US',841,'Bolzano'),('en_US',842,'Brescia'),('en_US',843,'Brindisi'),('en_US',844,'Cagliari'),('en_US',845,'Caltanissetta'),('en_US',846,'Campobasso'),('en_US',847,'Carbonia Iglesias'),('en_US',848,'Caserta'),('en_US',849,'Catania'),('en_US',850,'Catanzaro'),('en_US',851,'Chieti'),('en_US',852,'Como'),('en_US',853,'Cosenza'),('en_US',854,'Cremona'),('en_US',855,'Crotone'),('en_US',856,'Cuneo'),('en_US',857,'Enna'),('en_US',858,'Fermo'),('en_US',859,'Ferrara'),('en_US',860,'Firenze'),('en_US',861,'Foggia'),('en_US',862,'Forli-Cesena'),('en_US',863,'Frosinone'),('en_US',864,'Genova'),('en_US',865,'Gorizia'),('en_US',866,'Grosseto'),('en_US',867,'Imperia'),('en_US',868,'Isernia'),('en_US',869,'La-Spezia'),('en_US',870,'Latina'),('en_US',871,'Lecce'),('en_US',872,'Lecco'),('en_US',873,'Livorno'),('en_US',874,'Lodi'),('en_US',875,'Lucca'),('en_US',876,'Macerata'),('en_US',877,'Mantova'),('en_US',878,'Massa-Carrara'),('en_US',879,'Matera'),('en_US',880,'Medio Campidano'),('en_US',881,'Messina'),('en_US',882,'Milano'),('en_US',883,'Modena'),('en_US',884,'Monza-Brianza'),('en_US',885,'Napoli'),('en_US',886,'Novara'),('en_US',887,'Nuoro'),('en_US',888,'Ogliastra'),('en_US',889,'Olbia Tempio'),('en_US',890,'Oristano'),('en_US',891,'Padova'),('en_US',892,'Palermo'),('en_US',893,'Parma'),('en_US',894,'Pavia'),('en_US',895,'Perugia'),('en_US',896,'Pesaro-Urbino'),('en_US',897,'Pescara'),('en_US',898,'Piacenza'),('en_US',899,'Pisa'),('en_US',900,'Pistoia'),('en_US',901,'Pordenone'),('en_US',902,'Potenza'),('en_US',903,'Prato'),('en_US',904,'Ragusa'),('en_US',905,'Ravenna'),('en_US',906,'Reggio-Calabria'),('en_US',907,'Reggio-Emilia'),('en_US',908,'Rieti'),('en_US',909,'Rimini'),('en_US',910,'Roma'),('en_US',911,'Rovigo'),('en_US',912,'Salerno'),('en_US',913,'Sassari'),('en_US',914,'Savona'),('en_US',915,'Siena'),('en_US',916,'Siracusa'),('en_US',917,'Sondrio'),('en_US',918,'Taranto'),('en_US',919,'Teramo'),('en_US',920,'Terni'),('en_US',921,'Torino'),('en_US',922,'Trapani'),('en_US',923,'Trento'),('en_US',924,'Treviso'),('en_US',925,'Trieste'),('en_US',926,'Udine'),('en_US',927,'Varese'),('en_US',928,'Venezia'),('en_US',929,'Verbania'),('en_US',930,'Vercelli'),('en_US',931,'Verona'),('en_US',932,'Vibo-Valentia'),('en_US',933,'Vicenza'),('en_US',934,'Viterbo'),('en_US',935,'Aguascalientes'),('en_US',936,'Baja California'),('en_US',937,'Baja California Sur'),('en_US',938,'Campeche'),('en_US',939,'Chiapas'),('en_US',940,'Chihuahua'),('en_US',941,'Ciudad de México'),('en_US',942,'Coahuila'),('en_US',943,'Colima'),('en_US',944,'Durango'),('en_US',945,'Estado de México'),('en_US',946,'Guanajuato'),('en_US',947,'Guerrero'),('en_US',948,'Hidalgo'),('en_US',949,'Jalisco'),('en_US',950,'Michoacán'),('en_US',951,'Morelos'),('en_US',952,'Nayarit'),('en_US',953,'Nuevo León'),('en_US',954,'Oaxaca'),('en_US',955,'Puebla'),('en_US',956,'Querétaro'),('en_US',957,'Quintana Roo'),('en_US',958,'San Luis Potosí'),('en_US',959,'Sinaloa'),('en_US',960,'Sonora'),('en_US',961,'Tabasco'),('en_US',962,'Tamaulipas'),('en_US',963,'Tlaxcala'),('en_US',964,'Veracruz'),('en_US',965,'Yucatán'),('en_US',966,'Zacatecas'),('en_US',967,'Asunción'),('en_US',968,'Alto Paraguay'),('en_US',969,'Alto Paraná'),('en_US',970,'Amambay'),('en_US',971,'Boquerón'),('en_US',972,'Caaguazú'),('en_US',973,'Caazapá'),('en_US',974,'Canindeyú'),('en_US',975,'Central'),('en_US',976,'Concepción'),('en_US',977,'Cordillera'),('en_US',978,'Guairá'),('en_US',979,'Itapúa'),('en_US',980,'Misiones'),('en_US',981,'Ñeembucú'),('en_US',982,'Paraguarí'),('en_US',983,'Presidente Hayes'),('en_US',984,'San Pedro'),('en_US',985,'Municipalidad Metropolitana de Lima'),('en_US',986,'Amazonas'),('en_US',987,'Ancash'),('en_US',988,'Apurímac'),('en_US',989,'Arequipa'),('en_US',990,'Ayacucho'),('en_US',991,'Cajamarca'),('en_US',992,'Cusco'),('en_US',993,'El Callao'),('en_US',994,'Huancavelica'),('en_US',995,'Huánuco'),('en_US',996,'Ica'),('en_US',997,'Junín'),('en_US',998,'La Libertad'),('en_US',999,'Lambayeque'),('en_US',1000,'Lima'),('en_US',1001,'Loreto'),('en_US',1002,'Madre de Dios'),('en_US',1003,'Moquegua'),('en_US',1004,'Pasco'),('en_US',1005,'Piura'),('en_US',1006,'Puno'),('en_US',1007,'San Martín'),('en_US',1008,'Tacna'),('en_US',1009,'Tumbes'),('en_US',1010,'Ucayali'),('en_US',1011,'dolnośląskie'),('en_US',1012,'kujawsko-pomorskie'),('en_US',1013,'lubelskie'),('en_US',1014,'lubuskie'),('en_US',1015,'łódzkie'),('en_US',1016,'małopolskie'),('en_US',1017,'mazowieckie'),('en_US',1018,'opolskie'),('en_US',1019,'podkarpackie'),('en_US',1020,'podlaskie'),('en_US',1021,'pomorskie'),('en_US',1022,'śląskie'),('en_US',1023,'świętokrzyskie'),('en_US',1024,'warmińsko-mazurskie'),('en_US',1025,'wielkopolskie'),('en_US',1026,'zachodniopomorskie'),('en_US',1027,'Aveiro'),('en_US',1028,'Beja'),('en_US',1029,'Braga'),('en_US',1030,'Bragança'),('en_US',1031,'Castelo Branco'),('en_US',1032,'Coimbra'),('en_US',1033,'Évora'),('en_US',1034,'Faro'),('en_US',1035,'Guarda'),('en_US',1036,'Leiria'),('en_US',1037,'Lisboa'),('en_US',1038,'Portalegre'),('en_US',1039,'Porto'),('en_US',1040,'Santarém'),('en_US',1041,'Setúbal'),('en_US',1042,'Viana do Castelo'),('en_US',1043,'Vila Real'),('en_US',1044,'Viseu'),('en_US',1045,'Região Autónoma dos Açores'),('en_US',1046,'Região Autónoma da Madeira'),('en_US',1047,'Brokopondo'),('en_US',1048,'Commewijne'),('en_US',1049,'Coronie'),('en_US',1050,'Marowijne'),('en_US',1051,'Nickerie'),('en_US',1052,'Para'),('en_US',1053,'Paramaribo'),('en_US',1054,'Saramacca'),('en_US',1055,'Sipaliwini'),('en_US',1056,'Wanica'),('en_US',1057,'Blekinge län'),('en_US',1058,'Dalarnas län'),('en_US',1059,'Gotlands län'),('en_US',1060,'Gävleborgs län'),('en_US',1061,'Hallands län'),('en_US',1062,'Jämtlands län'),('en_US',1063,'Jönköpings län'),('en_US',1064,'Kalmar län'),('en_US',1065,'Kronobergs län'),('en_US',1066,'Norrbottens län'),('en_US',1067,'Skåne län'),('en_US',1068,'Stockholms län'),('en_US',1069,'Södermanlands län'),('en_US',1070,'Uppsala län'),('en_US',1071,'Värmlands län'),('en_US',1072,'Västerbottens län'),('en_US',1073,'Västernorrlands län'),('en_US',1074,'Västmanlands län'),('en_US',1075,'Västra Götalands län'),('en_US',1076,'Örebro län'),('en_US',1077,'Östergötlands län'),('en_US',1078,'Artigas'),('en_US',1079,'Canelones'),('en_US',1080,'Cerro Largo'),('en_US',1081,'Colonia'),('en_US',1082,'Durazno'),('en_US',1083,'Flores'),('en_US',1084,'Florida'),('en_US',1085,'Lavalleja'),('en_US',1086,'Maldonado'),('en_US',1087,'Montevideo'),('en_US',1088,'Paysandu'),('en_US',1089,'Río Negro'),('en_US',1090,'Rivera'),('en_US',1091,'Rocha'),('en_US',1092,'Salto'),('en_US',1093,'San José'),('en_US',1094,'Soriano'),('en_US',1095,'Tacuarembó'),('en_US',1096,'Treinta y Tres'),('en_US',1097,'Dependencias Federales'),('en_US',1098,'Distrito Capital'),('en_US',1099,'Amazonas'),('en_US',1100,'Anzoátegui'),('en_US',1101,'Apure'),('en_US',1102,'Aragua'),('en_US',1103,'Barinas'),('en_US',1104,'Bolívar'),('en_US',1105,'Carabobo'),('en_US',1106,'Cojedes'),('en_US',1107,'Delta Amacuro'),('en_US',1108,'Falcón'),('en_US',1109,'Guárico'),('en_US',1110,'Lara'),('en_US',1111,'Mérida'),('en_US',1112,'Miranda'),('en_US',1113,'Monagas'),('en_US',1114,'Nueva Esparta'),('en_US',1115,'Portuguesa'),('en_US',1116,'Sucre'),('en_US',1117,'Táchira'),('en_US',1118,'Trujillo'),('en_US',1119,'Vargas'),('en_US',1120,'Yaracuy'),('en_US',1121,'Zulia');

--
-- Table structure for table `directory_currency_rate`
--

CREATE TABLE `directory_currency_rate` (
  `currency_from` varchar(3) NOT NULL COMMENT 'Currency Code Convert From',
  `currency_to` varchar(3) NOT NULL COMMENT 'Currency Code Convert To',
  `rate` decimal(24,12) NOT NULL DEFAULT 0.000000000000 COMMENT 'Currency Conversion Rate',
  PRIMARY KEY (`currency_from`,`currency_to`),
  KEY `DIRECTORY_CURRENCY_RATE_CURRENCY_TO` (`currency_to`)
) ENGINE=InnoDB DEFAULT CHARSET=utf8 COLLATE=utf8_general_ci COMMENT='Directory Currency Rate';

--
-- Dumping data for table `directory_currency_rate`
--

INSERT INTO `directory_currency_rate` VALUES ('EUR','EUR',1.000000000000),('EUR','USD',1.415000000000),('USD','EUR',0.706700000000),('USD','USD',1.000000000000);

--
-- Table structure for table `downloadable_link`
--

CREATE TABLE `downloadable_link` (
  `link_id` int(10) unsigned NOT NULL AUTO_INCREMENT COMMENT 'Link ID',
  `product_id` int(10) unsigned NOT NULL DEFAULT 0 COMMENT 'Product ID',
  `sort_order` int(10) unsigned NOT NULL DEFAULT 0 COMMENT 'Sort order',
  `number_of_downloads` int(11) DEFAULT NULL COMMENT 'Number of downloads',
  `is_shareable` smallint(5) unsigned NOT NULL DEFAULT 0 COMMENT 'Shareable flag',
  `link_url` varchar(255) DEFAULT NULL COMMENT 'Link Url',
  `link_file` varchar(255) DEFAULT NULL COMMENT 'Link File',
  `link_type` varchar(20) DEFAULT NULL COMMENT 'Link Type',
  `sample_url` varchar(255) DEFAULT NULL COMMENT 'Sample Url',
  `sample_file` varchar(255) DEFAULT NULL COMMENT 'Sample File',
  `sample_type` varchar(20) DEFAULT NULL COMMENT 'Sample Type',
  PRIMARY KEY (`link_id`),
  KEY `DOWNLOADABLE_LINK_PRODUCT_ID_SORT_ORDER` (`product_id`,`sort_order`),
  CONSTRAINT `DOWNLOADABLE_LINK_PRODUCT_ID_CATALOG_PRODUCT_ENTITY_ENTITY_ID` FOREIGN KEY (`product_id`) REFERENCES `catalog_product_entity` (`entity_id`) ON DELETE CASCADE
) ENGINE=InnoDB DEFAULT CHARSET=utf8 COLLATE=utf8_general_ci COMMENT='Downloadable Link Table';

--
-- Dumping data for table `downloadable_link`
--


--
-- Table structure for table `downloadable_link_price`
--

CREATE TABLE `downloadable_link_price` (
  `price_id` int(10) unsigned NOT NULL AUTO_INCREMENT COMMENT 'Price ID',
  `link_id` int(10) unsigned NOT NULL DEFAULT 0 COMMENT 'Link ID',
  `website_id` smallint(5) unsigned NOT NULL DEFAULT 0 COMMENT 'Website ID',
  `price` decimal(20,6) NOT NULL DEFAULT 0.000000 COMMENT 'Price',
  PRIMARY KEY (`price_id`),
  KEY `DOWNLOADABLE_LINK_PRICE_LINK_ID` (`link_id`),
  KEY `DOWNLOADABLE_LINK_PRICE_WEBSITE_ID` (`website_id`),
  CONSTRAINT `DOWNLOADABLE_LINK_PRICE_LINK_ID_DOWNLOADABLE_LINK_LINK_ID` FOREIGN KEY (`link_id`) REFERENCES `downloadable_link` (`link_id`) ON DELETE CASCADE,
  CONSTRAINT `DOWNLOADABLE_LINK_PRICE_WEBSITE_ID_STORE_WEBSITE_WEBSITE_ID` FOREIGN KEY (`website_id`) REFERENCES `store_website` (`website_id`) ON DELETE CASCADE
) ENGINE=InnoDB DEFAULT CHARSET=utf8 COLLATE=utf8_general_ci COMMENT='Downloadable Link Price Table';

--
-- Dumping data for table `downloadable_link_price`
--


--
-- Table structure for table `downloadable_link_purchased`
--

CREATE TABLE `downloadable_link_purchased` (
  `purchased_id` int(10) unsigned NOT NULL AUTO_INCREMENT COMMENT 'Purchased ID',
  `order_id` int(10) unsigned DEFAULT 0 COMMENT 'Order ID',
  `order_increment_id` varchar(50) DEFAULT NULL COMMENT 'Order Increment ID',
  `order_item_id` int(10) unsigned NOT NULL DEFAULT 0 COMMENT 'Order Item ID',
  `created_at` timestamp NOT NULL DEFAULT current_timestamp() COMMENT 'Date of creation',
  `updated_at` timestamp NOT NULL DEFAULT current_timestamp() ON UPDATE current_timestamp() COMMENT 'Date of modification',
  `customer_id` int(10) unsigned DEFAULT 0 COMMENT 'Customer ID',
  `product_name` varchar(255) DEFAULT NULL COMMENT 'Product name',
  `product_sku` varchar(255) DEFAULT NULL COMMENT 'Product sku',
  `link_section_title` varchar(255) DEFAULT NULL COMMENT 'Link_section_title',
  PRIMARY KEY (`purchased_id`),
  KEY `DOWNLOADABLE_LINK_PURCHASED_ORDER_ID` (`order_id`),
  KEY `DOWNLOADABLE_LINK_PURCHASED_ORDER_ITEM_ID` (`order_item_id`),
  KEY `DOWNLOADABLE_LINK_PURCHASED_CUSTOMER_ID` (`customer_id`),
  CONSTRAINT `DL_LNK_PURCHASED_CSTR_ID_CSTR_ENTT_ENTT_ID` FOREIGN KEY (`customer_id`) REFERENCES `customer_entity` (`entity_id`) ON DELETE SET NULL,
  CONSTRAINT `DOWNLOADABLE_LINK_PURCHASED_ORDER_ID_SALES_ORDER_ENTITY_ID` FOREIGN KEY (`order_id`) REFERENCES `sales_order` (`entity_id`) ON DELETE SET NULL
) ENGINE=InnoDB DEFAULT CHARSET=utf8 COLLATE=utf8_general_ci COMMENT='Downloadable Link Purchased Table';

--
-- Dumping data for table `downloadable_link_purchased`
--


--
-- Table structure for table `downloadable_link_purchased_item`
--

CREATE TABLE `downloadable_link_purchased_item` (
  `item_id` int(10) unsigned NOT NULL AUTO_INCREMENT COMMENT 'Item ID',
  `purchased_id` int(10) unsigned NOT NULL DEFAULT 0 COMMENT 'Purchased ID',
  `order_item_id` int(10) unsigned DEFAULT 0 COMMENT 'Order Item ID',
  `product_id` int(10) unsigned DEFAULT 0 COMMENT 'Product ID',
  `link_hash` varchar(255) DEFAULT NULL COMMENT 'Link hash',
  `number_of_downloads_bought` int(10) unsigned NOT NULL DEFAULT 0 COMMENT 'Number of downloads bought',
  `number_of_downloads_used` int(10) unsigned NOT NULL DEFAULT 0 COMMENT 'Number of downloads used',
  `link_id` int(10) unsigned NOT NULL DEFAULT 0 COMMENT 'Link ID',
  `link_title` varchar(255) DEFAULT NULL COMMENT 'Link Title',
  `is_shareable` smallint(5) unsigned NOT NULL DEFAULT 0 COMMENT 'Shareable Flag',
  `link_url` varchar(255) DEFAULT NULL COMMENT 'Link Url',
  `link_file` varchar(255) DEFAULT NULL COMMENT 'Link File',
  `link_type` varchar(255) DEFAULT NULL COMMENT 'Link Type',
  `status` varchar(50) DEFAULT NULL COMMENT 'Status',
  `created_at` timestamp NOT NULL DEFAULT current_timestamp() COMMENT 'Creation Time',
  `updated_at` timestamp NOT NULL DEFAULT current_timestamp() ON UPDATE current_timestamp() COMMENT 'Update Time',
  PRIMARY KEY (`item_id`),
  KEY `DOWNLOADABLE_LINK_PURCHASED_ITEM_LINK_HASH` (`link_hash`),
  KEY `DOWNLOADABLE_LINK_PURCHASED_ITEM_ORDER_ITEM_ID` (`order_item_id`),
  KEY `DOWNLOADABLE_LINK_PURCHASED_ITEM_PURCHASED_ID` (`purchased_id`),
  CONSTRAINT `DL_LNK_PURCHASED_ITEM_ORDER_ITEM_ID_SALES_ORDER_ITEM_ITEM_ID` FOREIGN KEY (`order_item_id`) REFERENCES `sales_order_item` (`item_id`) ON DELETE SET NULL,
  CONSTRAINT `DL_LNK_PURCHASED_ITEM_PURCHASED_ID_DL_LNK_PURCHASED_PURCHASED_ID` FOREIGN KEY (`purchased_id`) REFERENCES `downloadable_link_purchased` (`purchased_id`) ON DELETE CASCADE
) ENGINE=InnoDB DEFAULT CHARSET=utf8 COLLATE=utf8_general_ci COMMENT='Downloadable Link Purchased Item Table';

--
-- Dumping data for table `downloadable_link_purchased_item`
--


--
-- Table structure for table `downloadable_link_title`
--

CREATE TABLE `downloadable_link_title` (
  `title_id` int(10) unsigned NOT NULL AUTO_INCREMENT COMMENT 'Title ID',
  `link_id` int(10) unsigned NOT NULL DEFAULT 0 COMMENT 'Link ID',
  `store_id` smallint(5) unsigned NOT NULL DEFAULT 0 COMMENT 'Store ID',
  `title` varchar(255) DEFAULT NULL COMMENT 'Title',
  PRIMARY KEY (`title_id`),
  UNIQUE KEY `DOWNLOADABLE_LINK_TITLE_LINK_ID_STORE_ID` (`link_id`,`store_id`),
  KEY `DOWNLOADABLE_LINK_TITLE_STORE_ID` (`store_id`),
  CONSTRAINT `DOWNLOADABLE_LINK_TITLE_LINK_ID_DOWNLOADABLE_LINK_LINK_ID` FOREIGN KEY (`link_id`) REFERENCES `downloadable_link` (`link_id`) ON DELETE CASCADE,
  CONSTRAINT `DOWNLOADABLE_LINK_TITLE_STORE_ID_STORE_STORE_ID` FOREIGN KEY (`store_id`) REFERENCES `store` (`store_id`) ON DELETE CASCADE
) ENGINE=InnoDB DEFAULT CHARSET=utf8 COLLATE=utf8_general_ci COMMENT='Link Title Table';

--
-- Dumping data for table `downloadable_link_title`
--


--
-- Table structure for table `downloadable_sample`
--

CREATE TABLE `downloadable_sample` (
  `sample_id` int(10) unsigned NOT NULL AUTO_INCREMENT COMMENT 'Sample ID',
  `product_id` int(10) unsigned NOT NULL DEFAULT 0 COMMENT 'Product ID',
  `sample_url` varchar(255) DEFAULT NULL COMMENT 'Sample URL',
  `sample_file` varchar(255) DEFAULT NULL COMMENT 'Sample file',
  `sample_type` varchar(20) DEFAULT NULL COMMENT 'Sample Type',
  `sort_order` int(10) unsigned NOT NULL DEFAULT 0 COMMENT 'Sort Order',
  PRIMARY KEY (`sample_id`),
  KEY `DOWNLOADABLE_SAMPLE_PRODUCT_ID` (`product_id`),
  CONSTRAINT `DOWNLOADABLE_SAMPLE_PRODUCT_ID_CATALOG_PRODUCT_ENTITY_ENTITY_ID` FOREIGN KEY (`product_id`) REFERENCES `catalog_product_entity` (`entity_id`) ON DELETE CASCADE
) ENGINE=InnoDB DEFAULT CHARSET=utf8 COLLATE=utf8_general_ci COMMENT='Downloadable Sample Table';

--
-- Dumping data for table `downloadable_sample`
--


--
-- Table structure for table `downloadable_sample_title`
--

CREATE TABLE `downloadable_sample_title` (
  `title_id` int(10) unsigned NOT NULL AUTO_INCREMENT COMMENT 'Title ID',
  `sample_id` int(10) unsigned NOT NULL DEFAULT 0 COMMENT 'Sample ID',
  `store_id` smallint(5) unsigned NOT NULL DEFAULT 0 COMMENT 'Store ID',
  `title` varchar(255) DEFAULT NULL COMMENT 'Title',
  PRIMARY KEY (`title_id`),
  UNIQUE KEY `DOWNLOADABLE_SAMPLE_TITLE_SAMPLE_ID_STORE_ID` (`sample_id`,`store_id`),
  KEY `DOWNLOADABLE_SAMPLE_TITLE_STORE_ID` (`store_id`),
  CONSTRAINT `DL_SAMPLE_TTL_SAMPLE_ID_DL_SAMPLE_SAMPLE_ID` FOREIGN KEY (`sample_id`) REFERENCES `downloadable_sample` (`sample_id`) ON DELETE CASCADE,
  CONSTRAINT `DOWNLOADABLE_SAMPLE_TITLE_STORE_ID_STORE_STORE_ID` FOREIGN KEY (`store_id`) REFERENCES `store` (`store_id`) ON DELETE CASCADE
) ENGINE=InnoDB DEFAULT CHARSET=utf8 COLLATE=utf8_general_ci COMMENT='Downloadable Sample Title Table';

--
-- Dumping data for table `downloadable_sample_title`
--


--
-- Table structure for table `eav_attribute`
--

CREATE TABLE `eav_attribute` (
  `attribute_id` smallint(5) unsigned NOT NULL AUTO_INCREMENT COMMENT 'Attribute ID',
  `entity_type_id` smallint(5) unsigned NOT NULL DEFAULT 0 COMMENT 'Entity Type ID',
  `attribute_code` varchar(255) NOT NULL COMMENT 'Attribute Code',
  `attribute_model` varchar(255) DEFAULT NULL COMMENT 'Attribute Model',
  `backend_model` varchar(255) DEFAULT NULL COMMENT 'Backend Model',
  `backend_type` varchar(8) NOT NULL DEFAULT 'static' COMMENT 'Backend Type',
  `backend_table` varchar(255) DEFAULT NULL COMMENT 'Backend Table',
  `frontend_model` varchar(255) DEFAULT NULL COMMENT 'Frontend Model',
  `frontend_input` varchar(50) DEFAULT NULL COMMENT 'Frontend Input',
  `frontend_label` varchar(255) DEFAULT NULL COMMENT 'Frontend Label',
  `frontend_class` varchar(255) DEFAULT NULL COMMENT 'Frontend Class',
  `source_model` varchar(255) DEFAULT NULL COMMENT 'Source Model',
  `is_required` smallint(5) unsigned NOT NULL DEFAULT 0 COMMENT 'Defines Is Required',
  `is_user_defined` smallint(5) unsigned NOT NULL DEFAULT 0 COMMENT 'Defines Is User Defined',
  `default_value` text DEFAULT NULL COMMENT 'Default Value',
  `is_unique` smallint(5) unsigned NOT NULL DEFAULT 0 COMMENT 'Defines Is Unique',
  `note` varchar(255) DEFAULT NULL COMMENT 'Note',
  PRIMARY KEY (`attribute_id`),
  UNIQUE KEY `EAV_ATTRIBUTE_ENTITY_TYPE_ID_ATTRIBUTE_CODE` (`entity_type_id`,`attribute_code`),
  KEY `EAV_ATTRIBUTE_FRONTEND_INPUT_ENTITY_TYPE_ID_IS_USER_DEFINED` (`frontend_input`,`entity_type_id`,`is_user_defined`),
  CONSTRAINT `EAV_ATTRIBUTE_ENTITY_TYPE_ID_EAV_ENTITY_TYPE_ENTITY_TYPE_ID` FOREIGN KEY (`entity_type_id`) REFERENCES `eav_entity_type` (`entity_type_id`) ON DELETE CASCADE
) ENGINE=InnoDB AUTO_INCREMENT=148 DEFAULT CHARSET=utf8 COLLATE=utf8_general_ci COMMENT='Eav Attribute';

--
-- Dumping data for table `eav_attribute`
--

INSERT INTO `eav_attribute` VALUES (1,1,'website_id',NULL,'Magento\\Customer\\Model\\Customer\\Attribute\\Backend\\Website','static',NULL,NULL,'select','Associate to Website',NULL,'Magento\\Customer\\Model\\Customer\\Attribute\\Source\\Website',1,0,NULL,0,NULL),(2,1,'store_id',NULL,'Magento\\Customer\\Model\\Customer\\Attribute\\Backend\\Store','static',NULL,NULL,'select','Create In',NULL,'Magento\\Customer\\Model\\Customer\\Attribute\\Source\\Store',1,0,NULL,0,NULL),(3,1,'created_in',NULL,NULL,'static',NULL,NULL,'text','Created From',NULL,NULL,0,0,NULL,0,NULL),(4,1,'prefix',NULL,NULL,'static',NULL,NULL,'text','Name Prefix',NULL,NULL,0,0,NULL,0,NULL),(5,1,'firstname',NULL,NULL,'static',NULL,NULL,'text','First Name',NULL,NULL,1,0,NULL,0,NULL),(6,1,'middlename',NULL,NULL,'static',NULL,NULL,'text','Middle Name/Initial',NULL,NULL,0,0,NULL,0,NULL),(7,1,'lastname',NULL,NULL,'static',NULL,NULL,'text','Last Name',NULL,NULL,1,0,NULL,0,NULL),(8,1,'suffix',NULL,NULL,'static',NULL,NULL,'text','Name Suffix',NULL,NULL,0,0,NULL,0,NULL),(9,1,'email',NULL,NULL,'static',NULL,NULL,'text','Email',NULL,NULL,1,0,NULL,0,NULL),(10,1,'group_id',NULL,NULL,'static',NULL,NULL,'select','Group',NULL,'Magento\\Customer\\Model\\Customer\\Attribute\\Source\\Group',1,0,NULL,0,NULL),(11,1,'dob',NULL,'Magento\\Eav\\Model\\Entity\\Attribute\\Backend\\Datetime','static',NULL,'Magento\\Eav\\Model\\Entity\\Attribute\\Frontend\\Datetime','date','Date of Birth',NULL,NULL,0,0,NULL,0,NULL),(12,1,'password_hash',NULL,'Magento\\Customer\\Model\\Customer\\Attribute\\Backend\\Password','static',NULL,NULL,'hidden',NULL,NULL,NULL,0,0,NULL,0,NULL),(13,1,'rp_token',NULL,NULL,'static',NULL,NULL,'hidden',NULL,NULL,NULL,0,0,NULL,0,NULL),(14,1,'rp_token_created_at',NULL,NULL,'static',NULL,NULL,'date',NULL,NULL,NULL,0,0,NULL,0,NULL),(15,1,'default_billing',NULL,'Magento\\Customer\\Model\\Customer\\Attribute\\Backend\\Billing','static',NULL,NULL,'text','Default Billing Address',NULL,NULL,0,0,NULL,0,NULL),(16,1,'default_shipping',NULL,'Magento\\Customer\\Model\\Customer\\Attribute\\Backend\\Shipping','static',NULL,NULL,'text','Default Shipping Address',NULL,NULL,0,0,NULL,0,NULL),(17,1,'taxvat',NULL,NULL,'static',NULL,NULL,'text','Tax/VAT Number',NULL,NULL,0,0,NULL,0,NULL),(18,1,'confirmation',NULL,NULL,'static',NULL,NULL,'text','Is Confirmed',NULL,NULL,0,0,NULL,0,NULL),(19,1,'created_at',NULL,NULL,'static',NULL,NULL,'date','Created At',NULL,NULL,0,0,NULL,0,NULL),(20,1,'gender',NULL,NULL,'static',NULL,NULL,'select','Gender',NULL,'Magento\\Eav\\Model\\Entity\\Attribute\\Source\\Table',0,0,NULL,0,NULL),(21,1,'disable_auto_group_change',NULL,'Magento\\Customer\\Model\\Attribute\\Backend\\Data\\Boolean','static',NULL,NULL,'boolean','Disable Automatic Group Change Based on VAT ID',NULL,NULL,0,0,'0',0,NULL),(22,2,'prefix',NULL,NULL,'static',NULL,NULL,'text','Name Prefix',NULL,NULL,0,0,NULL,0,NULL),(23,2,'firstname',NULL,NULL,'static',NULL,NULL,'text','First Name',NULL,NULL,1,0,NULL,0,NULL),(24,2,'middlename',NULL,NULL,'static',NULL,NULL,'text','Middle Name/Initial',NULL,NULL,0,0,NULL,0,NULL),(25,2,'lastname',NULL,NULL,'static',NULL,NULL,'text','Last Name',NULL,NULL,1,0,NULL,0,NULL),(26,2,'suffix',NULL,NULL,'static',NULL,NULL,'text','Name Suffix',NULL,NULL,0,0,NULL,0,NULL),(27,2,'company',NULL,NULL,'static',NULL,NULL,'text','Company',NULL,NULL,0,0,NULL,0,NULL),(28,2,'street',NULL,'Magento\\Eav\\Model\\Entity\\Attribute\\Backend\\DefaultBackend','static',NULL,NULL,'multiline','Street Address',NULL,NULL,1,0,NULL,0,NULL),(29,2,'city',NULL,NULL,'static',NULL,NULL,'text','City',NULL,NULL,1,0,NULL,0,NULL),(30,2,'country_id','Magento\\Customer\\Model\\Attribute',NULL,'static',NULL,NULL,'select','Country',NULL,'Magento\\Customer\\Model\\ResourceModel\\Address\\Attribute\\Source\\Country',1,0,NULL,0,NULL),(31,2,'region',NULL,'Magento\\Customer\\Model\\ResourceModel\\Address\\Attribute\\Backend\\Region','static',NULL,NULL,'text','State/Province',NULL,NULL,0,0,NULL,0,NULL),(32,2,'region_id',NULL,NULL,'static',NULL,NULL,'hidden','State/Province',NULL,'Magento\\Customer\\Model\\ResourceModel\\Address\\Attribute\\Source\\Region',0,0,NULL,0,NULL),(33,2,'postcode',NULL,NULL,'static',NULL,NULL,'text','Zip/Postal Code',NULL,NULL,0,0,NULL,0,NULL),(34,2,'telephone',NULL,NULL,'static',NULL,NULL,'text','Phone Number',NULL,NULL,1,0,NULL,0,NULL),(35,2,'fax',NULL,NULL,'static',NULL,NULL,'text','Fax',NULL,NULL,0,0,NULL,0,NULL),(36,2,'vat_id',NULL,NULL,'static',NULL,NULL,'text','VAT Number',NULL,NULL,0,0,NULL,0,NULL),(37,2,'vat_is_valid',NULL,NULL,'static',NULL,NULL,'text','VAT number validity',NULL,NULL,0,0,NULL,0,NULL),(38,2,'vat_request_id',NULL,NULL,'static',NULL,NULL,'text','VAT number validation request ID',NULL,NULL,0,0,NULL,0,NULL),(39,2,'vat_request_date',NULL,NULL,'static',NULL,NULL,'text','VAT number validation request date',NULL,NULL,0,0,NULL,0,NULL),(40,2,'vat_request_success',NULL,NULL,'static',NULL,NULL,'text','VAT number validation request success',NULL,NULL,0,0,NULL,0,NULL),(41,1,'updated_at',NULL,NULL,'static',NULL,NULL,'date','Updated At',NULL,NULL,0,0,NULL,0,NULL),(42,1,'failures_num',NULL,NULL,'static',NULL,NULL,'hidden','Failures Number',NULL,NULL,0,0,NULL,0,NULL),(43,1,'first_failure',NULL,NULL,'static',NULL,NULL,'date','First Failure Date',NULL,NULL,0,0,NULL,0,NULL),(44,1,'lock_expires',NULL,NULL,'static',NULL,NULL,'date','Failures Number',NULL,NULL,0,0,NULL,0,NULL),(45,3,'name',NULL,NULL,'varchar',NULL,NULL,'text','Name',NULL,NULL,1,0,NULL,0,NULL),(46,3,'is_active',NULL,NULL,'int',NULL,NULL,'select','Is Active',NULL,'Magento\\Eav\\Model\\Entity\\Attribute\\Source\\Boolean',1,0,NULL,0,NULL),(47,3,'description',NULL,NULL,'text',NULL,NULL,'textarea','Description',NULL,NULL,0,0,NULL,0,NULL),(48,3,'image',NULL,'Magento\\Catalog\\Model\\Category\\Attribute\\Backend\\Image','varchar',NULL,NULL,'image','Image',NULL,NULL,0,0,NULL,0,NULL),(49,3,'meta_title',NULL,NULL,'varchar',NULL,NULL,'text','Page Title',NULL,NULL,0,0,NULL,0,NULL),(50,3,'meta_keywords',NULL,NULL,'text',NULL,NULL,'textarea','Meta Keywords',NULL,NULL,0,0,NULL,0,NULL),(51,3,'meta_description',NULL,NULL,'text',NULL,NULL,'textarea','Meta Description',NULL,NULL,0,0,NULL,0,NULL),(52,3,'display_mode',NULL,NULL,'varchar',NULL,NULL,'select','Display Mode',NULL,'Magento\\Catalog\\Model\\Category\\Attribute\\Source\\Mode',0,0,NULL,0,NULL),(53,3,'landing_page',NULL,NULL,'int',NULL,NULL,'select','CMS Block',NULL,'Magento\\Catalog\\Model\\Category\\Attribute\\Source\\Page',0,0,NULL,0,NULL),(54,3,'is_anchor',NULL,NULL,'int',NULL,NULL,'select','Is Anchor',NULL,'Magento\\Eav\\Model\\Entity\\Attribute\\Source\\Boolean',0,0,'1',0,NULL),(55,3,'path',NULL,NULL,'static',NULL,NULL,'text','Path',NULL,NULL,0,0,NULL,0,NULL),(56,3,'position',NULL,NULL,'static',NULL,NULL,'text','Position',NULL,NULL,0,0,NULL,0,NULL),(57,3,'all_children',NULL,NULL,'text',NULL,NULL,'text',NULL,NULL,NULL,0,0,NULL,0,NULL),(58,3,'path_in_store',NULL,NULL,'text',NULL,NULL,'text',NULL,NULL,NULL,0,0,NULL,0,NULL),(59,3,'children',NULL,NULL,'text',NULL,NULL,'text',NULL,NULL,NULL,0,0,NULL,0,NULL),(60,3,'custom_design',NULL,NULL,'varchar',NULL,NULL,'select','Custom Design',NULL,'Magento\\Theme\\Model\\Theme\\Source\\Theme',0,0,NULL,0,NULL),(61,3,'custom_design_from','Magento\\Catalog\\Model\\ResourceModel\\Eav\\Attribute','Magento\\Catalog\\Model\\Attribute\\Backend\\Startdate','datetime',NULL,'Magento\\Eav\\Model\\Entity\\Attribute\\Frontend\\Datetime','date','Active From',NULL,NULL,0,0,NULL,0,NULL),(62,3,'custom_design_to',NULL,'Magento\\Eav\\Model\\Entity\\Attribute\\Backend\\Datetime','datetime',NULL,NULL,'date','Active To',NULL,NULL,0,0,NULL,0,NULL),(63,3,'page_layout',NULL,NULL,'varchar',NULL,NULL,'select','Page Layout',NULL,'Magento\\Catalog\\Model\\Category\\Attribute\\Source\\Layout',0,0,NULL,0,NULL),(64,3,'custom_layout_update',NULL,'Magento\\Catalog\\Model\\Attribute\\Backend\\Customlayoutupdate','text',NULL,NULL,'textarea','Custom Layout Update',NULL,NULL,0,0,NULL,0,NULL),(65,3,'level',NULL,NULL,'static',NULL,NULL,'text','Level',NULL,NULL,0,0,NULL,0,NULL),(66,3,'children_count',NULL,NULL,'static',NULL,NULL,'text','Children Count',NULL,NULL,0,0,NULL,0,NULL),(67,3,'available_sort_by',NULL,'Magento\\Catalog\\Model\\Category\\Attribute\\Backend\\Sortby','text',NULL,NULL,'multiselect','Available Product Listing Sort By',NULL,'Magento\\Catalog\\Model\\Category\\Attribute\\Source\\Sortby',1,0,NULL,0,NULL),(68,3,'default_sort_by',NULL,'Magento\\Catalog\\Model\\Category\\Attribute\\Backend\\Sortby','varchar',NULL,NULL,'select','Default Product Listing Sort By',NULL,'Magento\\Catalog\\Model\\Category\\Attribute\\Source\\Sortby',1,0,NULL,0,NULL),(69,3,'include_in_menu',NULL,NULL,'int',NULL,NULL,'select','Include in Navigation Menu',NULL,'Magento\\Eav\\Model\\Entity\\Attribute\\Source\\Boolean',1,0,'1',0,NULL),(70,3,'custom_use_parent_settings',NULL,NULL,'int',NULL,NULL,'select','Use Parent Category Settings',NULL,'Magento\\Eav\\Model\\Entity\\Attribute\\Source\\Boolean',0,0,NULL,0,NULL),(71,3,'custom_apply_to_products',NULL,NULL,'int',NULL,NULL,'select','Apply To Products',NULL,'Magento\\Eav\\Model\\Entity\\Attribute\\Source\\Boolean',0,0,NULL,0,NULL),(72,3,'filter_price_range',NULL,NULL,'decimal',NULL,NULL,'text','Layered Navigation Price Step',NULL,NULL,0,0,NULL,0,NULL),(73,4,'name',NULL,NULL,'varchar',NULL,NULL,'text','Product Name','validate-length maximum-length-255',NULL,1,0,NULL,0,NULL),(74,4,'sku',NULL,'Magento\\Catalog\\Model\\Product\\Attribute\\Backend\\Sku','static',NULL,NULL,'text','SKU','validate-length maximum-length-64',NULL,1,0,NULL,1,NULL),(75,4,'description',NULL,NULL,'text',NULL,NULL,'textarea','Description',NULL,NULL,0,0,NULL,0,NULL),(76,4,'short_description',NULL,NULL,'text',NULL,NULL,'textarea','Short Description',NULL,NULL,0,0,NULL,0,NULL),(77,4,'price',NULL,'Magento\\Catalog\\Model\\Product\\Attribute\\Backend\\Price','decimal',NULL,NULL,'price','Price',NULL,NULL,1,0,NULL,0,NULL),(78,4,'special_price',NULL,'Magento\\Catalog\\Model\\Product\\Attribute\\Backend\\Price','decimal',NULL,NULL,'price','Special Price',NULL,NULL,0,0,NULL,0,NULL),(79,4,'special_from_date',NULL,'Magento\\Catalog\\Model\\Attribute\\Backend\\Startdate','datetime',NULL,NULL,'date','Special Price From Date',NULL,NULL,0,0,NULL,0,NULL),(80,4,'special_to_date',NULL,'Magento\\Eav\\Model\\Entity\\Attribute\\Backend\\Datetime','datetime',NULL,NULL,'date','Special Price To Date',NULL,NULL,0,0,NULL,0,NULL),(81,4,'cost',NULL,'Magento\\Catalog\\Model\\Product\\Attribute\\Backend\\Price','decimal',NULL,NULL,'price','Cost',NULL,NULL,0,1,NULL,0,NULL),(82,4,'weight',NULL,'Magento\\Catalog\\Model\\Product\\Attribute\\Backend\\Weight','decimal',NULL,NULL,'weight','Weight',NULL,NULL,0,0,NULL,0,NULL),(83,4,'manufacturer',NULL,NULL,'int',NULL,NULL,'select','Manufacturer',NULL,NULL,0,1,NULL,0,NULL),(84,4,'meta_title',NULL,NULL,'varchar',NULL,NULL,'text','Meta Title',NULL,NULL,0,0,NULL,0,NULL),(85,4,'meta_keyword',NULL,NULL,'text',NULL,NULL,'textarea','Meta Keywords',NULL,NULL,0,0,NULL,0,NULL),(86,4,'meta_description',NULL,NULL,'varchar',NULL,NULL,'textarea','Meta Description',NULL,NULL,0,0,NULL,0,'Maximum 255 chars. Meta Description should optimally be between 150-160 characters'),(87,4,'image',NULL,NULL,'varchar',NULL,'Magento\\Catalog\\Model\\Product\\Attribute\\Frontend\\Image','media_image','Base',NULL,NULL,0,0,NULL,0,NULL),(88,4,'small_image',NULL,NULL,'varchar',NULL,'Magento\\Catalog\\Model\\Product\\Attribute\\Frontend\\Image','media_image','Small',NULL,NULL,0,0,NULL,0,NULL),(89,4,'thumbnail',NULL,NULL,'varchar',NULL,'Magento\\Catalog\\Model\\Product\\Attribute\\Frontend\\Image','media_image','Thumbnail',NULL,NULL,0,0,NULL,0,NULL),(90,4,'media_gallery',NULL,NULL,'static',NULL,NULL,'gallery','Media Gallery',NULL,NULL,0,0,NULL,0,NULL),(91,4,'old_id',NULL,NULL,'int',NULL,NULL,'text',NULL,NULL,NULL,0,0,NULL,0,NULL),(92,4,'tier_price',NULL,'Magento\\Catalog\\Model\\Product\\Attribute\\Backend\\Tierprice','decimal',NULL,NULL,'text','Tier Price',NULL,NULL,0,0,NULL,0,NULL),(93,4,'color',NULL,NULL,'int',NULL,NULL,'select','Color',NULL,NULL,0,1,'5',0,NULL),(94,4,'news_from_date',NULL,'Magento\\Catalog\\Model\\Attribute\\Backend\\Startdate','datetime',NULL,NULL,'date','Set Product as New from Date',NULL,NULL,0,0,NULL,0,NULL),(95,4,'news_to_date',NULL,'Magento\\Eav\\Model\\Entity\\Attribute\\Backend\\Datetime','datetime',NULL,NULL,'date','Set Product as New to Date',NULL,NULL,0,0,NULL,0,NULL),(96,4,'gallery',NULL,NULL,'varchar',NULL,NULL,'gallery','Image Gallery',NULL,NULL,0,0,NULL,0,NULL),(97,4,'status',NULL,NULL,'int',NULL,NULL,'select','Enable Product',NULL,'Magento\\Catalog\\Model\\Product\\Attribute\\Source\\Status',0,0,'1',0,NULL),(98,4,'minimal_price',NULL,'Magento\\Catalog\\Model\\Product\\Attribute\\Backend\\Price','decimal',NULL,NULL,'price','Minimal Price',NULL,NULL,0,0,NULL,0,NULL),(99,4,'visibility',NULL,NULL,'int',NULL,NULL,'select','Visibility',NULL,'Magento\\Catalog\\Model\\Product\\Visibility',0,0,'4',0,NULL),(100,4,'custom_design',NULL,NULL,'varchar',NULL,NULL,'select','New Theme',NULL,'Magento\\Theme\\Model\\Theme\\Source\\Theme',0,0,NULL,0,NULL),(101,4,'custom_design_from',NULL,'Magento\\Catalog\\Model\\Attribute\\Backend\\Startdate','datetime',NULL,NULL,'date','Active From',NULL,NULL,0,0,NULL,0,NULL),(102,4,'custom_design_to',NULL,'Magento\\Eav\\Model\\Entity\\Attribute\\Backend\\Datetime','datetime',NULL,NULL,'date','Active To',NULL,NULL,0,0,NULL,0,NULL),(103,4,'custom_layout_update',NULL,'Magento\\Catalog\\Model\\Attribute\\Backend\\Customlayoutupdate','text',NULL,NULL,'textarea','Layout Update XML',NULL,NULL,0,0,NULL,0,NULL),(104,4,'page_layout',NULL,NULL,'varchar',NULL,NULL,'select','Layout',NULL,'Magento\\Catalog\\Model\\Product\\Attribute\\Source\\Layout',0,0,NULL,0,NULL),(105,4,'category_ids',NULL,'Magento\\Catalog\\Model\\Product\\Attribute\\Backend\\Category','static',NULL,NULL,'text','Categories',NULL,NULL,0,0,NULL,0,NULL),(106,4,'options_container',NULL,NULL,'varchar',NULL,NULL,'select','Display Product Options In',NULL,'Magento\\Catalog\\Model\\Entity\\Product\\Attribute\\Design\\Options\\Container',0,0,'container2',0,NULL),(107,4,'required_options',NULL,NULL,'static',NULL,NULL,'text',NULL,NULL,NULL,0,0,NULL,0,NULL),(108,4,'has_options',NULL,NULL,'static',NULL,NULL,'text',NULL,NULL,NULL,0,0,NULL,0,NULL),(109,4,'image_label',NULL,NULL,'varchar',NULL,NULL,'text','Image Label',NULL,NULL,0,0,NULL,0,NULL),(110,4,'small_image_label',NULL,NULL,'varchar',NULL,NULL,'text','Small Image Label',NULL,NULL,0,0,NULL,0,NULL),(111,4,'thumbnail_label',NULL,NULL,'varchar',NULL,NULL,'text','Thumbnail Label',NULL,NULL,0,0,NULL,0,NULL),(112,4,'created_at',NULL,NULL,'static',NULL,NULL,'date',NULL,NULL,NULL,1,0,NULL,0,NULL),(113,4,'updated_at',NULL,NULL,'static',NULL,NULL,'date',NULL,NULL,NULL,1,0,NULL,0,NULL),(114,4,'country_of_manufacture',NULL,NULL,'varchar',NULL,NULL,'select','Country of Manufacture',NULL,'Magento\\Catalog\\Model\\Product\\Attribute\\Source\\Countryofmanufacture',0,0,NULL,0,NULL),(115,4,'quantity_and_stock_status',NULL,'Magento\\Catalog\\Model\\Product\\Attribute\\Backend\\Stock','int',NULL,NULL,'select','Quantity',NULL,'Magento\\CatalogInventory\\Model\\Source\\Stock',0,0,'1',0,NULL),(116,4,'custom_layout',NULL,NULL,'varchar',NULL,NULL,'select','New Layout',NULL,'Magento\\Catalog\\Model\\Product\\Attribute\\Source\\Layout',0,0,NULL,0,NULL),(117,4,'msrp',NULL,'Magento\\Catalog\\Model\\Product\\Attribute\\Backend\\Price','decimal',NULL,NULL,'price','Minimum Advertised Price',NULL,NULL,0,0,NULL,0,NULL),(118,4,'msrp_display_actual_price_type',NULL,'Magento\\Catalog\\Model\\Product\\Attribute\\Backend\\Boolean','varchar',NULL,NULL,'select','Display Actual Price',NULL,'Magento\\Msrp\\Model\\Product\\Attribute\\Source\\Type\\Price',0,0,'0',0,NULL),(119,3,'url_key',NULL,NULL,'varchar',NULL,NULL,'text','URL Key',NULL,NULL,0,0,NULL,0,NULL),(120,3,'url_path',NULL,NULL,'varchar',NULL,NULL,'text',NULL,NULL,NULL,0,0,NULL,0,NULL),(121,4,'url_key',NULL,NULL,'varchar',NULL,NULL,'text','URL Key','validate-trailing-hyphen',NULL,0,0,NULL,0,NULL),(122,4,'url_path',NULL,NULL,'varchar',NULL,NULL,'text',NULL,NULL,NULL,0,0,NULL,0,NULL),(123,4,'links_purchased_separately',NULL,NULL,'int',NULL,NULL,NULL,'Links can be purchased separately',NULL,NULL,1,0,NULL,0,NULL),(124,4,'samples_title',NULL,NULL,'varchar',NULL,NULL,NULL,'Samples title',NULL,NULL,1,0,NULL,0,NULL),(125,4,'links_title',NULL,NULL,'varchar',NULL,NULL,NULL,'Links title',NULL,NULL,1,0,NULL,0,NULL),(126,4,'links_exist',NULL,NULL,'int',NULL,NULL,NULL,NULL,NULL,NULL,0,0,NULL,0,NULL),(127,4,'price_type',NULL,NULL,'int',NULL,NULL,'boolean','Dynamic Price',NULL,NULL,1,0,'0',0,NULL),(128,4,'sku_type',NULL,NULL,'int',NULL,NULL,'boolean','Dynamic SKU',NULL,NULL,1,0,'0',0,NULL),(129,4,'weight_type',NULL,NULL,'int',NULL,NULL,'boolean','Dynamic Weight',NULL,NULL,1,0,'0',0,NULL),(130,4,'price_view',NULL,NULL,'int',NULL,NULL,'select','Price View',NULL,'Magento\\Bundle\\Model\\Product\\Attribute\\Source\\Price\\View',1,0,NULL,0,NULL),(131,4,'shipment_type',NULL,NULL,'int',NULL,NULL,'select','Ship Bundle Items',NULL,'Magento\\Bundle\\Model\\Product\\Attribute\\Source\\Shipment\\Type',1,0,'0',0,NULL),(132,4,'gift_message_available',NULL,'Magento\\Catalog\\Model\\Product\\Attribute\\Backend\\Boolean','varchar',NULL,NULL,'select','Allow Gift Message',NULL,'Magento\\Catalog\\Model\\Product\\Attribute\\Source\\Boolean',0,0,NULL,0,NULL),(133,4,'swatch_image',NULL,NULL,'varchar',NULL,'Magento\\Catalog\\Model\\Product\\Attribute\\Frontend\\Image','media_image','Swatch',NULL,NULL,0,0,NULL,0,NULL),(134,4,'tax_class_id',NULL,NULL,'int',NULL,NULL,'select','Tax Class',NULL,'Magento\\Tax\\Model\\TaxClass\\Source\\Product',0,0,'2',0,NULL),(138,3,'thumb_nail',NULL,'Magento\\Catalog\\Model\\Category\\Attribute\\Backend\\Image','varchar',NULL,NULL,'image','Thumbnail',NULL,NULL,0,0,NULL,0,NULL),(139,3,'thumb_nail_hover',NULL,'Magento\\Catalog\\Model\\Category\\Attribute\\Backend\\Image','varchar',NULL,NULL,'image','Thumbnail Hover',NULL,NULL,0,0,NULL,0,NULL),(140,3,'is_new',NULL,NULL,'int',NULL,NULL,'select','Is New',NULL,'Magento\\Eav\\Model\\Entity\\Attribute\\Source\\Boolean',1,0,NULL,0,NULL),(141,3,'is_sale',NULL,NULL,'int',NULL,NULL,'select','Is Sale',NULL,'Magento\\Eav\\Model\\Entity\\Attribute\\Source\\Boolean',1,0,NULL,0,NULL),(142,4,'featured',NULL,NULL,'int',NULL,NULL,'select','Featured',NULL,'Magento\\Eav\\Model\\Entity\\Attribute\\Source\\Boolean',0,0,'0',0,NULL),(143,4,'rotary_image',NULL,NULL,'varchar',NULL,'Magento\\Catalog\\Model\\Product\\Attribute\\Frontend\\Image','media_image','Rotary Image',NULL,NULL,0,0,NULL,0,NULL),(144,4,'size',NULL,NULL,'int',NULL,NULL,'select','Size',NULL,'Magento\\Eav\\Model\\Entity\\Attribute\\Source\\Table',0,1,'',0,NULL),(145,4,'sizechart',NULL,NULL,'int',NULL,NULL,'boolean','size chart',NULL,'Magento\\Eav\\Model\\Entity\\Attribute\\Source\\Boolean',0,1,'0',0,NULL),(146,4,'custom_layout_update_file',NULL,'Magento\\Catalog\\Model\\Product\\Attribute\\Backend\\LayoutUpdate','varchar',NULL,NULL,'select','Custom Layout Update',NULL,'Magento\\Catalog\\Model\\Product\\Attribute\\Source\\LayoutUpdate',0,0,NULL,0,NULL),(147,3,'custom_layout_update_file',NULL,'Magento\\Catalog\\Model\\Category\\Attribute\\Backend\\LayoutUpdate','varchar',NULL,NULL,'select','Custom Layout Update',NULL,'Magento\\Catalog\\Model\\Category\\Attribute\\Source\\LayoutUpdate',0,0,NULL,0,NULL);

--
-- Table structure for table `eav_attribute_group`
--

CREATE TABLE `eav_attribute_group` (
  `attribute_group_id` smallint(5) unsigned NOT NULL AUTO_INCREMENT COMMENT 'Attribute Group ID',
  `attribute_set_id` smallint(5) unsigned NOT NULL DEFAULT 0 COMMENT 'Attribute Set ID',
  `attribute_group_name` varchar(255) DEFAULT NULL COMMENT 'Attribute Group Name',
  `sort_order` smallint(6) NOT NULL DEFAULT 0 COMMENT 'Sort Order',
  `default_id` smallint(5) unsigned DEFAULT 0 COMMENT 'Default ID',
  `attribute_group_code` varchar(255) NOT NULL COMMENT 'Attribute Group Code',
  `tab_group_code` varchar(255) DEFAULT NULL COMMENT 'Tab Group Code',
  PRIMARY KEY (`attribute_group_id`),
  UNIQUE KEY `EAV_ATTRIBUTE_GROUP_ATTRIBUTE_SET_ID_ATTRIBUTE_GROUP_CODE` (`attribute_set_id`,`attribute_group_code`),
  UNIQUE KEY `EAV_ATTRIBUTE_GROUP_ATTRIBUTE_SET_ID_ATTRIBUTE_GROUP_NAME` (`attribute_set_id`,`attribute_group_name`),
  KEY `EAV_ATTRIBUTE_GROUP_ATTRIBUTE_SET_ID_SORT_ORDER` (`attribute_set_id`,`sort_order`),
  CONSTRAINT `EAV_ATTR_GROUP_ATTR_SET_ID_EAV_ATTR_SET_ATTR_SET_ID` FOREIGN KEY (`attribute_set_id`) REFERENCES `eav_attribute_set` (`attribute_set_id`) ON DELETE CASCADE
) ENGINE=InnoDB AUTO_INCREMENT=21 DEFAULT CHARSET=utf8 COLLATE=utf8_general_ci COMMENT='Eav Attribute Group';

--
-- Dumping data for table `eav_attribute_group`
--

INSERT INTO `eav_attribute_group` VALUES (1,1,'General',1,1,'general',NULL),(2,2,'General',1,1,'general',NULL),(3,3,'General',10,1,'general',NULL),(4,3,'General Information',2,0,'general-information',NULL),(5,3,'Display Settings',20,0,'display-settings',NULL),(6,3,'Custom Design',30,0,'custom-design',NULL),(7,4,'General',1,1,'product-details','basic'),(8,4,'Advanced Pricing',6,0,'advanced-pricing','advanced'),(9,4,'Search Engine Optimization',5,0,'search-engine-optimization','basic'),(10,4,'Images',4,0,'image-management','basic'),(11,4,'Design',7,0,'design','advanced'),(12,4,'Autosettings',9,0,'autosettings','advanced'),(13,4,'Content',2,0,'content','basic'),(14,4,'Schedule Design Update',8,0,'schedule-design-update','advanced'),(15,5,'General',1,1,'general',NULL),(16,6,'General',1,1,'general',NULL),(17,7,'General',1,1,'general',NULL),(18,8,'General',1,1,'general',NULL),(19,4,'Bundle Items',3,0,'bundle-items',NULL),(20,4,'Gift Options',10,0,'gift-options',NULL);

--
-- Table structure for table `eav_attribute_label`
--

CREATE TABLE `eav_attribute_label` (
  `attribute_label_id` int(10) unsigned NOT NULL AUTO_INCREMENT COMMENT 'Attribute Label ID',
  `attribute_id` smallint(5) unsigned NOT NULL DEFAULT 0 COMMENT 'Attribute ID',
  `store_id` smallint(5) unsigned NOT NULL DEFAULT 0 COMMENT 'Store ID',
  `value` varchar(255) DEFAULT NULL COMMENT 'Value',
  PRIMARY KEY (`attribute_label_id`),
  KEY `EAV_ATTRIBUTE_LABEL_STORE_ID` (`store_id`),
  KEY `EAV_ATTRIBUTE_LABEL_ATTRIBUTE_ID_STORE_ID` (`attribute_id`,`store_id`),
  CONSTRAINT `EAV_ATTRIBUTE_LABEL_ATTRIBUTE_ID_EAV_ATTRIBUTE_ATTRIBUTE_ID` FOREIGN KEY (`attribute_id`) REFERENCES `eav_attribute` (`attribute_id`) ON DELETE CASCADE,
  CONSTRAINT `EAV_ATTRIBUTE_LABEL_STORE_ID_STORE_STORE_ID` FOREIGN KEY (`store_id`) REFERENCES `store` (`store_id`) ON DELETE CASCADE
) ENGINE=InnoDB AUTO_INCREMENT=68 DEFAULT CHARSET=utf8 COLLATE=utf8_general_ci COMMENT='Eav Attribute Label';

--
-- Dumping data for table `eav_attribute_label`
--

INSERT INTO `eav_attribute_label` VALUES (4,144,1,'Size'),(6,145,1,'Size Chart'),(67,93,1,'Color');

--
-- Table structure for table `eav_attribute_option`
--

CREATE TABLE `eav_attribute_option` (
  `option_id` int(10) unsigned NOT NULL AUTO_INCREMENT COMMENT 'Option ID',
  `attribute_id` smallint(5) unsigned NOT NULL DEFAULT 0 COMMENT 'Attribute ID',
  `sort_order` smallint(5) unsigned NOT NULL DEFAULT 0 COMMENT 'Sort Order',
  PRIMARY KEY (`option_id`),
  KEY `EAV_ATTRIBUTE_OPTION_ATTRIBUTE_ID` (`attribute_id`),
  CONSTRAINT `EAV_ATTRIBUTE_OPTION_ATTRIBUTE_ID_EAV_ATTRIBUTE_ATTRIBUTE_ID` FOREIGN KEY (`attribute_id`) REFERENCES `eav_attribute` (`attribute_id`) ON DELETE CASCADE
) ENGINE=InnoDB AUTO_INCREMENT=74 DEFAULT CHARSET=utf8 COLLATE=utf8_general_ci COMMENT='Eav Attribute Option';

--
-- Dumping data for table `eav_attribute_option`
--

INSERT INTO `eav_attribute_option` VALUES (1,20,0),(2,20,1),(3,20,3),(4,93,1),(7,93,2),(8,93,3),(10,144,1),(11,144,2),(12,144,3),(13,144,4),(14,144,5),(15,144,6),(16,144,7),(17,144,8),(19,93,4),(20,93,5),(21,93,6),(22,93,7),(23,93,8),(24,93,9),(25,93,10),(26,93,11),(27,93,12),(28,93,13),(29,93,14),(30,93,19),(31,93,20),(32,93,17),(33,93,18),(34,93,19),(35,93,20),(36,93,21),(37,93,22),(38,93,23),(39,93,24),(40,93,25),(41,93,26),(42,93,27),(43,93,28),(44,93,29),(45,93,30),(46,93,31),(47,93,32),(48,93,33),(49,93,34),(50,93,35),(51,93,36),(52,93,37),(53,93,38),(54,93,39),(55,93,40),(56,93,41),(57,93,42),(58,93,43),(59,93,44),(60,93,45),(61,93,46),(62,93,47),(63,93,48),(64,93,49),(65,93,50),(66,93,51),(67,93,52),(68,93,53),(69,93,54),(70,93,55),(71,93,56),(72,93,57),(73,93,58);

--
