-- Table structure for table `eav_attribute_option_swatch`
--

CREATE TABLE `eav_attribute_option_swatch` (
  `swatch_id` int(10) unsigned NOT NULL AUTO_INCREMENT COMMENT 'Swatch ID',
  `option_id` int(10) unsigned NOT NULL COMMENT 'Option ID',
  `store_id` smallint(5) unsigned NOT NULL COMMENT 'Store ID',
  `type` smallint(5) unsigned NOT NULL COMMENT 'Swatch type: 0 - text, 1 - visual color, 2 - visual image',
  `value` varchar(255) DEFAULT NULL COMMENT 'Swatch Value',
  PRIMARY KEY (`swatch_id`),
  UNIQUE KEY `EAV_ATTRIBUTE_OPTION_SWATCH_STORE_ID_OPTION_ID` (`store_id`,`option_id`),
  KEY `EAV_ATTRIBUTE_OPTION_SWATCH_SWATCH_ID` (`swatch_id`),
  KEY `EAV_ATTR_OPT_SWATCH_OPT_ID_EAV_ATTR_OPT_OPT_ID` (`option_id`),
  CONSTRAINT `EAV_ATTRIBUTE_OPTION_SWATCH_STORE_ID_STORE_STORE_ID` FOREIGN KEY (`store_id`) REFERENCES `store` (`store_id`) ON DELETE CASCADE,
  CONSTRAINT `EAV_ATTR_OPT_SWATCH_OPT_ID_EAV_ATTR_OPT_OPT_ID` FOREIGN KEY (`option_id`) REFERENCES `eav_attribute_option` (`option_id`) ON DELETE CASCADE
) ENGINE=InnoDB AUTO_INCREMENT=79 DEFAULT CHARSET=utf8 COLLATE=utf8_general_ci COMMENT='Magento Swatches table';

--
-- Dumping data for table `eav_attribute_option_swatch`
--

INSERT INTO `eav_attribute_option_swatch` VALUES (1,4,0,1,'#f20303'),(4,7,0,1,'#000000'),(5,8,0,1,'#ffffff'),(7,10,0,0,'00'),(8,10,1,0,'00'),(9,11,0,0,'0'),(10,11,1,0,'0'),(11,12,0,0,'2'),(12,12,1,0,'2'),(13,13,0,0,'4'),(14,13,1,0,'4'),(15,14,0,0,'6'),(16,14,1,0,'6'),(17,15,0,0,'8'),(18,15,1,0,'8'),(19,16,0,0,'10'),(20,16,1,0,'10'),(21,17,0,0,'12'),(22,17,1,0,'12'),(24,19,0,1,'#35351d'),(25,20,0,1,'#102223'),(26,21,0,1,'#afc3c5'),(27,22,0,1,'#4a3f49'),(28,23,0,1,'#671216'),(29,24,0,1,'#131d31'),(30,25,0,1,'#9c9186'),(31,26,0,1,'#2c151a'),(32,27,0,1,'#d9a39a'),(33,28,0,1,'#c14660'),(34,29,0,1,'#f6dada'),(35,30,0,1,'#6e6752'),(36,31,0,1,'#16619b'),(37,32,0,1,'#32313a'),(38,33,0,1,'#461e20'),(39,34,0,1,'#7f1921'),(40,35,0,1,'#757376'),(41,36,0,1,'#111827'),(42,37,0,1,'#3b3123'),(43,38,0,1,'#3e0c0d'),(44,39,0,1,'#f12a27'),(45,40,0,1,'#2a121d'),(46,41,0,1,'#c01515'),(47,42,0,1,'#ceb4b7'),(48,43,0,1,'#e9604e'),(49,44,0,1,'#c9d8d9'),(50,45,0,1,'#b59491'),(51,46,0,1,'#edb0b0'),(52,47,0,1,'#341b16'),(53,48,0,1,'#607c91'),(54,49,0,1,'#1f1f29'),(55,50,0,1,'#131730'),(56,51,0,1,'#131f1f'),(57,52,0,1,'#5a7191'),(58,53,0,1,'#d39aa0'),(59,54,0,1,'#9db4ac'),(60,55,0,1,'#e5cad1'),(61,56,0,1,'#d0c9d1'),(62,57,0,1,'#c79c82'),(63,58,0,1,'#a2a3a8'),(64,59,0,1,'#821d24'),(65,60,0,1,'#e1bbae'),(66,61,0,1,'#242529'),(67,62,0,1,'#4c4945'),(68,63,0,1,'#a88d84'),(69,64,0,2,'/2/_/2_c_swatch.jpg'),(70,65,0,1,'#5e7180'),(71,66,0,1,'#bbb6b2'),(72,67,0,1,'#851545'),(73,68,0,1,'#5f283d'),(74,69,0,1,'#eea939'),(75,70,0,1,'#900120'),(76,71,0,1,'#e7bfbd'),(77,72,0,1,'#4a3a3a'),(78,73,0,1,'#6e7e8e');

--
-- Table structure for table `eav_attribute_option_value`
--

CREATE TABLE `eav_attribute_option_value` (
  `value_id` int(10) unsigned NOT NULL AUTO_INCREMENT COMMENT 'Value ID',
  `option_id` int(10) unsigned NOT NULL DEFAULT 0 COMMENT 'Option ID',
  `store_id` smallint(5) unsigned NOT NULL DEFAULT 0 COMMENT 'Store ID',
  `value` varchar(255) DEFAULT NULL COMMENT 'Value',
  PRIMARY KEY (`value_id`),
  KEY `EAV_ATTRIBUTE_OPTION_VALUE_OPTION_ID` (`option_id`),
  KEY `EAV_ATTRIBUTE_OPTION_VALUE_STORE_ID` (`store_id`),
  CONSTRAINT `EAV_ATTRIBUTE_OPTION_VALUE_STORE_ID_STORE_STORE_ID` FOREIGN KEY (`store_id`) REFERENCES `store` (`store_id`) ON DELETE CASCADE,
  CONSTRAINT `EAV_ATTR_OPT_VAL_OPT_ID_EAV_ATTR_OPT_OPT_ID` FOREIGN KEY (`option_id`) REFERENCES `eav_attribute_option` (`option_id`) ON DELETE CASCADE
) ENGINE=InnoDB AUTO_INCREMENT=4079 DEFAULT CHARSET=utf8 COLLATE=utf8_general_ci COMMENT='Eav Attribute Option Value';

--
-- Dumping data for table `eav_attribute_option_value`
--

INSERT INTO `eav_attribute_option_value` VALUES (1,1,0,'Male'),(2,2,0,'Female'),(3,3,0,'Not Specified'),(16,10,0,'00'),(17,11,0,'0'),(18,12,0,'2'),(19,13,0,'4'),(20,14,0,'6'),(21,15,0,'8'),(22,16,0,'10'),(23,17,0,'12'),(3963,4,1,'Red'),(3964,4,0,'Red'),(3965,7,1,'Black'),(3966,7,0,'Black'),(3967,8,1,'White'),(3968,8,0,'White'),(3969,19,1,'Olive Gren'),(3970,19,0,'Olive Green'),(3971,20,1,'Green'),(3972,20,0,'Bottle Green'),(3973,21,1,'Blue'),(3974,21,0,'Powder Blue'),(3975,22,1,'Gray'),(3976,22,0,'Dark Gray'),(3977,23,1,'Maroon Red'),(3978,23,0,'Maroon'),(3979,24,1,'Blue'),(3980,24,0,'Royal Blue'),(3981,25,1,'Gray'),(3982,25,0,'Dusty Gray'),(3983,26,1,'Burgundy Brown'),(3984,26,0,'Burgundy '),(3985,27,1,'Peach Pink'),(3986,27,0,'Peach'),(3987,28,1,'Pink'),(3988,28,0,'Onion Pink'),(3989,29,1,'Pink'),(3990,29,0,'Powder Pink'),(3991,32,1,'Blue'),(3992,32,0,'Banana Crepe Blue'),(3993,33,1,'Cranberry'),(3994,33,0,'Cranberry'),(3995,30,1,'Olive Green'),(3996,30,0,'Light Olive Green'),(3997,34,1,'Maroon Red'),(3998,34,0,'Scarlet Red'),(3999,35,1,'Gray'),(4000,35,0,'Metallic Gray'),(4001,31,1,'Turquoise Blue'),(4002,31,0,'Turquoise Blue'),(4003,36,1,'Blue'),(4004,36,0,'Metallic Blue'),(4005,37,1,'Golden'),(4006,37,0,'Gold Lurex'),(4007,38,1,'Red'),(4008,38,0,'Red Lurex'),(4009,39,1,'Red'),(4010,39,0,'Bright Red'),(4011,40,1,'Purple'),(4012,40,0,'Midnight Purple'),(4013,41,1,'Red'),(4014,41,0,'Sandwash Red'),(4015,42,1,'Pink'),(4016,42,0,'Dusty PInk'),(4017,43,1,'Pink Orange'),(4018,43,0,'Coral Pink Orange'),(4019,44,1,'Blue'),(4020,44,0,'Mint Blue'),(4021,45,1,'Pink'),(4022,45,0,'Rose Pink'),(4023,46,1,'Pink'),(4024,46,0,'Baby Pink'),(4025,47,1,'Brown'),(4026,47,0,'Chocolate Brown'),(4027,48,1,'Dusty Blue'),(4028,48,0,'Dusty Velvet Blue'),(4029,49,1,'Gray'),(4030,49,0,'Dark Gray Silk'),(4031,50,1,'Blue'),(4032,50,0,'Navy Blue'),(4033,51,1,'Green'),(4034,51,0,'Emerald Green'),(4035,52,1,'Blue'),(4036,52,0,'Dusty Blue Silk'),(4037,53,1,'Pink'),(4038,53,0,'Dusty Pink Silk'),(4039,54,1,'Mint Green'),(4040,54,0,'Mint'),(4041,55,1,'Pink'),(4042,55,0,'Pale Pink'),(4043,56,1,'Gray'),(4044,56,0,'Pale Gray'),(4045,57,1,'Pink'),(4046,57,0,'Dusty Pink Wool'),(4047,58,1,'Blue'),(4048,58,0,'Dusty Blue Organza'),(4049,59,1,'Maroon'),(4050,59,0,'Maroon Net'),(4051,60,1,'Pink'),(4052,60,0,'Dusty Pink Net'),(4053,61,1,'Blue'),(4054,61,0,'Royal Blue Net'),(4055,62,1,'Black '),(4056,62,0,'Ombre'),(4057,63,1,'Taupe'),(4058,63,0,'Taupe'),(4059,64,1,'Dusty Blue'),(4060,64,0,'Dusty Blue Sequin'),(4061,65,1,'Blue'),(4062,65,0,'Dusty Blue J'),(4063,66,1,'Gray'),(4064,66,0,'Light Gray'),(4065,67,1,'Pink'),(4066,67,0,'Fuchsia Pink'),(4067,68,1,'Pink'),(4068,68,0,'Magenta'),(4069,69,1,'Yellow'),(4070,69,0,'Bright Yellow'),(4071,70,1,'Red'),(4072,70,0,'Hot Red'),(4073,71,1,'Dreamy Pale Pink '),(4074,71,0,'Dreamy Pale Pink '),(4075,72,1,'Brown'),(4076,72,0,'Earthly Brown'),(4077,73,1,'Blue'),(4078,73,0,'Dusty Blue Gown');

--
-- Table structure for table `eav_attribute_set`
--

CREATE TABLE `eav_attribute_set` (
  `attribute_set_id` smallint(5) unsigned NOT NULL AUTO_INCREMENT COMMENT 'Attribute Set ID',
  `entity_type_id` smallint(5) unsigned NOT NULL DEFAULT 0 COMMENT 'Entity Type ID',
  `attribute_set_name` varchar(255) DEFAULT NULL COMMENT 'Attribute Set Name',
  `sort_order` smallint(6) NOT NULL DEFAULT 0 COMMENT 'Sort Order',
  PRIMARY KEY (`attribute_set_id`),
  UNIQUE KEY `EAV_ATTRIBUTE_SET_ENTITY_TYPE_ID_ATTRIBUTE_SET_NAME` (`entity_type_id`,`attribute_set_name`),
  KEY `EAV_ATTRIBUTE_SET_ENTITY_TYPE_ID_SORT_ORDER` (`entity_type_id`,`sort_order`),
  CONSTRAINT `EAV_ATTRIBUTE_SET_ENTITY_TYPE_ID_EAV_ENTITY_TYPE_ENTITY_TYPE_ID` FOREIGN KEY (`entity_type_id`) REFERENCES `eav_entity_type` (`entity_type_id`) ON DELETE CASCADE
) ENGINE=InnoDB AUTO_INCREMENT=9 DEFAULT CHARSET=utf8 COLLATE=utf8_general_ci COMMENT='Eav Attribute Set';

--
-- Dumping data for table `eav_attribute_set`
--

INSERT INTO `eav_attribute_set` VALUES (1,1,'Default',2),(2,2,'Default',2),(3,3,'Default',1),(4,4,'Default',1),(5,5,'Default',1),(6,6,'Default',1),(7,7,'Default',1),(8,8,'Default',1);

--
-- Table structure for table `eav_entity`
--

CREATE TABLE `eav_entity` (
  `entity_id` int(10) unsigned NOT NULL AUTO_INCREMENT COMMENT 'Entity ID',
  `entity_type_id` smallint(5) unsigned NOT NULL DEFAULT 0 COMMENT 'Entity Type ID',
  `attribute_set_id` smallint(5) unsigned NOT NULL DEFAULT 0 COMMENT 'Attribute Set ID',
  `increment_id` varchar(50) DEFAULT NULL COMMENT 'Increment ID',
  `parent_id` int(10) unsigned NOT NULL DEFAULT 0 COMMENT 'Parent ID',
  `store_id` smallint(5) unsigned NOT NULL DEFAULT 0 COMMENT 'Store ID',
  `created_at` timestamp NOT NULL DEFAULT current_timestamp() COMMENT 'Created At',
  `updated_at` timestamp NOT NULL DEFAULT current_timestamp() ON UPDATE current_timestamp() COMMENT 'Updated At',
  `is_active` smallint(5) unsigned NOT NULL DEFAULT 1 COMMENT 'Defines Is Entity Active',
  PRIMARY KEY (`entity_id`),
  KEY `EAV_ENTITY_ENTITY_TYPE_ID` (`entity_type_id`),
  KEY `EAV_ENTITY_STORE_ID` (`store_id`),
  CONSTRAINT `EAV_ENTITY_ENTITY_TYPE_ID_EAV_ENTITY_TYPE_ENTITY_TYPE_ID` FOREIGN KEY (`entity_type_id`) REFERENCES `eav_entity_type` (`entity_type_id`) ON DELETE CASCADE,
  CONSTRAINT `EAV_ENTITY_STORE_ID_STORE_STORE_ID` FOREIGN KEY (`store_id`) REFERENCES `store` (`store_id`) ON DELETE CASCADE
) ENGINE=InnoDB DEFAULT CHARSET=utf8 COLLATE=utf8_general_ci COMMENT='Eav Entity';

--
-- Dumping data for table `eav_entity`
--


--
-- Table structure for table `eav_entity_attribute`
--

CREATE TABLE `eav_entity_attribute` (
  `entity_attribute_id` int(10) unsigned NOT NULL AUTO_INCREMENT COMMENT 'Entity Attribute ID',
  `entity_type_id` smallint(5) unsigned NOT NULL DEFAULT 0 COMMENT 'Entity Type ID',
  `attribute_set_id` smallint(5) unsigned NOT NULL DEFAULT 0 COMMENT 'Attribute Set ID',
  `attribute_group_id` smallint(5) unsigned NOT NULL DEFAULT 0 COMMENT 'Attribute Group ID',
  `attribute_id` smallint(5) unsigned NOT NULL DEFAULT 0 COMMENT 'Attribute ID',
  `sort_order` smallint(6) NOT NULL DEFAULT 0 COMMENT 'Sort Order',
  PRIMARY KEY (`entity_attribute_id`),
  UNIQUE KEY `EAV_ENTITY_ATTRIBUTE_ATTRIBUTE_SET_ID_ATTRIBUTE_ID` (`attribute_set_id`,`attribute_id`),
  UNIQUE KEY `EAV_ENTITY_ATTRIBUTE_ATTRIBUTE_GROUP_ID_ATTRIBUTE_ID` (`attribute_group_id`,`attribute_id`),
  KEY `EAV_ENTITY_ATTRIBUTE_ATTRIBUTE_SET_ID_SORT_ORDER` (`attribute_set_id`,`sort_order`),
  KEY `EAV_ENTITY_ATTRIBUTE_ATTRIBUTE_ID` (`attribute_id`),
  CONSTRAINT `EAV_ENTITY_ATTRIBUTE_ATTRIBUTE_ID_EAV_ATTRIBUTE_ATTRIBUTE_ID` FOREIGN KEY (`attribute_id`) REFERENCES `eav_attribute` (`attribute_id`) ON DELETE CASCADE,
  CONSTRAINT `EAV_ENTT_ATTR_ATTR_GROUP_ID_EAV_ATTR_GROUP_ATTR_GROUP_ID` FOREIGN KEY (`attribute_group_id`) REFERENCES `eav_attribute_group` (`attribute_group_id`) ON DELETE CASCADE
) ENGINE=InnoDB AUTO_INCREMENT=200 DEFAULT CHARSET=utf8 COLLATE=utf8_general_ci COMMENT='Eav Entity Attributes';

--
-- Dumping data for table `eav_entity_attribute`
--

INSERT INTO `eav_entity_attribute` VALUES (1,1,1,1,1,10),(2,1,1,1,2,20),(3,1,1,1,3,20),(4,1,1,1,4,30),(5,1,1,1,5,40),(6,1,1,1,6,50),(7,1,1,1,7,60),(8,1,1,1,8,70),(9,1,1,1,9,80),(10,1,1,1,10,25),(11,1,1,1,11,90),(12,1,1,1,12,81),(13,1,1,1,13,115),(14,1,1,1,14,120),(15,1,1,1,15,82),(16,1,1,1,16,83),(17,1,1,1,17,100),(18,1,1,1,18,0),(19,1,1,1,19,0),(20,1,1,1,20,110),(21,1,1,1,21,28),(22,2,2,2,22,10),(23,2,2,2,23,20),(24,2,2,2,24,30),(25,2,2,2,25,40),(26,2,2,2,26,50),(27,2,2,2,27,60),(28,2,2,2,28,70),(29,2,2,2,29,100),(30,2,2,2,30,80),(31,2,2,2,31,90),(32,2,2,2,32,90),(33,2,2,2,33,110),(34,2,2,2,34,120),(35,2,2,2,35,130),(36,2,2,2,36,140),(37,2,2,2,37,132),(38,2,2,2,38,133),(39,2,2,2,39,134),(40,2,2,2,40,135),(41,1,1,1,41,87),(42,1,1,1,42,100),(43,1,1,1,43,110),(44,1,1,1,44,120),(45,3,3,4,45,1),(46,3,3,4,46,2),(47,3,3,4,47,4),(48,3,3,4,48,5),(49,3,3,4,49,6),(50,3,3,4,50,7),(51,3,3,4,51,8),(52,3,3,5,52,10),(53,3,3,5,53,20),(54,3,3,5,54,30),(55,3,3,4,55,12),(56,3,3,4,56,13),(57,3,3,4,57,14),(58,3,3,4,58,15),(59,3,3,4,59,16),(60,3,3,6,60,10),(61,3,3,6,61,30),(62,3,3,6,62,40),(63,3,3,6,63,50),(64,3,3,6,64,60),(65,3,3,4,65,24),(66,3,3,4,66,25),(67,3,3,5,67,40),(68,3,3,5,68,50),(69,3,3,4,69,10),(70,3,3,6,70,5),(71,3,3,6,71,6),(72,3,3,5,72,51),(90,4,4,7,91,6),(96,4,4,8,98,8),(105,4,4,7,107,14),(106,4,4,7,108,15),(107,4,4,7,109,16),(108,4,4,7,110,17),(109,4,4,7,111,18),(110,4,4,7,112,19),(111,4,4,7,113,20),(117,3,3,4,119,3),(118,3,3,4,120,17),(120,4,4,7,122,11),(121,4,4,7,123,111),(122,4,4,7,124,112),(123,4,4,7,125,113),(124,4,4,7,126,114),(136,3,3,4,138,50),(137,3,3,4,139,50),(138,3,3,4,140,51),(139,3,3,4,141,52),(146,4,4,7,73,3),(147,4,4,7,74,4),(148,4,4,7,77,6),(149,4,4,7,82,14),(150,4,4,7,93,23),(151,4,4,7,94,18),(152,4,4,7,95,19),(153,4,4,7,97,1),(154,4,4,7,99,16),(155,4,4,7,105,17),(156,4,4,7,114,20),(157,4,4,7,115,10),(158,4,4,7,127,8),(159,4,4,7,128,5),(160,4,4,7,129,15),(161,4,4,7,134,9),(165,4,4,7,142,21),(166,4,4,7,143,2),(167,4,4,7,144,22),(168,4,4,7,145,7),(169,4,4,13,75,110),(170,4,4,13,76,100),(171,4,4,19,131,1),(172,4,4,10,87,1),(173,4,4,10,88,2),(174,4,4,10,89,3),(175,4,4,10,90,5),(176,4,4,10,96,6),(177,4,4,10,133,4),(178,4,4,9,84,2),(179,4,4,9,85,3),(180,4,4,9,86,4),(181,4,4,9,121,1),(182,4,4,8,78,1),(183,4,4,8,79,2),(184,4,4,8,80,3),(185,4,4,8,81,4),(186,4,4,8,92,5),(187,4,4,8,117,6),(188,4,4,8,118,7),(189,4,4,8,130,8),(190,4,4,11,103,3),(191,4,4,11,104,1),(192,4,4,11,106,2),(193,4,4,14,100,3),(194,4,4,14,101,1),(195,4,4,14,102,2),(196,4,4,14,116,4),(197,4,4,20,132,1),(198,4,4,11,146,51),(199,3,3,6,147,51);

--
-- Table structure for table `eav_entity_datetime`
--

CREATE TABLE `eav_entity_datetime` (
  `value_id` int(11) NOT NULL AUTO_INCREMENT COMMENT 'Value ID',
  `entity_type_id` smallint(5) unsigned NOT NULL DEFAULT 0 COMMENT 'Entity Type ID',
  `attribute_id` smallint(5) unsigned NOT NULL DEFAULT 0 COMMENT 'Attribute ID',
  `store_id` smallint(5) unsigned NOT NULL DEFAULT 0 COMMENT 'Store ID',
  `entity_id` int(10) unsigned NOT NULL DEFAULT 0 COMMENT 'Entity ID',
  `value` datetime DEFAULT NULL COMMENT 'Attribute Value',
  PRIMARY KEY (`value_id`),
  UNIQUE KEY `EAV_ENTITY_DATETIME_ENTITY_ID_ATTRIBUTE_ID_STORE_ID` (`entity_id`,`attribute_id`,`store_id`),
  KEY `EAV_ENTITY_DATETIME_STORE_ID` (`store_id`),
  KEY `EAV_ENTITY_DATETIME_ATTRIBUTE_ID_VALUE` (`attribute_id`,`value`),
  KEY `EAV_ENTITY_DATETIME_ENTITY_TYPE_ID_VALUE` (`entity_type_id`,`value`),
  CONSTRAINT `EAV_ENTITY_DATETIME_ENTITY_ID_EAV_ENTITY_ENTITY_ID` FOREIGN KEY (`entity_id`) REFERENCES `eav_entity` (`entity_id`) ON DELETE CASCADE,
  CONSTRAINT `EAV_ENTITY_DATETIME_STORE_ID_STORE_STORE_ID` FOREIGN KEY (`store_id`) REFERENCES `store` (`store_id`) ON DELETE CASCADE,
  CONSTRAINT `EAV_ENTT_DTIME_ENTT_TYPE_ID_EAV_ENTT_TYPE_ENTT_TYPE_ID` FOREIGN KEY (`entity_type_id`) REFERENCES `eav_entity_type` (`entity_type_id`) ON DELETE CASCADE
) ENGINE=InnoDB DEFAULT CHARSET=utf8 COLLATE=utf8_general_ci COMMENT='Eav Entity Value Prefix';

--
-- Dumping data for table `eav_entity_datetime`
--


--
-- Table structure for table `eav_entity_decimal`
--

CREATE TABLE `eav_entity_decimal` (
  `value_id` int(11) NOT NULL AUTO_INCREMENT COMMENT 'Value ID',
  `entity_type_id` smallint(5) unsigned NOT NULL DEFAULT 0 COMMENT 'Entity Type ID',
  `attribute_id` smallint(5) unsigned NOT NULL DEFAULT 0 COMMENT 'Attribute ID',
  `store_id` smallint(5) unsigned NOT NULL DEFAULT 0 COMMENT 'Store ID',
  `entity_id` int(10) unsigned NOT NULL DEFAULT 0 COMMENT 'Entity ID',
  `value` decimal(12,4) NOT NULL DEFAULT 0.0000 COMMENT 'Attribute Value',
  PRIMARY KEY (`value_id`),
  UNIQUE KEY `EAV_ENTITY_DECIMAL_ENTITY_ID_ATTRIBUTE_ID_STORE_ID` (`entity_id`,`attribute_id`,`store_id`),
  KEY `EAV_ENTITY_DECIMAL_STORE_ID` (`store_id`),
  KEY `EAV_ENTITY_DECIMAL_ATTRIBUTE_ID_VALUE` (`attribute_id`,`value`),
  KEY `EAV_ENTITY_DECIMAL_ENTITY_TYPE_ID_VALUE` (`entity_type_id`,`value`),
  CONSTRAINT `EAV_ENTITY_DECIMAL_ENTITY_ID_EAV_ENTITY_ENTITY_ID` FOREIGN KEY (`entity_id`) REFERENCES `eav_entity` (`entity_id`) ON DELETE CASCADE,
  CONSTRAINT `EAV_ENTITY_DECIMAL_ENTITY_TYPE_ID_EAV_ENTITY_TYPE_ENTITY_TYPE_ID` FOREIGN KEY (`entity_type_id`) REFERENCES `eav_entity_type` (`entity_type_id`) ON DELETE CASCADE,
  CONSTRAINT `EAV_ENTITY_DECIMAL_STORE_ID_STORE_STORE_ID` FOREIGN KEY (`store_id`) REFERENCES `store` (`store_id`) ON DELETE CASCADE
) ENGINE=InnoDB DEFAULT CHARSET=utf8 COLLATE=utf8_general_ci COMMENT='Eav Entity Value Prefix';

--
-- Dumping data for table `eav_entity_decimal`
--


--
-- Table structure for table `eav_entity_int`
--

CREATE TABLE `eav_entity_int` (
  `value_id` int(11) NOT NULL AUTO_INCREMENT COMMENT 'Value ID',
  `entity_type_id` smallint(5) unsigned NOT NULL DEFAULT 0 COMMENT 'Entity Type ID',
  `attribute_id` smallint(5) unsigned NOT NULL DEFAULT 0 COMMENT 'Attribute ID',
  `store_id` smallint(5) unsigned NOT NULL DEFAULT 0 COMMENT 'Store ID',
  `entity_id` int(10) unsigned NOT NULL DEFAULT 0 COMMENT 'Entity ID',
  `value` int(11) NOT NULL DEFAULT 0 COMMENT 'Attribute Value',
  PRIMARY KEY (`value_id`),
  UNIQUE KEY `EAV_ENTITY_INT_ENTITY_ID_ATTRIBUTE_ID_STORE_ID` (`entity_id`,`attribute_id`,`store_id`),
  KEY `EAV_ENTITY_INT_STORE_ID` (`store_id`),
  KEY `EAV_ENTITY_INT_ATTRIBUTE_ID_VALUE` (`attribute_id`,`value`),
  KEY `EAV_ENTITY_INT_ENTITY_TYPE_ID_VALUE` (`entity_type_id`,`value`),
  CONSTRAINT `EAV_ENTITY_INT_ENTITY_ID_EAV_ENTITY_ENTITY_ID` FOREIGN KEY (`entity_id`) REFERENCES `eav_entity` (`entity_id`) ON DELETE CASCADE,
  CONSTRAINT `EAV_ENTITY_INT_ENTITY_TYPE_ID_EAV_ENTITY_TYPE_ENTITY_TYPE_ID` FOREIGN KEY (`entity_type_id`) REFERENCES `eav_entity_type` (`entity_type_id`) ON DELETE CASCADE,
  CONSTRAINT `EAV_ENTITY_INT_STORE_ID_STORE_STORE_ID` FOREIGN KEY (`store_id`) REFERENCES `store` (`store_id`) ON DELETE CASCADE
) ENGINE=InnoDB DEFAULT CHARSET=utf8 COLLATE=utf8_general_ci COMMENT='Eav Entity Value Prefix';

--
-- Dumping data for table `eav_entity_int`
--


--
-- Table structure for table `eav_entity_store`
--

CREATE TABLE `eav_entity_store` (
  `entity_store_id` int(10) unsigned NOT NULL AUTO_INCREMENT COMMENT 'Entity Store ID',
  `entity_type_id` smallint(5) unsigned NOT NULL DEFAULT 0 COMMENT 'Entity Type ID',
  `store_id` smallint(5) unsigned NOT NULL DEFAULT 0 COMMENT 'Store ID',
  `increment_prefix` varchar(20) DEFAULT NULL COMMENT 'Increment Prefix',
  `increment_last_id` varchar(50) DEFAULT NULL COMMENT 'Last Incremented ID',
  PRIMARY KEY (`entity_store_id`),
  KEY `EAV_ENTITY_STORE_ENTITY_TYPE_ID` (`entity_type_id`),
  KEY `EAV_ENTITY_STORE_STORE_ID` (`store_id`),
  CONSTRAINT `EAV_ENTITY_STORE_ENTITY_TYPE_ID_EAV_ENTITY_TYPE_ENTITY_TYPE_ID` FOREIGN KEY (`entity_type_id`) REFERENCES `eav_entity_type` (`entity_type_id`) ON DELETE CASCADE,
  CONSTRAINT `EAV_ENTITY_STORE_STORE_ID_STORE_STORE_ID` FOREIGN KEY (`store_id`) REFERENCES `store` (`store_id`) ON DELETE CASCADE
) ENGINE=InnoDB DEFAULT CHARSET=utf8 COLLATE=utf8_general_ci COMMENT='Eav Entity Store';

--
-- Dumping data for table `eav_entity_store`
--


--
-- Table structure for table `eav_entity_text`
--

CREATE TABLE `eav_entity_text` (
  `value_id` int(11) NOT NULL AUTO_INCREMENT COMMENT 'Value ID',
  `entity_type_id` smallint(5) unsigned NOT NULL DEFAULT 0 COMMENT 'Entity Type ID',
  `attribute_id` smallint(5) unsigned NOT NULL DEFAULT 0 COMMENT 'Attribute ID',
  `store_id` smallint(5) unsigned NOT NULL DEFAULT 0 COMMENT 'Store ID',
  `entity_id` int(10) unsigned NOT NULL DEFAULT 0 COMMENT 'Entity ID',
  `value` text NOT NULL COMMENT 'Attribute Value',
  PRIMARY KEY (`value_id`),
  UNIQUE KEY `EAV_ENTITY_TEXT_ENTITY_ID_ATTRIBUTE_ID_STORE_ID` (`entity_id`,`attribute_id`,`store_id`),
  KEY `EAV_ENTITY_TEXT_ENTITY_TYPE_ID` (`entity_type_id`),
  KEY `EAV_ENTITY_TEXT_ATTRIBUTE_ID` (`attribute_id`),
  KEY `EAV_ENTITY_TEXT_STORE_ID` (`store_id`),
  CONSTRAINT `EAV_ENTITY_TEXT_ENTITY_ID_EAV_ENTITY_ENTITY_ID` FOREIGN KEY (`entity_id`) REFERENCES `eav_entity` (`entity_id`) ON DELETE CASCADE,
  CONSTRAINT `EAV_ENTITY_TEXT_ENTITY_TYPE_ID_EAV_ENTITY_TYPE_ENTITY_TYPE_ID` FOREIGN KEY (`entity_type_id`) REFERENCES `eav_entity_type` (`entity_type_id`) ON DELETE CASCADE,
  CONSTRAINT `EAV_ENTITY_TEXT_STORE_ID_STORE_STORE_ID` FOREIGN KEY (`store_id`) REFERENCES `store` (`store_id`) ON DELETE CASCADE
) ENGINE=InnoDB DEFAULT CHARSET=utf8 COLLATE=utf8_general_ci COMMENT='Eav Entity Value Prefix';

--
-- Dumping data for table `eav_entity_text`
--


--
-- Table structure for table `eav_entity_type`
--

CREATE TABLE `eav_entity_type` (
  `entity_type_id` smallint(5) unsigned NOT NULL AUTO_INCREMENT COMMENT 'Entity Type ID',
  `entity_type_code` varchar(50) NOT NULL COMMENT 'Entity Type Code',
  `entity_model` varchar(255) NOT NULL COMMENT 'Entity Model',
  `attribute_model` varchar(255) DEFAULT NULL COMMENT 'Attribute Model',
  `entity_table` varchar(255) DEFAULT NULL COMMENT 'Entity Table',
  `value_table_prefix` varchar(255) DEFAULT NULL COMMENT 'Value Table Prefix',
  `entity_id_field` varchar(255) DEFAULT NULL COMMENT 'Entity ID Field',
  `is_data_sharing` smallint(5) unsigned NOT NULL DEFAULT 1 COMMENT 'Defines Is Data Sharing',
  `data_sharing_key` varchar(100) DEFAULT 'default' COMMENT 'Data Sharing Key',
  `default_attribute_set_id` smallint(5) unsigned NOT NULL DEFAULT 0 COMMENT 'Default Attribute Set ID',
  `increment_model` varchar(255) DEFAULT NULL COMMENT 'Increment Model',
  `increment_per_store` smallint(5) unsigned NOT NULL DEFAULT 0 COMMENT 'Increment Per Store',
  `increment_pad_length` smallint(5) unsigned NOT NULL DEFAULT 8 COMMENT 'Increment Pad Length',
  `increment_pad_char` varchar(1) NOT NULL DEFAULT '0' COMMENT 'Increment Pad Char',
  `additional_attribute_table` varchar(255) DEFAULT NULL COMMENT 'Additional Attribute Table',
  `entity_attribute_collection` varchar(255) DEFAULT NULL COMMENT 'Entity Attribute Collection',
  PRIMARY KEY (`entity_type_id`),
  KEY `EAV_ENTITY_TYPE_ENTITY_TYPE_CODE` (`entity_type_code`)
) ENGINE=InnoDB AUTO_INCREMENT=9 DEFAULT CHARSET=utf8 COLLATE=utf8_general_ci COMMENT='Eav Entity Type';

--
-- Dumping data for table `eav_entity_type`
--

INSERT INTO `eav_entity_type` VALUES (1,'customer','Magento\\Customer\\Model\\ResourceModel\\Customer','Magento\\Customer\\Model\\Attribute','customer_entity',NULL,NULL,1,'default',1,'Magento\\Eav\\Model\\Entity\\Increment\\NumericValue',0,8,'0','customer_eav_attribute','Magento\\Customer\\Model\\ResourceModel\\Attribute\\Collection'),(2,'customer_address','Magento\\Customer\\Model\\ResourceModel\\Address','Magento\\Customer\\Model\\Attribute','customer_address_entity',NULL,NULL,1,'default',2,NULL,0,8,'0','customer_eav_attribute','Magento\\Customer\\Model\\ResourceModel\\Address\\Attribute\\Collection'),(3,'catalog_category','Magento\\Catalog\\Model\\ResourceModel\\Category','Magento\\Catalog\\Model\\ResourceModel\\Eav\\Attribute','catalog_category_entity',NULL,NULL,1,'default',3,NULL,0,8,'0','catalog_eav_attribute','Magento\\Catalog\\Model\\ResourceModel\\Category\\Attribute\\Collection'),(4,'catalog_product','Magento\\Catalog\\Model\\ResourceModel\\Product','Magento\\Catalog\\Model\\ResourceModel\\Eav\\Attribute','catalog_product_entity',NULL,NULL,1,'default',4,NULL,0,8,'0','catalog_eav_attribute','Magento\\Catalog\\Model\\ResourceModel\\Product\\Attribute\\Collection'),(5,'order','Magento\\Sales\\Model\\ResourceModel\\Order',NULL,'sales_order',NULL,NULL,1,'default',5,'Magento\\Eav\\Model\\Entity\\Increment\\NumericValue',1,8,'0',NULL,NULL),(6,'invoice','Magento\\Sales\\Model\\ResourceModel\\Order\\Invoice',NULL,'sales_invoice',NULL,NULL,1,'default',6,'Magento\\Eav\\Model\\Entity\\Increment\\NumericValue',1,8,'0',NULL,NULL),(7,'creditmemo','Magento\\Sales\\Model\\ResourceModel\\Order\\Creditmemo',NULL,'sales_creditmemo',NULL,NULL,1,'default',7,'Magento\\Eav\\Model\\Entity\\Increment\\NumericValue',1,8,'0',NULL,NULL),(8,'shipment','Magento\\Sales\\Model\\ResourceModel\\Order\\Shipment',NULL,'sales_shipment',NULL,NULL,1,'default',8,'Magento\\Eav\\Model\\Entity\\Increment\\NumericValue',1,8,'0',NULL,NULL);

--
-- Table structure for table `eav_entity_varchar`
--

CREATE TABLE `eav_entity_varchar` (
  `value_id` int(11) NOT NULL AUTO_INCREMENT COMMENT 'Value ID',
  `entity_type_id` smallint(5) unsigned NOT NULL DEFAULT 0 COMMENT 'Entity Type ID',
  `attribute_id` smallint(5) unsigned NOT NULL DEFAULT 0 COMMENT 'Attribute ID',
  `store_id` smallint(5) unsigned NOT NULL DEFAULT 0 COMMENT 'Store ID',
  `entity_id` int(10) unsigned NOT NULL DEFAULT 0 COMMENT 'Entity ID',
  `value` varchar(255) DEFAULT NULL COMMENT 'Attribute Value',
  PRIMARY KEY (`value_id`),
  UNIQUE KEY `EAV_ENTITY_VARCHAR_ENTITY_ID_ATTRIBUTE_ID_STORE_ID` (`entity_id`,`attribute_id`,`store_id`),
  KEY `EAV_ENTITY_VARCHAR_STORE_ID` (`store_id`),
  KEY `EAV_ENTITY_VARCHAR_ATTRIBUTE_ID_VALUE` (`attribute_id`,`value`),
  KEY `EAV_ENTITY_VARCHAR_ENTITY_TYPE_ID_VALUE` (`entity_type_id`,`value`),
  CONSTRAINT `EAV_ENTITY_VARCHAR_ENTITY_ID_EAV_ENTITY_ENTITY_ID` FOREIGN KEY (`entity_id`) REFERENCES `eav_entity` (`entity_id`) ON DELETE CASCADE,
  CONSTRAINT `EAV_ENTITY_VARCHAR_ENTITY_TYPE_ID_EAV_ENTITY_TYPE_ENTITY_TYPE_ID` FOREIGN KEY (`entity_type_id`) REFERENCES `eav_entity_type` (`entity_type_id`) ON DELETE CASCADE,
  CONSTRAINT `EAV_ENTITY_VARCHAR_STORE_ID_STORE_STORE_ID` FOREIGN KEY (`store_id`) REFERENCES `store` (`store_id`) ON DELETE CASCADE
) ENGINE=InnoDB DEFAULT CHARSET=utf8 COLLATE=utf8_general_ci COMMENT='Eav Entity Value Prefix';

--
-- Dumping data for table `eav_entity_varchar`
--


--
-- Table structure for table `eav_form_element`
--

CREATE TABLE `eav_form_element` (
  `element_id` int(10) unsigned NOT NULL AUTO_INCREMENT COMMENT 'Element ID',
  `type_id` smallint(5) unsigned NOT NULL COMMENT 'Type ID',
  `fieldset_id` smallint(5) unsigned DEFAULT NULL COMMENT 'Fieldset ID',
  `attribute_id` smallint(5) unsigned NOT NULL COMMENT 'Attribute ID',
  `sort_order` int(11) NOT NULL DEFAULT 0 COMMENT 'Sort Order',
  PRIMARY KEY (`element_id`),
  UNIQUE KEY `EAV_FORM_ELEMENT_TYPE_ID_ATTRIBUTE_ID` (`type_id`,`attribute_id`),
  KEY `EAV_FORM_ELEMENT_FIELDSET_ID` (`fieldset_id`),
  KEY `EAV_FORM_ELEMENT_ATTRIBUTE_ID` (`attribute_id`),
  CONSTRAINT `EAV_FORM_ELEMENT_ATTRIBUTE_ID_EAV_ATTRIBUTE_ATTRIBUTE_ID` FOREIGN KEY (`attribute_id`) REFERENCES `eav_attribute` (`attribute_id`) ON DELETE CASCADE,
  CONSTRAINT `EAV_FORM_ELEMENT_FIELDSET_ID_EAV_FORM_FIELDSET_FIELDSET_ID` FOREIGN KEY (`fieldset_id`) REFERENCES `eav_form_fieldset` (`fieldset_id`) ON DELETE SET NULL,
  CONSTRAINT `EAV_FORM_ELEMENT_TYPE_ID_EAV_FORM_TYPE_TYPE_ID` FOREIGN KEY (`type_id`) REFERENCES `eav_form_type` (`type_id`) ON DELETE CASCADE
) ENGINE=InnoDB AUTO_INCREMENT=43 DEFAULT CHARSET=utf8 COLLATE=utf8_general_ci COMMENT='Eav Form Element';

--
-- Dumping data for table `eav_form_element`
--

INSERT INTO `eav_form_element` VALUES (1,1,NULL,23,0),(2,1,NULL,25,1),(3,1,NULL,27,2),(4,1,NULL,9,3),(5,1,NULL,28,4),(6,1,NULL,29,5),(7,1,NULL,31,6),(8,1,NULL,33,7),(9,1,NULL,30,8),(10,1,NULL,34,9),(11,1,NULL,35,10),(12,2,NULL,23,0),(13,2,NULL,25,1),(14,2,NULL,27,2),(15,2,NULL,9,3),(16,2,NULL,28,4),(17,2,NULL,29,5),(18,2,NULL,31,6),(19,2,NULL,33,7),(20,2,NULL,30,8),(21,2,NULL,34,9),(22,2,NULL,35,10),(23,3,NULL,23,0),(24,3,NULL,25,1),(25,3,NULL,27,2),(26,3,NULL,28,3),(27,3,NULL,29,4),(28,3,NULL,31,5),(29,3,NULL,33,6),(30,3,NULL,30,7),(31,3,NULL,34,8),(32,3,NULL,35,9),(33,4,NULL,23,0),(34,4,NULL,25,1),(35,4,NULL,27,2),(36,4,NULL,28,3),(37,4,NULL,29,4),(38,4,NULL,31,5),(39,4,NULL,33,6),(40,4,NULL,30,7),(41,4,NULL,34,8),(42,4,NULL,35,9);

--
-- Table structure for table `eav_form_fieldset`
--

CREATE TABLE `eav_form_fieldset` (
  `fieldset_id` smallint(5) unsigned NOT NULL AUTO_INCREMENT COMMENT 'Fieldset ID',
  `type_id` smallint(5) unsigned NOT NULL COMMENT 'Type ID',
  `code` varchar(64) NOT NULL COMMENT 'Code',
  `sort_order` int(11) NOT NULL DEFAULT 0 COMMENT 'Sort Order',
  PRIMARY KEY (`fieldset_id`),
  UNIQUE KEY `EAV_FORM_FIELDSET_TYPE_ID_CODE` (`type_id`,`code`),
  CONSTRAINT `EAV_FORM_FIELDSET_TYPE_ID_EAV_FORM_TYPE_TYPE_ID` FOREIGN KEY (`type_id`) REFERENCES `eav_form_type` (`type_id`) ON DELETE CASCADE
) ENGINE=InnoDB DEFAULT CHARSET=utf8 COLLATE=utf8_general_ci COMMENT='Eav Form Fieldset';

--
-- Dumping data for table `eav_form_fieldset`
--


--
-- Table structure for table `eav_form_fieldset_label`
--

CREATE TABLE `eav_form_fieldset_label` (
  `fieldset_id` smallint(5) unsigned NOT NULL COMMENT 'Fieldset ID',
  `store_id` smallint(5) unsigned NOT NULL COMMENT 'Store ID',
  `label` varchar(255) NOT NULL COMMENT 'Label',
  PRIMARY KEY (`fieldset_id`,`store_id`),
  KEY `EAV_FORM_FIELDSET_LABEL_STORE_ID` (`store_id`),
  CONSTRAINT `EAV_FORM_FIELDSET_LABEL_STORE_ID_STORE_STORE_ID` FOREIGN KEY (`store_id`) REFERENCES `store` (`store_id`) ON DELETE CASCADE,
  CONSTRAINT `EAV_FORM_FSET_LBL_FSET_ID_EAV_FORM_FSET_FSET_ID` FOREIGN KEY (`fieldset_id`) REFERENCES `eav_form_fieldset` (`fieldset_id`) ON DELETE CASCADE
) ENGINE=InnoDB DEFAULT CHARSET=utf8 COLLATE=utf8_general_ci COMMENT='Eav Form Fieldset Label';

--
-- Dumping data for table `eav_form_fieldset_label`
--


--
-- Table structure for table `eav_form_type`
--

CREATE TABLE `eav_form_type` (
  `type_id` smallint(5) unsigned NOT NULL AUTO_INCREMENT COMMENT 'Type ID',
  `code` varchar(64) NOT NULL COMMENT 'Code',
  `label` varchar(255) NOT NULL COMMENT 'Label',
  `is_system` smallint(5) unsigned NOT NULL DEFAULT 0 COMMENT 'Is System',
  `theme` varchar(64) DEFAULT NULL COMMENT 'Theme',
  `store_id` smallint(5) unsigned NOT NULL COMMENT 'Store ID',
  PRIMARY KEY (`type_id`),
  UNIQUE KEY `EAV_FORM_TYPE_CODE_THEME_STORE_ID` (`code`,`theme`,`store_id`),
  KEY `EAV_FORM_TYPE_STORE_ID` (`store_id`),
  CONSTRAINT `EAV_FORM_TYPE_STORE_ID_STORE_STORE_ID` FOREIGN KEY (`store_id`) REFERENCES `store` (`store_id`) ON DELETE CASCADE
) ENGINE=InnoDB AUTO_INCREMENT=5 DEFAULT CHARSET=utf8 COLLATE=utf8_general_ci COMMENT='Eav Form Type';

--
-- Dumping data for table `eav_form_type`
--

INSERT INTO `eav_form_type` VALUES (1,'checkout_onepage_register','checkout_onepage_register',1,'',0),(2,'checkout_onepage_register_guest','checkout_onepage_register_guest',1,'',0),(3,'checkout_onepage_billing_address','checkout_onepage_billing_address',1,'',0),(4,'checkout_onepage_shipping_address','checkout_onepage_shipping_address',1,'',0);

--
-- Table structure for table `eav_form_type_entity`
--

CREATE TABLE `eav_form_type_entity` (
  `type_id` smallint(5) unsigned NOT NULL COMMENT 'Type ID',
  `entity_type_id` smallint(5) unsigned NOT NULL COMMENT 'Entity Type ID',
  PRIMARY KEY (`type_id`,`entity_type_id`),
  KEY `EAV_FORM_TYPE_ENTITY_ENTITY_TYPE_ID` (`entity_type_id`),
  CONSTRAINT `EAV_FORM_TYPE_ENTITY_TYPE_ID_EAV_FORM_TYPE_TYPE_ID` FOREIGN KEY (`type_id`) REFERENCES `eav_form_type` (`type_id`) ON DELETE CASCADE,
  CONSTRAINT `EAV_FORM_TYPE_ENTT_ENTT_TYPE_ID_EAV_ENTT_TYPE_ENTT_TYPE_ID` FOREIGN KEY (`entity_type_id`) REFERENCES `eav_entity_type` (`entity_type_id`) ON DELETE CASCADE
) ENGINE=InnoDB DEFAULT CHARSET=utf8 COLLATE=utf8_general_ci COMMENT='Eav Form Type Entity';

--
-- Dumping data for table `eav_form_type_entity`
--

INSERT INTO `eav_form_type_entity` VALUES (1,1),(1,2),(2,1),(2,2),(3,2),(4,2);

--
-- Table structure for table `email_abandoned_cart`
--

CREATE TABLE `email_abandoned_cart` (
  `id` int(10) unsigned NOT NULL AUTO_INCREMENT COMMENT 'Primary Key',
  `quote_id` int(10) unsigned DEFAULT NULL COMMENT 'Quote Id',
  `store_id` smallint(5) unsigned DEFAULT NULL COMMENT 'Store Id',
  `customer_id` int(10) unsigned DEFAULT NULL COMMENT 'Customer ID',
  `email` varchar(255) NOT NULL DEFAULT '' COMMENT 'Email',
  `is_active` smallint(5) unsigned NOT NULL DEFAULT 1 COMMENT 'Quote Active',
  `quote_updated_at` timestamp NULL DEFAULT NULL COMMENT 'Quote updated at',
  `abandoned_cart_number` smallint(5) unsigned NOT NULL DEFAULT 0 COMMENT 'Abandoned Cart number',
  `items_count` smallint(5) unsigned DEFAULT 0 COMMENT 'Quote items count',
  `items_ids` varchar(255) DEFAULT NULL COMMENT 'Quote item ids',
  `created_at` timestamp NULL DEFAULT NULL COMMENT 'Created At',
  `updated_at` timestamp NULL DEFAULT NULL COMMENT 'Updated at',
  PRIMARY KEY (`id`),
  KEY `EMAIL_ABANDONED_CART_QUOTE_ID` (`quote_id`),
  KEY `EMAIL_ABANDONED_CART_STORE_ID` (`store_id`),
  KEY `EMAIL_ABANDONED_CART_CUSTOMER_ID` (`customer_id`),
  KEY `EMAIL_ABANDONED_CART_EMAIL` (`email`)
) ENGINE=InnoDB DEFAULT CHARSET=utf8 COLLATE=utf8_general_ci COMMENT='Abandoned Carts Table';

--
-- Dumping data for table `email_abandoned_cart`
--


--
-- Table structure for table `email_automation`
--

CREATE TABLE `email_automation` (
  `id` int(10) unsigned NOT NULL AUTO_INCREMENT COMMENT 'Primary Key',
  `automation_type` varchar(255) DEFAULT NULL COMMENT 'Automation Type',
  `store_name` varchar(255) DEFAULT NULL COMMENT 'Automation Type',
  `enrolment_status` varchar(255) NOT NULL COMMENT 'Entrolment Status',
  `email` varchar(255) DEFAULT NULL COMMENT 'Email',
  `type_id` varchar(255) DEFAULT NULL COMMENT 'Type ID',
  `program_id` varchar(255) DEFAULT NULL COMMENT 'Program ID',
  `website_id` smallint(5) unsigned NOT NULL COMMENT 'Website Id',
  `message` varchar(255) NOT NULL COMMENT 'Message',
  `created_at` timestamp NULL DEFAULT NULL COMMENT 'Creation Time',
  `updated_at` timestamp NULL DEFAULT NULL COMMENT 'Update Time',
  PRIMARY KEY (`id`),
  KEY `EMAIL_AUTOMATION_AUTOMATION_TYPE` (`automation_type`),
  KEY `EMAIL_AUTOMATION_ENROLMENT_STATUS` (`enrolment_status`),
  KEY `EMAIL_AUTOMATION_TYPE_ID` (`type_id`),
  KEY `EMAIL_AUTOMATION_EMAIL` (`email`),
  KEY `EMAIL_AUTOMATION_PROGRAM_ID` (`program_id`),
  KEY `EMAIL_AUTOMATION_CREATED_AT` (`created_at`),
  KEY `EMAIL_AUTOMATION_UPDATED_AT` (`updated_at`),
  KEY `EMAIL_AUTOMATION_WEBSITE_ID` (`website_id`)
) ENGINE=InnoDB DEFAULT CHARSET=utf8 COLLATE=utf8_general_ci COMMENT='Automation Status';

--
-- Dumping data for table `email_automation`
--


--
-- Table structure for table `email_campaign`
--

CREATE TABLE `email_campaign` (
  `id` int(10) unsigned NOT NULL AUTO_INCREMENT COMMENT 'Primary Key',
  `campaign_id` int(10) unsigned NOT NULL COMMENT 'Campaign ID',
  `email` varchar(255) NOT NULL DEFAULT '' COMMENT 'Contact Email',
  `customer_id` int(10) unsigned NOT NULL COMMENT 'Customer ID',
  `sent_at` timestamp NULL DEFAULT NULL COMMENT 'Send Date',
  `order_increment_id` varchar(50) NOT NULL COMMENT 'Order Increment ID',
  `quote_id` int(10) unsigned NOT NULL COMMENT 'Sales Quote ID',
  `message` varchar(255) NOT NULL DEFAULT '' COMMENT 'Error Message',
  `checkout_method` varchar(255) NOT NULL DEFAULT '' COMMENT 'Checkout Method Used',
  `store_id` smallint(5) unsigned NOT NULL DEFAULT 0 COMMENT 'Store ID',
  `event_name` varchar(255) NOT NULL DEFAULT '' COMMENT 'Event Name',
  `send_id` varchar(255) NOT NULL DEFAULT '' COMMENT 'Send Id',
  `send_status` smallint(6) NOT NULL DEFAULT 0 COMMENT 'Campaign send status',
  `created_at` timestamp NULL DEFAULT NULL COMMENT 'Creation Time',
  `updated_at` timestamp NULL DEFAULT NULL COMMENT 'Update Time',
  PRIMARY KEY (`id`),
  KEY `EMAIL_CAMPAIGN_STORE_ID` (`store_id`),
  KEY `EMAIL_CAMPAIGN_CAMPAIGN_ID` (`campaign_id`),
  KEY `EMAIL_CAMPAIGN_EMAIL` (`email`),
  KEY `EMAIL_CAMPAIGN_SEND_ID` (`send_id`),
  KEY `EMAIL_CAMPAIGN_SEND_STATUS` (`send_status`),
  KEY `EMAIL_CAMPAIGN_CREATED_AT` (`created_at`),
  KEY `EMAIL_CAMPAIGN_UPDATED_AT` (`updated_at`),
  KEY `EMAIL_CAMPAIGN_SENT_AT` (`sent_at`),
  KEY `EMAIL_CAMPAIGN_EVENT_NAME` (`event_name`),
  KEY `EMAIL_CAMPAIGN_MESSAGE` (`message`),
  KEY `EMAIL_CAMPAIGN_QUOTE_ID` (`quote_id`),
  KEY `EMAIL_CAMPAIGN_CUSTOMER_ID` (`customer_id`),
  CONSTRAINT `EMAIL_CAMPAIGN_STORE_ID_CORE/STORE_STORE_ID` FOREIGN KEY (`store_id`) REFERENCES `store` (`store_id`) ON DELETE CASCADE
) ENGINE=InnoDB DEFAULT CHARSET=utf8 COLLATE=utf8_general_ci COMMENT='Connector Campaigns';

--
-- Dumping data for table `email_campaign`
--


--
-- Table structure for table `email_catalog`
--

CREATE TABLE `email_catalog` (
  `id` int(10) unsigned NOT NULL AUTO_INCREMENT COMMENT 'Primary Key',
  `product_id` int(10) unsigned NOT NULL COMMENT 'Product Id',
  `imported` smallint(5) unsigned DEFAULT NULL COMMENT 'Product Imported',
  `modified` smallint(5) unsigned DEFAULT NULL COMMENT 'Product Modified',
  `created_at` timestamp NULL DEFAULT NULL COMMENT 'Creation Time',
  `updated_at` timestamp NULL DEFAULT NULL COMMENT 'Update Time',
  PRIMARY KEY (`id`),
  KEY `EMAIL_CATALOG_PRODUCT_ID` (`product_id`),
  KEY `EMAIL_CATALOG_IMPORTED` (`imported`),
  KEY `EMAIL_CATALOG_MODIFIED` (`modified`),
  KEY `EMAIL_CATALOG_CREATED_AT` (`created_at`),
  KEY `EMAIL_CATALOG_UPDATED_AT` (`updated_at`),
  CONSTRAINT `EMAIL_CATALOG_PRODUCT_ID_CATALOG_PRODUCT_ENTITY_ENTITY_ID` FOREIGN KEY (`product_id`) REFERENCES `catalog_product_entity` (`entity_id`) ON DELETE CASCADE
) ENGINE=InnoDB AUTO_INCREMENT=449 DEFAULT CHARSET=utf8 COLLATE=utf8_general_ci COMMENT='Connector Catalog';

--
-- Dumping data for table `email_catalog`
--

INSERT INTO `email_catalog` VALUES (200,219,NULL,NULL,'2020-06-25 14:40:45','2020-06-25 14:40:45'),(201,228,NULL,NULL,'2020-06-25 14:43:23','2020-06-25 14:43:23'),(202,237,NULL,NULL,'2020-06-25 14:45:30','2020-06-25 14:45:30'),(203,241,NULL,NULL,'2020-06-25 14:47:19','2020-06-25 14:47:19'),(204,250,NULL,NULL,'2020-06-25 14:50:15','2020-06-25 14:50:15'),(205,220,NULL,NULL,'2020-06-26 13:28:13','2020-06-26 13:28:13'),(206,221,NULL,NULL,'2020-06-26 13:28:19','2020-06-26 13:28:19'),(207,222,NULL,NULL,'2020-06-26 13:28:28','2020-06-26 13:28:28'),(208,223,NULL,NULL,'2020-06-26 13:28:34','2020-06-26 13:28:34'),(209,224,NULL,NULL,'2020-06-26 13:28:40','2020-06-26 13:28:40'),(210,225,NULL,NULL,'2020-06-26 13:29:18','2020-06-26 13:29:18'),(211,226,NULL,NULL,'2020-06-26 13:29:23','2020-06-26 13:29:23'),(212,227,NULL,NULL,'2020-06-26 13:29:28','2020-06-26 13:29:28'),(213,229,NULL,NULL,'2020-06-26 13:29:53','2020-06-26 13:29:53'),(214,230,NULL,NULL,'2020-06-26 13:29:59','2020-06-26 13:29:59'),(215,231,NULL,NULL,'2020-06-26 13:30:07','2020-06-26 13:30:07'),(216,232,NULL,NULL,'2020-06-26 13:30:11','2020-06-26 13:30:11'),(217,233,NULL,NULL,'2020-06-26 13:30:14','2020-06-26 13:30:14'),(218,236,NULL,NULL,'2020-06-26 13:30:41','2020-06-26 13:30:41'),(219,235,NULL,NULL,'2020-06-26 13:30:47','2020-06-26 13:30:47'),(220,234,NULL,NULL,'2020-06-26 13:30:55','2020-06-26 13:30:55'),(221,238,NULL,NULL,'2020-06-27 07:21:57','2020-06-27 07:21:57'),(222,239,NULL,NULL,'2020-06-27 07:22:05','2020-06-27 07:22:05'),(223,240,NULL,NULL,'2020-06-27 07:22:09','2020-06-27 07:22:09'),(224,242,NULL,NULL,'2020-06-27 07:23:05','2020-06-27 07:23:05'),(225,243,NULL,NULL,'2020-06-27 07:23:13','2020-06-27 07:23:13'),(226,244,NULL,NULL,'2020-06-27 07:23:18','2020-06-27 07:23:18'),(227,245,NULL,NULL,'2020-06-27 07:23:22','2020-06-27 07:23:22'),(228,246,NULL,NULL,'2020-06-27 07:23:28','2020-06-27 07:23:28'),(229,247,NULL,NULL,'2020-06-27 07:23:52','2020-06-27 07:23:52'),(230,248,NULL,NULL,'2020-06-27 07:24:01','2020-06-27 07:24:01'),(231,249,NULL,NULL,'2020-06-27 07:24:05','2020-06-27 07:24:05'),(232,251,NULL,NULL,'2020-06-27 07:24:24','2020-06-27 07:24:24'),(233,252,NULL,NULL,'2020-06-27 07:24:30','2020-06-27 07:24:30'),(234,253,NULL,NULL,'2020-06-27 07:24:35','2020-06-27 07:24:35'),(235,257,NULL,NULL,'2020-06-27 07:24:55','2020-06-27 07:24:55'),(236,256,NULL,NULL,'2020-06-27 07:25:01','2020-06-27 07:25:01'),(237,255,NULL,NULL,'2020-06-27 07:25:06','2020-06-27 07:25:06'),(238,254,NULL,NULL,'2020-06-27 07:25:11','2020-06-27 07:25:11'),(239,258,NULL,NULL,'2020-06-27 07:26:04','2020-06-27 07:26:04'),(240,318,NULL,NULL,'2020-06-27 07:26:27','2020-06-27 07:26:27'),(241,317,NULL,NULL,'2020-06-27 07:26:32','2020-06-27 07:26:32'),(242,316,NULL,NULL,'2020-06-27 07:26:37','2020-06-27 07:26:37'),(243,315,NULL,NULL,'2020-06-27 07:26:42','2020-06-27 07:26:42'),(244,314,NULL,NULL,'2020-06-27 07:26:47','2020-06-27 07:26:47'),(245,312,NULL,NULL,'2020-06-27 07:27:22','2020-06-27 07:27:22'),(246,311,NULL,NULL,'2020-06-27 07:27:26','2020-06-27 07:27:26'),(247,310,NULL,NULL,'2020-06-27 07:27:33','2020-06-27 07:27:33'),(248,309,NULL,NULL,'2020-06-27 07:27:38','2020-06-27 07:27:38'),(249,308,NULL,NULL,'2020-06-27 07:27:46','2020-06-27 07:27:46'),(250,307,NULL,NULL,'2020-06-27 07:27:51','2020-06-27 07:27:51'),(251,306,NULL,NULL,'2020-06-27 07:27:56','2020-06-27 07:27:56'),(252,305,NULL,NULL,'2020-06-27 07:28:07','2020-06-27 07:28:07'),(253,304,NULL,NULL,'2020-06-27 07:29:57','2020-06-27 07:29:57'),(254,303,NULL,NULL,'2020-06-27 07:30:02','2020-06-27 07:30:02'),(255,302,NULL,NULL,'2020-06-27 07:30:06','2020-06-27 07:30:06'),(256,301,NULL,NULL,'2020-06-27 07:30:11','2020-06-27 07:30:11'),(257,300,NULL,NULL,'2020-06-27 07:30:16','2020-06-27 07:30:16'),(258,299,NULL,NULL,'2020-06-27 07:30:22','2020-06-27 07:30:22'),(259,298,NULL,NULL,'2020-06-27 07:30:28','2020-06-27 07:30:28'),(260,297,NULL,NULL,'2020-06-27 07:30:32','2020-06-27 07:30:32'),(261,296,NULL,NULL,'2020-06-27 07:30:37','2020-06-27 07:30:37'),(262,259,NULL,NULL,'2020-06-27 07:32:16','2020-06-27 07:32:16'),(263,260,NULL,NULL,'2020-06-27 07:32:20','2020-06-27 07:32:20'),(264,261,NULL,NULL,'2020-06-27 07:32:25','2020-06-27 07:32:25'),(265,262,NULL,NULL,'2020-06-27 07:32:30','2020-06-27 07:32:30'),(266,263,NULL,NULL,'2020-06-27 07:32:35','2020-06-27 07:32:35'),(267,264,NULL,NULL,'2020-06-27 07:32:39','2020-06-27 07:32:39'),(268,265,NULL,NULL,'2020-06-27 07:32:46','2020-06-27 07:32:46'),(269,266,NULL,NULL,'2020-06-27 07:32:51','2020-06-27 07:32:51'),(270,267,NULL,NULL,'2020-06-27 07:33:09','2020-06-27 07:33:09'),(271,294,NULL,NULL,'2020-06-27 07:34:29','2020-06-27 07:34:29'),(272,293,NULL,NULL,'2020-06-27 07:34:36','2020-06-27 07:34:36'),(273,292,NULL,NULL,'2020-06-27 07:34:41','2020-06-27 07:34:41'),(274,291,NULL,NULL,'2020-06-27 07:34:46','2020-06-27 07:34:46'),(275,290,NULL,NULL,'2020-06-27 07:34:50','2020-06-27 07:34:50'),(276,289,NULL,NULL,'2020-06-27 07:34:55','2020-06-27 07:34:55'),(277,288,NULL,NULL,'2020-06-27 07:35:00','2020-06-27 07:35:00'),(278,287,NULL,NULL,'2020-06-27 07:35:05','2020-06-27 07:35:05'),(279,285,NULL,NULL,'2020-06-27 07:35:49','2020-06-27 07:35:49'),(280,284,NULL,NULL,'2020-06-27 07:35:54','2020-06-27 07:35:54'),(281,283,NULL,NULL,'2020-06-27 07:35:59','2020-06-27 07:35:59'),(282,282,NULL,NULL,'2020-06-27 07:36:03','2020-06-27 07:36:03'),(283,281,NULL,NULL,'2020-06-27 07:36:08','2020-06-27 07:36:08'),(284,280,NULL,NULL,'2020-06-27 07:36:14','2020-06-27 07:36:14'),(285,279,NULL,NULL,'2020-06-27 07:36:20','2020-06-27 07:36:20'),(286,278,NULL,NULL,'2020-06-27 07:36:25','2020-06-27 07:36:25'),(287,277,NULL,NULL,'2020-06-27 07:38:06','2020-06-27 07:38:06'),(288,276,NULL,NULL,'2020-06-27 07:38:10','2020-06-27 07:38:10'),(289,275,NULL,NULL,'2020-06-27 07:38:16','2020-06-27 07:38:16'),(290,274,NULL,NULL,'2020-06-27 07:38:23','2020-06-27 07:38:23'),(291,273,NULL,NULL,'2020-06-27 07:38:29','2020-06-27 07:38:29'),(292,272,NULL,NULL,'2020-06-27 07:38:33','2020-06-27 07:38:33'),(293,271,NULL,NULL,'2020-06-27 07:38:38','2020-06-27 07:38:38'),(294,270,NULL,NULL,'2020-06-27 07:38:42','2020-06-27 07:38:42'),(295,269,NULL,NULL,'2020-06-27 07:38:46','2020-06-27 07:38:46'),(296,319,NULL,NULL,'2020-06-27 07:40:10','2020-06-27 07:40:10'),(297,320,NULL,NULL,'2020-06-27 07:40:15','2020-06-27 07:40:15'),(298,321,NULL,NULL,'2020-06-27 07:40:19','2020-06-27 07:40:19'),(299,268,NULL,NULL,'2020-06-27 07:45:01','2020-06-27 07:45:01'),(300,286,NULL,NULL,'2020-06-27 08:12:47','2020-06-27 08:12:47'),(301,295,NULL,NULL,'2020-06-27 08:14:54','2020-06-27 08:14:54'),(302,313,NULL,NULL,'2020-06-27 08:17:12','2020-06-27 08:17:12'),(303,322,NULL,NULL,'2020-06-27 11:47:32','2020-06-27 11:47:32'),(304,323,NULL,NULL,'2020-06-27 11:49:24','2020-06-27 11:49:24'),(305,324,NULL,NULL,'2020-06-27 11:49:29','2020-06-27 11:49:29'),(306,325,NULL,NULL,'2020-06-27 11:49:35','2020-06-27 11:49:35'),(307,326,NULL,NULL,'2020-06-27 11:49:41','2020-06-27 11:49:41'),(308,327,NULL,NULL,'2020-06-27 11:50:06','2020-06-27 11:50:06'),(309,328,NULL,NULL,'2020-06-27 11:50:10','2020-06-27 11:50:10'),(310,329,NULL,NULL,'2020-06-27 11:50:18','2020-06-27 11:50:18'),(311,330,NULL,NULL,'2020-06-27 11:50:23','2020-06-27 11:50:23'),(312,339,NULL,NULL,'2020-06-27 13:59:30','2020-06-27 13:59:30'),(313,338,NULL,NULL,'2020-06-27 13:59:35','2020-06-27 13:59:35'),(314,337,NULL,NULL,'2020-06-27 13:59:42','2020-06-27 13:59:42'),(315,336,NULL,NULL,'2020-06-27 13:59:48','2020-06-27 13:59:48'),(316,335,NULL,NULL,'2020-06-27 13:59:52','2020-06-27 13:59:52'),(317,334,NULL,NULL,'2020-06-27 13:59:58','2020-06-27 13:59:58'),(318,333,NULL,NULL,'2020-06-27 14:00:04','2020-06-27 14:00:04'),(319,332,NULL,NULL,'2020-06-27 14:00:07','2020-06-27 14:00:07'),(320,331,NULL,NULL,'2020-06-27 14:00:29','2020-06-27 14:00:29'),(321,348,NULL,NULL,'2020-06-27 14:04:14','2020-06-27 14:04:14'),(322,347,NULL,NULL,'2020-06-27 14:04:20','2020-06-27 14:04:20'),(323,346,NULL,NULL,'2020-06-27 14:04:25','2020-06-27 14:04:25'),(324,345,NULL,NULL,'2020-06-27 14:04:29','2020-06-27 14:04:29'),(325,344,NULL,NULL,'2020-06-27 14:04:33','2020-06-27 14:04:33'),(326,343,NULL,NULL,'2020-06-27 14:04:38','2020-06-27 14:04:38'),(327,342,NULL,NULL,'2020-06-27 14:04:41','2020-06-27 14:04:41'),(328,341,NULL,NULL,'2020-06-27 14:04:45','2020-06-27 14:04:45'),(329,340,NULL,NULL,'2020-06-27 14:04:59','2020-06-27 14:04:59'),(330,357,NULL,NULL,'2020-06-27 14:19:18','2020-06-27 14:19:18'),(331,356,NULL,NULL,'2020-06-27 14:19:22','2020-06-27 14:19:22'),(332,355,NULL,NULL,'2020-06-27 14:19:27','2020-06-27 14:19:27'),(333,354,NULL,NULL,'2020-06-27 14:19:31','2020-06-27 14:19:31'),(334,353,NULL,NULL,'2020-06-27 14:19:36','2020-06-27 14:19:36'),(335,352,NULL,NULL,'2020-06-27 14:19:40','2020-06-27 14:19:40'),(336,349,NULL,NULL,'2020-06-27 14:19:50','2020-06-27 14:19:50'),(337,351,NULL,NULL,'2020-06-27 14:20:27','2020-06-27 14:20:27'),(338,350,NULL,NULL,'2020-06-27 14:20:38','2020-06-27 14:20:38'),(339,358,NULL,NULL,'2020-06-27 14:26:03','2020-06-27 14:26:03'),(340,367,NULL,NULL,'2020-06-27 14:28:05','2020-06-27 14:28:05'),(341,359,NULL,NULL,'2020-06-27 14:28:53','2020-06-27 14:28:53'),(342,360,NULL,NULL,'2020-06-27 14:29:03','2020-06-27 14:29:03'),(343,361,NULL,NULL,'2020-06-27 14:29:08','2020-06-27 14:29:08'),(344,362,NULL,NULL,'2020-06-27 14:29:12','2020-06-27 14:29:12'),(345,363,NULL,NULL,'2020-06-27 14:29:18','2020-06-27 14:29:18'),(346,364,NULL,NULL,'2020-06-27 14:29:22','2020-06-27 14:29:22'),(347,365,NULL,NULL,'2020-06-27 14:29:29','2020-06-27 14:29:29'),(348,366,NULL,NULL,'2020-06-27 14:29:33','2020-06-27 14:29:33'),(349,805,NULL,NULL,'2020-06-28 12:46:45','2020-06-28 12:46:45'),(350,796,NULL,NULL,'2020-06-28 12:48:06','2020-06-28 12:48:06'),(351,787,NULL,NULL,'2020-06-28 12:49:30','2020-06-28 12:49:30'),(352,782,NULL,NULL,'2020-06-28 12:50:09','2020-06-28 12:50:09'),(353,773,NULL,NULL,'2020-06-28 12:51:54','2020-06-28 12:51:54'),(354,764,NULL,NULL,'2020-07-02 03:34:36','2020-07-02 03:34:36'),(355,755,NULL,NULL,'2020-07-02 03:34:44','2020-07-02 03:34:44'),(356,746,NULL,NULL,'2020-07-02 03:36:16','2020-07-02 03:36:16'),(357,737,NULL,NULL,'2020-07-02 03:36:30','2020-07-02 03:36:30'),(358,728,NULL,NULL,'2020-07-02 03:37:48','2020-07-02 03:37:48'),(359,719,NULL,NULL,'2020-07-02 03:37:55','2020-07-02 03:37:55'),(360,710,NULL,NULL,'2020-07-02 03:38:49','2020-07-02 03:38:49'),(361,701,NULL,NULL,'2020-07-02 03:39:36','2020-07-02 03:39:36'),(362,692,NULL,NULL,'2020-07-02 03:41:25','2020-07-02 03:41:25'),(363,683,NULL,NULL,'2020-07-02 03:41:57','2020-07-02 03:41:57'),(364,674,NULL,NULL,'2020-07-02 03:42:28','2020-07-02 03:42:28'),(365,669,NULL,NULL,'2020-07-02 03:43:10','2020-07-02 03:43:10'),(366,660,NULL,NULL,'2020-07-02 03:43:18','2020-07-02 03:43:18'),(367,642,NULL,NULL,'2020-07-02 03:46:02','2020-07-02 03:46:02'),(368,633,NULL,NULL,'2020-07-02 03:46:29','2020-07-02 03:46:29'),(369,624,NULL,NULL,'2020-07-02 03:46:56','2020-07-02 03:46:56'),(370,618,NULL,NULL,'2020-07-02 03:47:27','2020-07-02 03:47:27'),(371,609,NULL,NULL,'2020-07-02 03:51:15','2020-07-02 03:51:15'),(372,600,NULL,NULL,'2020-07-02 03:51:22','2020-07-02 03:51:22'),(373,591,NULL,NULL,'2020-07-02 03:51:52','2020-07-02 03:51:52'),(374,582,NULL,NULL,'2020-07-02 03:52:42','2020-07-02 03:52:42'),(375,573,NULL,NULL,'2020-07-02 03:54:29','2020-07-02 03:54:29'),(376,564,NULL,NULL,'2020-07-02 03:54:37','2020-07-02 03:54:37'),(377,555,NULL,NULL,'2020-07-02 03:54:43','2020-07-02 03:54:43'),(378,546,NULL,NULL,'2020-07-02 03:54:50','2020-07-02 03:54:50'),(379,537,NULL,NULL,'2020-07-02 03:55:21','2020-07-02 03:55:21'),(380,528,NULL,NULL,'2020-07-02 03:56:58','2020-07-02 03:56:58'),(381,501,NULL,NULL,'2020-07-02 03:58:24','2020-07-02 03:58:24'),(382,510,NULL,NULL,'2020-07-02 03:58:57','2020-07-02 03:58:57'),(383,492,NULL,NULL,'2020-07-02 03:59:21','2020-07-02 03:59:21'),(384,519,NULL,NULL,'2020-07-02 04:00:11','2020-07-02 04:00:11'),(385,483,NULL,NULL,'2020-07-02 04:55:15','2020-07-02 04:55:15'),(386,474,NULL,NULL,'2020-07-02 04:55:52','2020-07-02 04:55:52'),(387,465,NULL,NULL,'2020-07-02 04:57:17','2020-07-02 04:57:17'),(388,447,NULL,NULL,'2020-07-02 05:00:22','2020-07-02 05:00:22'),(389,438,NULL,NULL,'2020-07-02 05:02:05','2020-07-02 05:02:05'),(390,429,NULL,NULL,'2020-07-02 05:03:24','2020-07-02 05:03:24'),(391,420,NULL,NULL,'2020-07-02 05:03:50','2020-07-02 05:03:50'),(392,411,NULL,NULL,'2020-07-02 05:04:25','2020-07-02 05:04:25'),(393,456,NULL,NULL,'2020-07-02 05:05:18','2020-07-02 05:05:18'),(394,402,NULL,NULL,'2020-07-02 05:06:35','2020-07-02 05:06:35'),(395,393,NULL,NULL,'2020-07-02 05:07:38','2020-07-02 05:07:38'),(396,384,NULL,NULL,'2020-07-02 05:07:45','2020-07-02 05:07:45'),(397,376,NULL,NULL,'2020-07-02 05:08:20','2020-07-02 05:08:20'),(398,1101,NULL,NULL,'2020-07-05 17:42:28','2020-07-05 17:42:28'),(399,1092,NULL,NULL,'2020-07-05 17:49:56','2020-07-05 17:49:56'),(400,1083,NULL,NULL,'2020-07-05 17:53:13','2020-07-05 17:53:13'),(401,1074,NULL,NULL,'2020-07-05 17:56:00','2020-07-05 17:56:00'),(402,1065,NULL,NULL,'2020-07-05 17:58:14','2020-07-05 17:58:14'),(403,1056,NULL,NULL,'2020-07-05 18:09:56','2020-07-05 18:09:56'),(404,1047,NULL,NULL,'2020-07-05 18:12:14','2020-07-05 18:12:14'),(405,1038,NULL,NULL,'2020-07-05 18:14:33','2020-07-05 18:14:33'),(406,1029,NULL,NULL,'2020-07-05 18:16:55','2020-07-05 18:16:55'),(407,1020,NULL,NULL,'2020-07-05 18:19:17','2020-07-05 18:19:17'),(408,1011,NULL,NULL,'2020-07-05 18:21:32','2020-07-05 18:21:32'),(409,1002,NULL,NULL,'2020-07-05 18:23:29','2020-07-05 18:23:29'),(410,993,NULL,NULL,'2020-07-05 18:26:21','2020-07-05 18:26:21'),(411,984,NULL,NULL,'2020-07-05 18:29:12','2020-07-05 18:29:12'),(412,975,NULL,NULL,'2020-07-05 18:31:39','2020-07-05 18:31:39'),(413,966,NULL,NULL,'2020-07-05 18:33:39','2020-07-05 18:33:39'),(414,957,NULL,NULL,'2020-07-05 18:35:46','2020-07-05 18:35:46'),(415,948,NULL,NULL,'2020-07-05 18:37:27','2020-07-05 18:37:27'),(416,939,NULL,NULL,'2020-07-05 18:39:43','2020-07-05 18:39:43'),(417,930,NULL,NULL,'2020-07-05 18:41:43','2020-07-05 18:41:43'),(418,921,NULL,NULL,'2020-07-05 18:44:59','2020-07-05 18:44:59'),(419,912,NULL,NULL,'2020-07-05 18:52:02','2020-07-05 18:52:02'),(420,903,NULL,NULL,'2020-07-05 18:54:27','2020-07-05 18:54:27'),(421,813,NULL,NULL,'2020-07-05 18:56:42','2020-07-05 18:56:42'),(422,894,NULL,NULL,'2020-07-05 19:00:57','2020-07-05 19:00:57'),(423,885,NULL,NULL,'2020-07-05 19:03:18','2020-07-05 19:03:18'),(424,876,NULL,NULL,'2020-07-05 19:06:33','2020-07-05 19:06:33'),(425,867,NULL,NULL,'2020-07-05 19:09:34','2020-07-05 19:09:34'),(426,858,NULL,NULL,'2020-07-05 19:13:12','2020-07-05 19:13:12'),(427,849,NULL,NULL,'2020-07-05 19:15:29','2020-07-05 19:15:29'),(428,840,NULL,NULL,'2020-07-05 19:17:13','2020-07-05 19:17:13'),(429,831,NULL,NULL,'2020-07-05 19:20:59','2020-07-05 19:20:59'),(430,822,NULL,NULL,'2020-07-05 19:23:21','2020-07-05 19:23:21'),(431,651,NULL,NULL,'2020-07-05 19:48:02','2020-07-05 19:48:02'),(432,1254,NULL,NULL,'2020-07-16 18:06:03','2020-07-16 18:06:03'),(433,1245,NULL,NULL,'2020-07-16 18:08:57','2020-07-16 18:08:57'),(434,1236,NULL,NULL,'2020-07-16 18:11:48','2020-07-16 18:11:48'),(435,1227,NULL,NULL,'2020-07-16 18:13:29','2020-07-16 18:13:29'),(436,1218,NULL,NULL,'2020-07-16 18:15:57','2020-07-16 18:15:57'),(437,1209,NULL,NULL,'2020-07-16 18:18:08','2020-07-16 18:18:08'),(438,1200,NULL,NULL,'2020-07-16 18:19:50','2020-07-16 18:19:50'),(439,1191,NULL,NULL,'2020-07-16 18:22:21','2020-07-16 18:22:21'),(440,1182,NULL,NULL,'2020-07-16 18:24:37','2020-07-16 18:24:37'),(441,1173,NULL,NULL,'2020-07-16 18:26:41','2020-07-16 18:26:41'),(442,1164,NULL,NULL,'2020-07-16 18:28:36','2020-07-16 18:28:36'),(443,1155,NULL,NULL,'2020-07-16 18:30:32','2020-07-16 18:30:32'),(444,1146,NULL,NULL,'2020-07-16 18:32:23','2020-07-16 18:32:23'),(445,1137,NULL,NULL,'2020-07-16 18:35:18','2020-07-16 18:35:18'),(446,1128,NULL,NULL,'2020-07-16 18:37:30','2020-07-16 18:37:30'),(447,1119,NULL,NULL,'2020-07-16 18:39:49','2020-07-16 18:39:49'),(448,1110,NULL,NULL,'2020-07-16 18:42:11','2020-07-16 18:42:11');

--
-- Table structure for table `email_contact`
--

CREATE TABLE `email_contact` (
  `email_contact_id` int(10) unsigned NOT NULL AUTO_INCREMENT COMMENT 'Primary Key',
  `is_guest` smallint(5) unsigned DEFAULT NULL COMMENT 'Is Guest',
  `contact_id` varchar(15) DEFAULT NULL COMMENT 'Connector Contact ID',
  `customer_id` int(10) unsigned NOT NULL COMMENT 'Customer ID',
  `website_id` smallint(5) unsigned NOT NULL DEFAULT 0 COMMENT 'Website ID',
  `store_id` smallint(5) unsigned NOT NULL DEFAULT 0 COMMENT 'Store ID',
  `email` varchar(255) NOT NULL DEFAULT '' COMMENT 'Customer Email',
  `is_subscriber` smallint(5) unsigned DEFAULT NULL COMMENT 'Is Subscriber',
  `subscriber_status` smallint(5) unsigned DEFAULT NULL COMMENT 'Subscriber status',
  `email_imported` smallint(5) unsigned DEFAULT NULL COMMENT 'Is Imported',
  `subscriber_imported` smallint(5) unsigned DEFAULT NULL COMMENT 'Subscriber Imported',
  `suppressed` smallint(5) unsigned DEFAULT NULL COMMENT 'Is Suppressed',
  PRIMARY KEY (`email_contact_id`),
  KEY `EMAIL_CONTACT_EMAIL_CONTACT_ID` (`email_contact_id`),
  KEY `EMAIL_CONTACT_IS_GUEST` (`is_guest`),
  KEY `EMAIL_CONTACT_CUSTOMER_ID` (`customer_id`),
  KEY `EMAIL_CONTACT_WEBSITE_ID` (`website_id`),
  KEY `EMAIL_CONTACT_IS_SUBSCRIBER` (`is_subscriber`),
  KEY `EMAIL_CONTACT_SUBSCRIBER_STATUS` (`subscriber_status`),
  KEY `EMAIL_CONTACT_EMAIL_IMPORTED` (`email_imported`),
  KEY `EMAIL_CONTACT_SUBSCRIBER_IMPORTED` (`subscriber_imported`),
  KEY `EMAIL_CONTACT_SUPPRESSED` (`suppressed`),
  KEY `EMAIL_CONTACT_EMAIL` (`email`),
  KEY `EMAIL_CONTACT_CONTACT_ID` (`contact_id`),
  CONSTRAINT `EMAIL_CONTACT_WEBSITE_ID_STORE_WEBSITE_WEBSITE_ID` FOREIGN KEY (`website_id`) REFERENCES `store_website` (`website_id`) ON DELETE CASCADE
) ENGINE=InnoDB DEFAULT CHARSET=utf8 COLLATE=utf8_general_ci COMMENT='Connector Contacts';

--
-- Dumping data for table `email_contact`
--


--
-- Table structure for table `email_contact_consent`
--

CREATE TABLE `email_contact_consent` (
  `id` int(10) unsigned NOT NULL AUTO_INCREMENT COMMENT 'Primary Key',
  `email_contact_id` int(10) unsigned DEFAULT NULL COMMENT 'Email Contact Id',
  `consent_url` varchar(255) DEFAULT NULL COMMENT 'Contact consent url',
  `consent_datetime` datetime DEFAULT NULL COMMENT 'Contact consent datetime',
  `consent_ip` varchar(255) DEFAULT NULL COMMENT 'Contact consent ip',
  `consent_user_agent` varchar(255) DEFAULT NULL COMMENT 'Contact consent user agent',
  PRIMARY KEY (`id`),
  KEY `EMAIL_CONTACT_CONSENT_EMAIL_CONTACT_ID` (`email_contact_id`),
  CONSTRAINT `FK_17E9EA0C469163E550BC6B732AC49FDB` FOREIGN KEY (`email_contact_id`) REFERENCES `email_contact` (`email_contact_id`) ON DELETE CASCADE
) ENGINE=InnoDB DEFAULT CHARSET=utf8 COLLATE=utf8_general_ci COMMENT='Email contact consent table.';

--
-- Dumping data for table `email_contact_consent`
--


--
-- Table structure for table `email_failed_auth`
--

CREATE TABLE `email_failed_auth` (
  `id` int(10) unsigned NOT NULL AUTO_INCREMENT COMMENT 'Primary Key',
  `failures_num` int(10) unsigned DEFAULT NULL COMMENT 'Number of fails',
  `first_attempt_date` datetime DEFAULT NULL COMMENT 'First attempt date',
  `last_attempt_date` datetime DEFAULT NULL COMMENT 'Last attempt date',
  `url` varchar(255) DEFAULT NULL COMMENT 'URL',
  `store_id` int(10) unsigned DEFAULT NULL COMMENT 'Store Id',
  PRIMARY KEY (`id`),
  KEY `EMAIL_AUTH_EDC_STORE_ID` (`store_id`)
) ENGINE=InnoDB DEFAULT CHARSET=utf8 COLLATE=utf8_general_ci COMMENT='Email Failed Auth Table.';

--
-- Dumping data for table `email_failed_auth`
--


--
-- Table structure for table `email_importer`
--

CREATE TABLE `email_importer` (
  `id` int(10) unsigned NOT NULL AUTO_INCREMENT COMMENT 'Primary Key',
  `import_type` varchar(255) NOT NULL DEFAULT '' COMMENT 'Import Type',
  `website_id` smallint(6) NOT NULL DEFAULT 0 COMMENT 'Website Id',
  `import_status` smallint(6) NOT NULL DEFAULT 0 COMMENT 'Import Status',
  `import_id` varchar(255) NOT NULL DEFAULT '' COMMENT 'Import Id',
  `import_data` mediumblob NOT NULL COMMENT 'Import Data',
  `import_mode` varchar(255) NOT NULL DEFAULT '' COMMENT 'Import Mode',
  `import_file` text NOT NULL COMMENT 'Import File',
  `message` varchar(255) NOT NULL DEFAULT '' COMMENT 'Error Message',
  `created_at` timestamp NULL DEFAULT NULL COMMENT 'Creation Time',
  `updated_at` timestamp NULL DEFAULT NULL COMMENT 'Update Time',
  `import_started` timestamp NULL DEFAULT NULL COMMENT 'Import Started',
  `import_finished` timestamp NULL DEFAULT NULL COMMENT 'Import Finished',
  PRIMARY KEY (`id`),
  KEY `EMAIL_IMPORTER_IMPORT_TYPE` (`import_type`),
  KEY `EMAIL_IMPORTER_WEBSITE_ID` (`website_id`),
  KEY `EMAIL_IMPORTER_IMPORT_STATUS` (`import_status`),
  KEY `EMAIL_IMPORTER_IMPORT_MODE` (`import_mode`),
  KEY `EMAIL_IMPORTER_CREATED_AT` (`created_at`),
  KEY `EMAIL_IMPORTER_UPDATED_AT` (`updated_at`),
  KEY `EMAIL_IMPORTER_IMPORT_ID` (`import_id`),
  KEY `EMAIL_IMPORTER_IMPORT_STARTED` (`import_started`),
  KEY `EMAIL_IMPORTER_IMPORT_FINISHED` (`import_finished`)
) ENGINE=InnoDB DEFAULT CHARSET=utf8 COLLATE=utf8_general_ci COMMENT='Email Importer';

--
-- Dumping data for table `email_importer`
--


--
-- Table structure for table `email_order`
--

CREATE TABLE `email_order` (
  `email_order_id` int(10) unsigned NOT NULL AUTO_INCREMENT COMMENT 'Primary Key',
  `order_id` int(10) unsigned NOT NULL COMMENT 'Order ID',
  `order_status` varchar(255) NOT NULL COMMENT 'Order Status',
  `quote_id` int(10) unsigned NOT NULL COMMENT 'Sales Quote ID',
  `store_id` smallint(5) unsigned NOT NULL DEFAULT 0 COMMENT 'Store ID',
  `email_imported` smallint(5) unsigned DEFAULT NULL COMMENT 'Is Order Imported',
  `modified` smallint(5) unsigned DEFAULT NULL COMMENT 'Is Order Modified',
  `created_at` timestamp NULL DEFAULT NULL COMMENT 'Creation Time',
  `updated_at` timestamp NULL DEFAULT NULL COMMENT 'Update Time',
  PRIMARY KEY (`email_order_id`),
  KEY `EMAIL_ORDER_STORE_ID` (`store_id`),
  KEY `EMAIL_ORDER_QUOTE_ID` (`quote_id`),
  KEY `EMAIL_ORDER_EMAIL_IMPORTED` (`email_imported`),
  KEY `EMAIL_ORDER_ORDER_STATUS` (`order_status`),
  KEY `EMAIL_ORDER_MODIFIED` (`modified`),
  KEY `EMAIL_ORDER_UPDATED_AT` (`updated_at`),
  KEY `EMAIL_ORDER_CREATED_AT` (`created_at`),
  KEY `EMAIL_ORDER_ORDER_ID_SALES_ORDER_ENTITY_ID` (`order_id`),
  CONSTRAINT `EMAIL_ORDER_ORDER_ID_SALES_ORDER_ENTITY_ID` FOREIGN KEY (`order_id`) REFERENCES `sales_order` (`entity_id`) ON DELETE CASCADE,
  CONSTRAINT `EMAIL_ORDER_STORE_ID_STORE_STORE_ID` FOREIGN KEY (`store_id`) REFERENCES `store` (`store_id`) ON DELETE CASCADE
) ENGINE=InnoDB DEFAULT CHARSET=utf8 COLLATE=utf8_general_ci COMMENT='Transactional Order Data';

--
-- Dumping data for table `email_order`
--


--
-- Table structure for table `email_review`
--

CREATE TABLE `email_review` (
  `id` int(10) unsigned NOT NULL AUTO_INCREMENT COMMENT 'Primary Key',
  `review_id` int(10) unsigned NOT NULL COMMENT 'Review Id',
  `customer_id` int(10) unsigned NOT NULL COMMENT 'Customer ID',
  `store_id` smallint(5) unsigned NOT NULL COMMENT 'Store Id',
  `review_imported` smallint(5) unsigned DEFAULT NULL COMMENT 'Review Imported',
  `created_at` timestamp NULL DEFAULT NULL COMMENT 'Creation Time',
  `updated_at` timestamp NULL DEFAULT NULL COMMENT 'Update Time',
  PRIMARY KEY (`id`),
  KEY `EMAIL_REVIEW_REVIEW_ID` (`review_id`),
  KEY `EMAIL_REVIEW_CUSTOMER_ID` (`customer_id`),
  KEY `EMAIL_REVIEW_STORE_ID` (`store_id`),
  KEY `EMAIL_REVIEW_REVIEW_IMPORTED` (`review_imported`),
  KEY `EMAIL_REVIEW_CREATED_AT` (`created_at`),
  KEY `EMAIL_REVIEW_UPDATED_AT` (`updated_at`)
) ENGINE=InnoDB DEFAULT CHARSET=utf8 COLLATE=utf8_general_ci COMMENT='Connector Reviews';

--
-- Dumping data for table `email_review`
--


--
-- Table structure for table `email_rules`
--

CREATE TABLE `email_rules` (
  `id` int(10) unsigned NOT NULL AUTO_INCREMENT COMMENT 'Primary Key',
  `name` varchar(255) NOT NULL DEFAULT '' COMMENT 'Rule Name',
  `website_ids` varchar(255) NOT NULL DEFAULT '0' COMMENT 'Website Id',
  `type` smallint(6) NOT NULL DEFAULT 0 COMMENT 'Rule Type',
  `status` smallint(6) NOT NULL DEFAULT 0 COMMENT 'Status',
  `combination` smallint(6) NOT NULL DEFAULT 1 COMMENT 'Rule Condition',
  `conditions` blob NOT NULL COMMENT 'Rule Conditions',
  `created_at` timestamp NULL DEFAULT NULL COMMENT 'Creation Time',
  `updated_at` timestamp NULL DEFAULT NULL COMMENT 'Update Time',
  PRIMARY KEY (`id`)
) ENGINE=InnoDB DEFAULT CHARSET=utf8 COLLATE=utf8_general_ci COMMENT='Connector Rules';

--
-- Dumping data for table `email_rules`
--


--
-- Table structure for table `email_template`
--

CREATE TABLE `email_template` (
  `template_id` int(10) unsigned NOT NULL AUTO_INCREMENT COMMENT 'Template ID',
  `template_code` varchar(150) NOT NULL COMMENT 'Template Name',
  `template_text` text NOT NULL COMMENT 'Template Content',
  `template_styles` text DEFAULT NULL COMMENT 'Templste Styles',
  `template_type` int(10) unsigned DEFAULT NULL COMMENT 'Template Type',
  `template_subject` varchar(200) NOT NULL COMMENT 'Template Subject',
  `template_sender_name` varchar(200) DEFAULT NULL COMMENT 'Template Sender Name',
  `template_sender_email` varchar(200) DEFAULT NULL COMMENT 'Template Sender Email',
  `added_at` timestamp NOT NULL DEFAULT current_timestamp() COMMENT 'Date of Template Creation',
  `modified_at` timestamp NOT NULL DEFAULT current_timestamp() ON UPDATE current_timestamp() COMMENT 'Date of Template Modification',
  `orig_template_code` varchar(200) DEFAULT NULL COMMENT 'Original Template Code',
  `orig_template_variables` text DEFAULT NULL COMMENT 'Original Template Variables',
  `is_legacy` tinyint(1) NOT NULL DEFAULT 0 COMMENT 'Should the template render in legacy mode',
  PRIMARY KEY (`template_id`),
  UNIQUE KEY `EMAIL_TEMPLATE_TEMPLATE_CODE` (`template_code`),
  KEY `EMAIL_TEMPLATE_ADDED_AT` (`added_at`),
  KEY `EMAIL_TEMPLATE_MODIFIED_AT` (`modified_at`)
) ENGINE=InnoDB DEFAULT CHARSET=utf8 COLLATE=utf8_general_ci COMMENT='Email Templates';

--
-- Dumping data for table `email_template`
--


--
-- Table structure for table `email_wishlist`
--

CREATE TABLE `email_wishlist` (
  `id` int(10) unsigned NOT NULL AUTO_INCREMENT COMMENT 'Primary Key',
  `wishlist_id` int(10) unsigned NOT NULL COMMENT 'Wishlist Id',
  `item_count` int(10) unsigned NOT NULL COMMENT 'Item Count',
  `customer_id` int(10) unsigned DEFAULT NULL COMMENT 'Customer ID',
  `store_id` smallint(5) unsigned NOT NULL COMMENT 'Store Id',
  `wishlist_imported` smallint(5) unsigned DEFAULT NULL COMMENT 'Wishlist Imported',
  `wishlist_modified` smallint(5) unsigned DEFAULT NULL COMMENT 'Wishlist Modified',
  `created_at` timestamp NULL DEFAULT NULL COMMENT 'Creation Time',
  `updated_at` timestamp NULL DEFAULT NULL COMMENT 'Update Time',
  PRIMARY KEY (`id`),
  KEY `EMAIL_WISHLIST_WISHLIST_ID` (`wishlist_id`),
  KEY `EMAIL_WISHLIST_ITEM_COUNT` (`item_count`),
  KEY `EMAIL_WISHLIST_CUSTOMER_ID` (`customer_id`),
  KEY `EMAIL_WISHLIST_WISHLIST_MODIFIED` (`wishlist_modified`),
  KEY `EMAIL_WISHLIST_WISHLIST_IMPORTED` (`wishlist_imported`),
  KEY `EMAIL_WISHLIST_CREATED_AT` (`created_at`),
  KEY `EMAIL_WISHLIST_UPDATED_AT` (`updated_at`),
  KEY `EMAIL_WISHLIST_STORE_ID` (`store_id`),
  CONSTRAINT `EMAIL_WISHLIST_CUSTOMER_ID_CUSTOMER_ENTITY_ENTITY_ID` FOREIGN KEY (`customer_id`) REFERENCES `customer_entity` (`entity_id`) ON DELETE CASCADE,
  CONSTRAINT `EMAIL_WISHLIST_WISHLIST_ID_WISHLIST_WISHLIST_ID` FOREIGN KEY (`wishlist_id`) REFERENCES `wishlist` (`wishlist_id`) ON DELETE CASCADE
) ENGINE=InnoDB AUTO_INCREMENT=5 DEFAULT CHARSET=utf8 COLLATE=utf8_general_ci COMMENT='Connector Wishlist';

--
-- Dumping data for table `email_wishlist`
--

INSERT INTO `email_wishlist` VALUES (1,8,0,8,1,NULL,1,'2020-06-18 15:05:29','2020-06-18 15:34:08'),(2,2,1,2,1,NULL,NULL,'2020-06-20 05:56:56','2020-06-20 05:56:56'),(3,4,0,4,1,NULL,1,'2020-06-20 06:43:25','2020-06-20 06:45:03'),(4,11,1,11,1,NULL,NULL,'2020-11-24 12:02:24','2020-11-24 12:02:24');

--
-- Table structure for table `flag`
--

CREATE TABLE `flag` (
  `flag_id` int(10) unsigned NOT NULL AUTO_INCREMENT COMMENT 'Flag Id',
  `flag_code` varchar(255) NOT NULL COMMENT 'Flag Code',
  `state` smallint(5) unsigned NOT NULL DEFAULT 0 COMMENT 'Flag State',
  `flag_data` mediumtext DEFAULT NULL,
  `last_update` timestamp NOT NULL DEFAULT current_timestamp() ON UPDATE current_timestamp() COMMENT 'Date of Last Flag Update',
  PRIMARY KEY (`flag_id`),
  KEY `FLAG_LAST_UPDATE` (`last_update`)
) ENGINE=InnoDB AUTO_INCREMENT=3 DEFAULT CHARSET=utf8 COLLATE=utf8_general_ci COMMENT='Flag';

--
-- Dumping data for table `flag`
--

INSERT INTO `flag` VALUES (1,'analytics_link_attempts_reverse_counter',0,'24','2020-01-09 12:16:04'),(2,'report_product_viewed_aggregated',0,NULL,'2020-07-13 03:33:33');

--
-- Table structure for table `gift_message`
--

CREATE TABLE `gift_message` (
  `gift_message_id` int(10) unsigned NOT NULL AUTO_INCREMENT COMMENT 'GiftMessage ID',
  `customer_id` int(10) unsigned NOT NULL DEFAULT 0 COMMENT 'Customer ID',
  `sender` varchar(255) DEFAULT NULL COMMENT 'Sender',
  `recipient` varchar(255) DEFAULT NULL COMMENT 'Registrant',
  `message` text DEFAULT NULL COMMENT 'Message',
  PRIMARY KEY (`gift_message_id`)
) ENGINE=InnoDB DEFAULT CHARSET=utf8 COLLATE=utf8_general_ci COMMENT='Gift Message';

--
-- Dumping data for table `gift_message`
--


--
-- Table structure for table `googleoptimizer_code`
--

CREATE TABLE `googleoptimizer_code` (
  `code_id` int(10) unsigned NOT NULL AUTO_INCREMENT COMMENT 'Google experiment code ID',
  `entity_id` int(10) unsigned NOT NULL COMMENT 'Optimized entity ID product ID or catalog ID',
  `entity_type` varchar(50) DEFAULT NULL COMMENT 'Optimized entity type',
  `store_id` smallint(5) unsigned NOT NULL COMMENT 'Store ID',
  `experiment_script` text DEFAULT NULL COMMENT 'Google experiment script',
  PRIMARY KEY (`code_id`),
  UNIQUE KEY `GOOGLEOPTIMIZER_CODE_STORE_ID_ENTITY_ID_ENTITY_TYPE` (`store_id`,`entity_id`,`entity_type`),
  CONSTRAINT `GOOGLEOPTIMIZER_CODE_STORE_ID_STORE_STORE_ID` FOREIGN KEY (`store_id`) REFERENCES `store` (`store_id`) ON DELETE CASCADE
) ENGINE=InnoDB DEFAULT CHARSET=utf8 COLLATE=utf8_general_ci COMMENT='Google Experiment code';

--
-- Dumping data for table `googleoptimizer_code`
--


--
-- Table structure for table `hozmegamenu`
--

CREATE TABLE `hozmegamenu` (
  `hozmegamenu_id` int(10) unsigned NOT NULL AUTO_INCREMENT COMMENT 'hozmegamenu ID',
  `status` smallint(6) NOT NULL DEFAULT 1 COMMENT 'hozmegamenu status',
  `type_menu` smallint(6) NOT NULL DEFAULT 1 COMMENT 'hozmegamenu type_menu',
  `is_home` smallint(6) NOT NULL DEFAULT 1 COMMENT 'hozmegamenu is_home',
  `is_mobile` smallint(6) NOT NULL DEFAULT 1 COMMENT 'hozmegamenu is_home',
  `is_new` varchar(255) DEFAULT '' COMMENT 'hozmegamenu is_new',
  `is_sale` varchar(255) DEFAULT '' COMMENT 'hozmegamenu is_sale',
  `is_level` varchar(255) DEFAULT '' COMMENT 'hozmegamenu Level',
  `is_column` varchar(255) DEFAULT '' COMMENT 'hozmegamenu Column',
  `items` varchar(255) DEFAULT '' COMMENT 'hozmegamenu items',
  `is_link` varchar(255) DEFAULT '' COMMENT 'hozmegamenu is_link',
  `effect` varchar(255) DEFAULT '' COMMENT 'hozmegamenu Effect',
  `image` varchar(255) DEFAULT NULL COMMENT 'hozmegamenu image',
  `store` smallint(6) NOT NULL DEFAULT 0 COMMENT 'store',
  `items_show` varchar(255) DEFAULT NULL COMMENT 'Items Show',
  PRIMARY KEY (`hozmegamenu_id`)
) ENGINE=InnoDB AUTO_INCREMENT=2 DEFAULT CHARSET=utf8 COLLATE=utf8_general_ci COMMENT='hozmegamenu';

--
-- Dumping data for table `hozmegamenu`
--

INSERT INTO `hozmegamenu` VALUES (1,1,1,2,1,NULL,NULL,'0',NULL,'[\"category_6\",\"category_13\"]','[\"6\",\"13\"]','2',NULL,0,NULL);

--
-- Table structure for table `import_history`
--

CREATE TABLE `import_history` (
  `history_id` int(10) unsigned NOT NULL AUTO_INCREMENT COMMENT 'History record ID',
  `started_at` timestamp NOT NULL DEFAULT current_timestamp() COMMENT 'Started at',
  `user_id` int(10) unsigned NOT NULL DEFAULT 0 COMMENT 'User ID',
  `imported_file` varchar(255) DEFAULT NULL COMMENT 'Imported file',
  `execution_time` varchar(255) DEFAULT NULL COMMENT 'Execution time',
  `summary` varchar(255) DEFAULT NULL COMMENT 'Summary',
  `error_file` varchar(255) NOT NULL COMMENT 'Imported file with errors',
  PRIMARY KEY (`history_id`)
) ENGINE=InnoDB AUTO_INCREMENT=147 DEFAULT CHARSET=utf8 COLLATE=utf8_general_ci COMMENT='Import history table';

--
-- Dumping data for table `import_history`
--

INSERT INTO `import_history` VALUES (1,'2020-04-27 15:12:36',1,'1588000355_catalog_product_20200427_150225.csv','Validation',NULL,'1588000355_catalog_product_20200427_150225_error_report.csv'),(2,'2020-04-27 15:17:57',1,'1588000677_catalog_product_20200427_150225.csv','00:00:08','Created: 3, Updated: 0, Deleted: 0',''),(3,'2020-04-27 15:23:34',1,'1588001014_catalog_product_20200427_150225.csv','Validation',NULL,'1588001014_catalog_product_20200427_150225_error_report.csv'),(4,'2020-04-27 15:26:31',1,'1588001191_catalog_product_20200427_150225.csv','Validation',NULL,'1588001191_catalog_product_20200427_150225_error_report.csv'),(5,'2020-04-27 15:29:49',1,'1588001389_catalog_product_20200427_150225.csv','Validation',NULL,'1588001389_catalog_product_20200427_150225_error_report.csv'),(6,'2020-04-27 15:30:11',1,'1588001411_catalog_product_20200427_150225.csv','Validation',NULL,'1588001411_catalog_product_20200427_150225_error_report.csv'),(7,'2020-04-27 15:35:52',1,'1588001752_catalog_product_20200427_150225.csv','00:00:05','Created: 0, Updated: 3, Deleted: 0','1588001752_catalog_product_20200427_150225_error_report.csv'),(8,'2020-04-27 15:37:42',1,'1588001862_catalog_product_20200427_150225.csv','00:00:04','Created: 0, Updated: 3, Deleted: 0','1588001862_catalog_product_20200427_150225_error_report.csv'),(9,'2020-04-27 15:43:42',1,'1588002222_catalog_product_20200427_150225.csv','00:00:04','Created: 0, Updated: 3, Deleted: 0',''),(10,'2020-04-27 15:46:02',1,'1588002362_catalog_product_20200427_150225.csv','00:00:04','Created: 0, Updated: 3, Deleted: 0',''),(11,'2020-04-27 15:49:34',1,'1588002574_catalog_product_20200427_150225.csv','00:00:05','Created: 0, Updated: 3, Deleted: 0',''),(12,'2020-05-23 12:02:49',1,'1590235369_csv_file_product_import.csv','Validation',NULL,'1590235369_csv_file_product_import_error_report.csv'),(13,'2020-05-23 12:04:25',1,'1590235465_csv_file_product_import.csv','Validation',NULL,'1590235465_csv_file_product_import_error_report.csv'),(14,'2020-05-23 12:06:36',1,'1590235596_csv_file_product_import.csv','Validation',NULL,'1590235596_csv_file_product_import_error_report.csv'),(15,'2020-05-23 12:06:47',1,'1590235607_csv_file_product_import.csv','Validation',NULL,'1590235607_csv_file_product_import_error_report.csv'),(16,'2020-05-23 12:10:15',1,'1590235815_csv_file_product_import.csv','Validation',NULL,'1590235815_csv_file_product_import_error_report.csv'),(17,'2020-05-23 12:10:26',1,'1590235826_csv_file_product_import.csv','Validation',NULL,'1590235826_csv_file_product_import_error_report.csv'),(18,'2020-05-23 12:10:33',1,'1590235833_csv_file_product_import.csv','Validation',NULL,'1590235833_csv_file_product_import_error_report.csv'),(19,'2020-05-23 12:13:01',1,'1590235981_csv_file_product_import.csv','Validation',NULL,'1590235981_csv_file_product_import_error_report.csv'),(20,'2020-05-23 12:13:09',1,'1590235989_csv_file_product_import.csv','Validation',NULL,'1590235989_csv_file_product_import_error_report.csv'),(21,'2020-05-23 12:13:26',1,'1590236006_csv_file_product_import.csv','Validation',NULL,'1590236006_csv_file_product_import_error_report.csv'),(22,'2020-05-23 12:13:36',1,'1590236016_csv_file_product_import.csv','Validation',NULL,'1590236016_csv_file_product_import_error_report.csv'),(23,'2020-05-23 12:16:51',1,'1590236211_csv_file_product_import.csv','Validation',NULL,'1590236211_csv_file_product_import_error_report.csv'),(24,'2020-05-23 12:19:34',1,'1590236374_csv_file_product_import.csv','Validation',NULL,'1590236374_csv_file_product_import_error_report.csv'),(25,'2020-05-23 12:21:37',1,'1590236497_csv_file_product_import.csv','Validation',NULL,'1590236497_csv_file_product_import_error_report.csv'),(26,'2020-05-23 12:26:46',1,'1590236806_csv_file_product_import.csv','Validation',NULL,'1590236806_csv_file_product_import_error_report.csv'),(27,'2020-05-23 12:30:41',1,'1590237041_csv_file_product_import.csv','Validation',NULL,'1590237041_csv_file_product_import_error_report.csv'),(28,'2020-05-23 12:34:48',1,'1590237288_csv_file_product_import.csv','Validation',NULL,''),(29,'2020-05-23 12:43:29',1,'1590237809_csv_file_product_import.csv','Validation',NULL,''),(30,'2020-05-23 12:59:09',1,'1590238749_csv_file_product_import.csv','Validation',NULL,'1590238749_csv_file_product_import_error_report.csv'),(31,'2020-05-23 13:01:01',1,'1590238861_csv_file_product_import.csv','00:00:08','Created: 0, Updated: 0, Deleted: 0',''),(32,'2020-05-23 13:03:22',1,'1590239002_csv_file_product_import.csv','00:00:07','Created: 0, Updated: 0, Deleted: 0',''),(33,'2020-05-31 13:11:47',1,'1590930707_csv_file_product_import.csv','00:00:08','Created: 0, Updated: 0, Deleted: 0',''),(34,'2020-05-31 13:15:30',1,'1590930930_sample_csv_file_product_import.csv','00:00:04','Created: 3, Updated: 0, Deleted: 0',''),(35,'2020-05-31 13:21:36',1,'1590931296_csv_file_product_import.csv','00:00:08','Created: 0, Updated: 0, Deleted: 0',''),(36,'2020-05-31 13:25:41',1,'1590931541_csv_file_product_import.csv','00:00:10','Created: 0, Updated: 0, Deleted: 0',''),(37,'2020-05-31 13:29:09',1,'1590931749_csv_file_product_import.csv','00:00:02','Created: 0, Updated: 0, Deleted: 0',''),(38,'2020-05-31 13:36:09',1,'1590932169_csv-file-product-import.csv','Validation',NULL,'1590932169_csv-file-product-import_error_report.csv'),(39,'2020-05-31 13:38:59',1,'1590932339_csv-file-product-import.csv','Validation',NULL,'1590932339_csv-file-product-import_error_report.csv'),(40,'2020-05-31 13:41:22',1,'1590932482_csv-file-product-import.csv','Validation',NULL,'1590932482_csv-file-product-import_error_report.csv'),(41,'2020-05-31 13:44:05',1,'1590932645_csv-file-product-import.csv','Validation',NULL,'1590932645_csv-file-product-import_error_report.csv'),(42,'2020-05-31 13:49:26',1,'1590932966_csv-file-product-import.csv','Validation',NULL,'1590932966_csv-file-product-import_error_report.csv'),(43,'2020-05-31 13:51:09',1,'1590933069_csv-file-product-import.csv','Validation',NULL,'1590933069_csv-file-product-import_error_report.csv'),(44,'2020-05-31 13:51:57',1,'1590933117_csv-file-product-import.csv','00:00:03','Created: 8, Updated: 0, Deleted: 0','1590933117_csv-file-product-import_error_report.csv'),(45,'2020-05-31 13:53:20',1,'1590933200_csv-file-product-import.csv','00:00:03','Created: 0, Updated: 8, Deleted: 0','1590933200_csv-file-product-import_error_report.csv'),(46,'2020-05-31 13:54:45',1,'1590933285_csv-file-product-import.csv','00:00:05','Created: 0, Updated: 8, Deleted: 0','1590933285_csv-file-product-import_error_report.csv'),(47,'2020-05-31 13:56:26',1,'1590933386_csv-file-product-import.csv','00:00:03','Created: 0, Updated: 8, Deleted: 0','1590933386_csv-file-product-import_error_report.csv'),(48,'2020-06-14 11:03:30',1,'1592132610_csv-file-product-import test.csv','Validation',NULL,'1592132610_csv-file-product-import test_error_report.csv'),(49,'2020-06-14 11:48:16',1,'1592135296_csv-file-product-import test.csv','Validation',NULL,'1592135296_csv-file-product-import test_error_report.csv'),(50,'2020-06-14 11:51:33',1,'1592135493_csv-file-product-import test.csv','Validation',NULL,'1592135493_csv-file-product-import test_error_report.csv'),(51,'2020-06-14 11:52:31',1,'1592135551_csv-file-product-import test.csv','Validation',NULL,'1592135551_csv-file-product-import test_error_report.csv'),(52,'2020-06-14 11:55:16',1,'1592135716_csv-file-product-import test.csv','Validation',NULL,'1592135716_csv-file-product-import test_error_report.csv'),(53,'2020-06-14 11:55:22',1,'1592135722_csv-file-product-import test.csv','Validation',NULL,'1592135722_csv-file-product-import test_error_report.csv'),(54,'2020-06-14 11:55:37',1,'1592135737_csv-file-product-import test.csv','Validation',NULL,'1592135737_csv-file-product-import test_error_report.csv'),(55,'2020-06-14 11:58:51',1,'1592135931_csv-file-product-import test.csv','Validation',NULL,'1592135931_csv-file-product-import test_error_report.csv'),(56,'2020-06-14 12:00:54',1,'1592136054_csv-file-product-import test.csv','Validation',NULL,'1592136054_csv-file-product-import test_error_report.csv'),(57,'2020-06-14 12:02:28',1,'1592136148_csv-file-product-import test.csv','Validation',NULL,'1592136148_csv-file-product-import test_error_report.csv'),(58,'2020-06-14 12:04:23',1,'1592136263_csv-file-product-import test.csv','00:00:06','Created: 8, Updated: 0, Deleted: 0','1592136263_csv-file-product-import test_error_report.csv'),(59,'2020-06-14 12:05:18',1,'1592136318_csv-file-product-import test.csv','00:00:04','Created: 0, Updated: 8, Deleted: 0','1592136318_csv-file-product-import test_error_report.csv'),(60,'2020-06-14 12:27:23',1,'1592137643_csv-file-product-import test.csv','00:00:03','Created: 0, Updated: 8, Deleted: 0','1592137643_csv-file-product-import test_error_report.csv'),(61,'2020-06-14 12:33:50',1,'1592138030_csv-file-product-import test.csv','00:00:04','Created: 0, Updated: 8, Deleted: 0','1592138030_csv-file-product-import test_error_report.csv'),(62,'2020-06-25 13:18:04',1,'1593091084_csv-file-product-import - festive.csv','Validation',NULL,'1593091084_csv-file-product-import - festive_error_report.csv'),(63,'2020-06-25 13:23:13',1,'1593091393_csv-file-product-import - festive.csv','Validation',NULL,'1593091393_csv-file-product-import - festive_error_report.csv'),(64,'2020-06-25 13:24:14',1,'1593091454_csv-file-product-import - festive.csv','Validation',NULL,'1593091454_csv-file-product-import - festive_error_report.csv'),(65,'2020-06-25 13:25:17',1,'1593091517_csv-file-product-import - festive.csv','00:00:44','Created: 0, Updated: 0, Deleted: 0',''),(66,'2020-06-25 13:34:49',1,'1593092089_csv-file-product-import - festive.csv','00:00:07','Created: 0, Updated: 0, Deleted: 0',''),(67,'2020-06-25 13:37:58',1,'1593092278_csv-file-product-import - festive.csv','00:00:09','Created: 1, Updated: 0, Deleted: 0','1593092278_csv-file-product-import - festive_error_report.csv'),(68,'2020-06-25 13:39:15',1,'1593092354_csv-file-product-import - festive.csv','Validation',NULL,'1593092354_csv-file-product-import - festive_error_report.csv'),(69,'2020-06-25 13:39:47',1,'1593092387_csv-file-product-import - festive.csv','00:00:04','Created: 8, Updated: 1, Deleted: 0','1593092387_csv-file-product-import - festive_error_report.csv'),(70,'2020-06-25 13:45:33',1,'1593092733_csv-file-product-import - festive.csv','00:00:03','Created: 0, Updated: 9, Deleted: 0','1593092733_csv-file-product-import - festive_error_report.csv'),(71,'2020-06-25 13:49:15',1,'1593092955_csv-file-product-import - festive.csv','00:00:02','Created: 1, Updated: 9, Deleted: 0','1593092955_csv-file-product-import - festive_error_report.csv'),(72,'2020-06-25 13:50:14',1,'1593093014_csv-file-product-import - festive.csv','00:00:03','Created: 0, Updated: 10, Deleted: 0','1593093014_csv-file-product-import - festive_error_report.csv'),(73,'2020-06-25 13:56:18',1,'1593093378_csv-file-product-import - festive.csv','00:00:02','Created: 0, Updated: 10, Deleted: 0','1593093378_csv-file-product-import - festive_error_report.csv'),(74,'2020-06-25 13:57:42',1,'1593093462_csv-file-product-import - festive.csv','00:00:02','Created: 9, Updated: 1, Deleted: 0','1593093462_csv-file-product-import - festive_error_report.csv'),(75,'2020-06-25 13:59:06',1,'1593093546_csv-file-product-import - festive.csv','00:00:04','Created: 9, Updated: 1, Deleted: 0','1593093546_csv-file-product-import - festive_error_report.csv'),(76,'2020-06-25 14:03:02',1,'1593093782_csv-file-product-import - festive.csv','00:00:02','Created: 3, Updated: 6, Deleted: 0','1593093782_csv-file-product-import - festive_error_report.csv'),(77,'2020-06-25 14:06:21',1,'1593093981_csv-file-product-import - festive.csv','00:00:02','Created: 0, Updated: 0, Deleted: 0',''),(78,'2020-06-25 14:07:27',1,'1593094047_csv-file-product-import - festive.csv','00:00:02','Created: 9, Updated: 0, Deleted: 0','1593094047_csv-file-product-import - festive_error_report.csv'),(79,'2020-06-25 14:08:52',1,'1593094132_csv-file-product-import - festive.csv','00:00:02','Created: 9, Updated: 0, Deleted: 0','1593094132_csv-file-product-import - festive_error_report.csv'),(80,'2020-06-25 14:09:57',1,'1593094197_csv-file-product-import - festive.csv','Validation',NULL,''),(81,'2020-06-25 14:09:59',1,'1593094199_csv-file-product-import - festive.csv','00:00:02','Created: 9, Updated: 0, Deleted: 0','1593094199_csv-file-product-import - festive_error_report.csv'),(82,'2020-06-25 14:10:55',1,'1593094255_csv-file-product-import - festive.csv','00:00:03','Created: 9, Updated: 0, Deleted: 0','1593094255_csv-file-product-import - festive_error_report.csv'),(83,'2020-06-25 14:11:41',1,'1593094301_csv-file-product-import - festive.csv','00:00:02','Created: 0, Updated: 0, Deleted: 0',''),(84,'2020-06-25 14:16:03',1,'1593094563_csv-file-product-import - festive.csv','00:00:03','Created: 9, Updated: 0, Deleted: 0','1593094563_csv-file-product-import - festive_error_report.csv'),(85,'2020-06-25 14:16:51',1,'1593094611_csv-file-product-import - festive.csv','00:00:02','Created: 0, Updated: 0, Deleted: 0',''),(86,'2020-06-25 14:17:32',1,'1593094652_csv-file-product-import - festive.csv','00:00:03','Created: 0, Updated: 0, Deleted: 0',''),(87,'2020-06-25 14:23:50',1,'1593095030_csv-file-product-import - festive.csv','00:00:05','Created: 9, Updated: 0, Deleted: 0','1593095030_csv-file-product-import - festive_error_report.csv'),(88,'2020-06-25 14:24:33',1,'1593095073_csv-file-product-import - festive.csv','00:00:03','Created: 9, Updated: 0, Deleted: 0','1593095073_csv-file-product-import - festive_error_report.csv'),(89,'2020-06-25 14:25:04',1,'1593095104_csv-file-product-import - festive.csv','00:00:04','Created: 9, Updated: 0, Deleted: 0','1593095104_csv-file-product-import - festive_error_report.csv'),(90,'2020-06-26 13:24:36',1,'1593177876_catalog_product_20200626_132137.csv','Validation',NULL,'1593177876_catalog_product_20200626_132137_error_report.csv'),(91,'2020-06-26 13:32:26',1,'1593178346_csv-file-product-import - cocktail.csv','Validation',NULL,'1593178346_csv-file-product-import - cocktail_error_report.csv'),(92,'2020-06-26 13:32:37',1,'1593178357_csv-file-product-import - cocktail.csv','Validation',NULL,'1593178357_csv-file-product-import - cocktail_error_report.csv'),(93,'2020-06-26 13:32:58',1,'1593178378_csv-file-product-import - cocktail.csv','Validation',NULL,'1593178378_csv-file-product-import - cocktail_error_report.csv'),(94,'2020-06-26 13:35:39',1,'1593178539_csv-file-product-import - cocktail.csv','00:00:03','Created: 0, Updated: 0, Deleted: 0',''),(95,'2020-06-27 08:26:35',1,'1593246395_csv-file-product-import - cocktail.csv','00:00:04','Created: 9, Updated: 0, Deleted: 0','1593246395_csv-file-product-import - cocktail_error_report.csv'),(96,'2020-06-27 08:30:14',1,'1593246614_csv-file-product-import - cocktail.csv','00:00:02','Created: 0, Updated: 9, Deleted: 0','1593246614_csv-file-product-import - cocktail_error_report.csv'),(97,'2020-06-27 11:33:16',1,'1593257596_csv-file-product-import - cocktail.csv','00:00:02','Created: 9, Updated: 0, Deleted: 0','1593257596_csv-file-product-import - cocktail_error_report.csv'),(98,'2020-06-27 14:01:49',1,'1593266509_csv-file-product-import - cocktail.csv','00:00:02','Created: 9, Updated: 0, Deleted: 0','1593266509_csv-file-product-import - cocktail_error_report.csv'),(99,'2020-06-27 14:06:29',1,'1593266789_csv-file-product-import - cocktail.csv','00:00:04','Created: 0, Updated: 0, Deleted: 0',''),(100,'2020-06-27 14:07:28',1,'1593266848_csv-file-product-import - cocktail.csv','00:00:02','Created: 0, Updated: 0, Deleted: 0',''),(101,'2020-06-27 14:10:31',1,'1593267031_csv-file-product-import - cocktail.csv','00:00:02','Created: 0, Updated: 0, Deleted: 0',''),(102,'2020-06-27 14:11:16',1,'1593267076_csv-file-product-import - cocktail.csv','00:00:02','Created: 0, Updated: 0, Deleted: 0',''),(103,'2020-06-27 14:12:05',1,'1593267125_csv-file-product-import - cocktail.csv','00:00:02','Created: 0, Updated: 0, Deleted: 0',''),(104,'2020-06-27 14:15:44',1,'1593267344_csv-file-product-import - cocktail.csv','00:00:04','Created: 0, Updated: 0, Deleted: 0',''),(105,'2020-06-27 14:16:40',1,'1593267400_csv-file-product-import - cocktail.csv','00:00:02','Created: 9, Updated: 0, Deleted: 0','1593267400_csv-file-product-import - cocktail_error_report.csv'),(106,'2020-06-27 14:21:59',1,'1593267719_csv-file-product-import - cocktail.csv','00:00:02','Created: 9, Updated: 0, Deleted: 0','1593267719_csv-file-product-import - cocktail_error_report.csv'),(107,'2020-06-27 14:22:38',1,'1593267758_csv-file-product-import - cocktail.csv','00:00:03','Created: 9, Updated: 0, Deleted: 0','1593267758_csv-file-product-import - cocktail_error_report.csv'),(108,'2020-06-27 14:23:12',1,'1593267792_csv-file-product-import - cocktail.csv','00:00:02','Created: 8, Updated: 0, Deleted: 0','1593267792_csv-file-product-import - cocktail_error_report.csv'),(109,'2020-06-27 14:33:40',1,'1593268420_csv-file-product-import - cocktail - Copy.csv','00:00:04','Created: 9, Updated: 0, Deleted: 0','1593268420_csv-file-product-import - cocktail - Copy_error_report.csv'),(110,'2020-06-27 14:34:26',1,'1593268466_csv-file-product-import - cocktail - Copy.csv','Validation',NULL,'1593268466_csv-file-product-import - cocktail - Copy_error_report.csv'),(111,'2020-06-27 14:35:49',1,'1593268549_csv-file-product-import - cocktail - Copy.csv','00:00:06','Created: 9, Updated: 0, Deleted: 0',''),(112,'2020-06-27 14:38:34',1,'1593268714_csv-file-product-import - cocktail - Copy.csv','00:00:03','Created: 63, Updated: 9, Deleted: 0',''),(113,'2020-06-27 14:43:11',1,'1593268991_csv-file-product-import - new.csv','Validation',NULL,'1593268991_csv-file-product-import - new_error_report.csv'),(114,'2020-06-27 14:44:11',1,'1593269051_csv-file-product-import - new.csv','Validation',NULL,'1593269051_csv-file-product-import - new_error_report.csv'),(115,'2020-06-27 14:45:49',1,'1593269149_csv-file-product-import - new.csv','00:00:05','Created: 99, Updated: 0, Deleted: 0',''),(116,'2020-06-27 14:47:10',1,'1593269230_csv-file-product-import - new.csv','Validation',NULL,'1593269230_csv-file-product-import - new_error_report.csv'),(117,'2020-06-27 14:48:02',1,'1593269282_csv-file-product-import - new.csv','Validation',NULL,'1593269282_csv-file-product-import - new_error_report.csv'),(118,'2020-06-27 14:51:18',1,'1593269478_csv-file-product-import - new.csv','Validation',NULL,'1593269478_csv-file-product-import - new_error_report.csv'),(119,'2020-06-27 14:53:36',1,'1593269616_csv-file-product-import - new.csv','00:00:03','Created: 0, Updated: 0, Deleted: 0',''),(120,'2020-06-27 14:55:30',1,'1593269730_csv-file-product-import - new.csv','00:00:02','Created: 0, Updated: 0, Deleted: 0',''),(121,'2020-06-27 14:56:27',1,'1593269787_csv-file-product-import - new.csv','00:00:03','Created: 0, Updated: 0, Deleted: 0',''),(122,'2020-06-27 14:57:55',1,'1593269875_csv-file-product-import - new.csv','00:00:02','Created: 0, Updated: 0, Deleted: 0',''),(123,'2020-06-27 14:58:49',1,'1593269929_csv-file-product-import - new.csv','00:00:04','Created: 0, Updated: 0, Deleted: 0',''),(124,'2020-06-27 14:59:34',1,'1593269974_csv-file-product-import - new.csv','00:00:06','Created: 60, Updated: 0, Deleted: 0',''),(125,'2020-06-27 15:01:03',1,'1593270063_csv-file-product-import - new.csv','00:00:03','Created: 0, Updated: 0, Deleted: 0',''),(126,'2020-06-27 15:01:46',1,'1593270106_csv-file-product-import - new.csv','00:00:02','Created: 0, Updated: 0, Deleted: 0',''),(127,'2020-06-27 15:02:26',1,'1593270146_csv-file-product-import - new.csv','00:00:02','Created: 0, Updated: 0, Deleted: 0',''),(128,'2020-06-27 15:03:03',1,'1593270183_csv-file-product-import - new.csv','00:00:02','Created: 0, Updated: 0, Deleted: 0',''),(129,'2020-06-27 15:03:52',1,'1593270232_csv-file-product-import - new.csv','00:00:03','Created: 0, Updated: 0, Deleted: 0',''),(130,'2020-06-27 15:05:04',1,'1593270304_csv-file-product-import - new.csv','00:00:04','Created: 0, Updated: 0, Deleted: 0',''),(131,'2020-06-27 15:06:02',1,'1593270362_csv-file-product-import - new.csv','00:00:02','Created: 0, Updated: 0, Deleted: 0',''),(132,'2020-06-27 15:08:03',1,'1593270483_csv-file-product-import - new.csv','00:00:03','Created: 0, Updated: 0, Deleted: 0',''),(133,'2020-06-27 15:10:24',1,'1593270624_csv-file-product-import - new.csv','00:00:02','Created: 0, Updated: 0, Deleted: 0',''),(134,'2020-06-27 15:14:51',1,'1593270891_csv-file-product-import - new - csv-file-product-import - new.csv','00:00:04','Created: 189, Updated: 60, Deleted: 0',''),(135,'2020-07-05 16:52:37',1,'1593967957_csv-file-product-import sm Fall Winter 19 - csv-file-product-import sm Fall Winter 19.csv','00:00:06','Created: 117, Updated: 0, Deleted: 0',''),(136,'2020-07-05 16:55:02',1,'1593968102_csv-file-product-import sm Fall Winter 18 - csv-file-product-import sm Fall Winter 18.csv','Validation',NULL,'1593968102_csv-file-product-import sm Fall Winter 18 - csv-file-product-import sm Fall Winter 18_error_report.csv'),(137,'2020-07-05 16:57:02',1,'1593968222_csv-file-product-import sm Fall Winter 18 - csv-file-product-import sm Fall Winter 18.csv','Validation',NULL,'1593968222_csv-file-product-import sm Fall Winter 18 - csv-file-product-import sm Fall Winter 18_error_report.csv'),(138,'2020-07-05 16:57:47',1,'1593968267_csv-file-product-import sm Fall Winter 18 - csv-file-product-import sm Fall Winter 18.csv','Validation',NULL,'1593968267_csv-file-product-import sm Fall Winter 18 - csv-file-product-import sm Fall Winter 18_error_report.csv'),(139,'2020-07-05 16:58:25',1,'1593968305_csv-file-product-import sm Fall Winter 18 - csv-file-product-import sm Fall Winter 18.csv','Validation',NULL,'1593968305_csv-file-product-import sm Fall Winter 18 - csv-file-product-import sm Fall Winter 18_error_report.csv'),(140,'2020-07-05 16:58:58',1,'1593968338_csv-file-product-import sm Fall Winter 18 - csv-file-product-import sm Fall Winter 18.csv','00:00:05','Created: 180, Updated: 0, Deleted: 0',''),(141,'2020-07-16 17:40:34',1,'1594921234_csv-file-product-import sm SS20 - csv-file-product-import sm SS20.csv','Validation',NULL,'1594921234_csv-file-product-import sm SS20 - csv-file-product-import sm SS20_error_report.csv'),(142,'2020-07-16 17:46:03',1,'1594921563_csv-file-product-import sm SS20 - csv-file-product-import sm SS20.csv','Validation',NULL,'1594921563_csv-file-product-import sm SS20 - csv-file-product-import sm SS20_error_report.csv'),(143,'2020-07-16 17:47:11',1,'1594921631_csv-file-product-import sm SS20 - csv-file-product-import sm SS20.csv','00:00:06','Created: 153, Updated: 0, Deleted: 0',''),(144,'2020-07-18 04:25:16',1,'1595046316_csv-file-product-import sm Fall Winter 18.csv','Validation',NULL,'1595046316_csv-file-product-import sm Fall Winter 18_error_report.csv'),(145,'2020-07-18 04:44:59',1,'1595047499_csv-file-product-import sm Fall Winter 19 - csv-file-product-import sm Fall Winter 19.csv','Validation',NULL,'1595047499_csv-file-product-import sm Fall Winter 19 - csv-file-product-import sm Fall Winter 19_error_report.csv'),(146,'2020-07-18 04:47:42',1,'1595047662_csv-file-product-import sm Fall Winter 19 - csv-file-product-import sm Fall Winter 19 (1).csv','Validation',NULL,'1595047662_csv-file-product-import sm Fall Winter 19 - csv-file-product-import sm Fall Winter 19 (1)_error_report.csv');

--
-- Table structure for table `importexport_importdata`
--

CREATE TABLE `importexport_importdata` (
  `id` int(10) unsigned NOT NULL AUTO_INCREMENT COMMENT 'ID',
  `entity` varchar(50) NOT NULL COMMENT 'Entity',
  `behavior` varchar(10) NOT NULL DEFAULT 'append' COMMENT 'Behavior',
  `data` longtext DEFAULT NULL COMMENT 'Data',
  `is_processed` tinyint(1) NOT NULL DEFAULT 1 COMMENT 'Is Row Processed',
  `updated_at` timestamp NOT NULL DEFAULT current_timestamp() ON UPDATE current_timestamp() COMMENT 'timestamp of last update',
  PRIMARY KEY (`id`)
) ENGINE=InnoDB AUTO_INCREMENT=142 DEFAULT CHARSET=utf8 COLLATE=utf8_general_ci COMMENT='Import Data Table';

--
-- Dumping data for table `importexport_importdata`
--

INSERT INTO `importexport_importdata` VALUES (141,'catalog_product','append','{\"0\":{\"sku\":\"#SM-BTFW-FW19-20-L1\",\"store_view_code\":null,\"product_type\":\"configurable\",\"categories\":\"Default Category\\/Swati Mishra\\/Shop F\\/W\'19\",\"product_websites\":\"base\",\"name\":\"SM Premium Dusty Blue One Shoulder Cape Effect Full Flared Embellished Gown\",\"_store\":null,\"_product_websites\":\"base\",\"_attribute_set\":\"Default\"},\"9\":{\"sku\":\"#SM-BTFW-FW19-20-L3\",\"store_view_code\":null,\"product_type\":\"configurable\",\"categories\":\"Default Category\\/Swati Mishra\\/Shop F\\/W\'19\",\"product_websites\":\"base\",\"name\":\"SM Premium Deep Green Sexy Asymmetric Embellished Dress with Cutouts and Ruffled Hemline\",\"_store\":null,\"_product_websites\":\"base\",\"_attribute_set\":\"Default\"},\"18\":{\"sku\":\"#SM-BTFW-FW19-20-L5\",\"store_view_code\":null,\"product_type\":\"configurable\",\"categories\":\"Default Category\\/Swati Mishra\\/Shop F\\/W\'19\",\"product_websites\":\"base\",\"name\":\"SM Premium Dusty Pink Halter Neck Gown Featuring Intricate Beading And Fringes With Sheer Panels\",\"_store\":null,\"_product_websites\":\"base\",\"_attribute_set\":\"Default\"},\"27\":{\"sku\":\"#SM-BTFW-FW19-20-L7\",\"store_view_code\":null,\"product_type\":\"configurable\",\"categories\":\"Default Category\\/Swati Mishra\\/Shop F\\/W\'19\",\"product_websites\":\"base\",\"name\":\"SM Premium Midnight Purple Highlow Strappy Dress Intricately Embellished With Contrasting Pink\",\"_store\":null,\"_product_websites\":\"base\",\"_attribute_set\":\"Default\"},\"36\":{\"sku\":\"#SM-BTFW-FW19-20-L8\",\"store_view_code\":null,\"product_type\":\"configurable\",\"categories\":\"Default Category\\/Swati Mishra\\/Shop F\\/W\'19\",\"product_websites\":\"base\",\"name\":\"SM Premium Embellished Metallic Bronze Halter Neck Dress Featuring Cutouts And Voluminous Tulle Skirt\",\"_store\":null,\"_product_websites\":\"base\",\"_attribute_set\":\"Default\"},\"45\":{\"sku\":\"#SM-BTFW-FW19-20-L9\",\"store_view_code\":null,\"product_type\":\"configurable\",\"categories\":\"Default Category\\/Swati Mishra\\/Shop F\\/W\'19\",\"product_websites\":\"base\",\"name\":\"SM Premium Embellished Metallic Bronze Sexy Fitted Halter Neck Dress Featuring a Side Slit\",\"_store\":null,\"_product_websites\":\"base\",\"_attribute_set\":\"Default\"},\"54\":{\"sku\":\"#SM-BTFW-FW19-20-L10\",\"store_view_code\":null,\"product_type\":\"configurable\",\"categories\":\"Default Category\\/Swati Mishra\\/Shop F\\/W\'19\",\"product_websites\":\"base\",\"name\":\"SM Premium Maroon Tone on Tone Embellished Crop Top and Pants Combo Set\",\"_store\":null,\"_product_websites\":\"base\",\"_attribute_set\":\"Default\"},\"63\":{\"sku\":\"#SM-BTFW-FW19-20-L11\",\"store_view_code\":null,\"product_type\":\"configurable\",\"categories\":\"Default Category\\/Swati Mishra\\/Shop F\\/W\'19\",\"product_websites\":\"base\",\"name\":\"SM Premium Deep Cranberry Fully Hand Embellished Gown Featuring Cape Effect Sleeves and a Front Slit\",\"_store\":null,\"_product_websites\":\"base\",\"_attribute_set\":\"Default\"},\"72\":{\"sku\":\"#SM-BTFW-FW19-20-L12\",\"store_view_code\":null,\"product_type\":\"configurable\",\"categories\":\"Default Category\\/Swati Mishra\\/Shop F\\/W\'19\",\"product_websites\":\"base\",\"name\":\"SM Premium Maroon Tone on Tone Fully Embellished Long Fitted Dress with Sheer Bishop Sleeves\",\"_store\":null,\"_product_websites\":\"base\",\"_attribute_set\":\"Default\"},\"81\":{\"sku\":\"#SM-BTFW-FW19-20-L13\",\"store_view_code\":null,\"product_type\":\"configurable\",\"categories\":\"Default Category\\/Swati Mishra\\/Shop F\\/W\'19\",\"product_websites\":\"base\",\"name\":\"SM Premium Midnight Blue Embellished Midi Dress Featuring Sheer Geometric Cutouts\",\"_store\":null,\"_product_websites\":\"base\",\"_attribute_set\":\"Default\"},\"90\":{\"sku\":\"#SM-BTFW-FW19-20-L14\",\"store_view_code\":null,\"product_type\":\"configurable\",\"categories\":\"Default Category\\/Swati Mishra\\/Shop F\\/W\'19\",\"product_websites\":\"base\",\"name\":\"SM Premium Navy Blue Embellished Velvet Asymmetric Dress with Ruffled Hemline\",\"_store\":null,\"_product_websites\":\"base\",\"_attribute_set\":\"Default\"},\"99\":{\"sku\":\"#SM-BTFW-FW19-20-L15\",\"store_view_code\":null,\"product_type\":\"configurable\",\"categories\":\"Default Category\\/Swati Mishra\\/Shop F\\/W\'19\",\"product_websites\":\"base\",\"name\":\"SM Premium Elegant Black V Neck Ombre Gown with Flared Sleeves Featuring Intricate Hand Beading and a Sweeping Trail\",\"_store\":null,\"_product_websites\":\"base\",\"_attribute_set\":\"Default\"},\"108\":{\"sku\":\"#SM-BTFW-FW19-20-L16\",\"store_view_code\":null,\"product_type\":\"configurable\",\"categories\":\"Default Category\\/Swati Mishra\\/Shop F\\/W\'19\",\"product_websites\":\"base\",\"name\":\"SM Premium Embellished Black Sheer Backless Jumpsuit with Fluffy Draped Skirt\",\"_store\":null,\"_product_websites\":\"base\",\"_attribute_set\":\"Default\"}}',1,'2024-01-14 15:37:35');

--
-- Table structure for table `indexer_state`
--

CREATE TABLE `indexer_state` (
  `state_id` int(10) unsigned NOT NULL AUTO_INCREMENT COMMENT 'Indexer State ID',
  `indexer_id` varchar(255) DEFAULT NULL COMMENT 'Indexer ID',
  `status` varchar(16) DEFAULT 'invalid' COMMENT 'Indexer Status',
  `updated` datetime DEFAULT NULL COMMENT 'Indexer Status',
  `hash_config` varchar(32) NOT NULL COMMENT 'Hash of indexer config',
  PRIMARY KEY (`state_id`),
  KEY `INDEXER_STATE_INDEXER_ID` (`indexer_id`)
) ENGINE=InnoDB AUTO_INCREMENT=11 DEFAULT CHARSET=utf8 COLLATE=utf8_general_ci COMMENT='Indexer State';

--
-- Dumping data for table `indexer_state`
--

INSERT INTO `indexer_state` VALUES (1,'design_config_grid','valid','2024-01-14 15:46:55','4272a9d0088759d19cc11f1605380cb8'),(2,'customer_grid','valid','2024-01-14 15:47:54','b7eba300375a1f82a175a5b87088d273'),(3,'catalog_category_product','invalid','2024-01-14 15:45:44','9629d6278335e23ee49e62133d0dd6db'),(4,'catalog_product_category','valid','2020-07-17 10:35:24','d23afc008837922b4c4534691c4665d3'),(5,'catalogrule_rule','invalid','2024-01-14 15:45:44','e67e14a18f5d52f674631ea231069592'),(6,'catalog_product_attribute','valid','2020-07-17 10:35:25','9175f1c912134fac808613dcdf24cb7d'),(7,'cataloginventory_stock','invalid','2024-01-14 15:45:44','c1cc6a60b1f97b7771c73e0f59978add'),(8,'catalog_product_price','invalid','2024-01-14 15:45:44','fad0b04d096fd040530116cf90325202'),(9,'catalogrule_product','valid','2020-01-09 16:23:34','a62aab555420b974783c229f946d9f7b'),(10,'catalogsearch_fulltext','invalid','2024-01-14 15:41:45','706f79df2bcd0198fe82453e377a1f33');

--
-- Table structure for table `integration`
--

CREATE TABLE `integration` (
  `integration_id` int(10) unsigned NOT NULL AUTO_INCREMENT COMMENT 'Integration ID',
  `name` varchar(255) NOT NULL COMMENT 'Integration name is displayed in the admin interface',
  `email` varchar(255) NOT NULL COMMENT 'Email address of the contact person',
  `endpoint` varchar(255) DEFAULT NULL COMMENT 'Endpoint for posting consumer credentials',
  `status` smallint(5) unsigned NOT NULL COMMENT 'Integration status',
  `consumer_id` int(10) unsigned DEFAULT NULL COMMENT 'Oauth consumer',
  `created_at` timestamp NOT NULL DEFAULT current_timestamp() COMMENT 'Creation Time',
  `updated_at` timestamp NOT NULL DEFAULT current_timestamp() ON UPDATE current_timestamp() COMMENT 'Update Time',
  `setup_type` smallint(5) unsigned NOT NULL DEFAULT 0 COMMENT 'Integration type - manual or config file',
  `identity_link_url` varchar(255) DEFAULT NULL COMMENT 'Identity linking Url',
  PRIMARY KEY (`integration_id`),
  UNIQUE KEY `INTEGRATION_NAME` (`name`),
  UNIQUE KEY `INTEGRATION_CONSUMER_ID` (`consumer_id`),
  CONSTRAINT `INTEGRATION_CONSUMER_ID_OAUTH_CONSUMER_ENTITY_ID` FOREIGN KEY (`consumer_id`) REFERENCES `oauth_consumer` (`entity_id`) ON DELETE CASCADE
) ENGINE=InnoDB DEFAULT CHARSET=utf8 COLLATE=utf8_general_ci COMMENT='integration';

--
-- Dumping data for table `integration`
--


--
-- Table structure for table `jwt_auth_revoked`
--

CREATE TABLE `jwt_auth_revoked` (
  `user_type_id` int(10) unsigned NOT NULL COMMENT 'User Type ID',
  `user_id` int(10) unsigned NOT NULL COMMENT 'User ID',
  `revoke_before` bigint(20) unsigned NOT NULL COMMENT 'Not accepting tokens issued before this timestamp',
  PRIMARY KEY (`user_type_id`,`user_id`)
) ENGINE=InnoDB DEFAULT CHARSET=utf8 COLLATE=utf8_general_ci COMMENT='Holds revoked JWT authentication data';

--
-- Dumping data for table `jwt_auth_revoked`
--


--
-- Table structure for table `klarna_core_order`
--

CREATE TABLE `klarna_core_order` (
  `id` int(10) unsigned NOT NULL AUTO_INCREMENT COMMENT 'Entity Id',
  `klarna_order_id` varchar(255) DEFAULT NULL COMMENT 'Klarna Order Id',
  `session_id` varchar(255) DEFAULT NULL COMMENT 'Session Id',
  `reservation_id` varchar(255) DEFAULT NULL COMMENT 'Reservation Id',
  `order_id` int(10) unsigned NOT NULL COMMENT 'Order Id',
  `is_acknowledged` smallint(6) NOT NULL DEFAULT 0 COMMENT 'Is Acknowledged',
  PRIMARY KEY (`id`),
  KEY `KLARNA_CORE_ORDER_ORDER_ID_SALES_ORDER_ENTITY_ID` (`order_id`),
  CONSTRAINT `KLARNA_CORE_ORDER_ORDER_ID_SALES_ORDER_ENTITY_ID` FOREIGN KEY (`order_id`) REFERENCES `sales_order` (`entity_id`) ON DELETE CASCADE
) ENGINE=InnoDB DEFAULT CHARSET=utf8 COLLATE=utf8_general_ci COMMENT='Klarna Order';

--
-- Dumping data for table `klarna_core_order`
--


--
-- Table structure for table `klarna_payments_quote`
--

CREATE TABLE `klarna_payments_quote` (
  `payments_quote_id` int(10) unsigned NOT NULL AUTO_INCREMENT COMMENT 'Payments Id',
  `session_id` varchar(255) DEFAULT NULL COMMENT 'Klarna Session Id',
  `client_token` text DEFAULT NULL COMMENT 'Klarna Client Token',
  `authorization_token` varchar(255) DEFAULT NULL COMMENT 'Authorization Token',
  `is_active` smallint(6) NOT NULL DEFAULT 0 COMMENT 'Is Active',
  `quote_id` int(10) unsigned NOT NULL COMMENT 'Quote Id',
  `payment_methods` varchar(255) DEFAULT NULL COMMENT 'Payment Method Categories',
  `payment_method_info` text DEFAULT NULL COMMENT 'Payment Method Category Info',
  PRIMARY KEY (`payments_quote_id`),
  KEY `KLARNA_PAYMENTS_QUOTE_QUOTE_ID_QUOTE_ENTITY_ID` (`quote_id`),
  CONSTRAINT `KLARNA_PAYMENTS_QUOTE_QUOTE_ID_QUOTE_ENTITY_ID` FOREIGN KEY (`quote_id`) REFERENCES `quote` (`entity_id`) ON DELETE CASCADE
) ENGINE=InnoDB DEFAULT CHARSET=utf8 COLLATE=utf8_general_ci COMMENT='Klarna Payments Quote';

--
-- Dumping data for table `klarna_payments_quote`
--


--
-- Table structure for table `layout_link`
--

CREATE TABLE `layout_link` (
  `layout_link_id` int(10) unsigned NOT NULL AUTO_INCREMENT COMMENT 'Link ID',
  `store_id` smallint(5) unsigned NOT NULL DEFAULT 0 COMMENT 'Store ID',
  `theme_id` int(10) unsigned NOT NULL COMMENT 'Theme ID',
  `layout_update_id` int(10) unsigned NOT NULL DEFAULT 0 COMMENT 'Layout Update ID',
  `is_temporary` tinyint(1) NOT NULL DEFAULT 0 COMMENT 'Defines whether Layout Update is Temporary',
  PRIMARY KEY (`layout_link_id`),
  KEY `LAYOUT_LINK_LAYOUT_UPDATE_ID` (`layout_update_id`),
  KEY `LAYOUT_LINK_STORE_ID_THEME_ID_LAYOUT_UPDATE_ID_IS_TEMPORARY` (`store_id`,`theme_id`,`layout_update_id`,`is_temporary`),
  KEY `LAYOUT_LINK_THEME_ID_THEME_THEME_ID` (`theme_id`),
  CONSTRAINT `LAYOUT_LINK_LAYOUT_UPDATE_ID_LAYOUT_UPDATE_LAYOUT_UPDATE_ID` FOREIGN KEY (`layout_update_id`) REFERENCES `layout_update` (`layout_update_id`) ON DELETE CASCADE,
  CONSTRAINT `LAYOUT_LINK_STORE_ID_STORE_STORE_ID` FOREIGN KEY (`store_id`) REFERENCES `store` (`store_id`) ON DELETE CASCADE,
  CONSTRAINT `LAYOUT_LINK_THEME_ID_THEME_THEME_ID` FOREIGN KEY (`theme_id`) REFERENCES `theme` (`theme_id`) ON DELETE CASCADE
) ENGINE=InnoDB AUTO_INCREMENT=2 DEFAULT CHARSET=utf8 COLLATE=utf8_general_ci COMMENT='Layout Link';

--
-- Dumping data for table `layout_link`
--

INSERT INTO `layout_link` VALUES (1,0,10,1,0);

--
-- Table structure for table `layout_update`
--

CREATE TABLE `layout_update` (
  `layout_update_id` int(10) unsigned NOT NULL AUTO_INCREMENT COMMENT 'Layout Update ID',
  `handle` varchar(255) DEFAULT NULL COMMENT 'Handle',
  `xml` text DEFAULT NULL COMMENT 'Xml',
  `sort_order` smallint(6) NOT NULL DEFAULT 0 COMMENT 'Sort Order',
  `updated_at` timestamp NULL DEFAULT '0000-00-00 00:00:00' ON UPDATE current_timestamp() COMMENT 'Last Update Timestamp',
  PRIMARY KEY (`layout_update_id`),
  KEY `LAYOUT_UPDATE_HANDLE` (`handle`)
) ENGINE=InnoDB AUTO_INCREMENT=2 DEFAULT CHARSET=utf8 COLLATE=utf8_general_ci COMMENT='Layout Updates';

--
-- Dumping data for table `layout_update`
--

INSERT INTO `layout_update` VALUES (1,'catalog_product_view','<body><referenceContainer name=\"content\"><block class=\"Magento\\Catalog\\Block\\Widget\\RecentlyViewed\" name=\"cxlv4UdX1Wk1Lt5pO7dTgaA5trKzKsXd\" template=\"product/widget/viewed/grid.phtml\"><action method=\"setData\"><argument name=\"name\" xsi:type=\"string\">uiComponent</argument><argument name=\"value\" xsi:type=\"string\">widget_recently_viewed</argument></action><action method=\"setData\"><argument name=\"name\" xsi:type=\"string\">page_size</argument><argument name=\"value\" xsi:type=\"string\">5</argument></action><action method=\"setData\"><argument name=\"name\" xsi:type=\"string\">show_attributes</argument><argument name=\"value\" xsi:type=\"string\">name,image,price,learn_more</argument></action><action method=\"setData\"><argument name=\"name\" xsi:type=\"string\">show_buttons</argument><argument name=\"value\" xsi:type=\"string\">add_to_cart</argument></action></block></referenceContainer></body>',0,'0000-00-00 00:00:00');

--
-- Table structure for table `lof_all_license`
--

CREATE TABLE `lof_all_license` (
  `license_id` smallint(6) NOT NULL AUTO_INCREMENT COMMENT 'License ID',
  `extension_code` varchar(255) NOT NULL COMMENT 'Extension Code',
  `extension_name` varchar(255) NOT NULL COMMENT 'Extension Name',
  `status` smallint(6) NOT NULL COMMENT 'Status',
  PRIMARY KEY (`license_id`),
  KEY `LOF_ALL_LICENSE_LICENSE_ID` (`license_id`)
) ENGINE=InnoDB AUTO_INCREMENT=9 DEFAULT CHARSET=utf8 COLLATE=utf8_general_ci COMMENT='lof_all_license';

--
-- Dumping data for table `lof_all_license`
--

INSERT INTO `lof_all_license` VALUES (7,'magento-2-form-builder','Form Builder for Magento 2',0),(8,'magento-2-image-gallery','Magento 2 Image Gallery',0);

--
-- Table structure for table `lof_formbuilder_blacklist`
--

CREATE TABLE `lof_formbuilder_blacklist` (
  `blacklist_id` smallint(6) NOT NULL AUTO_INCREMENT COMMENT 'Blacklist ID',
  `form_id` smallint(6) DEFAULT 0 COMMENT 'Form ID',
  `message_id` smallint(6) DEFAULT 0 COMMENT 'Message ID',
  `form_name` varchar(255) DEFAULT NULL COMMENT 'Form Name',
  `email` varchar(255) DEFAULT NULL COMMENT 'Email',
  `ip` varchar(100) DEFAULT NULL COMMENT 'IP',
  `status` smallint(6) NOT NULL DEFAULT 1 COMMENT 'Status',
  `note` varchar(255) DEFAULT NULL COMMENT 'Note',
  `created_time` timestamp NOT NULL DEFAULT current_timestamp() COMMENT 'Form Created Time',
  `updated_time` timestamp NOT NULL DEFAULT current_timestamp() ON UPDATE current_timestamp() COMMENT 'Form Modification Time',
  PRIMARY KEY (`blacklist_id`)
) ENGINE=InnoDB DEFAULT CHARSET=utf8 COLLATE=utf8_general_ci COMMENT='lof_formbuilder_blacklist';

--
-- Dumping data for table `lof_formbuilder_blacklist`
--


--
-- Table structure for table `lof_formbuilder_form`
--

CREATE TABLE `lof_formbuilder_form` (
  `form_id` smallint(6) NOT NULL AUTO_INCREMENT COMMENT 'Form ID',
  `title` varchar(255) NOT NULL COMMENT 'Title',
  `identifier` varchar(255) NOT NULL COMMENT 'Identifier',
  `email_receive` varchar(255) NOT NULL COMMENT 'Email Receive',
  `thanks_email_template` varchar(255) NOT NULL COMMENT 'Thanks Email Template',
  `email_template` varchar(255) NOT NULL COMMENT 'Email Template',
  `show_captcha` smallint(6) NOT NULL COMMENT 'Show Captcha',
  `show_toplink` smallint(6) NOT NULL COMMENT 'Show Top Link',
  `submit_button_text` varchar(255) NOT NULL COMMENT 'Submit Button Text',
  `success_message` text NOT NULL COMMENT 'Success Message',
  `creation_time` timestamp NULL DEFAULT current_timestamp() COMMENT 'Form Creation Time',
  `update_time` timestamp NOT NULL DEFAULT current_timestamp() ON UPDATE current_timestamp() COMMENT 'Form Modification Time',
  `before_form_content` text NOT NULL COMMENT 'Before Form Content',
  `after_form_content` text NOT NULL COMMENT 'After Form Content',
  `status` smallint(6) NOT NULL COMMENT 'Status',
  `design` mediumtext NOT NULL COMMENT 'Design',
  `redirect_link` varchar(255) NOT NULL COMMENT 'Redirect Link',
  `page_layout` varchar(255) NOT NULL COMMENT 'Page Layout',
  `page_title` varchar(255) NOT NULL COMMENT 'Meta Title',
  `layout_update_xml` mediumtext DEFAULT NULL COMMENT 'Layout Update XML',
  `meta_keywords` mediumtext DEFAULT NULL COMMENT 'Meta Keywords',
  `meta_description` mediumtext DEFAULT NULL COMMENT 'Meta Description',
  `thankyou_field` varchar(255) DEFAULT NULL COMMENT 'Thankyou Field',
  `thankyou_email_template` varchar(255) DEFAULT NULL COMMENT 'Thankyou Email Template',
  `submit_text_color` varchar(255) DEFAULT NULL COMMENT 'Submit Text Color',
  `submit_background_color` varchar(255) DEFAULT NULL COMMENT 'Submit Background Color',
  `submit_hover_color` varchar(255) DEFAULT NULL COMMENT 'Submit Hover Color',
  `input_hover_color` varchar(255) DEFAULT NULL COMMENT 'Input Hover Color',
  `custom_template` varchar(255) DEFAULT NULL COMMENT 'Custom Template',
  `sender_email_field` varchar(255) DEFAULT NULL COMMENT 'Sender Email Field',
  `sender_name_field` varchar(255) DEFAULT NULL COMMENT 'Sender Name Field',
  PRIMARY KEY (`form_id`),
  KEY `LOF_FORMBUILDER_FORM_FORM_ID` (`form_id`)
) ENGINE=InnoDB AUTO_INCREMENT=3 DEFAULT CHARSET=utf8 COLLATE=utf8_general_ci COMMENT='lof_formbuilder_form';

--
-- Dumping data for table `lof_formbuilder_form`
--

INSERT INTO `lof_formbuilder_form` VALUES (1,'Custom Query','custom-query','','','formbuilder_email_notify_template',0,0,'submit your query','<p>Thank you for your message. It has been sent.</p>','2020-04-08 16:23:11','2020-06-22 04:08:12','','',1,'[{\"label\":\"Name\",\"field_type\":\"text\",\"required\":true,\"show_in_email\":true,\"field_options\":{\"size\":\"small\"},\"fieldcol\":12,\"wrappercol\":12,\"cid\":\"c1\",\"field_id\":\"name\"},{\"label\":\"Email\",\"field_type\":\"email\",\"required\":true,\"show_in_email\":true,\"field_options\":[],\"wrappercol\":12,\"fieldcol\":12,\"cid\":\"c3\"},{\"label\":\"custom size\\/query\",\"field_type\":\"paragraph\",\"required\":true,\"show_in_email\":true,\"field_options\":{\"size\":\"small\"},\"fieldcol\":12,\"fieldheight\":\"200px\",\"wrappercol\":12,\"cid\":\"c4\"}]','','2columns-left','',NULL,NULL,NULL,'0','formbuilder_email_thankyou_template',NULL,NULL,NULL,NULL,NULL,'0','0'),(2,'Contact Form','contactus','','','formbuilder_email_notify_template',0,0,'Submit','Thank you for your message. It has been sent.',NULL,'2020-08-18 11:14:06','','',1,'[{\"label\":\"Name\",\"field_type\":\"text\",\"required\":true,\"show_in_email\":true,\"field_options\":{\"size\":\"small\"},\"fieldcol\":12,\"wrappercol\":12,\"cid\":\"c1\",\"placeholder\":\"Name\"},{\"label\":\"Email\",\"field_type\":\"email\",\"required\":true,\"show_in_email\":true,\"field_options\":[],\"wrappercol\":12,\"fieldcol\":12,\"cid\":\"c2\",\"placeholder\":\"Email\"},{\"label\":\"Enter a Subject\",\"field_type\":\"dropdown\",\"required\":true,\"show_in_email\":true,\"field_options\":{\"options\":[{\"label\":\"HR Query\",\"checked\":false},{\"label\":\"Loyalty Points Query\",\"checked\":false},{\"label\":\"Order Query\",\"checked\":false},{\"label\":\"Product Exchange Query\",\"checked\":false},{\"label\":\"Product Query\",\"checked\":false},{\"label\":\"Store Query\",\"checked\":false},{\"label\":\"Technical Query\",\"checked\":false},{\"label\":\"Other\",\"checked\":false}],\"include_blank_option\":false},\"wrappercol\":12,\"fieldcol\":12,\"cid\":\"c4\"},{\"label\":\"Order No.\",\"field_type\":\"text\",\"required\":false,\"show_in_email\":true,\"field_options\":{\"size\":\"small\"},\"fieldcol\":12,\"wrappercol\":12,\"cid\":\"c4duplicate\",\"placeholder\":\"Order No.\"},{\"label\":\"Mobile No.\",\"field_type\":\"text\",\"required\":true,\"show_in_email\":true,\"field_options\":{\"size\":\"small\"},\"fieldcol\":12,\"wrappercol\":12,\"cid\":\"c5\"},{\"label\":\"Query\",\"field_type\":\"paragraph\",\"required\":true,\"show_in_email\":true,\"field_options\":{\"size\":\"small\"},\"fieldcol\":12,\"fieldheight\":\"200px\",\"wrappercol\":12,\"cid\":\"c6\",\"placeholder\":\"Query\"}]','','2columns-left','',NULL,NULL,NULL,'c1','formbuilder_email_thankyou_template',NULL,NULL,NULL,NULL,NULL,'c2','c1');

--
-- Table structure for table `lof_formbuilder_form_customergroup`
--

CREATE TABLE `lof_formbuilder_form_customergroup` (
  `form_id` smallint(6) NOT NULL COMMENT 'Form ID',
  `customer_group_id` int(10) unsigned NOT NULL,
  PRIMARY KEY (`form_id`,`customer_group_id`),
  KEY `LOF_FORMBUILDER_FORM_CUSTOMERGROUP_CUSTOMER_GROUP_ID` (`customer_group_id`)
) ENGINE=InnoDB DEFAULT CHARSET=utf8 COLLATE=utf8_general_ci COMMENT='Form Custom Group';

--
-- Dumping data for table `lof_formbuilder_form_customergroup`
--

INSERT INTO `lof_formbuilder_form_customergroup` VALUES (1,0),(1,1),(1,2),(1,3),(2,0),(2,1),(2,2),(2,3);

--
-- Table structure for table `lof_formbuilder_form_store`
--

CREATE TABLE `lof_formbuilder_form_store` (
  `form_id` smallint(6) NOT NULL COMMENT 'Form ID',
  `store_id` smallint(5) unsigned NOT NULL COMMENT 'Store ID',
  PRIMARY KEY (`form_id`,`store_id`),
  KEY `LOF_FORMBUILDER_FORM_STORE_STORE_ID` (`store_id`),
  CONSTRAINT `LOF_FORMBUILDER_FORM_STORE_FORM_ID_LOF_FORMBUILDER_FORM_FORM_ID` FOREIGN KEY (`form_id`) REFERENCES `lof_formbuilder_form` (`form_id`) ON DELETE CASCADE,
  CONSTRAINT `LOF_FORMBUILDER_FORM_STORE_STORE_ID_STORE_STORE_ID` FOREIGN KEY (`store_id`) REFERENCES `store` (`store_id`) ON DELETE CASCADE
) ENGINE=InnoDB DEFAULT CHARSET=utf8 COLLATE=utf8_general_ci COMMENT='Form Store';

--
-- Dumping data for table `lof_formbuilder_form_store`
--

INSERT INTO `lof_formbuilder_form_store` VALUES (1,0),(1,1),(2,0),(2,1);

--
-- Table structure for table `lof_formbuilder_message`
--

CREATE TABLE `lof_formbuilder_message` (
  `message_id` smallint(6) NOT NULL AUTO_INCREMENT COMMENT 'Message ID',
  `form_id` smallint(6) NOT NULL COMMENT 'Form ID',
  `product_id` smallint(6) NOT NULL COMMENT 'Product ID',
  `customer_id` smallint(6) NOT NULL COMMENT 'Customer Id',
  `subject` varchar(255) NOT NULL COMMENT 'Subject',
  `email_from` varchar(255) NOT NULL COMMENT 'Email From',
  `creation_time` timestamp NOT NULL DEFAULT current_timestamp() COMMENT 'Message Creation Time',
  `message` text NOT NULL COMMENT 'Message',
  `ip_address` varchar(255) NOT NULL COMMENT 'IP Adrress',
  `params` text NOT NULL COMMENT 'Params',
  `form_data` mediumtext DEFAULT NULL COMMENT 'Form Data',
  PRIMARY KEY (`message_id`,`form_id`,`product_id`,`customer_id`)
) ENGINE=InnoDB AUTO_INCREMENT=28 DEFAULT CHARSET=utf8 COLLATE=utf8_general_ci COMMENT='lof_formbuilder_message';

--
-- Dumping data for table `lof_formbuilder_message`
--

INSERT INTO `lof_formbuilder_message` VALUES (1,1,0,0,'','Owner','2020-04-12 14:28:28','<div style=\"border:1px solid #E0E0E0; padding:15px; background:#F9F9F9;\">\n<table cellspacing=\"0\" cellpadding=\"0\" border=\"0\" width=\"100%\">\n            <tr  style=\"background-color:#f2f2f2\";>\n        <td width=\"30%\" style=\"padding: 10px;\">\n            <strong>Name</strong>\n        </td>  \n        <td style=\"padding: 10px;\">\n                psfsdfds</td>\n        </tr>\n            <tr  style=\"background-color:#f2f2f2\";>\n        <td width=\"30%\" style=\"padding: 10px;\">\n            <strong>Custom Query</strong>\n        </td>  \n        <td style=\"padding: 10px;\">\n                sdfsdfsdfsdfs</td>\n        </tr>\n        <tr >\n         <td width=\"30%\" style=\"padding: 10px;\">\n            <strong>Submited At</strong>\n        </td>\n        <td style=\"padding: 10px;\">\n            Apr 12, 2020        </td>\n    </tr>\n</table>\n</div>','103.224.146.159','a:4:{s:6:\"brower\";s:114:\"Mozilla/5.0 (Windows NT 10.0; Win64; x64) AppleWebKit/537.36 (KHTML, like Gecko) Chrome/81.0.4044.92 Safari/537.36\";s:9:\"http_host\";s:15:\"swatimishra.com\";s:11:\"submit_data\";a:2:{s:4:\"Name\";O:24:\"Magento\\Framework\\Phrase\":2:{s:30:\"\0Magento\\Framework\\Phrase\0text\";s:8:\"psfsdfds\";s:35:\"\0Magento\\Framework\\Phrase\0arguments\";a:0:{}}s:12:\"Custom Query\";O:24:\"Magento\\Framework\\Phrase\":2:{s:30:\"\0Magento\\Framework\\Phrase\0text\";s:13:\"sdfsdfsdfsdfs\";s:35:\"\0Magento\\Framework\\Phrase\0arguments\";a:0:{}}}s:11:\"current_url\";s:73:\"https://swatimishra.com/sassy-nude-bodycon-glimmering-cocktail-dress.html\";}','[{\"label\":\"Name\",\"field_type\":\"text\",\"required\":true,\"show_in_email\":true,\"field_options\":{\"size\":\"small\"},\"fieldcol\":12,\"wrappercol\":12,\"cid\":\"c1\",\"field_id\":\"name\",\"value\":\"psfsdfds\"},{\"label\":\"Custom Query\",\"field_type\":\"paragraph\",\"required\":true,\"show_in_email\":true,\"field_options\":{\"size\":\"small\"},\"fieldcol\":12,\"fieldheight\":\"200px\",\"wrappercol\":12,\"cid\":\"c4\",\"value\":\"sdfsdfsdfsdfs\"}]'),(2,1,0,0,'','Owner','2020-04-12 14:28:49','<div style=\"border:1px solid #E0E0E0; padding:15px; background:#F9F9F9;\">\n<table cellspacing=\"0\" cellpadding=\"0\" border=\"0\" width=\"100%\">\n            <tr  style=\"background-color:#f2f2f2\";>\n        <td width=\"30%\" style=\"padding: 10px;\">\n            <strong>Name</strong>\n        </td>  \n        <td style=\"padding: 10px;\">\n                wdadasd</td>\n        </tr>\n            <tr  style=\"background-color:#f2f2f2\";>\n        <td width=\"30%\" style=\"padding: 10px;\">\n            <strong>Custom Query</strong>\n        </td>  \n        <td style=\"padding: 10px;\">\n                sadsadas</td>\n        </tr>\n        <tr >\n         <td width=\"30%\" style=\"padding: 10px;\">\n            <strong>Submited At</strong>\n        </td>\n        <td style=\"padding: 10px;\">\n            Apr 12, 2020        </td>\n    </tr>\n</table>\n</div>','103.224.146.159','a:4:{s:6:\"brower\";s:114:\"Mozilla/5.0 (Windows NT 10.0; Win64; x64) AppleWebKit/537.36 (KHTML, like Gecko) Chrome/81.0.4044.92 Safari/537.36\";s:9:\"http_host\";s:15:\"swatimishra.com\";s:11:\"submit_data\";a:2:{s:4:\"Name\";O:24:\"Magento\\Framework\\Phrase\":2:{s:30:\"\0Magento\\Framework\\Phrase\0text\";s:7:\"wdadasd\";s:35:\"\0Magento\\Framework\\Phrase\0arguments\";a:0:{}}s:12:\"Custom Query\";O:24:\"Magento\\Framework\\Phrase\":2:{s:30:\"\0Magento\\Framework\\Phrase\0text\";s:8:\"sadsadas\";s:35:\"\0Magento\\Framework\\Phrase\0arguments\";a:0:{}}}s:11:\"current_url\";s:73:\"https://swatimishra.com/sassy-nude-bodycon-glimmering-cocktail-dress.html\";}','[{\"label\":\"Name\",\"field_type\":\"text\",\"required\":true,\"show_in_email\":true,\"field_options\":{\"size\":\"small\"},\"fieldcol\":12,\"wrappercol\":12,\"cid\":\"c1\",\"field_id\":\"name\",\"value\":\"wdadasd\"},{\"label\":\"Custom Query\",\"field_type\":\"paragraph\",\"required\":true,\"show_in_email\":true,\"field_options\":{\"size\":\"small\"},\"fieldcol\":12,\"fieldheight\":\"200px\",\"wrappercol\":12,\"cid\":\"c4\",\"value\":\"sadsadas\"}]'),(3,1,0,0,'','Owner','2020-05-01 11:14:18','<div style=\"border:1px solid #E0E0E0; padding:15px; background:#F9F9F9;\">\n<table cellspacing=\"0\" cellpadding=\"0\" border=\"0\" width=\"100%\">\n            <tr  style=\"background-color:#f2f2f2\";>\n        <td width=\"30%\" style=\"padding: 10px;\">\n            <strong>Name</strong>\n        </td>  \n        <td style=\"padding: 10px;\">\n                swati mishra</td>\n        </tr>\n            <tr  style=\"background-color:#f2f2f2\";>\n        <td width=\"30%\" style=\"padding: 10px;\">\n            <strong>Custom Query</strong>\n        </td>  \n        <td style=\"padding: 10px;\">\n                Hi can the lengthof jumpsiut altered</td>\n        </tr>\n        <tr >\n         <td width=\"30%\" style=\"padding: 10px;\">\n            <strong>Submited At</strong>\n        </td>\n        <td style=\"padding: 10px;\">\n            May 1, 2020        </td>\n    </tr>\n</table>\n</div>','49.36.138.88','a:4:{s:6:\"brower\";s:114:\"Mozilla/5.0 (Windows NT 6.3; Win64; x64) AppleWebKit/537.36 (KHTML, like Gecko) Chrome/81.0.4044.129 Safari/537.36\";s:9:\"http_host\";s:15:\"swatimishra.com\";s:11:\"submit_data\";a:2:{s:4:\"Name\";O:24:\"Magento\\Framework\\Phrase\":2:{s:30:\"\0Magento\\Framework\\Phrase\0text\";s:12:\"swati mishra\";s:35:\"\0Magento\\Framework\\Phrase\0arguments\";a:0:{}}s:12:\"Custom Query\";O:24:\"Magento\\Framework\\Phrase\":2:{s:30:\"\0Magento\\Framework\\Phrase\0text\";s:36:\"Hi can the lengthof jumpsiut altered\";s:35:\"\0Magento\\Framework\\Phrase\0arguments\";a:0:{}}}s:11:\"current_url\";s:69:\"https://swatimishra.com/go-getter-powder-blue-multi-way-jumpsuit.html\";}','[{\"label\":\"Name\",\"field_type\":\"text\",\"required\":true,\"show_in_email\":true,\"field_options\":{\"size\":\"small\"},\"fieldcol\":12,\"wrappercol\":12,\"cid\":\"c1\",\"field_id\":\"name\",\"value\":\"swati mishra\"},{\"label\":\"Custom Query\",\"field_type\":\"paragraph\",\"required\":true,\"show_in_email\":true,\"field_options\":{\"size\":\"small\"},\"fieldcol\":12,\"fieldheight\":\"200px\",\"wrappercol\":12,\"cid\":\"c4\",\"value\":\"Hi can the lengthof jumpsiut altered\"}]'),(4,1,0,0,'','Owner','2020-05-19 12:19:47','<div style=\"border:1px solid #E0E0E0; padding:15px; background:#F9F9F9;\">\n<table cellspacing=\"0\" cellpadding=\"0\" border=\"0\" width=\"100%\">\n            <tr  style=\"background-color:#f2f2f2\";>\n        <td width=\"30%\" style=\"padding: 10px;\">\n            <strong>Name</strong>\n        </td>  \n        <td style=\"padding: 10px;\">\n                hgdsgsdhu</td>\n        </tr>\n            <tr  style=\"background-color:#f2f2f2\";>\n        <td width=\"30%\" style=\"padding: 10px;\">\n            <strong>Custom Query</strong>\n        </td>  \n        <td style=\"padding: 10px;\">\n                ndgyefuged</td>\n        </tr>\n        <tr >\n         <td width=\"30%\" style=\"padding: 10px;\">\n            <strong>Submited At</strong>\n        </td>\n        <td style=\"padding: 10px;\">\n            May 19, 2020        </td>\n    </tr>\n</table>\n</div>','47.30.162.248','a:4:{s:6:\"brower\";s:115:\"Mozilla/5.0 (Windows NT 10.0; Win64; x64) AppleWebKit/537.36 (KHTML, like Gecko) Chrome/81.0.4044.138 Safari/537.36\";s:9:\"http_host\";s:15:\"swatimishra.com\";s:11:\"submit_data\";a:2:{s:4:\"Name\";O:24:\"Magento\\Framework\\Phrase\":2:{s:30:\"\0Magento\\Framework\\Phrase\0text\";s:9:\"hgdsgsdhu\";s:35:\"\0Magento\\Framework\\Phrase\0arguments\";a:0:{}}s:12:\"Custom Query\";O:24:\"Magento\\Framework\\Phrase\":2:{s:30:\"\0Magento\\Framework\\Phrase\0text\";s:10:\"ndgyefuged\";s:35:\"\0Magento\\Framework\\Phrase\0arguments\";a:0:{}}}s:11:\"current_url\";s:73:\"https://swatimishra.com/sassy-nude-bodycon-glimmering-cocktail-dress.html\";}','[{\"label\":\"Name\",\"field_type\":\"text\",\"required\":true,\"show_in_email\":true,\"field_options\":{\"size\":\"small\"},\"fieldcol\":12,\"wrappercol\":12,\"cid\":\"c1\",\"field_id\":\"name\",\"value\":\"hgdsgsdhu\"},{\"label\":\"Custom Query\",\"field_type\":\"paragraph\",\"required\":true,\"show_in_email\":true,\"field_options\":{\"size\":\"small\"},\"fieldcol\":12,\"fieldheight\":\"200px\",\"wrappercol\":12,\"cid\":\"c4\",\"value\":\"ndgyefuged\"}]'),(5,1,0,0,'','Owner','2020-06-18 15:00:40','<div style=\"border:1px solid #E0E0E0; padding:15px; background:#F9F9F9;\">\n<table cellspacing=\"0\" cellpadding=\"0\" border=\"0\" width=\"100%\">\n            <tr  style=\"background-color:#f2f2f2\";>\n        <td width=\"30%\" style=\"padding: 10px;\">\n            <strong>Name</strong>\n        </td>  \n        <td style=\"padding: 10px;\">\n                Swati Mishra</td>\n        </tr>\n            <tr  style=\"background-color:#f2f2f2\";>\n        <td width=\"30%\" style=\"padding: 10px;\">\n            <strong>Email</strong>\n        </td>  \n        <td style=\"padding: 10px;\">\n                <a href=\"mailto:swatimishraworld@gmail.com\" target=\"_BLANK\">swatimishraworld@gmail.com</a></td>\n        </tr>\n            <tr  style=\"background-color:#f2f2f2\";>\n        <td width=\"30%\" style=\"padding: 10px;\">\n            <strong>Custom Query</strong>\n        </td>  \n        <td style=\"padding: 10px;\">\n                Hi </td>\n        </tr>\n        <tr  style=\"background-color:#f2f2f2\";>\n         <td width=\"30%\" style=\"padding: 10px;\">\n            <strong>Submited At</strong>\n        </td>\n        <td style=\"padding: 10px;\">\n            Jun 18, 2020        </td>\n    </tr>\n</table>\n</div>','47.31.11.123','a:4:{s:6:\"brower\";s:141:\"Mozilla/5.0 (iPhone; CPU iPhone OS 13_4 like Mac OS X) AppleWebKit/605.1.15 (KHTML, like Gecko) CriOS/83.0.4103.88 Mobile/15E148 Safari/604.1\";s:9:\"http_host\";s:15:\"swatimishra.com\";s:11:\"submit_data\";a:3:{s:4:\"Name\";O:24:\"Magento\\Framework\\Phrase\":2:{s:30:\"\0Magento\\Framework\\Phrase\0text\";s:12:\"Swati Mishra\";s:35:\"\0Magento\\Framework\\Phrase\0arguments\";a:0:{}}s:5:\"Email\";s:90:\"<a href=\"mailto:swatimishraworld@gmail.com\" target=\"_BLANK\">swatimishraworld@gmail.com</a>\";s:12:\"Custom Query\";O:24:\"Magento\\Framework\\Phrase\":2:{s:30:\"\0Magento\\Framework\\Phrase\0text\";s:3:\"Hi \";s:35:\"\0Magento\\Framework\\Phrase\0arguments\";a:0:{}}}s:11:\"current_url\";s:71:\"https://swatimishra.com/diva-in-red-one-shoulder-bardot-long-dress.html\";}','[{\"label\":\"Name\",\"field_type\":\"text\",\"required\":true,\"show_in_email\":true,\"field_options\":{\"size\":\"small\"},\"fieldcol\":12,\"wrappercol\":12,\"cid\":\"c1\",\"field_id\":\"name\",\"value\":\"Swati Mishra\"},{\"label\":\"Email\",\"field_type\":\"email\",\"required\":true,\"show_in_email\":true,\"field_options\":[],\"wrappercol\":12,\"fieldcol\":12,\"cid\":\"c3\",\"thanks_email\":\"swatimishraworld@gmail.com\",\"value\":\"<a href=\\\"mailto:swatimishraworld@gmail.com\\\" target=\\\"_BLANK\\\">swatimishraworld@gmail.com<\\/a>\"},{\"label\":\"Custom Query\",\"field_type\":\"paragraph\",\"required\":true,\"show_in_email\":true,\"field_options\":{\"size\":\"small\"},\"fieldcol\":12,\"fieldheight\":\"200px\",\"wrappercol\":12,\"cid\":\"c4\",\"value\":\"Hi \"}]'),(6,1,0,0,'','Owner','2020-06-20 07:06:36','<div style=\"border:1px solid #E0E0E0; padding:15px; background:#F9F9F9;\">\n<table cellspacing=\"0\" cellpadding=\"0\" border=\"0\" width=\"100%\">\n            <tr  style=\"background-color:#f2f2f2\";>\n        <td width=\"30%\" style=\"padding: 10px;\">\n            <strong>Name</strong>\n        </td>  \n        <td style=\"padding: 10px;\">\n                Swati</td>\n        </tr>\n            <tr  style=\"background-color:#f2f2f2\";>\n        <td width=\"30%\" style=\"padding: 10px;\">\n            <strong>Email</strong>\n        </td>  \n        <td style=\"padding: 10px;\">\n                <a href=\"mailto:swatimishraworld@gmail.com\" target=\"_BLANK\">swatimishraworld@gmail.com</a></td>\n        </tr>\n            <tr  style=\"background-color:#f2f2f2\";>\n        <td width=\"30%\" style=\"padding: 10px;\">\n            <strong>Custom Query</strong>\n        </td>  \n        <td style=\"padding: 10px;\">\n                Hi \r\nNeed this in red</td>\n        </tr>\n        <tr  style=\"background-color:#f2f2f2\";>\n         <td width=\"30%\" style=\"padding: 10px;\">\n            <strong>Submited At</strong>\n        </td>\n        <td style=\"padding: 10px;\">\n            Jun 20, 2020        </td>\n    </tr>\n</table>\n</div>','49.36.138.136','a:4:{s:6:\"brower\";s:141:\"Mozilla/5.0 (iPhone; CPU iPhone OS 13_4 like Mac OS X) AppleWebKit/605.1.15 (KHTML, like Gecko) CriOS/83.0.4103.88 Mobile/15E148 Safari/604.1\";s:9:\"http_host\";s:15:\"swatimishra.com\";s:11:\"submit_data\";a:3:{s:4:\"Name\";O:24:\"Magento\\Framework\\Phrase\":2:{s:30:\"\0Magento\\Framework\\Phrase\0text\";s:5:\"Swati\";s:35:\"\0Magento\\Framework\\Phrase\0arguments\";a:0:{}}s:5:\"Email\";s:90:\"<a href=\"mailto:swatimishraworld@gmail.com\" target=\"_BLANK\">swatimishraworld@gmail.com</a>\";s:12:\"Custom Query\";O:24:\"Magento\\Framework\\Phrase\":2:{s:30:\"\0Magento\\Framework\\Phrase\0text\";s:21:\"Hi \r\nNeed this in red\";s:35:\"\0Magento\\Framework\\Phrase\0arguments\";a:0:{}}}s:11:\"current_url\";s:94:\"https://swatimishra.com/catalog/product/view/id/211/s/black-chic-sexy-faux-leather-mini-skirt/\";}','[{\"label\":\"Name\",\"field_type\":\"text\",\"required\":true,\"show_in_email\":true,\"field_options\":{\"size\":\"small\"},\"fieldcol\":12,\"wrappercol\":12,\"cid\":\"c1\",\"field_id\":\"name\",\"value\":\"Swati\"},{\"label\":\"Email\",\"field_type\":\"email\",\"required\":true,\"show_in_email\":true,\"field_options\":[],\"wrappercol\":12,\"fieldcol\":12,\"cid\":\"c3\",\"thanks_email\":\"swatimishraworld@gmail.com\",\"value\":\"<a href=\\\"mailto:swatimishraworld@gmail.com\\\" target=\\\"_BLANK\\\">swatimishraworld@gmail.com<\\/a>\"},{\"label\":\"Custom Query\",\"field_type\":\"paragraph\",\"required\":true,\"show_in_email\":true,\"field_options\":{\"size\":\"small\"},\"fieldcol\":12,\"fieldheight\":\"200px\",\"wrappercol\":12,\"cid\":\"c4\",\"value\":\"Hi \\r\\nNeed this in red\"}]'),(7,1,0,0,'','SWATIMISHRA','2020-07-17 18:03:59','<div style=\"border:1px solid #E0E0E0; padding:15px; background:#F9F9F9;\">\n<table cellspacing=\"0\" cellpadding=\"0\" border=\"0\" width=\"100%\">\n            <tr  style=\"background-color:#f2f2f2\";>\n        <td width=\"30%\" style=\"padding: 10px;\">\n            <strong>Name</strong>\n        </td>  \n        <td style=\"padding: 10px;\">\n                Swati</td>\n        </tr>\n            <tr  style=\"background-color:#f2f2f2\";>\n        <td width=\"30%\" style=\"padding: 10px;\">\n            <strong>Email</strong>\n        </td>  \n        <td style=\"padding: 10px;\">\n                <a href=\"mailto:swats03@gmail.com\" target=\"_BLANK\">swats03@gmail.com</a></td>\n        </tr>\n            <tr  style=\"background-color:#f2f2f2\";>\n        <td width=\"30%\" style=\"padding: 10px;\">\n            <strong>custom size/query</strong>\n        </td>  \n        <td style=\"padding: 10px;\">\n                Hi \r\nCan I have this dress in red?</td>\n        </tr>\n        <tr  style=\"background-color:#f2f2f2\";>\n         <td width=\"30%\" style=\"padding: 10px;\">\n            <strong>Submited At</strong>\n        </td>\n        <td style=\"padding: 10px;\">\n            Jul 17, 2020        </td>\n    </tr>\n</table>\n</div>','49.36.131.104','a:4:{s:6:\"brower\";s:141:\"Mozilla/5.0 (iPhone; CPU iPhone OS 13_5 like Mac OS X) AppleWebKit/605.1.15 (KHTML, like Gecko) CriOS/83.0.4103.88 Mobile/15E148 Safari/604.1\";s:9:\"http_host\";s:15:\"swatimishra.com\";s:11:\"submit_data\";a:3:{s:4:\"Name\";O:24:\"Magento\\Framework\\Phrase\":2:{s:30:\"\0Magento\\Framework\\Phrase\0text\";s:5:\"Swati\";s:35:\"\0Magento\\Framework\\Phrase\0arguments\";a:0:{}}s:5:\"Email\";s:72:\"<a href=\"mailto:swats03@gmail.com\" target=\"_BLANK\">swats03@gmail.com</a>\";s:17:\"custom size/query\";O:24:\"Magento\\Framework\\Phrase\":2:{s:30:\"\0Magento\\Framework\\Phrase\0text\";s:34:\"Hi \r\nCan I have this dress in red?\";s:35:\"\0Magento\\Framework\\Phrase\0arguments\";a:0:{}}}s:11:\"current_url\";s:75:\"https://swatimishra.com/sexy-sequined-metallic-animal-print-mini-dress.html\";}','[{\"label\":\"Name\",\"field_type\":\"text\",\"required\":true,\"show_in_email\":true,\"field_options\":{\"size\":\"small\"},\"fieldcol\":12,\"wrappercol\":12,\"cid\":\"c1\",\"field_id\":\"name\",\"value\":\"Swati\"},{\"label\":\"Email\",\"field_type\":\"email\",\"required\":true,\"show_in_email\":true,\"field_options\":[],\"wrappercol\":12,\"fieldcol\":12,\"cid\":\"c3\",\"thanks_email\":\"swats03@gmail.com\",\"value\":\"<a href=\\\"mailto:swats03@gmail.com\\\" target=\\\"_BLANK\\\">swats03@gmail.com<\\/a>\"},{\"label\":\"custom size\\/query\",\"field_type\":\"paragraph\",\"required\":true,\"show_in_email\":true,\"field_options\":{\"size\":\"small\"},\"fieldcol\":12,\"fieldheight\":\"200px\",\"wrappercol\":12,\"cid\":\"c4\",\"value\":\"Hi \\r\\nCan I have this dress in red?\"}]'),(8,2,0,0,'','SWATIMISHRA','2020-08-08 05:26:16','<div style=\"border:1px solid #E0E0E0; padding:15px; background:#F9F9F9;\">\n<table cellspacing=\"0\" cellpadding=\"0\" border=\"0\" width=\"100%\">\n            <tr  style=\"background-color:#f2f2f2\";>\n        <td width=\"30%\" style=\"padding: 10px;\">\n            <strong>Name</strong>\n        </td>  \n        <td style=\"padding: 10px;\">\n                Pankaj Kumar Jha</td>\n        </tr>\n            <tr  style=\"background-color:#f2f2f2\";>\n        <td width=\"30%\" style=\"padding: 10px;\">\n            <strong>Email</strong>\n        </td>  \n        <td style=\"padding: 10px;\">\n                <a href=\"mailto:pankajjha0191@gmail.com\" target=\"_BLANK\">pankajjha0191@gmail.com</a></td>\n        </tr>\n            <tr  style=\"background-color:#f2f2f2\";>\n        <td width=\"30%\" style=\"padding: 10px;\">\n            <strong>Enter a Subject</strong>\n        </td>  \n        <td style=\"padding: 10px;\">\n                Other</td>\n        </tr>\n            <tr  style=\"background-color:#f2f2f2\";>\n        <td width=\"30%\" style=\"padding: 10px;\">\n            <strong>Order No.</strong>\n        </td>  \n        <td style=\"padding: 10px;\">\n                9833333333</td>\n        </tr>\n            <tr  style=\"background-color:#f2f2f2\";>\n        <td width=\"30%\" style=\"padding: 10px;\">\n            <strong>Mobile No.</strong>\n        </td>  \n        <td style=\"padding: 10px;\">\n                9871101831</td>\n        </tr>\n            <tr  style=\"background-color:#f2f2f2\";>\n        <td width=\"30%\" style=\"padding: 10px;\">\n            <strong>Query</strong>\n        </td>  \n        <td style=\"padding: 10px;\">\n                asdasdfasfas asfsf</td>\n        </tr>\n        <tr >\n         <td width=\"30%\" style=\"padding: 10px;\">\n            <strong>Submited At</strong>\n        </td>\n        <td style=\"padding: 10px;\">\n            Aug 8, 2020        </td>\n    </tr>\n</table>\n</div>','103.224.146.237','a:4:{s:6:\"brower\";s:115:\"Mozilla/5.0 (Windows NT 10.0; Win64; x64) AppleWebKit/537.36 (KHTML, like Gecko) Chrome/84.0.4147.105 Safari/537.36\";s:9:\"http_host\";s:15:\"swatimishra.com\";s:11:\"submit_data\";a:6:{s:4:\"Name\";O:24:\"Magento\\Framework\\Phrase\":2:{s:30:\"\0Magento\\Framework\\Phrase\0text\";s:16:\"Pankaj Kumar Jha\";s:35:\"\0Magento\\Framework\\Phrase\0arguments\";a:0:{}}s:5:\"Email\";s:84:\"<a href=\"mailto:pankajjha0191@gmail.com\" target=\"_BLANK\">pankajjha0191@gmail.com</a>\";s:15:\"Enter a Subject\";O:24:\"Magento\\Framework\\Phrase\":2:{s:30:\"\0Magento\\Framework\\Phrase\0text\";s:5:\"Other\";s:35:\"\0Magento\\Framework\\Phrase\0arguments\";a:0:{}}s:9:\"Order No.\";O:24:\"Magento\\Framework\\Phrase\":2:{s:30:\"\0Magento\\Framework\\Phrase\0text\";s:10:\"9833333333\";s:35:\"\0Magento\\Framework\\Phrase\0arguments\";a:0:{}}s:10:\"Mobile No.\";O:24:\"Magento\\Framework\\Phrase\":2:{s:30:\"\0Magento\\Framework\\Phrase\0text\";s:10:\"9871101831\";s:35:\"\0Magento\\Framework\\Phrase\0arguments\";a:0:{}}s:5:\"Query\";O:24:\"Magento\\Framework\\Phrase\":2:{s:30:\"\0Magento\\Framework\\Phrase\0text\";s:18:\"asdasdfasfas asfsf\";s:35:\"\0Magento\\Framework\\Phrase\0arguments\";a:0:{}}}s:11:\"current_url\";s:32:\"https://swatimishra.com/contact/\";}','[{\"label\":\"Name\",\"field_type\":\"text\",\"required\":true,\"show_in_email\":true,\"field_options\":{\"size\":\"small\"},\"fieldcol\":12,\"wrappercol\":12,\"cid\":\"c1\",\"placeholder\":\"Name\",\"value\":\"Pankaj Kumar Jha\"},{\"label\":\"Email\",\"field_type\":\"email\",\"required\":true,\"show_in_email\":true,\"field_options\":[],\"wrappercol\":12,\"fieldcol\":12,\"cid\":\"c2\",\"placeholder\":\"Email\",\"thanks_email\":\"pankajjha0191@gmail.com\",\"value\":\"<a href=\\\"mailto:pankajjha0191@gmail.com\\\" target=\\\"_BLANK\\\">pankajjha0191@gmail.com<\\/a>\"},{\"label\":\"Enter a Subject\",\"field_type\":\"dropdown\",\"required\":true,\"show_in_email\":true,\"field_options\":{\"options\":[{\"label\":\"HR Query\",\"checked\":false},{\"label\":\"Loyalty Points Query\",\"checked\":false},{\"label\":\"Order Query\",\"checked\":false},{\"label\":\"Product Exchange Query\",\"checked\":false},{\"label\":\"Product Query\",\"checked\":false},{\"label\":\"Store Query\",\"checked\":false},{\"label\":\"Technical Query\",\"checked\":false},{\"label\":\"Other\",\"checked\":false}],\"include_blank_option\":false},\"wrappercol\":12,\"fieldcol\":12,\"cid\":\"c4\",\"value\":\"Other\"},{\"label\":\"Order No.\",\"field_type\":\"text\",\"required\":true,\"show_in_email\":true,\"field_options\":{\"size\":\"small\"},\"fieldcol\":12,\"wrappercol\":12,\"cid\":\"c4duplicate\",\"placeholder\":\"Order No.\",\"value\":\"9833333333\"},{\"label\":\"Mobile No.\",\"field_type\":\"text\",\"required\":true,\"show_in_email\":true,\"field_options\":{\"size\":\"small\"},\"fieldcol\":12,\"wrappercol\":12,\"cid\":\"c5\",\"value\":\"9871101831\"},{\"label\":\"Query\",\"field_type\":\"paragraph\",\"required\":true,\"show_in_email\":true,\"field_options\":{\"size\":\"small\"},\"fieldcol\":12,\"fieldheight\":\"200px\",\"wrappercol\":12,\"cid\":\"c6\",\"placeholder\":\"Query\",\"value\":\"asdasdfasfas asfsf\"}]'),(9,2,0,0,'','SWATIMISHRA','2020-08-08 05:27:19','<div style=\"border:1px solid #E0E0E0; padding:15px; background:#F9F9F9;\">\n<table cellspacing=\"0\" cellpadding=\"0\" border=\"0\" width=\"100%\">\n            <tr  style=\"background-color:#f2f2f2\";>\n        <td width=\"30%\" style=\"padding: 10px;\">\n            <strong>Name</strong>\n        </td>  \n        <td style=\"padding: 10px;\">\n                Pankaj Kumar Jha</td>\n        </tr>\n            <tr  style=\"background-color:#f2f2f2\";>\n        <td width=\"30%\" style=\"padding: 10px;\">\n            <strong>Email</strong>\n        </td>  \n        <td style=\"padding: 10px;\">\n                <a href=\"mailto:pankajjha0191@gmail.com\" target=\"_BLANK\">pankajjha0191@gmail.com</a></td>\n        </tr>\n            <tr  style=\"background-color:#f2f2f2\";>\n        <td width=\"30%\" style=\"padding: 10px;\">\n            <strong>Enter a Subject</strong>\n        </td>  \n        <td style=\"padding: 10px;\">\n                HR Query</td>\n        </tr>\n            <tr  style=\"background-color:#f2f2f2\";>\n        <td width=\"30%\" style=\"padding: 10px;\">\n            <strong>Order No.</strong>\n        </td>  \n        <td style=\"padding: 10px;\">\n                98333333333</td>\n        </tr>\n            <tr  style=\"background-color:#f2f2f2\";>\n        <td width=\"30%\" style=\"padding: 10px;\">\n            <strong>Mobile No.</strong>\n        </td>  \n        <td style=\"padding: 10px;\">\n                9871101831</td>\n        </tr>\n            <tr  style=\"background-color:#f2f2f2\";>\n        <td width=\"30%\" style=\"padding: 10px;\">\n            <strong>Query</strong>\n        </td>  \n        <td style=\"padding: 10px;\">\n                sadas dsad</td>\n        </tr>\n        <tr >\n         <td width=\"30%\" style=\"padding: 10px;\">\n            <strong>Submited At</strong>\n        </td>\n        <td style=\"padding: 10px;\">\n            Aug 8, 2020        </td>\n    </tr>\n</table>\n</div>','103.224.146.237','a:4:{s:6:\"brower\";s:115:\"Mozilla/5.0 (Windows NT 10.0; Win64; x64) AppleWebKit/537.36 (KHTML, like Gecko) Chrome/84.0.4147.105 Safari/537.36\";s:9:\"http_host\";s:15:\"swatimishra.com\";s:11:\"submit_data\";a:6:{s:4:\"Name\";O:24:\"Magento\\Framework\\Phrase\":2:{s:30:\"\0Magento\\Framework\\Phrase\0text\";s:16:\"Pankaj Kumar Jha\";s:35:\"\0Magento\\Framework\\Phrase\0arguments\";a:0:{}}s:5:\"Email\";s:84:\"<a href=\"mailto:pankajjha0191@gmail.com\" target=\"_BLANK\">pankajjha0191@gmail.com</a>\";s:15:\"Enter a Subject\";O:24:\"Magento\\Framework\\Phrase\":2:{s:30:\"\0Magento\\Framework\\Phrase\0text\";s:8:\"HR Query\";s:35:\"\0Magento\\Framework\\Phrase\0arguments\";a:0:{}}s:9:\"Order No.\";O:24:\"Magento\\Framework\\Phrase\":2:{s:30:\"\0Magento\\Framework\\Phrase\0text\";s:11:\"98333333333\";s:35:\"\0Magento\\Framework\\Phrase\0arguments\";a:0:{}}s:10:\"Mobile No.\";O:24:\"Magento\\Framework\\Phrase\":2:{s:30:\"\0Magento\\Framework\\Phrase\0text\";s:10:\"9871101831\";s:35:\"\0Magento\\Framework\\Phrase\0arguments\";a:0:{}}s:5:\"Query\";O:24:\"Magento\\Framework\\Phrase\":2:{s:30:\"\0Magento\\Framework\\Phrase\0text\";s:10:\"sadas dsad\";s:35:\"\0Magento\\Framework\\Phrase\0arguments\";a:0:{}}}s:11:\"current_url\";s:32:\"https://swatimishra.com/contact/\";}','[{\"label\":\"Name\",\"field_type\":\"text\",\"required\":true,\"show_in_email\":true,\"field_options\":{\"size\":\"small\"},\"fieldcol\":12,\"wrappercol\":12,\"cid\":\"c1\",\"placeholder\":\"Name\",\"value\":\"Pankaj Kumar Jha\"},{\"label\":\"Email\",\"field_type\":\"email\",\"required\":true,\"show_in_email\":true,\"field_options\":[],\"wrappercol\":12,\"fieldcol\":12,\"cid\":\"c2\",\"placeholder\":\"Email\",\"thanks_email\":\"pankajjha0191@gmail.com\",\"value\":\"<a href=\\\"mailto:pankajjha0191@gmail.com\\\" target=\\\"_BLANK\\\">pankajjha0191@gmail.com<\\/a>\"},{\"label\":\"Enter a Subject\",\"field_type\":\"dropdown\",\"required\":true,\"show_in_email\":true,\"field_options\":{\"options\":[{\"label\":\"HR Query\",\"checked\":false},{\"label\":\"Loyalty Points Query\",\"checked\":false},{\"label\":\"Order Query\",\"checked\":false},{\"label\":\"Product Exchange Query\",\"checked\":false},{\"label\":\"Product Query\",\"checked\":false},{\"label\":\"Store Query\",\"checked\":false},{\"label\":\"Technical Query\",\"checked\":false},{\"label\":\"Other\",\"checked\":false}],\"include_blank_option\":false},\"wrappercol\":12,\"fieldcol\":12,\"cid\":\"c4\",\"value\":\"HR Query\"},{\"label\":\"Order No.\",\"field_type\":\"text\",\"required\":true,\"show_in_email\":true,\"field_options\":{\"size\":\"small\"},\"fieldcol\":12,\"wrappercol\":12,\"cid\":\"c4duplicate\",\"placeholder\":\"Order No.\",\"value\":\"98333333333\"},{\"label\":\"Mobile No.\",\"field_type\":\"text\",\"required\":true,\"show_in_email\":true,\"field_options\":{\"size\":\"small\"},\"fieldcol\":12,\"wrappercol\":12,\"cid\":\"c5\",\"value\":\"9871101831\"},{\"label\":\"Query\",\"field_type\":\"paragraph\",\"required\":true,\"show_in_email\":true,\"field_options\":{\"size\":\"small\"},\"fieldcol\":12,\"fieldheight\":\"200px\",\"wrappercol\":12,\"cid\":\"c6\",\"placeholder\":\"Query\",\"value\":\"sadas dsad\"}]'),(10,1,0,0,'','SWATIMISHRA','2020-09-06 09:16:26','<div style=\"border:1px solid #E0E0E0; padding:15px; background:#F9F9F9;\">\n<table cellspacing=\"0\" cellpadding=\"0\" border=\"0\" width=\"100%\">\n            <tr  style=\"background-color:#f2f2f2\";>\n        <td width=\"30%\" style=\"padding: 10px;\">\n            <strong>Name</strong>\n        </td>  \n        <td style=\"padding: 10px;\">\n                surya</td>\n        </tr>\n            <tr  style=\"background-color:#f2f2f2\";>\n        <td width=\"30%\" style=\"padding: 10px;\">\n            <strong>Email</strong>\n        </td>  \n        <td style=\"padding: 10px;\">\n                <a href=\"mailto:surya01gautam@gmail.com\" target=\"_BLANK\">surya01gautam@gmail.com</a></td>\n        </tr>\n            <tr  style=\"background-color:#f2f2f2\";>\n        <td width=\"30%\" style=\"padding: 10px;\">\n            <strong>custom size/query</strong>\n        </td>  \n        <td style=\"padding: 10px;\">\n                is this available?</td>\n        </tr>\n        <tr  style=\"background-color:#f2f2f2\";>\n         <td width=\"30%\" style=\"padding: 10px;\">\n            <strong>Submited At</strong>\n        </td>\n        <td style=\"padding: 10px;\">\n            Sep 6, 2020        </td>\n    </tr>\n</table>\n</div>','103.121.114.144','a:4:{s:6:\"brower\";s:113:\"Mozilla/5.0 (Windows NT 6.2; Win64; x64) AppleWebKit/537.36 (KHTML, like Gecko) Chrome/83.0.4103.97 Safari/537.36\";s:9:\"http_host\";s:15:\"swatimishra.com\";s:11:\"submit_data\";a:3:{s:4:\"Name\";O:24:\"Magento\\Framework\\Phrase\":2:{s:30:\"\0Magento\\Framework\\Phrase\0text\";s:5:\"surya\";s:35:\"\0Magento\\Framework\\Phrase\0arguments\";a:0:{}}s:5:\"Email\";s:84:\"<a href=\"mailto:surya01gautam@gmail.com\" target=\"_BLANK\">surya01gautam@gmail.com</a>\";s:17:\"custom size/query\";O:24:\"Magento\\Framework\\Phrase\":2:{s:30:\"\0Magento\\Framework\\Phrase\0text\";s:18:\"is this available?\";s:35:\"\0Magento\\Framework\\Phrase\0arguments\";a:0:{}}}s:11:\"current_url\";s:84:\"https://swatimishra.com/timeless-elegance-asymmetrical-a-line-black-silver-gown.html\";}','[{\"label\":\"Name\",\"field_type\":\"text\",\"required\":true,\"show_in_email\":true,\"field_options\":{\"size\":\"small\"},\"fieldcol\":12,\"wrappercol\":12,\"cid\":\"c1\",\"field_id\":\"name\",\"value\":\"surya\"},{\"label\":\"Email\",\"field_type\":\"email\",\"required\":true,\"show_in_email\":true,\"field_options\":[],\"wrappercol\":12,\"fieldcol\":12,\"cid\":\"c3\",\"thanks_email\":\"surya01gautam@gmail.com\",\"value\":\"<a href=\\\"mailto:surya01gautam@gmail.com\\\" target=\\\"_BLANK\\\">surya01gautam@gmail.com<\\/a>\"},{\"label\":\"custom size\\/query\",\"field_type\":\"paragraph\",\"required\":true,\"show_in_email\":true,\"field_options\":{\"size\":\"small\"},\"fieldcol\":12,\"fieldheight\":\"200px\",\"wrappercol\":12,\"cid\":\"c4\",\"value\":\"is this available?\"}]'),(11,1,0,0,'','SWATIMISHRA','2020-12-02 09:45:52','<div style=\"border:1px solid #E0E0E0; padding:15px; background:#F9F9F9;\">\n<table cellspacing=\"0\" cellpadding=\"0\" border=\"0\" width=\"100%\">\n            <tr  style=\"background-color:#f2f2f2\";>\n        <td width=\"30%\" style=\"padding: 10px;\">\n            <strong>Name</strong>\n        </td>  \n        <td style=\"padding: 10px;\">\n                Priyanka Singhal</td>\n        </tr>\n            <tr  style=\"background-color:#f2f2f2\";>\n        <td width=\"30%\" style=\"padding: 10px;\">\n            <strong>Email</strong>\n        </td>  \n        <td style=\"padding: 10px;\">\n                <a href=\"mailto:priyankasinghal723@gmail.com\" target=\"_BLANK\">priyankasinghal723@gmail.com</a></td>\n        </tr>\n            <tr  style=\"background-color:#f2f2f2\";>\n        <td width=\"30%\" style=\"padding: 10px;\">\n            <strong>custom size/query</strong>\n        </td>  \n        <td style=\"padding: 10px;\">\n                Can u made this dress in short length under knees with same colour pants </td>\n        </tr>\n        <tr  style=\"background-color:#f2f2f2\";>\n         <td width=\"30%\" style=\"padding: 10px;\">\n            <strong>Submited At</strong>\n        </td>\n        <td style=\"padding: 10px;\">\n            Dec 2, 2020        </td>\n    </tr>\n</table>\n</div>','49.36.165.76','a:4:{s:6:\"brower\";s:139:\"Mozilla/5.0 (iPhone; CPU iPhone OS 13_5_1 like Mac OS X) AppleWebKit/605.1.15 (KHTML, like Gecko) Version/13.1.1 Mobile/15E148 Safari/604.1\";s:9:\"http_host\";s:15:\"swatimishra.com\";s:11:\"submit_data\";a:3:{s:4:\"Name\";O:24:\"Magento\\Framework\\Phrase\":2:{s:30:\"\0Magento\\Framework\\Phrase\0text\";s:16:\"Priyanka Singhal\";s:35:\"\0Magento\\Framework\\Phrase\0arguments\";a:0:{}}s:5:\"Email\";s:94:\"<a href=\"mailto:priyankasinghal723@gmail.com\" target=\"_BLANK\">priyankasinghal723@gmail.com</a>\";s:17:\"custom size/query\";O:24:\"Magento\\Framework\\Phrase\":2:{s:30:\"\0Magento\\Framework\\Phrase\0text\";s:73:\"Can u made this dress in short length under knees with same colour pants \";s:35:\"\0Magento\\Framework\\Phrase\0arguments\";a:0:{}}}s:11:\"current_url\";s:112:\"https://swatimishra.com/catalog/product/view/id/322/s/classy-cranberry-embellished-long-sheath-dress/category/3/\";}','[{\"label\":\"Name\",\"field_type\":\"text\",\"required\":true,\"show_in_email\":true,\"field_options\":{\"size\":\"small\"},\"fieldcol\":12,\"wrappercol\":12,\"cid\":\"c1\",\"field_id\":\"name\",\"value\":\"Priyanka Singhal\"},{\"label\":\"Email\",\"field_type\":\"email\",\"required\":true,\"show_in_email\":true,\"field_options\":[],\"wrappercol\":12,\"fieldcol\":12,\"cid\":\"c3\",\"thanks_email\":\"priyankasinghal723@gmail.com\",\"value\":\"<a href=\\\"mailto:priyankasinghal723@gmail.com\\\" target=\\\"_BLANK\\\">priyankasinghal723@gmail.com<\\/a>\"},{\"label\":\"custom size\\/query\",\"field_type\":\"paragraph\",\"required\":true,\"show_in_email\":true,\"field_options\":{\"size\":\"small\"},\"fieldcol\":12,\"fieldheight\":\"200px\",\"wrappercol\":12,\"cid\":\"c4\",\"value\":\"Can u made this dress in short length under knees with same colour pants \"}]'),(12,2,0,0,'','SWATIMISHRA','2021-02-22 15:21:26','<div style=\"border:1px solid #E0E0E0; padding:15px; background:#F9F9F9;\">\n<table cellspacing=\"0\" cellpadding=\"0\" border=\"0\" width=\"100%\">\n            <tr  style=\"background-color:#f2f2f2\";>\n        <td width=\"30%\" style=\"padding: 10px;\">\n            <strong>Name</strong>\n        </td>  \n        <td style=\"padding: 10px;\">\n                Joe Miller</td>\n        </tr>\n            <tr  style=\"background-color:#f2f2f2\";>\n        <td width=\"30%\" style=\"padding: 10px;\">\n            <strong>Email</strong>\n        </td>  \n        <td style=\"padding: 10px;\">\n                <a href=\"mailto:info@domainregistrationcorp.com\" target=\"_BLANK\">info@domainregistrationcorp.com</a></td>\n        </tr>\n            <tr  style=\"background-color:#f2f2f2\";>\n        <td width=\"30%\" style=\"padding: 10px;\">\n            <strong>Enter a Subject</strong>\n        </td>  \n        <td style=\"padding: 10px;\">\n                Order Query</td>\n        </tr>\n            <tr  style=\"background-color:#f2f2f2\";>\n        <td width=\"30%\" style=\"padding: 10px;\">\n            <strong>Order No.</strong>\n        </td>  \n        <td style=\"padding: 10px;\">\n                IMPORTANT NOTICE</td>\n        </tr>\n            <tr  style=\"background-color:#f2f2f2\";>\n        <td width=\"30%\" style=\"padding: 10px;\">\n            <strong>Mobile No.</strong>\n        </td>  \n        <td style=\"padding: 10px;\">\n                IMPORTANT NOTICE</td>\n        </tr>\n            <tr  style=\"background-color:#f2f2f2\";>\n        <td width=\"30%\" style=\"padding: 10px;\">\n            <strong>Query</strong>\n        </td>  \n        <td style=\"padding: 10px;\">\n                TERMINATION OF DOMAIN swatimishra.com\r\nInvoice#: 491343\r\nDate: 22 Feb 2021\r\n\r\nIMMEDIATE ATTENTION REGARDING YOUR DOMAIN swatimishra.com IS ABSOLUTLY NECESSARY\r\n\r\nTERMINATION OF YOUR DOMAIN swatimishra.com WILL BE COMPLETED WITHIN 24 HOURS\r\n\r\nYour payment for the renewal of your domain swatimishra.com has not received yet\r\n\r\nWe have tried to reach you by phone several times, to inform you regarding the TERMINATION of your domain swatimishra.com\r\n\r\nCLICK HERE FOR SECURE ONLINE PAYMENT: https://domainregister.ga\r\n\r\nIF WE DO NOT RECEIVE YOUR PAYMENT WITHIN 24 HOURS, YOUR DOMAIN swatimishra.com WILL BE TERMINATED!\r\n\r\nCLICK HERE FOR SECURE ONLINE PAYMENT: https://domainregister.ga\r\n\r\nYOUR IMMEDIATE ATTENTION IS ABSOLUTELY NECESSARY IN ORDER TO KEEP YOUR DOMAIN swatimishra.com\r\n\r\nThe submission notification swatimishra.com will EXPIRE WITHIN 24 HOURS after reception of this email</td>\n        </tr>\n        <tr >\n         <td width=\"30%\" style=\"padding: 10px;\">\n            <strong>Submited At</strong>\n        </td>\n        <td style=\"padding: 10px;\">\n            Feb 22, 2021        </td>\n    </tr>\n</table>\n</div>','23.94.19.85','a:4:{s:6:\"brower\";s:123:\"Mozilla/5.0 (Windows NT 10.0; Win64; x64) AppleWebKit/537.36 (KHTML, like Gecko) HeadlessChrome/88.0.4324.150 Safari/537.36\";s:9:\"http_host\";s:15:\"swatimishra.com\";s:11:\"submit_data\";a:6:{s:4:\"Name\";O:24:\"Magento\\Framework\\Phrase\":2:{s:30:\"\0Magento\\Framework\\Phrase\0text\";s:10:\"Joe Miller\";s:35:\"\0Magento\\Framework\\Phrase\0arguments\";a:0:{}}s:5:\"Email\";s:100:\"<a href=\"mailto:info@domainregistrationcorp.com\" target=\"_BLANK\">info@domainregistrationcorp.com</a>\";s:15:\"Enter a Subject\";O:24:\"Magento\\Framework\\Phrase\":2:{s:30:\"\0Magento\\Framework\\Phrase\0text\";s:11:\"Order Query\";s:35:\"\0Magento\\Framework\\Phrase\0arguments\";a:0:{}}s:9:\"Order No.\";O:24:\"Magento\\Framework\\Phrase\":2:{s:30:\"\0Magento\\Framework\\Phrase\0text\";s:16:\"IMPORTANT NOTICE\";s:35:\"\0Magento\\Framework\\Phrase\0arguments\";a:0:{}}s:10:\"Mobile No.\";O:24:\"Magento\\Framework\\Phrase\":2:{s:30:\"\0Magento\\Framework\\Phrase\0text\";s:16:\"IMPORTANT NOTICE\";s:35:\"\0Magento\\Framework\\Phrase\0arguments\";a:0:{}}s:5:\"Query\";O:24:\"Magento\\Framework\\Phrase\":2:{s:30:\"\0Magento\\Framework\\Phrase\0text\";s:885:\"TERMINATION OF DOMAIN swatimishra.com\r\nInvoice#: 491343\r\nDate: 22 Feb 2021\r\n\r\nIMMEDIATE ATTENTION REGARDING YOUR DOMAIN swatimishra.com IS ABSOLUTLY NECESSARY\r\n\r\nTERMINATION OF YOUR DOMAIN swatimishra.com WILL BE COMPLETED WITHIN 24 HOURS\r\n\r\nYour payment for the renewal of your domain swatimishra.com has not received yet\r\n\r\nWe have tried to reach you by phone several times, to inform you regarding the TERMINATION of your domain swatimishra.com\r\n\r\nCLICK HERE FOR SECURE ONLINE PAYMENT: https://domainregister.ga\r\n\r\nIF WE DO NOT RECEIVE YOUR PAYMENT WITHIN 24 HOURS, YOUR DOMAIN swatimishra.com WILL BE TERMINATED!\r\n\r\nCLICK HERE FOR SECURE ONLINE PAYMENT: https://domainregister.ga\r\n\r\nYOUR IMMEDIATE ATTENTION IS ABSOLUTELY NECESSARY IN ORDER TO KEEP YOUR DOMAIN swatimishra.com\r\n\r\nThe submission notification swatimishra.com will EXPIRE WITHIN 24 HOURS after reception of this email\";s:35:\"\0Magento\\Framework\\Phrase\0arguments\";a:0:{}}}s:11:\"current_url\";s:32:\"https://swatimishra.com/contact/\";}','[{\"label\":\"Name\",\"field_type\":\"text\",\"required\":true,\"show_in_email\":true,\"field_options\":{\"size\":\"small\"},\"fieldcol\":12,\"wrappercol\":12,\"cid\":\"c1\",\"placeholder\":\"Name\",\"value\":\"Joe Miller\"},{\"label\":\"Email\",\"field_type\":\"email\",\"required\":true,\"show_in_email\":true,\"field_options\":[],\"wrappercol\":12,\"fieldcol\":12,\"cid\":\"c2\",\"placeholder\":\"Email\",\"thanks_email\":\"info@domainregistrationcorp.com\",\"value\":\"<a href=\\\"mailto:info@domainregistrationcorp.com\\\" target=\\\"_BLANK\\\">info@domainregistrationcorp.com<\\/a>\"},{\"label\":\"Enter a Subject\",\"field_type\":\"dropdown\",\"required\":true,\"show_in_email\":true,\"field_options\":{\"options\":[{\"label\":\"HR Query\",\"checked\":false},{\"label\":\"Loyalty Points Query\",\"checked\":false},{\"label\":\"Order Query\",\"checked\":false},{\"label\":\"Product Exchange Query\",\"checked\":false},{\"label\":\"Product Query\",\"checked\":false},{\"label\":\"Store Query\",\"checked\":false},{\"label\":\"Technical Query\",\"checked\":false},{\"label\":\"Other\",\"checked\":false}],\"include_blank_option\":false},\"wrappercol\":12,\"fieldcol\":12,\"cid\":\"c4\",\"value\":\"Order Query\"},{\"label\":\"Order No.\",\"field_type\":\"text\",\"required\":false,\"show_in_email\":true,\"field_options\":{\"size\":\"small\"},\"fieldcol\":12,\"wrappercol\":12,\"cid\":\"c4duplicate\",\"placeholder\":\"Order No.\",\"value\":\"IMPORTANT NOTICE\"},{\"label\":\"Mobile No.\",\"field_type\":\"text\",\"required\":true,\"show_in_email\":true,\"field_options\":{\"size\":\"small\"},\"fieldcol\":12,\"wrappercol\":12,\"cid\":\"c5\",\"value\":\"IMPORTANT NOTICE\"},{\"label\":\"Query\",\"field_type\":\"paragraph\",\"required\":true,\"show_in_email\":true,\"field_options\":{\"size\":\"small\"},\"fieldcol\":12,\"fieldheight\":\"200px\",\"wrappercol\":12,\"cid\":\"c6\",\"placeholder\":\"Query\",\"value\":\"TERMINATION OF DOMAIN swatimishra.com\\r\\nInvoice#: 491343\\r\\nDate: 22 Feb 2021\\r\\n\\r\\nIMMEDIATE ATTENTION REGARDING YOUR DOMAIN swatimishra.com IS ABSOLUTLY NECESSARY\\r\\n\\r\\nTERMINATION OF YOUR DOMAIN swatimishra.com WILL BE COMPLETED WITHIN 24 HOURS\\r\\n\\r\\nYour payment for the renewal of your domain swatimishra.com has not received yet\\r\\n\\r\\nWe have tried to reach you by phone several times, to inform you regarding the TERMINATION of your domain swatimishra.com\\r\\n\\r\\nCLICK HERE FOR SECURE ONLINE PAYMENT: https:\\/\\/domainregister.ga\\r\\n\\r\\nIF WE DO NOT RECEIVE YOUR PAYMENT WITHIN 24 HOURS, YOUR DOMAIN swatimishra.com WILL BE TERMINATED!\\r\\n\\r\\nCLICK HERE FOR SECURE ONLINE PAYMENT: https:\\/\\/domainregister.ga\\r\\n\\r\\nYOUR IMMEDIATE ATTENTION IS ABSOLUTELY NECESSARY IN ORDER TO KEEP YOUR DOMAIN swatimishra.com\\r\\n\\r\\nThe submission notification swatimishra.com will EXPIRE WITHIN 24 HOURS after reception of this email\"}]'),(13,2,0,0,'','SWATIMISHRA','2021-02-22 15:21:26','<div style=\"border:1px solid #E0E0E0; padding:15px; background:#F9F9F9;\">\n<table cellspacing=\"0\" cellpadding=\"0\" border=\"0\" width=\"100%\">\n            <tr  style=\"background-color:#f2f2f2\";>\n        <td width=\"30%\" style=\"padding: 10px;\">\n            <strong>Name</strong>\n        </td>  \n        <td style=\"padding: 10px;\">\n                Joe Miller</td>\n        </tr>\n            <tr  style=\"background-color:#f2f2f2\";>\n        <td width=\"30%\" style=\"padding: 10px;\">\n            <strong>Email</strong>\n        </td>  \n        <td style=\"padding: 10px;\">\n                <a href=\"mailto:info@domainregistrationcorp.com\" target=\"_BLANK\">info@domainregistrationcorp.com</a></td>\n        </tr>\n            <tr  style=\"background-color:#f2f2f2\";>\n        <td width=\"30%\" style=\"padding: 10px;\">\n            <strong>Enter a Subject</strong>\n        </td>  \n        <td style=\"padding: 10px;\">\n                Order Query</td>\n        </tr>\n            <tr  style=\"background-color:#f2f2f2\";>\n        <td width=\"30%\" style=\"padding: 10px;\">\n            <strong>Order No.</strong>\n        </td>  \n        <td style=\"padding: 10px;\">\n                IMPORTANT NOTICE</td>\n        </tr>\n            <tr  style=\"background-color:#f2f2f2\";>\n        <td width=\"30%\" style=\"padding: 10px;\">\n            <strong>Mobile No.</strong>\n        </td>  \n        <td style=\"padding: 10px;\">\n                IMPORTANT NOTICE</td>\n        </tr>\n            <tr  style=\"background-color:#f2f2f2\";>\n        <td width=\"30%\" style=\"padding: 10px;\">\n            <strong>Query</strong>\n        </td>  \n        <td style=\"padding: 10px;\">\n                TERMINATION OF DOMAIN swatimishra.com\r\nInvoice#: 491343\r\nDate: 22 Feb 2021\r\n\r\nIMMEDIATE ATTENTION REGARDING YOUR DOMAIN swatimishra.com IS ABSOLUTLY NECESSARY\r\n\r\nTERMINATION OF YOUR DOMAIN swatimishra.com WILL BE COMPLETED WITHIN 24 HOURS\r\n\r\nYour payment for the renewal of your domain swatimishra.com has not received yet\r\n\r\nWe have tried to reach you by phone several times, to inform you regarding the TERMINATION of your domain swatimishra.com\r\n\r\nCLICK HERE FOR SECURE ONLINE PAYMENT: https://domainregister.ga\r\n\r\nIF WE DO NOT RECEIVE YOUR PAYMENT WITHIN 24 HOURS, YOUR DOMAIN swatimishra.com WILL BE TERMINATED!\r\n\r\nCLICK HERE FOR SECURE ONLINE PAYMENT: https://domainregister.ga\r\n\r\nYOUR IMMEDIATE ATTENTION IS ABSOLUTELY NECESSARY IN ORDER TO KEEP YOUR DOMAIN swatimishra.com\r\n\r\nThe submission notification swatimishra.com will EXPIRE WITHIN 24 HOURS after reception of this email</td>\n        </tr>\n        <tr >\n         <td width=\"30%\" style=\"padding: 10px;\">\n            <strong>Submited At</strong>\n        </td>\n        <td style=\"padding: 10px;\">\n            Feb 22, 2021        </td>\n    </tr>\n</table>\n</div>','23.94.19.85','a:4:{s:6:\"brower\";s:123:\"Mozilla/5.0 (Windows NT 10.0; Win64; x64) AppleWebKit/537.36 (KHTML, like Gecko) HeadlessChrome/88.0.4324.150 Safari/537.36\";s:9:\"http_host\";s:15:\"swatimishra.com\";s:11:\"submit_data\";a:6:{s:4:\"Name\";O:24:\"Magento\\Framework\\Phrase\":2:{s:30:\"\0Magento\\Framework\\Phrase\0text\";s:10:\"Joe Miller\";s:35:\"\0Magento\\Framework\\Phrase\0arguments\";a:0:{}}s:5:\"Email\";s:100:\"<a href=\"mailto:info@domainregistrationcorp.com\" target=\"_BLANK\">info@domainregistrationcorp.com</a>\";s:15:\"Enter a Subject\";O:24:\"Magento\\Framework\\Phrase\":2:{s:30:\"\0Magento\\Framework\\Phrase\0text\";s:11:\"Order Query\";s:35:\"\0Magento\\Framework\\Phrase\0arguments\";a:0:{}}s:9:\"Order No.\";O:24:\"Magento\\Framework\\Phrase\":2:{s:30:\"\0Magento\\Framework\\Phrase\0text\";s:16:\"IMPORTANT NOTICE\";s:35:\"\0Magento\\Framework\\Phrase\0arguments\";a:0:{}}s:10:\"Mobile No.\";O:24:\"Magento\\Framework\\Phrase\":2:{s:30:\"\0Magento\\Framework\\Phrase\0text\";s:16:\"IMPORTANT NOTICE\";s:35:\"\0Magento\\Framework\\Phrase\0arguments\";a:0:{}}s:5:\"Query\";O:24:\"Magento\\Framework\\Phrase\":2:{s:30:\"\0Magento\\Framework\\Phrase\0text\";s:885:\"TERMINATION OF DOMAIN swatimishra.com\r\nInvoice#: 491343\r\nDate: 22 Feb 2021\r\n\r\nIMMEDIATE ATTENTION REGARDING YOUR DOMAIN swatimishra.com IS ABSOLUTLY NECESSARY\r\n\r\nTERMINATION OF YOUR DOMAIN swatimishra.com WILL BE COMPLETED WITHIN 24 HOURS\r\n\r\nYour payment for the renewal of your domain swatimishra.com has not received yet\r\n\r\nWe have tried to reach you by phone several times, to inform you regarding the TERMINATION of your domain swatimishra.com\r\n\r\nCLICK HERE FOR SECURE ONLINE PAYMENT: https://domainregister.ga\r\n\r\nIF WE DO NOT RECEIVE YOUR PAYMENT WITHIN 24 HOURS, YOUR DOMAIN swatimishra.com WILL BE TERMINATED!\r\n\r\nCLICK HERE FOR SECURE ONLINE PAYMENT: https://domainregister.ga\r\n\r\nYOUR IMMEDIATE ATTENTION IS ABSOLUTELY NECESSARY IN ORDER TO KEEP YOUR DOMAIN swatimishra.com\r\n\r\nThe submission notification swatimishra.com will EXPIRE WITHIN 24 HOURS after reception of this email\";s:35:\"\0Magento\\Framework\\Phrase\0arguments\";a:0:{}}}s:11:\"current_url\";s:32:\"https://swatimishra.com/contact/\";}','[{\"label\":\"Name\",\"field_type\":\"text\",\"required\":true,\"show_in_email\":true,\"field_options\":{\"size\":\"small\"},\"fieldcol\":12,\"wrappercol\":12,\"cid\":\"c1\",\"placeholder\":\"Name\",\"value\":\"Joe Miller\"},{\"label\":\"Email\",\"field_type\":\"email\",\"required\":true,\"show_in_email\":true,\"field_options\":[],\"wrappercol\":12,\"fieldcol\":12,\"cid\":\"c2\",\"placeholder\":\"Email\",\"thanks_email\":\"info@domainregistrationcorp.com\",\"value\":\"<a href=\\\"mailto:info@domainregistrationcorp.com\\\" target=\\\"_BLANK\\\">info@domainregistrationcorp.com<\\/a>\"},{\"label\":\"Enter a Subject\",\"field_type\":\"dropdown\",\"required\":true,\"show_in_email\":true,\"field_options\":{\"options\":[{\"label\":\"HR Query\",\"checked\":false},{\"label\":\"Loyalty Points Query\",\"checked\":false},{\"label\":\"Order Query\",\"checked\":false},{\"label\":\"Product Exchange Query\",\"checked\":false},{\"label\":\"Product Query\",\"checked\":false},{\"label\":\"Store Query\",\"checked\":false},{\"label\":\"Technical Query\",\"checked\":false},{\"label\":\"Other\",\"checked\":false}],\"include_blank_option\":false},\"wrappercol\":12,\"fieldcol\":12,\"cid\":\"c4\",\"value\":\"Order Query\"},{\"label\":\"Order No.\",\"field_type\":\"text\",\"required\":false,\"show_in_email\":true,\"field_options\":{\"size\":\"small\"},\"fieldcol\":12,\"wrappercol\":12,\"cid\":\"c4duplicate\",\"placeholder\":\"Order No.\",\"value\":\"IMPORTANT NOTICE\"},{\"label\":\"Mobile No.\",\"field_type\":\"text\",\"required\":true,\"show_in_email\":true,\"field_options\":{\"size\":\"small\"},\"fieldcol\":12,\"wrappercol\":12,\"cid\":\"c5\",\"value\":\"IMPORTANT NOTICE\"},{\"label\":\"Query\",\"field_type\":\"paragraph\",\"required\":true,\"show_in_email\":true,\"field_options\":{\"size\":\"small\"},\"fieldcol\":12,\"fieldheight\":\"200px\",\"wrappercol\":12,\"cid\":\"c6\",\"placeholder\":\"Query\",\"value\":\"TERMINATION OF DOMAIN swatimishra.com\\r\\nInvoice#: 491343\\r\\nDate: 22 Feb 2021\\r\\n\\r\\nIMMEDIATE ATTENTION REGARDING YOUR DOMAIN swatimishra.com IS ABSOLUTLY NECESSARY\\r\\n\\r\\nTERMINATION OF YOUR DOMAIN swatimishra.com WILL BE COMPLETED WITHIN 24 HOURS\\r\\n\\r\\nYour payment for the renewal of your domain swatimishra.com has not received yet\\r\\n\\r\\nWe have tried to reach you by phone several times, to inform you regarding the TERMINATION of your domain swatimishra.com\\r\\n\\r\\nCLICK HERE FOR SECURE ONLINE PAYMENT: https:\\/\\/domainregister.ga\\r\\n\\r\\nIF WE DO NOT RECEIVE YOUR PAYMENT WITHIN 24 HOURS, YOUR DOMAIN swatimishra.com WILL BE TERMINATED!\\r\\n\\r\\nCLICK HERE FOR SECURE ONLINE PAYMENT: https:\\/\\/domainregister.ga\\r\\n\\r\\nYOUR IMMEDIATE ATTENTION IS ABSOLUTELY NECESSARY IN ORDER TO KEEP YOUR DOMAIN swatimishra.com\\r\\n\\r\\nThe submission notification swatimishra.com will EXPIRE WITHIN 24 HOURS after reception of this email\"}]'),(14,2,0,0,'','SWATIMISHRA','2021-02-27 09:50:08','<div style=\"border:1px solid #E0E0E0; padding:15px; background:#F9F9F9;\">\n<table cellspacing=\"0\" cellpadding=\"0\" border=\"0\" width=\"100%\">\n            <tr  style=\"background-color:#f2f2f2\";>\n        <td width=\"30%\" style=\"padding: 10px;\">\n            <strong>Name</strong>\n        </td>  \n        <td style=\"padding: 10px;\">\n                Joe Miller</td>\n        </tr>\n            <tr  style=\"background-color:#f2f2f2\";>\n        <td width=\"30%\" style=\"padding: 10px;\">\n            <strong>Email</strong>\n        </td>  \n        <td style=\"padding: 10px;\">\n                <a href=\"mailto:info@domainregistrationcorp.com\" target=\"_BLANK\">info@domainregistrationcorp.com</a></td>\n        </tr>\n            <tr  style=\"background-color:#f2f2f2\";>\n        <td width=\"30%\" style=\"padding: 10px;\">\n            <strong>Enter a Subject</strong>\n        </td>  \n        <td style=\"padding: 10px;\">\n                Order Query</td>\n        </tr>\n            <tr  style=\"background-color:#f2f2f2\";>\n        <td width=\"30%\" style=\"padding: 10px;\">\n            <strong>Order No.</strong>\n        </td>  \n        <td style=\"padding: 10px;\">\n                IMPORTANT NOTICE</td>\n        </tr>\n            <tr  style=\"background-color:#f2f2f2\";>\n        <td width=\"30%\" style=\"padding: 10px;\">\n            <strong>Mobile No.</strong>\n        </td>  \n        <td style=\"padding: 10px;\">\n                IMPORTANT NOTICE</td>\n        </tr>\n            <tr  style=\"background-color:#f2f2f2\";>\n        <td width=\"30%\" style=\"padding: 10px;\">\n            <strong>Query</strong>\n        </td>  \n        <td style=\"padding: 10px;\">\n                TERMINATION OF DOMAIN swatimishra.com\r\nInvoice#: 491343\r\nDate: 27 Feb 2021\r\n\r\nIMMEDIATE ATTENTION REGARDING YOUR DOMAIN swatimishra.com IS ABSOLUTLY NECESSARY\r\n\r\nTERMINATION OF YOUR DOMAIN swatimishra.com WILL BE COMPLETED WITHIN 24 HOURS\r\n\r\nYour payment for the renewal of your domain swatimishra.com has not received yet\r\n\r\nWe have tried to reach you by phone several times, to inform you regarding the TERMINATION of your domain swatimishra.com\r\n\r\nCLICK HERE FOR SECURE ONLINE PAYMENT: https://domain-service.ga\r\n\r\nIF WE DO NOT RECEIVE YOUR PAYMENT WITHIN 24 HOURS, YOUR DOMAIN swatimishra.com WILL BE TERMINATED!\r\n\r\nCLICK HERE FOR SECURE ONLINE PAYMENT: https://domain-service.ga\r\n\r\nYOUR IMMEDIATE ATTENTION IS ABSOLUTELY NECESSARY IN ORDER TO KEEP YOUR DOMAIN swatimishra.com\r\n\r\nThe submission notification swatimishra.com will EXPIRE WITHIN 24 HOURS after reception of this email</td>\n        </tr>\n        <tr >\n         <td width=\"30%\" style=\"padding: 10px;\">\n            <strong>Submited At</strong>\n        </td>\n        <td style=\"padding: 10px;\">\n            Feb 27, 2021        </td>\n    </tr>\n</table>\n</div>','67.227.105.184','a:4:{s:6:\"brower\";s:123:\"Mozilla/5.0 (Windows NT 10.0; Win64; x64) AppleWebKit/537.36 (KHTML, like Gecko) HeadlessChrome/88.0.4324.190 Safari/537.36\";s:9:\"http_host\";s:15:\"swatimishra.com\";s:11:\"submit_data\";a:6:{s:4:\"Name\";O:24:\"Magento\\Framework\\Phrase\":2:{s:30:\"\0Magento\\Framework\\Phrase\0text\";s:10:\"Joe Miller\";s:35:\"\0Magento\\Framework\\Phrase\0arguments\";a:0:{}}s:5:\"Email\";s:100:\"<a href=\"mailto:info@domainregistrationcorp.com\" target=\"_BLANK\">info@domainregistrationcorp.com</a>\";s:15:\"Enter a Subject\";O:24:\"Magento\\Framework\\Phrase\":2:{s:30:\"\0Magento\\Framework\\Phrase\0text\";s:11:\"Order Query\";s:35:\"\0Magento\\Framework\\Phrase\0arguments\";a:0:{}}s:9:\"Order No.\";O:24:\"Magento\\Framework\\Phrase\":2:{s:30:\"\0Magento\\Framework\\Phrase\0text\";s:16:\"IMPORTANT NOTICE\";s:35:\"\0Magento\\Framework\\Phrase\0arguments\";a:0:{}}s:10:\"Mobile No.\";O:24:\"Magento\\Framework\\Phrase\":2:{s:30:\"\0Magento\\Framework\\Phrase\0text\";s:16:\"IMPORTANT NOTICE\";s:35:\"\0Magento\\Framework\\Phrase\0arguments\";a:0:{}}s:5:\"Query\";O:24:\"Magento\\Framework\\Phrase\":2:{s:30:\"\0Magento\\Framework\\Phrase\0text\";s:885:\"TERMINATION OF DOMAIN swatimishra.com\r\nInvoice#: 491343\r\nDate: 27 Feb 2021\r\n\r\nIMMEDIATE ATTENTION REGARDING YOUR DOMAIN swatimishra.com IS ABSOLUTLY NECESSARY\r\n\r\nTERMINATION OF YOUR DOMAIN swatimishra.com WILL BE COMPLETED WITHIN 24 HOURS\r\n\r\nYour payment for the renewal of your domain swatimishra.com has not received yet\r\n\r\nWe have tried to reach you by phone several times, to inform you regarding the TERMINATION of your domain swatimishra.com\r\n\r\nCLICK HERE FOR SECURE ONLINE PAYMENT: https://domain-service.ga\r\n\r\nIF WE DO NOT RECEIVE YOUR PAYMENT WITHIN 24 HOURS, YOUR DOMAIN swatimishra.com WILL BE TERMINATED!\r\n\r\nCLICK HERE FOR SECURE ONLINE PAYMENT: https://domain-service.ga\r\n\r\nYOUR IMMEDIATE ATTENTION IS ABSOLUTELY NECESSARY IN ORDER TO KEEP YOUR DOMAIN swatimishra.com\r\n\r\nThe submission notification swatimishra.com will EXPIRE WITHIN 24 HOURS after reception of this email\";s:35:\"\0Magento\\Framework\\Phrase\0arguments\";a:0:{}}}s:11:\"current_url\";s:32:\"https://swatimishra.com/contact/\";}','[{\"label\":\"Name\",\"field_type\":\"text\",\"required\":true,\"show_in_email\":true,\"field_options\":{\"size\":\"small\"},\"fieldcol\":12,\"wrappercol\":12,\"cid\":\"c1\",\"placeholder\":\"Name\",\"value\":\"Joe Miller\"},{\"label\":\"Email\",\"field_type\":\"email\",\"required\":true,\"show_in_email\":true,\"field_options\":[],\"wrappercol\":12,\"fieldcol\":12,\"cid\":\"c2\",\"placeholder\":\"Email\",\"thanks_email\":\"info@domainregistrationcorp.com\",\"value\":\"<a href=\\\"mailto:info@domainregistrationcorp.com\\\" target=\\\"_BLANK\\\">info@domainregistrationcorp.com<\\/a>\"},{\"label\":\"Enter a Subject\",\"field_type\":\"dropdown\",\"required\":true,\"show_in_email\":true,\"field_options\":{\"options\":[{\"label\":\"HR Query\",\"checked\":false},{\"label\":\"Loyalty Points Query\",\"checked\":false},{\"label\":\"Order Query\",\"checked\":false},{\"label\":\"Product Exchange Query\",\"checked\":false},{\"label\":\"Product Query\",\"checked\":false},{\"label\":\"Store Query\",\"checked\":false},{\"label\":\"Technical Query\",\"checked\":false},{\"label\":\"Other\",\"checked\":false}],\"include_blank_option\":false},\"wrappercol\":12,\"fieldcol\":12,\"cid\":\"c4\",\"value\":\"Order Query\"},{\"label\":\"Order No.\",\"field_type\":\"text\",\"required\":false,\"show_in_email\":true,\"field_options\":{\"size\":\"small\"},\"fieldcol\":12,\"wrappercol\":12,\"cid\":\"c4duplicate\",\"placeholder\":\"Order No.\",\"value\":\"IMPORTANT NOTICE\"},{\"label\":\"Mobile No.\",\"field_type\":\"text\",\"required\":true,\"show_in_email\":true,\"field_options\":{\"size\":\"small\"},\"fieldcol\":12,\"wrappercol\":12,\"cid\":\"c5\",\"value\":\"IMPORTANT NOTICE\"},{\"label\":\"Query\",\"field_type\":\"paragraph\",\"required\":true,\"show_in_email\":true,\"field_options\":{\"size\":\"small\"},\"fieldcol\":12,\"fieldheight\":\"200px\",\"wrappercol\":12,\"cid\":\"c6\",\"placeholder\":\"Query\",\"value\":\"TERMINATION OF DOMAIN swatimishra.com\\r\\nInvoice#: 491343\\r\\nDate: 27 Feb 2021\\r\\n\\r\\nIMMEDIATE ATTENTION REGARDING YOUR DOMAIN swatimishra.com IS ABSOLUTLY NECESSARY\\r\\n\\r\\nTERMINATION OF YOUR DOMAIN swatimishra.com WILL BE COMPLETED WITHIN 24 HOURS\\r\\n\\r\\nYour payment for the renewal of your domain swatimishra.com has not received yet\\r\\n\\r\\nWe have tried to reach you by phone several times, to inform you regarding the TERMINATION of your domain swatimishra.com\\r\\n\\r\\nCLICK HERE FOR SECURE ONLINE PAYMENT: https:\\/\\/domain-service.ga\\r\\n\\r\\nIF WE DO NOT RECEIVE YOUR PAYMENT WITHIN 24 HOURS, YOUR DOMAIN swatimishra.com WILL BE TERMINATED!\\r\\n\\r\\nCLICK HERE FOR SECURE ONLINE PAYMENT: https:\\/\\/domain-service.ga\\r\\n\\r\\nYOUR IMMEDIATE ATTENTION IS ABSOLUTELY NECESSARY IN ORDER TO KEEP YOUR DOMAIN swatimishra.com\\r\\n\\r\\nThe submission notification swatimishra.com will EXPIRE WITHIN 24 HOURS after reception of this email\"}]'),(15,2,0,0,'','SWATIMISHRA','2021-02-27 09:50:08','<div style=\"border:1px solid #E0E0E0; padding:15px; background:#F9F9F9;\">\n<table cellspacing=\"0\" cellpadding=\"0\" border=\"0\" width=\"100%\">\n            <tr  style=\"background-color:#f2f2f2\";>\n        <td width=\"30%\" style=\"padding: 10px;\">\n            <strong>Name</strong>\n        </td>  \n        <td style=\"padding: 10px;\">\n                Joe Miller</td>\n        </tr>\n            <tr  style=\"background-color:#f2f2f2\";>\n        <td width=\"30%\" style=\"padding: 10px;\">\n            <strong>Email</strong>\n        </td>  \n        <td style=\"padding: 10px;\">\n                <a href=\"mailto:info@domainregistrationcorp.com\" target=\"_BLANK\">info@domainregistrationcorp.com</a></td>\n        </tr>\n            <tr  style=\"background-color:#f2f2f2\";>\n        <td width=\"30%\" style=\"padding: 10px;\">\n            <strong>Enter a Subject</strong>\n        </td>  \n        <td style=\"padding: 10px;\">\n                Order Query</td>\n        </tr>\n            <tr  style=\"background-color:#f2f2f2\";>\n        <td width=\"30%\" style=\"padding: 10px;\">\n            <strong>Order No.</strong>\n        </td>  \n        <td style=\"padding: 10px;\">\n                IMPORTANT NOTICE</td>\n        </tr>\n            <tr  style=\"background-color:#f2f2f2\";>\n        <td width=\"30%\" style=\"padding: 10px;\">\n            <strong>Mobile No.</strong>\n        </td>  \n        <td style=\"padding: 10px;\">\n                IMPORTANT NOTICE</td>\n        </tr>\n            <tr  style=\"background-color:#f2f2f2\";>\n        <td width=\"30%\" style=\"padding: 10px;\">\n            <strong>Query</strong>\n        </td>  \n        <td style=\"padding: 10px;\">\n                TERMINATION OF DOMAIN swatimishra.com\r\nInvoice#: 491343\r\nDate: 27 Feb 2021\r\n\r\nIMMEDIATE ATTENTION REGARDING YOUR DOMAIN swatimishra.com IS ABSOLUTLY NECESSARY\r\n\r\nTERMINATION OF YOUR DOMAIN swatimishra.com WILL BE COMPLETED WITHIN 24 HOURS\r\n\r\nYour payment for the renewal of your domain swatimishra.com has not received yet\r\n\r\nWe have tried to reach you by phone several times, to inform you regarding the TERMINATION of your domain swatimishra.com\r\n\r\nCLICK HERE FOR SECURE ONLINE PAYMENT: https://domain-service.ga\r\n\r\nIF WE DO NOT RECEIVE YOUR PAYMENT WITHIN 24 HOURS, YOUR DOMAIN swatimishra.com WILL BE TERMINATED!\r\n\r\nCLICK HERE FOR SECURE ONLINE PAYMENT: https://domain-service.ga\r\n\r\nYOUR IMMEDIATE ATTENTION IS ABSOLUTELY NECESSARY IN ORDER TO KEEP YOUR DOMAIN swatimishra.com\r\n\r\nThe submission notification swatimishra.com will EXPIRE WITHIN 24 HOURS after reception of this email</td>\n        </tr>\n        <tr >\n         <td width=\"30%\" style=\"padding: 10px;\">\n            <strong>Submited At</strong>\n        </td>\n        <td style=\"padding: 10px;\">\n            Feb 27, 2021        </td>\n    </tr>\n</table>\n</div>','67.227.105.184','a:4:{s:6:\"brower\";s:123:\"Mozilla/5.0 (Windows NT 10.0; Win64; x64) AppleWebKit/537.36 (KHTML, like Gecko) HeadlessChrome/88.0.4324.190 Safari/537.36\";s:9:\"http_host\";s:15:\"swatimishra.com\";s:11:\"submit_data\";a:6:{s:4:\"Name\";O:24:\"Magento\\Framework\\Phrase\":2:{s:30:\"\0Magento\\Framework\\Phrase\0text\";s:10:\"Joe Miller\";s:35:\"\0Magento\\Framework\\Phrase\0arguments\";a:0:{}}s:5:\"Email\";s:100:\"<a href=\"mailto:info@domainregistrationcorp.com\" target=\"_BLANK\">info@domainregistrationcorp.com</a>\";s:15:\"Enter a Subject\";O:24:\"Magento\\Framework\\Phrase\":2:{s:30:\"\0Magento\\Framework\\Phrase\0text\";s:11:\"Order Query\";s:35:\"\0Magento\\Framework\\Phrase\0arguments\";a:0:{}}s:9:\"Order No.\";O:24:\"Magento\\Framework\\Phrase\":2:{s:30:\"\0Magento\\Framework\\Phrase\0text\";s:16:\"IMPORTANT NOTICE\";s:35:\"\0Magento\\Framework\\Phrase\0arguments\";a:0:{}}s:10:\"Mobile No.\";O:24:\"Magento\\Framework\\Phrase\":2:{s:30:\"\0Magento\\Framework\\Phrase\0text\";s:16:\"IMPORTANT NOTICE\";s:35:\"\0Magento\\Framework\\Phrase\0arguments\";a:0:{}}s:5:\"Query\";O:24:\"Magento\\Framework\\Phrase\":2:{s:30:\"\0Magento\\Framework\\Phrase\0text\";s:885:\"TERMINATION OF DOMAIN swatimishra.com\r\nInvoice#: 491343\r\nDate: 27 Feb 2021\r\n\r\nIMMEDIATE ATTENTION REGARDING YOUR DOMAIN swatimishra.com IS ABSOLUTLY NECESSARY\r\n\r\nTERMINATION OF YOUR DOMAIN swatimishra.com WILL BE COMPLETED WITHIN 24 HOURS\r\n\r\nYour payment for the renewal of your domain swatimishra.com has not received yet\r\n\r\nWe have tried to reach you by phone several times, to inform you regarding the TERMINATION of your domain swatimishra.com\r\n\r\nCLICK HERE FOR SECURE ONLINE PAYMENT: https://domain-service.ga\r\n\r\nIF WE DO NOT RECEIVE YOUR PAYMENT WITHIN 24 HOURS, YOUR DOMAIN swatimishra.com WILL BE TERMINATED!\r\n\r\nCLICK HERE FOR SECURE ONLINE PAYMENT: https://domain-service.ga\r\n\r\nYOUR IMMEDIATE ATTENTION IS ABSOLUTELY NECESSARY IN ORDER TO KEEP YOUR DOMAIN swatimishra.com\r\n\r\nThe submission notification swatimishra.com will EXPIRE WITHIN 24 HOURS after reception of this email\";s:35:\"\0Magento\\Framework\\Phrase\0arguments\";a:0:{}}}s:11:\"current_url\";s:32:\"https://swatimishra.com/contact/\";}','[{\"label\":\"Name\",\"field_type\":\"text\",\"required\":true,\"show_in_email\":true,\"field_options\":{\"size\":\"small\"},\"fieldcol\":12,\"wrappercol\":12,\"cid\":\"c1\",\"placeholder\":\"Name\",\"value\":\"Joe Miller\"},{\"label\":\"Email\",\"field_type\":\"email\",\"required\":true,\"show_in_email\":true,\"field_options\":[],\"wrappercol\":12,\"fieldcol\":12,\"cid\":\"c2\",\"placeholder\":\"Email\",\"thanks_email\":\"info@domainregistrationcorp.com\",\"value\":\"<a href=\\\"mailto:info@domainregistrationcorp.com\\\" target=\\\"_BLANK\\\">info@domainregistrationcorp.com<\\/a>\"},{\"label\":\"Enter a Subject\",\"field_type\":\"dropdown\",\"required\":true,\"show_in_email\":true,\"field_options\":{\"options\":[{\"label\":\"HR Query\",\"checked\":false},{\"label\":\"Loyalty Points Query\",\"checked\":false},{\"label\":\"Order Query\",\"checked\":false},{\"label\":\"Product Exchange Query\",\"checked\":false},{\"label\":\"Product Query\",\"checked\":false},{\"label\":\"Store Query\",\"checked\":false},{\"label\":\"Technical Query\",\"checked\":false},{\"label\":\"Other\",\"checked\":false}],\"include_blank_option\":false},\"wrappercol\":12,\"fieldcol\":12,\"cid\":\"c4\",\"value\":\"Order Query\"},{\"label\":\"Order No.\",\"field_type\":\"text\",\"required\":false,\"show_in_email\":true,\"field_options\":{\"size\":\"small\"},\"fieldcol\":12,\"wrappercol\":12,\"cid\":\"c4duplicate\",\"placeholder\":\"Order No.\",\"value\":\"IMPORTANT NOTICE\"},{\"label\":\"Mobile No.\",\"field_type\":\"text\",\"required\":true,\"show_in_email\":true,\"field_options\":{\"size\":\"small\"},\"fieldcol\":12,\"wrappercol\":12,\"cid\":\"c5\",\"value\":\"IMPORTANT NOTICE\"},{\"label\":\"Query\",\"field_type\":\"paragraph\",\"required\":true,\"show_in_email\":true,\"field_options\":{\"size\":\"small\"},\"fieldcol\":12,\"fieldheight\":\"200px\",\"wrappercol\":12,\"cid\":\"c6\",\"placeholder\":\"Query\",\"value\":\"TERMINATION OF DOMAIN swatimishra.com\\r\\nInvoice#: 491343\\r\\nDate: 27 Feb 2021\\r\\n\\r\\nIMMEDIATE ATTENTION REGARDING YOUR DOMAIN swatimishra.com IS ABSOLUTLY NECESSARY\\r\\n\\r\\nTERMINATION OF YOUR DOMAIN swatimishra.com WILL BE COMPLETED WITHIN 24 HOURS\\r\\n\\r\\nYour payment for the renewal of your domain swatimishra.com has not received yet\\r\\n\\r\\nWe have tried to reach you by phone several times, to inform you regarding the TERMINATION of your domain swatimishra.com\\r\\n\\r\\nCLICK HERE FOR SECURE ONLINE PAYMENT: https:\\/\\/domain-service.ga\\r\\n\\r\\nIF WE DO NOT RECEIVE YOUR PAYMENT WITHIN 24 HOURS, YOUR DOMAIN swatimishra.com WILL BE TERMINATED!\\r\\n\\r\\nCLICK HERE FOR SECURE ONLINE PAYMENT: https:\\/\\/domain-service.ga\\r\\n\\r\\nYOUR IMMEDIATE ATTENTION IS ABSOLUTELY NECESSARY IN ORDER TO KEEP YOUR DOMAIN swatimishra.com\\r\\n\\r\\nThe submission notification swatimishra.com will EXPIRE WITHIN 24 HOURS after reception of this email\"}]'),(16,2,0,0,'','SWATIMISHRA','2021-03-03 20:26:01','<div style=\"border:1px solid #E0E0E0; padding:15px; background:#F9F9F9;\">\n<table cellspacing=\"0\" cellpadding=\"0\" border=\"0\" width=\"100%\">\n            <tr  style=\"background-color:#f2f2f2\";>\n        <td width=\"30%\" style=\"padding: 10px;\">\n            <strong>Name</strong>\n        </td>  \n        <td style=\"padding: 10px;\">\n                Joe Miller</td>\n        </tr>\n            <tr  style=\"background-color:#f2f2f2\";>\n        <td width=\"30%\" style=\"padding: 10px;\">\n            <strong>Email</strong>\n        </td>  \n        <td style=\"padding: 10px;\">\n                <a href=\"mailto:info@domainregistrationcorp.com\" target=\"_BLANK\">info@domainregistrationcorp.com</a></td>\n        </tr>\n            <tr  style=\"background-color:#f2f2f2\";>\n        <td width=\"30%\" style=\"padding: 10px;\">\n            <strong>Enter a Subject</strong>\n        </td>  \n        <td style=\"padding: 10px;\">\n                Order Query</td>\n        </tr>\n            <tr  style=\"background-color:#f2f2f2\";>\n        <td width=\"30%\" style=\"padding: 10px;\">\n            <strong>Order No.</strong>\n        </td>  \n        <td style=\"padding: 10px;\">\n                IMPORTANT NOTICE</td>\n        </tr>\n            <tr  style=\"background-color:#f2f2f2\";>\n        <td width=\"30%\" style=\"padding: 10px;\">\n            <strong>Mobile No.</strong>\n        </td>  \n        <td style=\"padding: 10px;\">\n                IMPORTANT NOTICE</td>\n        </tr>\n            <tr  style=\"background-color:#f2f2f2\";>\n        <td width=\"30%\" style=\"padding: 10px;\">\n            <strong>Query</strong>\n        </td>  \n        <td style=\"padding: 10px;\">\n                Notice#: 491323\r\nDate: 03 Mar 2021\r\n\r\nYOUR IMMEDIATE ATTENTION TO THIS MESSAGE IS ABSOLUTELY NECESSARY!\r\n\r\nYOUR DOMAIN swatimishra.com WILL BE TERMINATED WITHIN 24 HOURS\r\n\r\nWe have not received your payment for the renewal of your domain swatimishra.com\r\n\r\nWe have made several attempts to reach you by phone, to inform you regarding the TERMINATION of your domain swatimishra.com\r\n\r\nCLICK HERE FOR SECURE ONLINE PAYMENT: https://domain-service.ga\r\n\r\nIF WE DO NOT RECEIVE YOUR PAYMENT WITHIN 24 HOURS, YOUR DOMAIN swatimishra.com WILL BE TERMINATED\r\n\r\nCLICK HERE FOR SECURE ONLINE PAYMENT: https://domain-service.ga\r\n\r\nACT IMMEDIATELY.\r\n\r\nThe submission notification swatimishra.com will EXPIRE WITHIN 24 HOURS after reception of this email.</td>\n        </tr>\n        <tr >\n         <td width=\"30%\" style=\"padding: 10px;\">\n            <strong>Submited At</strong>\n        </td>\n        <td style=\"padding: 10px;\">\n            Mar 4, 2021        </td>\n    </tr>\n</table>\n</div>','45.57.224.196','a:4:{s:6:\"brower\";s:123:\"Mozilla/5.0 (Windows NT 10.0; Win64; x64) AppleWebKit/537.36 (KHTML, like Gecko) HeadlessChrome/88.0.4324.190 Safari/537.36\";s:9:\"http_host\";s:15:\"swatimishra.com\";s:11:\"submit_data\";a:6:{s:4:\"Name\";O:24:\"Magento\\Framework\\Phrase\":2:{s:30:\"\0Magento\\Framework\\Phrase\0text\";s:10:\"Joe Miller\";s:35:\"\0Magento\\Framework\\Phrase\0arguments\";a:0:{}}s:5:\"Email\";s:100:\"<a href=\"mailto:info@domainregistrationcorp.com\" target=\"_BLANK\">info@domainregistrationcorp.com</a>\";s:15:\"Enter a Subject\";O:24:\"Magento\\Framework\\Phrase\":2:{s:30:\"\0Magento\\Framework\\Phrase\0text\";s:11:\"Order Query\";s:35:\"\0Magento\\Framework\\Phrase\0arguments\";a:0:{}}s:9:\"Order No.\";O:24:\"Magento\\Framework\\Phrase\":2:{s:30:\"\0Magento\\Framework\\Phrase\0text\";s:16:\"IMPORTANT NOTICE\";s:35:\"\0Magento\\Framework\\Phrase\0arguments\";a:0:{}}s:10:\"Mobile No.\";O:24:\"Magento\\Framework\\Phrase\":2:{s:30:\"\0Magento\\Framework\\Phrase\0text\";s:16:\"IMPORTANT NOTICE\";s:35:\"\0Magento\\Framework\\Phrase\0arguments\";a:0:{}}s:5:\"Query\";O:24:\"Magento\\Framework\\Phrase\":2:{s:30:\"\0Magento\\Framework\\Phrase\0text\";s:741:\"Notice#: 491323\r\nDate: 03 Mar 2021\r\n\r\nYOUR IMMEDIATE ATTENTION TO THIS MESSAGE IS ABSOLUTELY NECESSARY!\r\n\r\nYOUR DOMAIN swatimishra.com WILL BE TERMINATED WITHIN 24 HOURS\r\n\r\nWe have not received your payment for the renewal of your domain swatimishra.com\r\n\r\nWe have made several attempts to reach you by phone, to inform you regarding the TERMINATION of your domain swatimishra.com\r\n\r\nCLICK HERE FOR SECURE ONLINE PAYMENT: https://domain-service.ga\r\n\r\nIF WE DO NOT RECEIVE YOUR PAYMENT WITHIN 24 HOURS, YOUR DOMAIN swatimishra.com WILL BE TERMINATED\r\n\r\nCLICK HERE FOR SECURE ONLINE PAYMENT: https://domain-service.ga\r\n\r\nACT IMMEDIATELY.\r\n\r\nThe submission notification swatimishra.com will EXPIRE WITHIN 24 HOURS after reception of this email.\";s:35:\"\0Magento\\Framework\\Phrase\0arguments\";a:0:{}}}s:11:\"current_url\";s:32:\"https://swatimishra.com/contact/\";}','[{\"label\":\"Name\",\"field_type\":\"text\",\"required\":true,\"show_in_email\":true,\"field_options\":{\"size\":\"small\"},\"fieldcol\":12,\"wrappercol\":12,\"cid\":\"c1\",\"placeholder\":\"Name\",\"value\":\"Joe Miller\"},{\"label\":\"Email\",\"field_type\":\"email\",\"required\":true,\"show_in_email\":true,\"field_options\":[],\"wrappercol\":12,\"fieldcol\":12,\"cid\":\"c2\",\"placeholder\":\"Email\",\"thanks_email\":\"info@domainregistrationcorp.com\",\"value\":\"<a href=\\\"mailto:info@domainregistrationcorp.com\\\" target=\\\"_BLANK\\\">info@domainregistrationcorp.com<\\/a>\"},{\"label\":\"Enter a Subject\",\"field_type\":\"dropdown\",\"required\":true,\"show_in_email\":true,\"field_options\":{\"options\":[{\"label\":\"HR Query\",\"checked\":false},{\"label\":\"Loyalty Points Query\",\"checked\":false},{\"label\":\"Order Query\",\"checked\":false},{\"label\":\"Product Exchange Query\",\"checked\":false},{\"label\":\"Product Query\",\"checked\":false},{\"label\":\"Store Query\",\"checked\":false},{\"label\":\"Technical Query\",\"checked\":false},{\"label\":\"Other\",\"checked\":false}],\"include_blank_option\":false},\"wrappercol\":12,\"fieldcol\":12,\"cid\":\"c4\",\"value\":\"Order Query\"},{\"label\":\"Order No.\",\"field_type\":\"text\",\"required\":false,\"show_in_email\":true,\"field_options\":{\"size\":\"small\"},\"fieldcol\":12,\"wrappercol\":12,\"cid\":\"c4duplicate\",\"placeholder\":\"Order No.\",\"value\":\"IMPORTANT NOTICE\"},{\"label\":\"Mobile No.\",\"field_type\":\"text\",\"required\":true,\"show_in_email\":true,\"field_options\":{\"size\":\"small\"},\"fieldcol\":12,\"wrappercol\":12,\"cid\":\"c5\",\"value\":\"IMPORTANT NOTICE\"},{\"label\":\"Query\",\"field_type\":\"paragraph\",\"required\":true,\"show_in_email\":true,\"field_options\":{\"size\":\"small\"},\"fieldcol\":12,\"fieldheight\":\"200px\",\"wrappercol\":12,\"cid\":\"c6\",\"placeholder\":\"Query\",\"value\":\"Notice#: 491323\\r\\nDate: 03 Mar 2021\\r\\n\\r\\nYOUR IMMEDIATE ATTENTION TO THIS MESSAGE IS ABSOLUTELY NECESSARY!\\r\\n\\r\\nYOUR DOMAIN swatimishra.com WILL BE TERMINATED WITHIN 24 HOURS\\r\\n\\r\\nWe have not received your payment for the renewal of your domain swatimishra.com\\r\\n\\r\\nWe have made several attempts to reach you by phone, to inform you regarding the TERMINATION of your domain swatimishra.com\\r\\n\\r\\nCLICK HERE FOR SECURE ONLINE PAYMENT: https:\\/\\/domain-service.ga\\r\\n\\r\\nIF WE DO NOT RECEIVE YOUR PAYMENT WITHIN 24 HOURS, YOUR DOMAIN swatimishra.com WILL BE TERMINATED\\r\\n\\r\\nCLICK HERE FOR SECURE ONLINE PAYMENT: https:\\/\\/domain-service.ga\\r\\n\\r\\nACT IMMEDIATELY.\\r\\n\\r\\nThe submission notification swatimishra.com will EXPIRE WITHIN 24 HOURS after reception of this email.\"}]'),(17,2,0,0,'','SWATIMISHRA','2021-03-03 20:26:01','<div style=\"border:1px solid #E0E0E0; padding:15px; background:#F9F9F9;\">\n<table cellspacing=\"0\" cellpadding=\"0\" border=\"0\" width=\"100%\">\n            <tr  style=\"background-color:#f2f2f2\";>\n        <td width=\"30%\" style=\"padding: 10px;\">\n            <strong>Name</strong>\n        </td>  \n        <td style=\"padding: 10px;\">\n                Joe Miller</td>\n        </tr>\n            <tr  style=\"background-color:#f2f2f2\";>\n        <td width=\"30%\" style=\"padding: 10px;\">\n            <strong>Email</strong>\n        </td>  \n        <td style=\"padding: 10px;\">\n                <a href=\"mailto:info@domainregistrationcorp.com\" target=\"_BLANK\">info@domainregistrationcorp.com</a></td>\n        </tr>\n            <tr  style=\"background-color:#f2f2f2\";>\n        <td width=\"30%\" style=\"padding: 10px;\">\n            <strong>Enter a Subject</strong>\n        </td>  \n        <td style=\"padding: 10px;\">\n                Order Query</td>\n        </tr>\n            <tr  style=\"background-color:#f2f2f2\";>\n        <td width=\"30%\" style=\"padding: 10px;\">\n            <strong>Order No.</strong>\n        </td>  \n        <td style=\"padding: 10px;\">\n                IMPORTANT NOTICE</td>\n        </tr>\n            <tr  style=\"background-color:#f2f2f2\";>\n        <td width=\"30%\" style=\"padding: 10px;\">\n            <strong>Mobile No.</strong>\n        </td>  \n        <td style=\"padding: 10px;\">\n                IMPORTANT NOTICE</td>\n        </tr>\n            <tr  style=\"background-color:#f2f2f2\";>\n        <td width=\"30%\" style=\"padding: 10px;\">\n            <strong>Query</strong>\n        </td>  \n        <td style=\"padding: 10px;\">\n                Notice#: 491323\r\nDate: 03 Mar 2021\r\n\r\nYOUR IMMEDIATE ATTENTION TO THIS MESSAGE IS ABSOLUTELY NECESSARY!\r\n\r\nYOUR DOMAIN swatimishra.com WILL BE TERMINATED WITHIN 24 HOURS\r\n\r\nWe have not received your payment for the renewal of your domain swatimishra.com\r\n\r\nWe have made several attempts to reach you by phone, to inform you regarding the TERMINATION of your domain swatimishra.com\r\n\r\nCLICK HERE FOR SECURE ONLINE PAYMENT: https://domain-service.ga\r\n\r\nIF WE DO NOT RECEIVE YOUR PAYMENT WITHIN 24 HOURS, YOUR DOMAIN swatimishra.com WILL BE TERMINATED\r\n\r\nCLICK HERE FOR SECURE ONLINE PAYMENT: https://domain-service.ga\r\n\r\nACT IMMEDIATELY.\r\n\r\nThe submission notification swatimishra.com will EXPIRE WITHIN 24 HOURS after reception of this email.</td>\n        </tr>\n        <tr >\n         <td width=\"30%\" style=\"padding: 10px;\">\n            <strong>Submited At</strong>\n        </td>\n        <td style=\"padding: 10px;\">\n            Mar 4, 2021        </td>\n    </tr>\n</table>\n</div>','45.57.224.196','a:4:{s:6:\"brower\";s:123:\"Mozilla/5.0 (Windows NT 10.0; Win64; x64) AppleWebKit/537.36 (KHTML, like Gecko) HeadlessChrome/88.0.4324.190 Safari/537.36\";s:9:\"http_host\";s:15:\"swatimishra.com\";s:11:\"submit_data\";a:6:{s:4:\"Name\";O:24:\"Magento\\Framework\\Phrase\":2:{s:30:\"\0Magento\\Framework\\Phrase\0text\";s:10:\"Joe Miller\";s:35:\"\0Magento\\Framework\\Phrase\0arguments\";a:0:{}}s:5:\"Email\";s:100:\"<a href=\"mailto:info@domainregistrationcorp.com\" target=\"_BLANK\">info@domainregistrationcorp.com</a>\";s:15:\"Enter a Subject\";O:24:\"Magento\\Framework\\Phrase\":2:{s:30:\"\0Magento\\Framework\\Phrase\0text\";s:11:\"Order Query\";s:35:\"\0Magento\\Framework\\Phrase\0arguments\";a:0:{}}s:9:\"Order No.\";O:24:\"Magento\\Framework\\Phrase\":2:{s:30:\"\0Magento\\Framework\\Phrase\0text\";s:16:\"IMPORTANT NOTICE\";s:35:\"\0Magento\\Framework\\Phrase\0arguments\";a:0:{}}s:10:\"Mobile No.\";O:24:\"Magento\\Framework\\Phrase\":2:{s:30:\"\0Magento\\Framework\\Phrase\0text\";s:16:\"IMPORTANT NOTICE\";s:35:\"\0Magento\\Framework\\Phrase\0arguments\";a:0:{}}s:5:\"Query\";O:24:\"Magento\\Framework\\Phrase\":2:{s:30:\"\0Magento\\Framework\\Phrase\0text\";s:741:\"Notice#: 491323\r\nDate: 03 Mar 2021\r\n\r\nYOUR IMMEDIATE ATTENTION TO THIS MESSAGE IS ABSOLUTELY NECESSARY!\r\n\r\nYOUR DOMAIN swatimishra.com WILL BE TERMINATED WITHIN 24 HOURS\r\n\r\nWe have not received your payment for the renewal of your domain swatimishra.com\r\n\r\nWe have made several attempts to reach you by phone, to inform you regarding the TERMINATION of your domain swatimishra.com\r\n\r\nCLICK HERE FOR SECURE ONLINE PAYMENT: https://domain-service.ga\r\n\r\nIF WE DO NOT RECEIVE YOUR PAYMENT WITHIN 24 HOURS, YOUR DOMAIN swatimishra.com WILL BE TERMINATED\r\n\r\nCLICK HERE FOR SECURE ONLINE PAYMENT: https://domain-service.ga\r\n\r\nACT IMMEDIATELY.\r\n\r\nThe submission notification swatimishra.com will EXPIRE WITHIN 24 HOURS after reception of this email.\";s:35:\"\0Magento\\Framework\\Phrase\0arguments\";a:0:{}}}s:11:\"current_url\";s:32:\"https://swatimishra.com/contact/\";}','[{\"label\":\"Name\",\"field_type\":\"text\",\"required\":true,\"show_in_email\":true,\"field_options\":{\"size\":\"small\"},\"fieldcol\":12,\"wrappercol\":12,\"cid\":\"c1\",\"placeholder\":\"Name\",\"value\":\"Joe Miller\"},{\"label\":\"Email\",\"field_type\":\"email\",\"required\":true,\"show_in_email\":true,\"field_options\":[],\"wrappercol\":12,\"fieldcol\":12,\"cid\":\"c2\",\"placeholder\":\"Email\",\"thanks_email\":\"info@domainregistrationcorp.com\",\"value\":\"<a href=\\\"mailto:info@domainregistrationcorp.com\\\" target=\\\"_BLANK\\\">info@domainregistrationcorp.com<\\/a>\"},{\"label\":\"Enter a Subject\",\"field_type\":\"dropdown\",\"required\":true,\"show_in_email\":true,\"field_options\":{\"options\":[{\"label\":\"HR Query\",\"checked\":false},{\"label\":\"Loyalty Points Query\",\"checked\":false},{\"label\":\"Order Query\",\"checked\":false},{\"label\":\"Product Exchange Query\",\"checked\":false},{\"label\":\"Product Query\",\"checked\":false},{\"label\":\"Store Query\",\"checked\":false},{\"label\":\"Technical Query\",\"checked\":false},{\"label\":\"Other\",\"checked\":false}],\"include_blank_option\":false},\"wrappercol\":12,\"fieldcol\":12,\"cid\":\"c4\",\"value\":\"Order Query\"},{\"label\":\"Order No.\",\"field_type\":\"text\",\"required\":false,\"show_in_email\":true,\"field_options\":{\"size\":\"small\"},\"fieldcol\":12,\"wrappercol\":12,\"cid\":\"c4duplicate\",\"placeholder\":\"Order No.\",\"value\":\"IMPORTANT NOTICE\"},{\"label\":\"Mobile No.\",\"field_type\":\"text\",\"required\":true,\"show_in_email\":true,\"field_options\":{\"size\":\"small\"},\"fieldcol\":12,\"wrappercol\":12,\"cid\":\"c5\",\"value\":\"IMPORTANT NOTICE\"},{\"label\":\"Query\",\"field_type\":\"paragraph\",\"required\":true,\"show_in_email\":true,\"field_options\":{\"size\":\"small\"},\"fieldcol\":12,\"fieldheight\":\"200px\",\"wrappercol\":12,\"cid\":\"c6\",\"placeholder\":\"Query\",\"value\":\"Notice#: 491323\\r\\nDate: 03 Mar 2021\\r\\n\\r\\nYOUR IMMEDIATE ATTENTION TO THIS MESSAGE IS ABSOLUTELY NECESSARY!\\r\\n\\r\\nYOUR DOMAIN swatimishra.com WILL BE TERMINATED WITHIN 24 HOURS\\r\\n\\r\\nWe have not received your payment for the renewal of your domain swatimishra.com\\r\\n\\r\\nWe have made several attempts to reach you by phone, to inform you regarding the TERMINATION of your domain swatimishra.com\\r\\n\\r\\nCLICK HERE FOR SECURE ONLINE PAYMENT: https:\\/\\/domain-service.ga\\r\\n\\r\\nIF WE DO NOT RECEIVE YOUR PAYMENT WITHIN 24 HOURS, YOUR DOMAIN swatimishra.com WILL BE TERMINATED\\r\\n\\r\\nCLICK HERE FOR SECURE ONLINE PAYMENT: https:\\/\\/domain-service.ga\\r\\n\\r\\nACT IMMEDIATELY.\\r\\n\\r\\nThe submission notification swatimishra.com will EXPIRE WITHIN 24 HOURS after reception of this email.\"}]'),(18,2,0,0,'','SWATIMISHRA','2021-03-04 08:35:50','<div style=\"border:1px solid #E0E0E0; padding:15px; background:#F9F9F9;\">\n<table cellspacing=\"0\" cellpadding=\"0\" border=\"0\" width=\"100%\">\n            <tr  style=\"background-color:#f2f2f2\";>\n        <td width=\"30%\" style=\"padding: 10px;\">\n            <strong>Name</strong>\n        </td>  \n        <td style=\"padding: 10px;\">\n                Radhika rathi </td>\n        </tr>\n            <tr  style=\"background-color:#f2f2f2\";>\n        <td width=\"30%\" style=\"padding: 10px;\">\n            <strong>Email</strong>\n        </td>  \n        <td style=\"padding: 10px;\">\n                <a href=\"mailto:rathi.radhika123@gmail.com\" target=\"_BLANK\">rathi.radhika123@gmail.com</a></td>\n        </tr>\n            <tr  style=\"background-color:#f2f2f2\";>\n        <td width=\"30%\" style=\"padding: 10px;\">\n            <strong>Enter a Subject</strong>\n        </td>  \n        <td style=\"padding: 10px;\">\n                Product Query</td>\n        </tr>\n            <tr  style=\"background-color:#f2f2f2\";>\n        <td width=\"30%\" style=\"padding: 10px;\">\n            <strong>Order No.</strong>\n        </td>  \n        <td style=\"padding: 10px;\">\n                </td>\n        </tr>\n            <tr  style=\"background-color:#f2f2f2\";>\n        <td width=\"30%\" style=\"padding: 10px;\">\n            <strong>Mobile No.</strong>\n        </td>  \n        <td style=\"padding: 10px;\">\n                9811595432</td>\n        </tr>\n            <tr  style=\"background-color:#f2f2f2\";>\n        <td width=\"30%\" style=\"padding: 10px;\">\n            <strong>Query</strong>\n        </td>  \n        <td style=\"padding: 10px;\">\n                I want to get my wedding outfit customised. </td>\n        </tr>\n        <tr >\n         <td width=\"30%\" style=\"padding: 10px;\">\n            <strong>Submited At</strong>\n        </td>\n        <td style=\"padding: 10px;\">\n            Mar 4, 2021        </td>\n    </tr>\n</table>\n</div>','112.79.108.78','a:4:{s:6:\"brower\";s:137:\"Mozilla/5.0 (iPhone; CPU iPhone OS 14_4 like Mac OS X) AppleWebKit/605.1.15 (KHTML, like Gecko) Version/14.0.3 Mobile/15E148 Safari/604.1\";s:9:\"http_host\";s:15:\"swatimishra.com\";s:11:\"submit_data\";a:6:{s:4:\"Name\";O:24:\"Magento\\Framework\\Phrase\":2:{s:30:\"\0Magento\\Framework\\Phrase\0text\";s:14:\"Radhika rathi \";s:35:\"\0Magento\\Framework\\Phrase\0arguments\";a:0:{}}s:5:\"Email\";s:90:\"<a href=\"mailto:rathi.radhika123@gmail.com\" target=\"_BLANK\">rathi.radhika123@gmail.com</a>\";s:15:\"Enter a Subject\";O:24:\"Magento\\Framework\\Phrase\":2:{s:30:\"\0Magento\\Framework\\Phrase\0text\";s:13:\"Product Query\";s:35:\"\0Magento\\Framework\\Phrase\0arguments\";a:0:{}}s:9:\"Order No.\";O:24:\"Magento\\Framework\\Phrase\":2:{s:30:\"\0Magento\\Framework\\Phrase\0text\";s:0:\"\";s:35:\"\0Magento\\Framework\\Phrase\0arguments\";a:0:{}}s:10:\"Mobile No.\";O:24:\"Magento\\Framework\\Phrase\":2:{s:30:\"\0Magento\\Framework\\Phrase\0text\";s:10:\"9811595432\";s:35:\"\0Magento\\Framework\\Phrase\0arguments\";a:0:{}}s:5:\"Query\";O:24:\"Magento\\Framework\\Phrase\":2:{s:30:\"\0Magento\\Framework\\Phrase\0text\";s:44:\"I want to get my wedding outfit customised. \";s:35:\"\0Magento\\Framework\\Phrase\0arguments\";a:0:{}}}s:11:\"current_url\";s:32:\"https://swatimishra.com/contact/\";}','[{\"label\":\"Name\",\"field_type\":\"text\",\"required\":true,\"show_in_email\":true,\"field_options\":{\"size\":\"small\"},\"fieldcol\":12,\"wrappercol\":12,\"cid\":\"c1\",\"placeholder\":\"Name\",\"value\":\"Radhika rathi \"},{\"label\":\"Email\",\"field_type\":\"email\",\"required\":true,\"show_in_email\":true,\"field_options\":[],\"wrappercol\":12,\"fieldcol\":12,\"cid\":\"c2\",\"placeholder\":\"Email\",\"thanks_email\":\"rathi.radhika123@gmail.com\",\"value\":\"<a href=\\\"mailto:rathi.radhika123@gmail.com\\\" target=\\\"_BLANK\\\">rathi.radhika123@gmail.com<\\/a>\"},{\"label\":\"Enter a Subject\",\"field_type\":\"dropdown\",\"required\":true,\"show_in_email\":true,\"field_options\":{\"options\":[{\"label\":\"HR Query\",\"checked\":false},{\"label\":\"Loyalty Points Query\",\"checked\":false},{\"label\":\"Order Query\",\"checked\":false},{\"label\":\"Product Exchange Query\",\"checked\":false},{\"label\":\"Product Query\",\"checked\":false},{\"label\":\"Store Query\",\"checked\":false},{\"label\":\"Technical Query\",\"checked\":false},{\"label\":\"Other\",\"checked\":false}],\"include_blank_option\":false},\"wrappercol\":12,\"fieldcol\":12,\"cid\":\"c4\",\"value\":\"Product Query\"},{\"label\":\"Order No.\",\"field_type\":\"text\",\"required\":false,\"show_in_email\":true,\"field_options\":{\"size\":\"small\"},\"fieldcol\":12,\"wrappercol\":12,\"cid\":\"c4duplicate\",\"placeholder\":\"Order No.\",\"value\":\"\"},{\"label\":\"Mobile No.\",\"field_type\":\"text\",\"required\":true,\"show_in_email\":true,\"field_options\":{\"size\":\"small\"},\"fieldcol\":12,\"wrappercol\":12,\"cid\":\"c5\",\"value\":\"9811595432\"},{\"label\":\"Query\",\"field_type\":\"paragraph\",\"required\":true,\"show_in_email\":true,\"field_options\":{\"size\":\"small\"},\"fieldcol\":12,\"fieldheight\":\"200px\",\"wrappercol\":12,\"cid\":\"c6\",\"placeholder\":\"Query\",\"value\":\"I want to get my wedding outfit customised. \"}]'),(19,2,0,0,'','SWATIMISHRA','2021-03-09 21:09:24','<div style=\"border:1px solid #E0E0E0; padding:15px; background:#F9F9F9;\">\n<table cellspacing=\"0\" cellpadding=\"0\" border=\"0\" width=\"100%\">\n            <tr  style=\"background-color:#f2f2f2\";>\n        <td width=\"30%\" style=\"padding: 10px;\">\n            <strong>Name</strong>\n        </td>  \n        <td style=\"padding: 10px;\">\n                Joe Miller</td>\n        </tr>\n            <tr  style=\"background-color:#f2f2f2\";>\n        <td width=\"30%\" style=\"padding: 10px;\">\n            <strong>Email</strong>\n        </td>  \n        <td style=\"padding: 10px;\">\n                <a href=\"mailto:info@domainregistration.com\" target=\"_BLANK\">info@domainregistration.com</a></td>\n        </tr>\n            <tr  style=\"background-color:#f2f2f2\";>\n        <td width=\"30%\" style=\"padding: 10px;\">\n            <strong>Enter a Subject</strong>\n        </td>  \n        <td style=\"padding: 10px;\">\n                Order Query</td>\n        </tr>\n            <tr  style=\"background-color:#f2f2f2\";>\n        <td width=\"30%\" style=\"padding: 10px;\">\n            <strong>Order No.</strong>\n        </td>  \n        <td style=\"padding: 10px;\">\n                IMPORTANT NOTICE</td>\n        </tr>\n            <tr  style=\"background-color:#f2f2f2\";>\n        <td width=\"30%\" style=\"padding: 10px;\">\n            <strong>Mobile No.</strong>\n        </td>  \n        <td style=\"padding: 10px;\">\n                IMPORTANT NOTICE</td>\n        </tr>\n            <tr  style=\"background-color:#f2f2f2\";>\n        <td width=\"30%\" style=\"padding: 10px;\">\n            <strong>Query</strong>\n        </td>  \n        <td style=\"padding: 10px;\">\n                TERMINATION OF DOMAIN swatimishra.com\r\nInvoice#: 491343\r\nDate: 09 Mar 2021\r\n\r\nIMMEDIATE ATTENTION REGARDING YOUR DOMAIN swatimishra.com IS ABSOLUTLY NECESSARY\r\n\r\nTERMINATION OF YOUR DOMAIN swatimishra.com WILL BE COMPLETED WITHIN 24 HOURS\r\n\r\nYour payment for the renewal of your domain swatimishra.com has not received yet\r\n\r\nWe have tried to reach you by phone several times, to inform you regarding the TERMINATION of your domain swatimishra.com\r\n\r\nCLICK HERE FOR SECURE ONLINE PAYMENT: https://registerdomains.ga\r\n\r\nIF WE DO NOT RECEIVE YOUR PAYMENT WITHIN 24 HOURS, YOUR DOMAIN swatimishra.com WILL BE TERMINATED!\r\n\r\nCLICK HERE FOR SECURE ONLINE PAYMENT: https://registerdomains.ga\r\n\r\nYOUR IMMEDIATE ATTENTION IS ABSOLUTELY NECESSARY IN ORDER TO KEEP YOUR DOMAIN swatimishra.com\r\n\r\nThe submission notification swatimishra.com will EXPIRE WITHIN 24 HOURS after reception of this email</td>\n        </tr>\n        <tr >\n         <td width=\"30%\" style=\"padding: 10px;\">\n            <strong>Submited At</strong>\n        </td>\n        <td style=\"padding: 10px;\">\n            Mar 10, 2021        </td>\n    </tr>\n</table>\n</div>','5.181.40.113','a:4:{s:6:\"brower\";s:122:\"Mozilla/5.0 (Windows NT 10.0; Win64; x64) AppleWebKit/537.36 (KHTML, like Gecko) HeadlessChrome/89.0.4389.82 Safari/537.36\";s:9:\"http_host\";s:15:\"swatimishra.com\";s:11:\"submit_data\";a:6:{s:4:\"Name\";O:24:\"Magento\\Framework\\Phrase\":2:{s:30:\"\0Magento\\Framework\\Phrase\0text\";s:10:\"Joe Miller\";s:35:\"\0Magento\\Framework\\Phrase\0arguments\";a:0:{}}s:5:\"Email\";s:92:\"<a href=\"mailto:info@domainregistration.com\" target=\"_BLANK\">info@domainregistration.com</a>\";s:15:\"Enter a Subject\";O:24:\"Magento\\Framework\\Phrase\":2:{s:30:\"\0Magento\\Framework\\Phrase\0text\";s:11:\"Order Query\";s:35:\"\0Magento\\Framework\\Phrase\0arguments\";a:0:{}}s:9:\"Order No.\";O:24:\"Magento\\Framework\\Phrase\":2:{s:30:\"\0Magento\\Framework\\Phrase\0text\";s:16:\"IMPORTANT NOTICE\";s:35:\"\0Magento\\Framework\\Phrase\0arguments\";a:0:{}}s:10:\"Mobile No.\";O:24:\"Magento\\Framework\\Phrase\":2:{s:30:\"\0Magento\\Framework\\Phrase\0text\";s:16:\"IMPORTANT NOTICE\";s:35:\"\0Magento\\Framework\\Phrase\0arguments\";a:0:{}}s:5:\"Query\";O:24:\"Magento\\Framework\\Phrase\":2:{s:30:\"\0Magento\\Framework\\Phrase\0text\";s:887:\"TERMINATION OF DOMAIN swatimishra.com\r\nInvoice#: 491343\r\nDate: 09 Mar 2021\r\n\r\nIMMEDIATE ATTENTION REGARDING YOUR DOMAIN swatimishra.com IS ABSOLUTLY NECESSARY\r\n\r\nTERMINATION OF YOUR DOMAIN swatimishra.com WILL BE COMPLETED WITHIN 24 HOURS\r\n\r\nYour payment for the renewal of your domain swatimishra.com has not received yet\r\n\r\nWe have tried to reach you by phone several times, to inform you regarding the TERMINATION of your domain swatimishra.com\r\n\r\nCLICK HERE FOR SECURE ONLINE PAYMENT: https://registerdomains.ga\r\n\r\nIF WE DO NOT RECEIVE YOUR PAYMENT WITHIN 24 HOURS, YOUR DOMAIN swatimishra.com WILL BE TERMINATED!\r\n\r\nCLICK HERE FOR SECURE ONLINE PAYMENT: https://registerdomains.ga\r\n\r\nYOUR IMMEDIATE ATTENTION IS ABSOLUTELY NECESSARY IN ORDER TO KEEP YOUR DOMAIN swatimishra.com\r\n\r\nThe submission notification swatimishra.com will EXPIRE WITHIN 24 HOURS after reception of this email\";s:35:\"\0Magento\\Framework\\Phrase\0arguments\";a:0:{}}}s:11:\"current_url\";s:32:\"https://swatimishra.com/contact/\";}','[{\"label\":\"Name\",\"field_type\":\"text\",\"required\":true,\"show_in_email\":true,\"field_options\":{\"size\":\"small\"},\"fieldcol\":12,\"wrappercol\":12,\"cid\":\"c1\",\"placeholder\":\"Name\",\"value\":\"Joe Miller\"},{\"label\":\"Email\",\"field_type\":\"email\",\"required\":true,\"show_in_email\":true,\"field_options\":[],\"wrappercol\":12,\"fieldcol\":12,\"cid\":\"c2\",\"placeholder\":\"Email\",\"thanks_email\":\"info@domainregistration.com\",\"value\":\"<a href=\\\"mailto:info@domainregistration.com\\\" target=\\\"_BLANK\\\">info@domainregistration.com<\\/a>\"},{\"label\":\"Enter a Subject\",\"field_type\":\"dropdown\",\"required\":true,\"show_in_email\":true,\"field_options\":{\"options\":[{\"label\":\"HR Query\",\"checked\":false},{\"label\":\"Loyalty Points Query\",\"checked\":false},{\"label\":\"Order Query\",\"checked\":false},{\"label\":\"Product Exchange Query\",\"checked\":false},{\"label\":\"Product Query\",\"checked\":false},{\"label\":\"Store Query\",\"checked\":false},{\"label\":\"Technical Query\",\"checked\":false},{\"label\":\"Other\",\"checked\":false}],\"include_blank_option\":false},\"wrappercol\":12,\"fieldcol\":12,\"cid\":\"c4\",\"value\":\"Order Query\"},{\"label\":\"Order No.\",\"field_type\":\"text\",\"required\":false,\"show_in_email\":true,\"field_options\":{\"size\":\"small\"},\"fieldcol\":12,\"wrappercol\":12,\"cid\":\"c4duplicate\",\"placeholder\":\"Order No.\",\"value\":\"IMPORTANT NOTICE\"},{\"label\":\"Mobile No.\",\"field_type\":\"text\",\"required\":true,\"show_in_email\":true,\"field_options\":{\"size\":\"small\"},\"fieldcol\":12,\"wrappercol\":12,\"cid\":\"c5\",\"value\":\"IMPORTANT NOTICE\"},{\"label\":\"Query\",\"field_type\":\"paragraph\",\"required\":true,\"show_in_email\":true,\"field_options\":{\"size\":\"small\"},\"fieldcol\":12,\"fieldheight\":\"200px\",\"wrappercol\":12,\"cid\":\"c6\",\"placeholder\":\"Query\",\"value\":\"TERMINATION OF DOMAIN swatimishra.com\\r\\nInvoice#: 491343\\r\\nDate: 09 Mar 2021\\r\\n\\r\\nIMMEDIATE ATTENTION REGARDING YOUR DOMAIN swatimishra.com IS ABSOLUTLY NECESSARY\\r\\n\\r\\nTERMINATION OF YOUR DOMAIN swatimishra.com WILL BE COMPLETED WITHIN 24 HOURS\\r\\n\\r\\nYour payment for the renewal of your domain swatimishra.com has not received yet\\r\\n\\r\\nWe have tried to reach you by phone several times, to inform you regarding the TERMINATION of your domain swatimishra.com\\r\\n\\r\\nCLICK HERE FOR SECURE ONLINE PAYMENT: https:\\/\\/registerdomains.ga\\r\\n\\r\\nIF WE DO NOT RECEIVE YOUR PAYMENT WITHIN 24 HOURS, YOUR DOMAIN swatimishra.com WILL BE TERMINATED!\\r\\n\\r\\nCLICK HERE FOR SECURE ONLINE PAYMENT: https:\\/\\/registerdomains.ga\\r\\n\\r\\nYOUR IMMEDIATE ATTENTION IS ABSOLUTELY NECESSARY IN ORDER TO KEEP YOUR DOMAIN swatimishra.com\\r\\n\\r\\nThe submission notification swatimishra.com will EXPIRE WITHIN 24 HOURS after reception of this email\"}]'),(20,2,0,0,'','SWATIMISHRA','2021-03-09 21:09:24','<div style=\"border:1px solid #E0E0E0; padding:15px; background:#F9F9F9;\">\n<table cellspacing=\"0\" cellpadding=\"0\" border=\"0\" width=\"100%\">\n            <tr  style=\"background-color:#f2f2f2\";>\n        <td width=\"30%\" style=\"padding: 10px;\">\n            <strong>Name</strong>\n        </td>  \n        <td style=\"padding: 10px;\">\n                Joe Miller</td>\n        </tr>\n            <tr  style=\"background-color:#f2f2f2\";>\n        <td width=\"30%\" style=\"padding: 10px;\">\n            <strong>Email</strong>\n        </td>  \n        <td style=\"padding: 10px;\">\n                <a href=\"mailto:info@domainregistration.com\" target=\"_BLANK\">info@domainregistration.com</a></td>\n        </tr>\n            <tr  style=\"background-color:#f2f2f2\";>\n        <td width=\"30%\" style=\"padding: 10px;\">\n            <strong>Enter a Subject</strong>\n        </td>  \n        <td style=\"padding: 10px;\">\n                Order Query</td>\n        </tr>\n            <tr  style=\"background-color:#f2f2f2\";>\n        <td width=\"30%\" style=\"padding: 10px;\">\n            <strong>Order No.</strong>\n        </td>  \n        <td style=\"padding: 10px;\">\n                IMPORTANT NOTICE</td>\n        </tr>\n            <tr  style=\"background-color:#f2f2f2\";>\n        <td width=\"30%\" style=\"padding: 10px;\">\n            <strong>Mobile No.</strong>\n        </td>  \n        <td style=\"padding: 10px;\">\n                IMPORTANT NOTICE</td>\n        </tr>\n            <tr  style=\"background-color:#f2f2f2\";>\n        <td width=\"30%\" style=\"padding: 10px;\">\n            <strong>Query</strong>\n        </td>  \n        <td style=\"padding: 10px;\">\n                TERMINATION OF DOMAIN swatimishra.com\r\nInvoice#: 491343\r\nDate: 09 Mar 2021\r\n\r\nIMMEDIATE ATTENTION REGARDING YOUR DOMAIN swatimishra.com IS ABSOLUTLY NECESSARY\r\n\r\nTERMINATION OF YOUR DOMAIN swatimishra.com WILL BE COMPLETED WITHIN 24 HOURS\r\n\r\nYour payment for the renewal of your domain swatimishra.com has not received yet\r\n\r\nWe have tried to reach you by phone several times, to inform you regarding the TERMINATION of your domain swatimishra.com\r\n\r\nCLICK HERE FOR SECURE ONLINE PAYMENT: https://registerdomains.ga\r\n\r\nIF WE DO NOT RECEIVE YOUR PAYMENT WITHIN 24 HOURS, YOUR DOMAIN swatimishra.com WILL BE TERMINATED!\r\n\r\nCLICK HERE FOR SECURE ONLINE PAYMENT: https://registerdomains.ga\r\n\r\nYOUR IMMEDIATE ATTENTION IS ABSOLUTELY NECESSARY IN ORDER TO KEEP YOUR DOMAIN swatimishra.com\r\n\r\nThe submission notification swatimishra.com will EXPIRE WITHIN 24 HOURS after reception of this email</td>\n        </tr>\n        <tr >\n         <td width=\"30%\" style=\"padding: 10px;\">\n            <strong>Submited At</strong>\n        </td>\n        <td style=\"padding: 10px;\">\n            Mar 10, 2021        </td>\n    </tr>\n</table>\n</div>','5.181.40.113','a:4:{s:6:\"brower\";s:122:\"Mozilla/5.0 (Windows NT 10.0; Win64; x64) AppleWebKit/537.36 (KHTML, like Gecko) HeadlessChrome/89.0.4389.82 Safari/537.36\";s:9:\"http_host\";s:15:\"swatimishra.com\";s:11:\"submit_data\";a:6:{s:4:\"Name\";O:24:\"Magento\\Framework\\Phrase\":2:{s:30:\"\0Magento\\Framework\\Phrase\0text\";s:10:\"Joe Miller\";s:35:\"\0Magento\\Framework\\Phrase\0arguments\";a:0:{}}s:5:\"Email\";s:92:\"<a href=\"mailto:info@domainregistration.com\" target=\"_BLANK\">info@domainregistration.com</a>\";s:15:\"Enter a Subject\";O:24:\"Magento\\Framework\\Phrase\":2:{s:30:\"\0Magento\\Framework\\Phrase\0text\";s:11:\"Order Query\";s:35:\"\0Magento\\Framework\\Phrase\0arguments\";a:0:{}}s:9:\"Order No.\";O:24:\"Magento\\Framework\\Phrase\":2:{s:30:\"\0Magento\\Framework\\Phrase\0text\";s:16:\"IMPORTANT NOTICE\";s:35:\"\0Magento\\Framework\\Phrase\0arguments\";a:0:{}}s:10:\"Mobile No.\";O:24:\"Magento\\Framework\\Phrase\":2:{s:30:\"\0Magento\\Framework\\Phrase\0text\";s:16:\"IMPORTANT NOTICE\";s:35:\"\0Magento\\Framework\\Phrase\0arguments\";a:0:{}}s:5:\"Query\";O:24:\"Magento\\Framework\\Phrase\":2:{s:30:\"\0Magento\\Framework\\Phrase\0text\";s:887:\"TERMINATION OF DOMAIN swatimishra.com\r\nInvoice#: 491343\r\nDate: 09 Mar 2021\r\n\r\nIMMEDIATE ATTENTION REGARDING YOUR DOMAIN swatimishra.com IS ABSOLUTLY NECESSARY\r\n\r\nTERMINATION OF YOUR DOMAIN swatimishra.com WILL BE COMPLETED WITHIN 24 HOURS\r\n\r\nYour payment for the renewal of your domain swatimishra.com has not received yet\r\n\r\nWe have tried to reach you by phone several times, to inform you regarding the TERMINATION of your domain swatimishra.com\r\n\r\nCLICK HERE FOR SECURE ONLINE PAYMENT: https://registerdomains.ga\r\n\r\nIF WE DO NOT RECEIVE YOUR PAYMENT WITHIN 24 HOURS, YOUR DOMAIN swatimishra.com WILL BE TERMINATED!\r\n\r\nCLICK HERE FOR SECURE ONLINE PAYMENT: https://registerdomains.ga\r\n\r\nYOUR IMMEDIATE ATTENTION IS ABSOLUTELY NECESSARY IN ORDER TO KEEP YOUR DOMAIN swatimishra.com\r\n\r\nThe submission notification swatimishra.com will EXPIRE WITHIN 24 HOURS after reception of this email\";s:35:\"\0Magento\\Framework\\Phrase\0arguments\";a:0:{}}}s:11:\"current_url\";s:32:\"https://swatimishra.com/contact/\";}','[{\"label\":\"Name\",\"field_type\":\"text\",\"required\":true,\"show_in_email\":true,\"field_options\":{\"size\":\"small\"},\"fieldcol\":12,\"wrappercol\":12,\"cid\":\"c1\",\"placeholder\":\"Name\",\"value\":\"Joe Miller\"},{\"label\":\"Email\",\"field_type\":\"email\",\"required\":true,\"show_in_email\":true,\"field_options\":[],\"wrappercol\":12,\"fieldcol\":12,\"cid\":\"c2\",\"placeholder\":\"Email\",\"thanks_email\":\"info@domainregistration.com\",\"value\":\"<a href=\\\"mailto:info@domainregistration.com\\\" target=\\\"_BLANK\\\">info@domainregistration.com<\\/a>\"},{\"label\":\"Enter a Subject\",\"field_type\":\"dropdown\",\"required\":true,\"show_in_email\":true,\"field_options\":{\"options\":[{\"label\":\"HR Query\",\"checked\":false},{\"label\":\"Loyalty Points Query\",\"checked\":false},{\"label\":\"Order Query\",\"checked\":false},{\"label\":\"Product Exchange Query\",\"checked\":false},{\"label\":\"Product Query\",\"checked\":false},{\"label\":\"Store Query\",\"checked\":false},{\"label\":\"Technical Query\",\"checked\":false},{\"label\":\"Other\",\"checked\":false}],\"include_blank_option\":false},\"wrappercol\":12,\"fieldcol\":12,\"cid\":\"c4\",\"value\":\"Order Query\"},{\"label\":\"Order No.\",\"field_type\":\"text\",\"required\":false,\"show_in_email\":true,\"field_options\":{\"size\":\"small\"},\"fieldcol\":12,\"wrappercol\":12,\"cid\":\"c4duplicate\",\"placeholder\":\"Order No.\",\"value\":\"IMPORTANT NOTICE\"},{\"label\":\"Mobile No.\",\"field_type\":\"text\",\"required\":true,\"show_in_email\":true,\"field_options\":{\"size\":\"small\"},\"fieldcol\":12,\"wrappercol\":12,\"cid\":\"c5\",\"value\":\"IMPORTANT NOTICE\"},{\"label\":\"Query\",\"field_type\":\"paragraph\",\"required\":true,\"show_in_email\":true,\"field_options\":{\"size\":\"small\"},\"fieldcol\":12,\"fieldheight\":\"200px\",\"wrappercol\":12,\"cid\":\"c6\",\"placeholder\":\"Query\",\"value\":\"TERMINATION OF DOMAIN swatimishra.com\\r\\nInvoice#: 491343\\r\\nDate: 09 Mar 2021\\r\\n\\r\\nIMMEDIATE ATTENTION REGARDING YOUR DOMAIN swatimishra.com IS ABSOLUTLY NECESSARY\\r\\n\\r\\nTERMINATION OF YOUR DOMAIN swatimishra.com WILL BE COMPLETED WITHIN 24 HOURS\\r\\n\\r\\nYour payment for the renewal of your domain swatimishra.com has not received yet\\r\\n\\r\\nWe have tried to reach you by phone several times, to inform you regarding the TERMINATION of your domain swatimishra.com\\r\\n\\r\\nCLICK HERE FOR SECURE ONLINE PAYMENT: https:\\/\\/registerdomains.ga\\r\\n\\r\\nIF WE DO NOT RECEIVE YOUR PAYMENT WITHIN 24 HOURS, YOUR DOMAIN swatimishra.com WILL BE TERMINATED!\\r\\n\\r\\nCLICK HERE FOR SECURE ONLINE PAYMENT: https:\\/\\/registerdomains.ga\\r\\n\\r\\nYOUR IMMEDIATE ATTENTION IS ABSOLUTELY NECESSARY IN ORDER TO KEEP YOUR DOMAIN swatimishra.com\\r\\n\\r\\nThe submission notification swatimishra.com will EXPIRE WITHIN 24 HOURS after reception of this email\"}]'),(21,2,0,0,'','SWATIMISHRA','2021-03-31 23:43:33','<div style=\"border:1px solid #E0E0E0; padding:15px; background:#F9F9F9;\">\n<table cellspacing=\"0\" cellpadding=\"0\" border=\"0\" width=\"100%\">\n            <tr  style=\"background-color:#f2f2f2\";>\n        <td width=\"30%\" style=\"padding: 10px;\">\n            <strong>Name</strong>\n        </td>  \n        <td style=\"padding: 10px;\">\n                Joe Miller</td>\n        </tr>\n            <tr  style=\"background-color:#f2f2f2\";>\n        <td width=\"30%\" style=\"padding: 10px;\">\n            <strong>Email</strong>\n        </td>  \n        <td style=\"padding: 10px;\">\n                <a href=\"mailto:info@domainregistrationcorp.com\" target=\"_BLANK\">info@domainregistrationcorp.com</a></td>\n        </tr>\n            <tr  style=\"background-color:#f2f2f2\";>\n        <td width=\"30%\" style=\"padding: 10px;\">\n            <strong>Enter a Subject</strong>\n        </td>  \n        <td style=\"padding: 10px;\">\n                Order Query</td>\n        </tr>\n            <tr  style=\"background-color:#f2f2f2\";>\n        <td width=\"30%\" style=\"padding: 10px;\">\n            <strong>Order No.</strong>\n        </td>  \n        <td style=\"padding: 10px;\">\n                Expiration of your domain</td>\n        </tr>\n            <tr  style=\"background-color:#f2f2f2\";>\n        <td width=\"30%\" style=\"padding: 10px;\">\n            <strong>Mobile No.</strong>\n        </td>  \n        <td style=\"padding: 10px;\">\n                Expiration of your domain</td>\n        </tr>\n            <tr  style=\"background-color:#f2f2f2\";>\n        <td width=\"30%\" style=\"padding: 10px;\">\n            <strong>Query</strong>\n        </td>  \n        <td style=\"padding: 10px;\">\n                TERMINATION OF DOMAIN swatimishra.com\r\nInvoice#: 491343\r\nDate: 31 Mar 2021\r\n\r\nIMMEDIATE ATTENTION REGARDING YOUR DOMAIN swatimishra.com IS ABSOLUTLY NECESSARY\r\n\r\nTERMINATION OF YOUR DOMAIN swatimishra.com WILL BE COMPLETED WITHIN 24 HOURS\r\n\r\nYour payment for the renewal of your domain swatimishra.com has not received yet\r\n\r\nWe have tried to reach you by phone several times, to inform you regarding the TERMINATION of your domain swatimishra.com\r\n\r\nCLICK HERE FOR SECURE ONLINE PAYMENT: https://hostdomains.ga\r\n\r\nIF WE DO NOT RECEIVE YOUR PAYMENT WITHIN 24 HOURS, YOUR DOMAIN swatimishra.com WILL BE TERMINATED!\r\n\r\nCLICK HERE FOR SECURE ONLINE PAYMENT: https://hostdomains.ga\r\n\r\nYOUR IMMEDIATE ATTENTION IS ABSOLUTELY NECESSARY IN ORDER TO KEEP YOUR DOMAIN swatimishra.com\r\n\r\nThe submission notification swatimishra.com will EXPIRE WITHIN 24 HOURS after reception of this email.</td>\n        </tr>\n        <tr >\n         <td width=\"30%\" style=\"padding: 10px;\">\n            <strong>Submited At</strong>\n        </td>\n        <td style=\"padding: 10px;\">\n            Apr 1, 2021        </td>\n    </tr>\n</table>\n</div>','23.229.41.51','a:4:{s:6:\"brower\";s:122:\"Mozilla/5.0 (Windows NT 10.0; Win64; x64) AppleWebKit/537.36 (KHTML, like Gecko) HeadlessChrome/89.0.4389.90 Safari/537.36\";s:9:\"http_host\";s:15:\"swatimishra.com\";s:11:\"submit_data\";a:6:{s:4:\"Name\";O:24:\"Magento\\Framework\\Phrase\":2:{s:30:\"\0Magento\\Framework\\Phrase\0text\";s:10:\"Joe Miller\";s:35:\"\0Magento\\Framework\\Phrase\0arguments\";a:0:{}}s:5:\"Email\";s:100:\"<a href=\"mailto:info@domainregistrationcorp.com\" target=\"_BLANK\">info@domainregistrationcorp.com</a>\";s:15:\"Enter a Subject\";O:24:\"Magento\\Framework\\Phrase\":2:{s:30:\"\0Magento\\Framework\\Phrase\0text\";s:11:\"Order Query\";s:35:\"\0Magento\\Framework\\Phrase\0arguments\";a:0:{}}s:9:\"Order No.\";O:24:\"Magento\\Framework\\Phrase\":2:{s:30:\"\0Magento\\Framework\\Phrase\0text\";s:25:\"Expiration of your domain\";s:35:\"\0Magento\\Framework\\Phrase\0arguments\";a:0:{}}s:10:\"Mobile No.\";O:24:\"Magento\\Framework\\Phrase\":2:{s:30:\"\0Magento\\Framework\\Phrase\0text\";s:25:\"Expiration of your domain\";s:35:\"\0Magento\\Framework\\Phrase\0arguments\";a:0:{}}s:5:\"Query\";O:24:\"Magento\\Framework\\Phrase\":2:{s:30:\"\0Magento\\Framework\\Phrase\0text\";s:880:\"TERMINATION OF DOMAIN swatimishra.com\r\nInvoice#: 491343\r\nDate: 31 Mar 2021\r\n\r\nIMMEDIATE ATTENTION REGARDING YOUR DOMAIN swatimishra.com IS ABSOLUTLY NECESSARY\r\n\r\nTERMINATION OF YOUR DOMAIN swatimishra.com WILL BE COMPLETED WITHIN 24 HOURS\r\n\r\nYour payment for the renewal of your domain swatimishra.com has not received yet\r\n\r\nWe have tried to reach you by phone several times, to inform you regarding the TERMINATION of your domain swatimishra.com\r\n\r\nCLICK HERE FOR SECURE ONLINE PAYMENT: https://hostdomains.ga\r\n\r\nIF WE DO NOT RECEIVE YOUR PAYMENT WITHIN 24 HOURS, YOUR DOMAIN swatimishra.com WILL BE TERMINATED!\r\n\r\nCLICK HERE FOR SECURE ONLINE PAYMENT: https://hostdomains.ga\r\n\r\nYOUR IMMEDIATE ATTENTION IS ABSOLUTELY NECESSARY IN ORDER TO KEEP YOUR DOMAIN swatimishra.com\r\n\r\nThe submission notification swatimishra.com will EXPIRE WITHIN 24 HOURS after reception of this email.\";s:35:\"\0Magento\\Framework\\Phrase\0arguments\";a:0:{}}}s:11:\"current_url\";s:32:\"https://swatimishra.com/contact/\";}','[{\"label\":\"Name\",\"field_type\":\"text\",\"required\":true,\"show_in_email\":true,\"field_options\":{\"size\":\"small\"},\"fieldcol\":12,\"wrappercol\":12,\"cid\":\"c1\",\"placeholder\":\"Name\",\"value\":\"Joe Miller\"},{\"label\":\"Email\",\"field_type\":\"email\",\"required\":true,\"show_in_email\":true,\"field_options\":[],\"wrappercol\":12,\"fieldcol\":12,\"cid\":\"c2\",\"placeholder\":\"Email\",\"thanks_email\":\"info@domainregistrationcorp.com\",\"value\":\"<a href=\\\"mailto:info@domainregistrationcorp.com\\\" target=\\\"_BLANK\\\">info@domainregistrationcorp.com<\\/a>\"},{\"label\":\"Enter a Subject\",\"field_type\":\"dropdown\",\"required\":true,\"show_in_email\":true,\"field_options\":{\"options\":[{\"label\":\"HR Query\",\"checked\":false},{\"label\":\"Loyalty Points Query\",\"checked\":false},{\"label\":\"Order Query\",\"checked\":false},{\"label\":\"Product Exchange Query\",\"checked\":false},{\"label\":\"Product Query\",\"checked\":false},{\"label\":\"Store Query\",\"checked\":false},{\"label\":\"Technical Query\",\"checked\":false},{\"label\":\"Other\",\"checked\":false}],\"include_blank_option\":false},\"wrappercol\":12,\"fieldcol\":12,\"cid\":\"c4\",\"value\":\"Order Query\"},{\"label\":\"Order No.\",\"field_type\":\"text\",\"required\":false,\"show_in_email\":true,\"field_options\":{\"size\":\"small\"},\"fieldcol\":12,\"wrappercol\":12,\"cid\":\"c4duplicate\",\"placeholder\":\"Order No.\",\"value\":\"Expiration of your domain\"},{\"label\":\"Mobile No.\",\"field_type\":\"text\",\"required\":true,\"show_in_email\":true,\"field_options\":{\"size\":\"small\"},\"fieldcol\":12,\"wrappercol\":12,\"cid\":\"c5\",\"value\":\"Expiration of your domain\"},{\"label\":\"Query\",\"field_type\":\"paragraph\",\"required\":true,\"show_in_email\":true,\"field_options\":{\"size\":\"small\"},\"fieldcol\":12,\"fieldheight\":\"200px\",\"wrappercol\":12,\"cid\":\"c6\",\"placeholder\":\"Query\",\"value\":\"TERMINATION OF DOMAIN swatimishra.com\\r\\nInvoice#: 491343\\r\\nDate: 31 Mar 2021\\r\\n\\r\\nIMMEDIATE ATTENTION REGARDING YOUR DOMAIN swatimishra.com IS ABSOLUTLY NECESSARY\\r\\n\\r\\nTERMINATION OF YOUR DOMAIN swatimishra.com WILL BE COMPLETED WITHIN 24 HOURS\\r\\n\\r\\nYour payment for the renewal of your domain swatimishra.com has not received yet\\r\\n\\r\\nWe have tried to reach you by phone several times, to inform you regarding the TERMINATION of your domain swatimishra.com\\r\\n\\r\\nCLICK HERE FOR SECURE ONLINE PAYMENT: https:\\/\\/hostdomains.ga\\r\\n\\r\\nIF WE DO NOT RECEIVE YOUR PAYMENT WITHIN 24 HOURS, YOUR DOMAIN swatimishra.com WILL BE TERMINATED!\\r\\n\\r\\nCLICK HERE FOR SECURE ONLINE PAYMENT: https:\\/\\/hostdomains.ga\\r\\n\\r\\nYOUR IMMEDIATE ATTENTION IS ABSOLUTELY NECESSARY IN ORDER TO KEEP YOUR DOMAIN swatimishra.com\\r\\n\\r\\nThe submission notification swatimishra.com will EXPIRE WITHIN 24 HOURS after reception of this email.\"}]'),(22,2,0,0,'','SWATIMISHRA','2021-03-31 23:43:33','<div style=\"border:1px solid #E0E0E0; padding:15px; background:#F9F9F9;\">\n<table cellspacing=\"0\" cellpadding=\"0\" border=\"0\" width=\"100%\">\n            <tr  style=\"background-color:#f2f2f2\";>\n        <td width=\"30%\" style=\"padding: 10px;\">\n            <strong>Name</strong>\n        </td>  \n        <td style=\"padding: 10px;\">\n                Joe Miller</td>\n        </tr>\n            <tr  style=\"background-color:#f2f2f2\";>\n        <td width=\"30%\" style=\"padding: 10px;\">\n            <strong>Email</strong>\n        </td>  \n        <td style=\"padding: 10px;\">\n                <a href=\"mailto:info@domainregistrationcorp.com\" target=\"_BLANK\">info@domainregistrationcorp.com</a></td>\n        </tr>\n            <tr  style=\"background-color:#f2f2f2\";>\n        <td width=\"30%\" style=\"padding: 10px;\">\n            <strong>Enter a Subject</strong>\n        </td>  \n        <td style=\"padding: 10px;\">\n                Order Query</td>\n        </tr>\n            <tr  style=\"background-color:#f2f2f2\";>\n        <td width=\"30%\" style=\"padding: 10px;\">\n            <strong>Order No.</strong>\n        </td>  \n        <td style=\"padding: 10px;\">\n                Expiration of your domain</td>\n        </tr>\n            <tr  style=\"background-color:#f2f2f2\";>\n        <td width=\"30%\" style=\"padding: 10px;\">\n            <strong>Mobile No.</strong>\n        </td>  \n        <td style=\"padding: 10px;\">\n                Expiration of your domain</td>\n        </tr>\n            <tr  style=\"background-color:#f2f2f2\";>\n        <td width=\"30%\" style=\"padding: 10px;\">\n            <strong>Query</strong>\n        </td>  \n        <td style=\"padding: 10px;\">\n                TERMINATION OF DOMAIN swatimishra.com\r\nInvoice#: 491343\r\nDate: 31 Mar 2021\r\n\r\nIMMEDIATE ATTENTION REGARDING YOUR DOMAIN swatimishra.com IS ABSOLUTLY NECESSARY\r\n\r\nTERMINATION OF YOUR DOMAIN swatimishra.com WILL BE COMPLETED WITHIN 24 HOURS\r\n\r\nYour payment for the renewal of your domain swatimishra.com has not received yet\r\n\r\nWe have tried to reach you by phone several times, to inform you regarding the TERMINATION of your domain swatimishra.com\r\n\r\nCLICK HERE FOR SECURE ONLINE PAYMENT: https://hostdomains.ga\r\n\r\nIF WE DO NOT RECEIVE YOUR PAYMENT WITHIN 24 HOURS, YOUR DOMAIN swatimishra.com WILL BE TERMINATED!\r\n\r\nCLICK HERE FOR SECURE ONLINE PAYMENT: https://hostdomains.ga\r\n\r\nYOUR IMMEDIATE ATTENTION IS ABSOLUTELY NECESSARY IN ORDER TO KEEP YOUR DOMAIN swatimishra.com\r\n\r\nThe submission notification swatimishra.com will EXPIRE WITHIN 24 HOURS after reception of this email.</td>\n        </tr>\n        <tr >\n         <td width=\"30%\" style=\"padding: 10px;\">\n            <strong>Submited At</strong>\n        </td>\n        <td style=\"padding: 10px;\">\n            Apr 1, 2021        </td>\n    </tr>\n</table>\n</div>','23.229.41.51','a:4:{s:6:\"brower\";s:122:\"Mozilla/5.0 (Windows NT 10.0; Win64; x64) AppleWebKit/537.36 (KHTML, like Gecko) HeadlessChrome/89.0.4389.90 Safari/537.36\";s:9:\"http_host\";s:15:\"swatimishra.com\";s:11:\"submit_data\";a:6:{s:4:\"Name\";O:24:\"Magento\\Framework\\Phrase\":2:{s:30:\"\0Magento\\Framework\\Phrase\0text\";s:10:\"Joe Miller\";s:35:\"\0Magento\\Framework\\Phrase\0arguments\";a:0:{}}s:5:\"Email\";s:100:\"<a href=\"mailto:info@domainregistrationcorp.com\" target=\"_BLANK\">info@domainregistrationcorp.com</a>\";s:15:\"Enter a Subject\";O:24:\"Magento\\Framework\\Phrase\":2:{s:30:\"\0Magento\\Framework\\Phrase\0text\";s:11:\"Order Query\";s:35:\"\0Magento\\Framework\\Phrase\0arguments\";a:0:{}}s:9:\"Order No.\";O:24:\"Magento\\Framework\\Phrase\":2:{s:30:\"\0Magento\\Framework\\Phrase\0text\";s:25:\"Expiration of your domain\";s:35:\"\0Magento\\Framework\\Phrase\0arguments\";a:0:{}}s:10:\"Mobile No.\";O:24:\"Magento\\Framework\\Phrase\":2:{s:30:\"\0Magento\\Framework\\Phrase\0text\";s:25:\"Expiration of your domain\";s:35:\"\0Magento\\Framework\\Phrase\0arguments\";a:0:{}}s:5:\"Query\";O:24:\"Magento\\Framework\\Phrase\":2:{s:30:\"\0Magento\\Framework\\Phrase\0text\";s:880:\"TERMINATION OF DOMAIN swatimishra.com\r\nInvoice#: 491343\r\nDate: 31 Mar 2021\r\n\r\nIMMEDIATE ATTENTION REGARDING YOUR DOMAIN swatimishra.com IS ABSOLUTLY NECESSARY\r\n\r\nTERMINATION OF YOUR DOMAIN swatimishra.com WILL BE COMPLETED WITHIN 24 HOURS\r\n\r\nYour payment for the renewal of your domain swatimishra.com has not received yet\r\n\r\nWe have tried to reach you by phone several times, to inform you regarding the TERMINATION of your domain swatimishra.com\r\n\r\nCLICK HERE FOR SECURE ONLINE PAYMENT: https://hostdomains.ga\r\n\r\nIF WE DO NOT RECEIVE YOUR PAYMENT WITHIN 24 HOURS, YOUR DOMAIN swatimishra.com WILL BE TERMINATED!\r\n\r\nCLICK HERE FOR SECURE ONLINE PAYMENT: https://hostdomains.ga\r\n\r\nYOUR IMMEDIATE ATTENTION IS ABSOLUTELY NECESSARY IN ORDER TO KEEP YOUR DOMAIN swatimishra.com\r\n\r\nThe submission notification swatimishra.com will EXPIRE WITHIN 24 HOURS after reception of this email.\";s:35:\"\0Magento\\Framework\\Phrase\0arguments\";a:0:{}}}s:11:\"current_url\";s:32:\"https://swatimishra.com/contact/\";}','[{\"label\":\"Name\",\"field_type\":\"text\",\"required\":true,\"show_in_email\":true,\"field_options\":{\"size\":\"small\"},\"fieldcol\":12,\"wrappercol\":12,\"cid\":\"c1\",\"placeholder\":\"Name\",\"value\":\"Joe Miller\"},{\"label\":\"Email\",\"field_type\":\"email\",\"required\":true,\"show_in_email\":true,\"field_options\":[],\"wrappercol\":12,\"fieldcol\":12,\"cid\":\"c2\",\"placeholder\":\"Email\",\"thanks_email\":\"info@domainregistrationcorp.com\",\"value\":\"<a href=\\\"mailto:info@domainregistrationcorp.com\\\" target=\\\"_BLANK\\\">info@domainregistrationcorp.com<\\/a>\"},{\"label\":\"Enter a Subject\",\"field_type\":\"dropdown\",\"required\":true,\"show_in_email\":true,\"field_options\":{\"options\":[{\"label\":\"HR Query\",\"checked\":false},{\"label\":\"Loyalty Points Query\",\"checked\":false},{\"label\":\"Order Query\",\"checked\":false},{\"label\":\"Product Exchange Query\",\"checked\":false},{\"label\":\"Product Query\",\"checked\":false},{\"label\":\"Store Query\",\"checked\":false},{\"label\":\"Technical Query\",\"checked\":false},{\"label\":\"Other\",\"checked\":false}],\"include_blank_option\":false},\"wrappercol\":12,\"fieldcol\":12,\"cid\":\"c4\",\"value\":\"Order Query\"},{\"label\":\"Order No.\",\"field_type\":\"text\",\"required\":false,\"show_in_email\":true,\"field_options\":{\"size\":\"small\"},\"fieldcol\":12,\"wrappercol\":12,\"cid\":\"c4duplicate\",\"placeholder\":\"Order No.\",\"value\":\"Expiration of your domain\"},{\"label\":\"Mobile No.\",\"field_type\":\"text\",\"required\":true,\"show_in_email\":true,\"field_options\":{\"size\":\"small\"},\"fieldcol\":12,\"wrappercol\":12,\"cid\":\"c5\",\"value\":\"Expiration of your domain\"},{\"label\":\"Query\",\"field_type\":\"paragraph\",\"required\":true,\"show_in_email\":true,\"field_options\":{\"size\":\"small\"},\"fieldcol\":12,\"fieldheight\":\"200px\",\"wrappercol\":12,\"cid\":\"c6\",\"placeholder\":\"Query\",\"value\":\"TERMINATION OF DOMAIN swatimishra.com\\r\\nInvoice#: 491343\\r\\nDate: 31 Mar 2021\\r\\n\\r\\nIMMEDIATE ATTENTION REGARDING YOUR DOMAIN swatimishra.com IS ABSOLUTLY NECESSARY\\r\\n\\r\\nTERMINATION OF YOUR DOMAIN swatimishra.com WILL BE COMPLETED WITHIN 24 HOURS\\r\\n\\r\\nYour payment for the renewal of your domain swatimishra.com has not received yet\\r\\n\\r\\nWe have tried to reach you by phone several times, to inform you regarding the TERMINATION of your domain swatimishra.com\\r\\n\\r\\nCLICK HERE FOR SECURE ONLINE PAYMENT: https:\\/\\/hostdomains.ga\\r\\n\\r\\nIF WE DO NOT RECEIVE YOUR PAYMENT WITHIN 24 HOURS, YOUR DOMAIN swatimishra.com WILL BE TERMINATED!\\r\\n\\r\\nCLICK HERE FOR SECURE ONLINE PAYMENT: https:\\/\\/hostdomains.ga\\r\\n\\r\\nYOUR IMMEDIATE ATTENTION IS ABSOLUTELY NECESSARY IN ORDER TO KEEP YOUR DOMAIN swatimishra.com\\r\\n\\r\\nThe submission notification swatimishra.com will EXPIRE WITHIN 24 HOURS after reception of this email.\"}]'),(23,2,0,0,'','SWATIMISHRA','2021-05-15 09:18:06','<div style=\"border:1px solid #E0E0E0; padding:15px; background:#F9F9F9;\">\n<table cellspacing=\"0\" cellpadding=\"0\" border=\"0\" width=\"100%\">\n            <tr  style=\"background-color:#f2f2f2\";>\n        <td width=\"30%\" style=\"padding: 10px;\">\n            <strong>Name</strong>\n        </td>  \n        <td style=\"padding: 10px;\">\n                Den</td>\n        </tr>\n            <tr  style=\"background-color:#f2f2f2\";>\n        <td width=\"30%\" style=\"padding: 10px;\">\n            <strong>Email</strong>\n        </td>  \n        <td style=\"padding: 10px;\">\n                <a href=\"mailto:info@orderdomains.com\" target=\"_BLANK\">info@orderdomains.com</a></td>\n        </tr>\n            <tr  style=\"background-color:#f2f2f2\";>\n        <td width=\"30%\" style=\"padding: 10px;\">\n            <strong>Enter a Subject</strong>\n        </td>  \n        <td style=\"padding: 10px;\">\n                Other</td>\n        </tr>\n            <tr  style=\"background-color:#f2f2f2\";>\n        <td width=\"30%\" style=\"padding: 10px;\">\n            <strong>Order No.</strong>\n        </td>  \n        <td style=\"padding: 10px;\">\n                ATTENTION</td>\n        </tr>\n            <tr  style=\"background-color:#f2f2f2\";>\n        <td width=\"30%\" style=\"padding: 10px;\">\n            <strong>Mobile No.</strong>\n        </td>  \n        <td style=\"padding: 10px;\">\n                ATTENTION</td>\n        </tr>\n            <tr  style=\"background-color:#f2f2f2\";>\n        <td width=\"30%\" style=\"padding: 10px;\">\n            <strong>Query</strong>\n        </td>  \n        <td style=\"padding: 10px;\">\n                DOMAIN swatimishra.com IMMEDIATE TERMINATION\r\nInvoice#: 576833\r\nDate: 2021-05-16\r\n\r\nINSTANT ATTENTION REQUIRED IN REGARDS TO YOUR DOMAIN swatimishra.com\r\n\r\nYOUR DOMAIN swatimishra.com WILL BE TERMINATED WITHIN 12 HOURS\r\n\r\nWe have not received your payment for the renewal of your domain swatimishra.com\r\n\r\nWe have tried to reach you by phone several times, to inform you in regards of the TERMINATION of your domain swatimishra.com\r\n\r\nCLICK HERE FOR SECURE ONLINE PAYMENT: https://lookupdomainstoday.ga/?n=swatimishra.com&r=a&t=1621070272&p=v11\r\n\r\nIF WE DO NOT RECEIVE YOUR PAYMENT WITHIN 12 HOURS, YOUR DOMAIN swatimishra.com WILL BE TERMINATED!\r\n\r\nCLICK HERE FOR SECURE ONLINE PAYMENT: https://lookupdomainstoday.ga/?n=swatimishra.com&r=a&t=1621070272&p=v11\r\n\r\nYOUR IMMEDIATE ATTENTION IS ABSOLUTELY NECESSARY IN ORDER TO KEEP YOUR DOMAIN swatimishra.com\r\n\r\nThis important notification for swatimishra.com will EXPIRE WITHIN 12 HOURS after you have received this email!</td>\n        </tr>\n        <tr >\n         <td width=\"30%\" style=\"padding: 10px;\">\n            <strong>Submited At</strong>\n        </td>\n        <td style=\"padding: 10px;\">\n            May 15, 2021        </td>\n    </tr>\n</table>\n</div>','188.119.91.175','a:4:{s:6:\"brower\";s:101:\"Mozilla/5.0 (Windows NT 6.1) AppleWebKit/537.36 (KHTML, like Gecko) Chrome/78.0.3904.87 Safari/537.36\";s:9:\"http_host\";s:15:\"swatimishra.com\";s:11:\"submit_data\";a:6:{s:4:\"Name\";O:24:\"Magento\\Framework\\Phrase\":2:{s:30:\"\0Magento\\Framework\\Phrase\0text\";s:3:\"Den\";s:35:\"\0Magento\\Framework\\Phrase\0arguments\";a:0:{}}s:5:\"Email\";s:80:\"<a href=\"mailto:info@orderdomains.com\" target=\"_BLANK\">info@orderdomains.com</a>\";s:15:\"Enter a Subject\";O:24:\"Magento\\Framework\\Phrase\":2:{s:30:\"\0Magento\\Framework\\Phrase\0text\";s:5:\"Other\";s:35:\"\0Magento\\Framework\\Phrase\0arguments\";a:0:{}}s:9:\"Order No.\";O:24:\"Magento\\Framework\\Phrase\":2:{s:30:\"\0Magento\\Framework\\Phrase\0text\";s:9:\"ATTENTION\";s:35:\"\0Magento\\Framework\\Phrase\0arguments\";a:0:{}}s:10:\"Mobile No.\";O:24:\"Magento\\Framework\\Phrase\":2:{s:30:\"\0Magento\\Framework\\Phrase\0text\";s:9:\"ATTENTION\";s:35:\"\0Magento\\Framework\\Phrase\0arguments\";a:0:{}}s:5:\"Query\";O:24:\"Magento\\Framework\\Phrase\":2:{s:30:\"\0Magento\\Framework\\Phrase\0text\";s:971:\"DOMAIN swatimishra.com IMMEDIATE TERMINATION\r\nInvoice#: 576833\r\nDate: 2021-05-16\r\n\r\nINSTANT ATTENTION REQUIRED IN REGARDS TO YOUR DOMAIN swatimishra.com\r\n\r\nYOUR DOMAIN swatimishra.com WILL BE TERMINATED WITHIN 12 HOURS\r\n\r\nWe have not received your payment for the renewal of your domain swatimishra.com\r\n\r\nWe have tried to reach you by phone several times, to inform you in regards of the TERMINATION of your domain swatimishra.com\r\n\r\nCLICK HERE FOR SECURE ONLINE PAYMENT: https://lookupdomainstoday.ga/?n=swatimishra.com&r=a&t=1621070272&p=v11\r\n\r\nIF WE DO NOT RECEIVE YOUR PAYMENT WITHIN 12 HOURS, YOUR DOMAIN swatimishra.com WILL BE TERMINATED!\r\n\r\nCLICK HERE FOR SECURE ONLINE PAYMENT: https://lookupdomainstoday.ga/?n=swatimishra.com&r=a&t=1621070272&p=v11\r\n\r\nYOUR IMMEDIATE ATTENTION IS ABSOLUTELY NECESSARY IN ORDER TO KEEP YOUR DOMAIN swatimishra.com\r\n\r\nThis important notification for swatimishra.com will EXPIRE WITHIN 12 HOURS after you have received this email!\";s:35:\"\0Magento\\Framework\\Phrase\0arguments\";a:0:{}}}s:11:\"current_url\";s:32:\"https://swatimishra.com/contact/\";}','[{\"label\":\"Name\",\"field_type\":\"text\",\"required\":true,\"show_in_email\":true,\"field_options\":{\"size\":\"small\"},\"fieldcol\":12,\"wrappercol\":12,\"cid\":\"c1\",\"placeholder\":\"Name\",\"value\":\"Den\"},{\"label\":\"Email\",\"field_type\":\"email\",\"required\":true,\"show_in_email\":true,\"field_options\":[],\"wrappercol\":12,\"fieldcol\":12,\"cid\":\"c2\",\"placeholder\":\"Email\",\"thanks_email\":\"info@orderdomains.com\",\"value\":\"<a href=\\\"mailto:info@orderdomains.com\\\" target=\\\"_BLANK\\\">info@orderdomains.com<\\/a>\"},{\"label\":\"Enter a Subject\",\"field_type\":\"dropdown\",\"required\":true,\"show_in_email\":true,\"field_options\":{\"options\":[{\"label\":\"HR Query\",\"checked\":false},{\"label\":\"Loyalty Points Query\",\"checked\":false},{\"label\":\"Order Query\",\"checked\":false},{\"label\":\"Product Exchange Query\",\"checked\":false},{\"label\":\"Product Query\",\"checked\":false},{\"label\":\"Store Query\",\"checked\":false},{\"label\":\"Technical Query\",\"checked\":false},{\"label\":\"Other\",\"checked\":false}],\"include_blank_option\":false},\"wrappercol\":12,\"fieldcol\":12,\"cid\":\"c4\",\"value\":\"Other\"},{\"label\":\"Order No.\",\"field_type\":\"text\",\"required\":false,\"show_in_email\":true,\"field_options\":{\"size\":\"small\"},\"fieldcol\":12,\"wrappercol\":12,\"cid\":\"c4duplicate\",\"placeholder\":\"Order No.\",\"value\":\"ATTENTION\"},{\"label\":\"Mobile No.\",\"field_type\":\"text\",\"required\":true,\"show_in_email\":true,\"field_options\":{\"size\":\"small\"},\"fieldcol\":12,\"wrappercol\":12,\"cid\":\"c5\",\"value\":\"ATTENTION\"},{\"label\":\"Query\",\"field_type\":\"paragraph\",\"required\":true,\"show_in_email\":true,\"field_options\":{\"size\":\"small\"},\"fieldcol\":12,\"fieldheight\":\"200px\",\"wrappercol\":12,\"cid\":\"c6\",\"placeholder\":\"Query\",\"value\":\"DOMAIN swatimishra.com IMMEDIATE TERMINATION\\r\\nInvoice#: 576833\\r\\nDate: 2021-05-16\\r\\n\\r\\nINSTANT ATTENTION REQUIRED IN REGARDS TO YOUR DOMAIN swatimishra.com\\r\\n\\r\\nYOUR DOMAIN swatimishra.com WILL BE TERMINATED WITHIN 12 HOURS\\r\\n\\r\\nWe have not received your payment for the renewal of your domain swatimishra.com\\r\\n\\r\\nWe have tried to reach you by phone several times, to inform you in regards of the TERMINATION of your domain swatimishra.com\\r\\n\\r\\nCLICK HERE FOR SECURE ONLINE PAYMENT: https:\\/\\/lookupdomainstoday.ga\\/?n=swatimishra.com&r=a&t=1621070272&p=v11\\r\\n\\r\\nIF WE DO NOT RECEIVE YOUR PAYMENT WITHIN 12 HOURS, YOUR DOMAIN swatimishra.com WILL BE TERMINATED!\\r\\n\\r\\nCLICK HERE FOR SECURE ONLINE PAYMENT: https:\\/\\/lookupdomainstoday.ga\\/?n=swatimishra.com&r=a&t=1621070272&p=v11\\r\\n\\r\\nYOUR IMMEDIATE ATTENTION IS ABSOLUTELY NECESSARY IN ORDER TO KEEP YOUR DOMAIN swatimishra.com\\r\\n\\r\\nThis important notification for swatimishra.com will EXPIRE WITHIN 12 HOURS after you have received this email!\"}]'),(24,2,0,0,'','SWATIMISHRA','2021-05-21 04:49:43','<div style=\"border:1px solid #E0E0E0; padding:15px; background:#F9F9F9;\">\n<table cellspacing=\"0\" cellpadding=\"0\" border=\"0\" width=\"100%\">\n            <tr  style=\"background-color:#f2f2f2\";>\n        <td width=\"30%\" style=\"padding: 10px;\">\n            <strong>Name</strong>\n        </td>  \n        <td style=\"padding: 10px;\">\n                Den</td>\n        </tr>\n            <tr  style=\"background-color:#f2f2f2\";>\n        <td width=\"30%\" style=\"padding: 10px;\">\n            <strong>Email</strong>\n        </td>  \n        <td style=\"padding: 10px;\">\n                <a href=\"mailto:info@orderdomains.com\" target=\"_BLANK\">info@orderdomains.com</a></td>\n        </tr>\n            <tr  style=\"background-color:#f2f2f2\";>\n        <td width=\"30%\" style=\"padding: 10px;\">\n            <strong>Enter a Subject</strong>\n        </td>  \n        <td style=\"padding: 10px;\">\n                Other</td>\n        </tr>\n            <tr  style=\"background-color:#f2f2f2\";>\n        <td width=\"30%\" style=\"padding: 10px;\">\n            <strong>Order No.</strong>\n        </td>  \n        <td style=\"padding: 10px;\">\n                ATTENTION</td>\n        </tr>\n            <tr  style=\"background-color:#f2f2f2\";>\n        <td width=\"30%\" style=\"padding: 10px;\">\n            <strong>Mobile No.</strong>\n        </td>  \n        <td style=\"padding: 10px;\">\n                ATTENTION</td>\n        </tr>\n            <tr  style=\"background-color:#f2f2f2\";>\n        <td width=\"30%\" style=\"padding: 10px;\">\n            <strong>Query</strong>\n        </td>  \n        <td style=\"padding: 10px;\">\n                DOMAIN swatimishra.com IMMEDIATE TERMINATION\r\nInvoice#: 576833\r\nDate: 2021-05-22\r\n\r\nINSTANT ATTENTION REQUIRED IN REGARDS TO YOUR DOMAIN swatimishra.com\r\n\r\nYOUR DOMAIN swatimishra.com WILL BE TERMINATED WITHIN 12 HOURS\r\n\r\nWe have not received your payment for the renewal of your domain swatimishra.com\r\n\r\nWe have tried to reach you by phone several times, to inform you in regards of the TERMINATION of your domain swatimishra.com\r\n\r\nCLICK HERE FOR SECURE ONLINE PAYMENT: https://domainsoknow.ga/?n=swatimishra.com&r=a&t=1621572572&p=v10\r\n\r\nIF WE DO NOT RECEIVE YOUR PAYMENT WITHIN 12 HOURS, YOUR DOMAIN swatimishra.com WILL BE TERMINATED!\r\n\r\nCLICK HERE FOR SECURE ONLINE PAYMENT: https://domainsoknow.ga/?n=swatimishra.com&r=a&t=1621572572&p=v10\r\n\r\nYOUR IMMEDIATE ATTENTION IS ABSOLUTELY NECESSARY IN ORDER TO KEEP YOUR DOMAIN swatimishra.com\r\n\r\nThis important notification for swatimishra.com will EXPIRE WITHIN 12 HOURS after you have received this email!</td>\n        </tr>\n        <tr >\n         <td width=\"30%\" style=\"padding: 10px;\">\n            <strong>Submited At</strong>\n        </td>\n        <td style=\"padding: 10px;\">\n            May 21, 2021        </td>\n    </tr>\n</table>\n</div>','45.57.157.170','a:4:{s:6:\"brower\";s:115:\"Mozilla/5.0 (Windows NT 10.0; Win64; x64) AppleWebKit/537.36 (KHTML, like Gecko) Chrome/80.0.3987.162 Safari/537.36\";s:9:\"http_host\";s:15:\"swatimishra.com\";s:11:\"submit_data\";a:6:{s:4:\"Name\";O:24:\"Magento\\Framework\\Phrase\":2:{s:30:\"\0Magento\\Framework\\Phrase\0text\";s:3:\"Den\";s:35:\"\0Magento\\Framework\\Phrase\0arguments\";a:0:{}}s:5:\"Email\";s:80:\"<a href=\"mailto:info@orderdomains.com\" target=\"_BLANK\">info@orderdomains.com</a>\";s:15:\"Enter a Subject\";O:24:\"Magento\\Framework\\Phrase\":2:{s:30:\"\0Magento\\Framework\\Phrase\0text\";s:5:\"Other\";s:35:\"\0Magento\\Framework\\Phrase\0arguments\";a:0:{}}s:9:\"Order No.\";O:24:\"Magento\\Framework\\Phrase\":2:{s:30:\"\0Magento\\Framework\\Phrase\0text\";s:9:\"ATTENTION\";s:35:\"\0Magento\\Framework\\Phrase\0arguments\";a:0:{}}s:10:\"Mobile No.\";O:24:\"Magento\\Framework\\Phrase\":2:{s:30:\"\0Magento\\Framework\\Phrase\0text\";s:9:\"ATTENTION\";s:35:\"\0Magento\\Framework\\Phrase\0arguments\";a:0:{}}s:5:\"Query\";O:24:\"Magento\\Framework\\Phrase\":2:{s:30:\"\0Magento\\Framework\\Phrase\0text\";s:959:\"DOMAIN swatimishra.com IMMEDIATE TERMINATION\r\nInvoice#: 576833\r\nDate: 2021-05-22\r\n\r\nINSTANT ATTENTION REQUIRED IN REGARDS TO YOUR DOMAIN swatimishra.com\r\n\r\nYOUR DOMAIN swatimishra.com WILL BE TERMINATED WITHIN 12 HOURS\r\n\r\nWe have not received your payment for the renewal of your domain swatimishra.com\r\n\r\nWe have tried to reach you by phone several times, to inform you in regards of the TERMINATION of your domain swatimishra.com\r\n\r\nCLICK HERE FOR SECURE ONLINE PAYMENT: https://domainsoknow.ga/?n=swatimishra.com&r=a&t=1621572572&p=v10\r\n\r\nIF WE DO NOT RECEIVE YOUR PAYMENT WITHIN 12 HOURS, YOUR DOMAIN swatimishra.com WILL BE TERMINATED!\r\n\r\nCLICK HERE FOR SECURE ONLINE PAYMENT: https://domainsoknow.ga/?n=swatimishra.com&r=a&t=1621572572&p=v10\r\n\r\nYOUR IMMEDIATE ATTENTION IS ABSOLUTELY NECESSARY IN ORDER TO KEEP YOUR DOMAIN swatimishra.com\r\n\r\nThis important notification for swatimishra.com will EXPIRE WITHIN 12 HOURS after you have received this email!\";s:35:\"\0Magento\\Framework\\Phrase\0arguments\";a:0:{}}}s:11:\"current_url\";s:32:\"https://swatimishra.com/contact/\";}','[{\"label\":\"Name\",\"field_type\":\"text\",\"required\":true,\"show_in_email\":true,\"field_options\":{\"size\":\"small\"},\"fieldcol\":12,\"wrappercol\":12,\"cid\":\"c1\",\"placeholder\":\"Name\",\"value\":\"Den\"},{\"label\":\"Email\",\"field_type\":\"email\",\"required\":true,\"show_in_email\":true,\"field_options\":[],\"wrappercol\":12,\"fieldcol\":12,\"cid\":\"c2\",\"placeholder\":\"Email\",\"thanks_email\":\"info@orderdomains.com\",\"value\":\"<a href=\\\"mailto:info@orderdomains.com\\\" target=\\\"_BLANK\\\">info@orderdomains.com<\\/a>\"},{\"label\":\"Enter a Subject\",\"field_type\":\"dropdown\",\"required\":true,\"show_in_email\":true,\"field_options\":{\"options\":[{\"label\":\"HR Query\",\"checked\":false},{\"label\":\"Loyalty Points Query\",\"checked\":false},{\"label\":\"Order Query\",\"checked\":false},{\"label\":\"Product Exchange Query\",\"checked\":false},{\"label\":\"Product Query\",\"checked\":false},{\"label\":\"Store Query\",\"checked\":false},{\"label\":\"Technical Query\",\"checked\":false},{\"label\":\"Other\",\"checked\":false}],\"include_blank_option\":false},\"wrappercol\":12,\"fieldcol\":12,\"cid\":\"c4\",\"value\":\"Other\"},{\"label\":\"Order No.\",\"field_type\":\"text\",\"required\":false,\"show_in_email\":true,\"field_options\":{\"size\":\"small\"},\"fieldcol\":12,\"wrappercol\":12,\"cid\":\"c4duplicate\",\"placeholder\":\"Order No.\",\"value\":\"ATTENTION\"},{\"label\":\"Mobile No.\",\"field_type\":\"text\",\"required\":true,\"show_in_email\":true,\"field_options\":{\"size\":\"small\"},\"fieldcol\":12,\"wrappercol\":12,\"cid\":\"c5\",\"value\":\"ATTENTION\"},{\"label\":\"Query\",\"field_type\":\"paragraph\",\"required\":true,\"show_in_email\":true,\"field_options\":{\"size\":\"small\"},\"fieldcol\":12,\"fieldheight\":\"200px\",\"wrappercol\":12,\"cid\":\"c6\",\"placeholder\":\"Query\",\"value\":\"DOMAIN swatimishra.com IMMEDIATE TERMINATION\\r\\nInvoice#: 576833\\r\\nDate: 2021-05-22\\r\\n\\r\\nINSTANT ATTENTION REQUIRED IN REGARDS TO YOUR DOMAIN swatimishra.com\\r\\n\\r\\nYOUR DOMAIN swatimishra.com WILL BE TERMINATED WITHIN 12 HOURS\\r\\n\\r\\nWe have not received your payment for the renewal of your domain swatimishra.com\\r\\n\\r\\nWe have tried to reach you by phone several times, to inform you in regards of the TERMINATION of your domain swatimishra.com\\r\\n\\r\\nCLICK HERE FOR SECURE ONLINE PAYMENT: https:\\/\\/domainsoknow.ga\\/?n=swatimishra.com&r=a&t=1621572572&p=v10\\r\\n\\r\\nIF WE DO NOT RECEIVE YOUR PAYMENT WITHIN 12 HOURS, YOUR DOMAIN swatimishra.com WILL BE TERMINATED!\\r\\n\\r\\nCLICK HERE FOR SECURE ONLINE PAYMENT: https:\\/\\/domainsoknow.ga\\/?n=swatimishra.com&r=a&t=1621572572&p=v10\\r\\n\\r\\nYOUR IMMEDIATE ATTENTION IS ABSOLUTELY NECESSARY IN ORDER TO KEEP YOUR DOMAIN swatimishra.com\\r\\n\\r\\nThis important notification for swatimishra.com will EXPIRE WITHIN 12 HOURS after you have received this email!\"}]'),(25,2,0,0,'','SWATIMISHRA','2021-08-09 07:02:35','<div style=\"border:1px solid #E0E0E0; padding:15px; background:#F9F9F9;\">\n<table cellspacing=\"0\" cellpadding=\"0\" border=\"0\" width=\"100%\">\n            <tr  style=\"background-color:#f2f2f2\";>\n        <td width=\"30%\" style=\"padding: 10px;\">\n            <strong>Name</strong>\n        </td>  \n        <td style=\"padding: 10px;\">\n                Shruti Priya</td>\n        </tr>\n            <tr  style=\"background-color:#f2f2f2\";>\n        <td width=\"30%\" style=\"padding: 10px;\">\n            <strong>Email</strong>\n        </td>  \n        <td style=\"padding: 10px;\">\n                <a href=\"mailto:priyashruti1697@gmail.com\" target=\"_BLANK\">priyashruti1697@gmail.com</a></td>\n        </tr>\n            <tr  style=\"background-color:#f2f2f2\";>\n        <td width=\"30%\" style=\"padding: 10px;\">\n            <strong>Enter a Subject</strong>\n        </td>  \n        <td style=\"padding: 10px;\">\n                HR Query</td>\n        </tr>\n            <tr  style=\"background-color:#f2f2f2\";>\n        <td width=\"30%\" style=\"padding: 10px;\">\n            <strong>Order No.</strong>\n        </td>  \n        <td style=\"padding: 10px;\">\n                </td>\n        </tr>\n            <tr  style=\"background-color:#f2f2f2\";>\n        <td width=\"30%\" style=\"padding: 10px;\">\n            <strong>Mobile No.</strong>\n        </td>  \n        <td style=\"padding: 10px;\">\n                09953858916</td>\n        </tr>\n            <tr  style=\"background-color:#f2f2f2\";>\n        <td width=\"30%\" style=\"padding: 10px;\">\n            <strong>Query</strong>\n        </td>  \n        <td style=\"padding: 10px;\">\n                Dear Sir/Ma\'am,\r\n\r\nI am a Fashion Design graduate from FDDI Noida( An institution of national importance) under Ministry of Govt. of India wish to present my candidature for the suitable opening as a designer in your esteemed organization.I am enclosing my detailed resume for your perusal.\r\n\r\nThanking you\r\nYour faithfully\r\nShruti Priya\r\nPhone-9953858916</td>\n        </tr>\n        <tr >\n         <td width=\"30%\" style=\"padding: 10px;\">\n            <strong>Submited At</strong>\n        </td>\n        <td style=\"padding: 10px;\">\n            Aug 9, 2021        </td>\n    </tr>\n</table>\n</div>','27.58.158.105','a:4:{s:6:\"brower\";s:114:\"Mozilla/5.0 (Windows NT 6.3; Win64; x64) AppleWebKit/537.36 (KHTML, like Gecko) Chrome/92.0.4515.131 Safari/537.36\";s:9:\"http_host\";s:15:\"swatimishra.com\";s:11:\"submit_data\";a:6:{s:4:\"Name\";O:24:\"Magento\\Framework\\Phrase\":2:{s:30:\"\0Magento\\Framework\\Phrase\0text\";s:12:\"Shruti Priya\";s:35:\"\0Magento\\Framework\\Phrase\0arguments\";a:0:{}}s:5:\"Email\";s:88:\"<a href=\"mailto:priyashruti1697@gmail.com\" target=\"_BLANK\">priyashruti1697@gmail.com</a>\";s:15:\"Enter a Subject\";O:24:\"Magento\\Framework\\Phrase\":2:{s:30:\"\0Magento\\Framework\\Phrase\0text\";s:8:\"HR Query\";s:35:\"\0Magento\\Framework\\Phrase\0arguments\";a:0:{}}s:9:\"Order No.\";O:24:\"Magento\\Framework\\Phrase\":2:{s:30:\"\0Magento\\Framework\\Phrase\0text\";s:0:\"\";s:35:\"\0Magento\\Framework\\Phrase\0arguments\";a:0:{}}s:10:\"Mobile No.\";O:24:\"Magento\\Framework\\Phrase\":2:{s:30:\"\0Magento\\Framework\\Phrase\0text\";s:11:\"09953858916\";s:35:\"\0Magento\\Framework\\Phrase\0arguments\";a:0:{}}s:5:\"Query\";O:24:\"Magento\\Framework\\Phrase\":2:{s:30:\"\0Magento\\Framework\\Phrase\0text\";s:355:\"Dear Sir/Ma\'am,\r\n\r\nI am a Fashion Design graduate from FDDI Noida( An institution of national importance) under Ministry of Govt. of India wish to present my candidature for the suitable opening as a designer in your esteemed organization.I am enclosing my detailed resume for your perusal.\r\n\r\nThanking you\r\nYour faithfully\r\nShruti Priya\r\nPhone-9953858916\";s:35:\"\0Magento\\Framework\\Phrase\0arguments\";a:0:{}}}s:11:\"current_url\";s:32:\"https://swatimishra.com/contact/\";}','[{\"label\":\"Name\",\"field_type\":\"text\",\"required\":true,\"show_in_email\":true,\"field_options\":{\"size\":\"small\"},\"fieldcol\":12,\"wrappercol\":12,\"cid\":\"c1\",\"placeholder\":\"Name\",\"value\":\"Shruti Priya\"},{\"label\":\"Email\",\"field_type\":\"email\",\"required\":true,\"show_in_email\":true,\"field_options\":[],\"wrappercol\":12,\"fieldcol\":12,\"cid\":\"c2\",\"placeholder\":\"Email\",\"thanks_email\":\"priyashruti1697@gmail.com\",\"value\":\"<a href=\\\"mailto:priyashruti1697@gmail.com\\\" target=\\\"_BLANK\\\">priyashruti1697@gmail.com<\\/a>\"},{\"label\":\"Enter a Subject\",\"field_type\":\"dropdown\",\"required\":true,\"show_in_email\":true,\"field_options\":{\"options\":[{\"label\":\"HR Query\",\"checked\":false},{\"label\":\"Loyalty Points Query\",\"checked\":false},{\"label\":\"Order Query\",\"checked\":false},{\"label\":\"Product Exchange Query\",\"checked\":false},{\"label\":\"Product Query\",\"checked\":false},{\"label\":\"Store Query\",\"checked\":false},{\"label\":\"Technical Query\",\"checked\":false},{\"label\":\"Other\",\"checked\":false}],\"include_blank_option\":false},\"wrappercol\":12,\"fieldcol\":12,\"cid\":\"c4\",\"value\":\"HR Query\"},{\"label\":\"Order No.\",\"field_type\":\"text\",\"required\":false,\"show_in_email\":true,\"field_options\":{\"size\":\"small\"},\"fieldcol\":12,\"wrappercol\":12,\"cid\":\"c4duplicate\",\"placeholder\":\"Order No.\",\"value\":\"\"},{\"label\":\"Mobile No.\",\"field_type\":\"text\",\"required\":true,\"show_in_email\":true,\"field_options\":{\"size\":\"small\"},\"fieldcol\":12,\"wrappercol\":12,\"cid\":\"c5\",\"value\":\"09953858916\"},{\"label\":\"Query\",\"field_type\":\"paragraph\",\"required\":true,\"show_in_email\":true,\"field_options\":{\"size\":\"small\"},\"fieldcol\":12,\"fieldheight\":\"200px\",\"wrappercol\":12,\"cid\":\"c6\",\"placeholder\":\"Query\",\"value\":\"Dear Sir\\/Ma\'am,\\r\\n\\r\\nI am a Fashion Design graduate from FDDI Noida( An institution of national importance) under Ministry of Govt. of India wish to present my candidature for the suitable opening as a designer in your esteemed organization.I am enclosing my detailed resume for your perusal.\\r\\n\\r\\nThanking you\\r\\nYour faithfully\\r\\nShruti Priya\\r\\nPhone-9953858916\"}]'),(26,2,0,0,'','SWATIMISHRA','2021-12-31 09:15:19','<div style=\"border:1px solid #E0E0E0; padding:15px; background:#F9F9F9;\">\n<table cellspacing=\"0\" cellpadding=\"0\" border=\"0\" width=\"100%\">\n            <tr  style=\"background-color:#f2f2f2\";>\n        <td width=\"30%\" style=\"padding: 10px;\">\n            <strong>Name</strong>\n        </td>  \n        <td style=\"padding: 10px;\">\n                Simran Yonzon</td>\n        </tr>\n            <tr  style=\"background-color:#f2f2f2\";>\n        <td width=\"30%\" style=\"padding: 10px;\">\n            <strong>Email</strong>\n        </td>  \n        <td style=\"padding: 10px;\">\n                <a href=\"mailto:yonzonsimran1603@gmail.com\" target=\"_BLANK\">yonzonsimran1603@gmail.com</a></td>\n        </tr>\n            <tr  style=\"background-color:#f2f2f2\";>\n        <td width=\"30%\" style=\"padding: 10px;\">\n            <strong>Enter a Subject</strong>\n        </td>  \n        <td style=\"padding: 10px;\">\n                Other</td>\n        </tr>\n            <tr  style=\"background-color:#f2f2f2\";>\n        <td width=\"30%\" style=\"padding: 10px;\">\n            <strong>Order No.</strong>\n        </td>  \n        <td style=\"padding: 10px;\">\n                </td>\n        </tr>\n            <tr  style=\"background-color:#f2f2f2\";>\n        <td width=\"30%\" style=\"padding: 10px;\">\n            <strong>Mobile No.</strong>\n        </td>  \n        <td style=\"padding: 10px;\">\n                8250715840</td>\n        </tr>\n            <tr  style=\"background-color:#f2f2f2\";>\n        <td width=\"30%\" style=\"padding: 10px;\">\n            <strong>Query</strong>\n        </td>  \n        <td style=\"padding: 10px;\">\n                Hi. I’m an influencer and I want to collab with your brand</td>\n        </tr>\n        <tr >\n         <td width=\"30%\" style=\"padding: 10px;\">\n            <strong>Submited At</strong>\n        </td>\n        <td style=\"padding: 10px;\">\n            Dec 31, 2021        </td>\n    </tr>\n</table>\n</div>','157.45.229.43','a:4:{s:6:\"brower\";s:204:\"Mozilla/5.0 (iPhone; CPU iPhone OS 15_1 like Mac OS X) AppleWebKit/605.1.15 (KHTML, like Gecko) Mobile/15E148 Instagram 216.0.0.12.135 (iPhone11,8; iOS 15_1; en_IN; en-IN; scale=2.00; 828x1792; 338132253)\";s:9:\"http_host\";s:15:\"swatimishra.com\";s:11:\"submit_data\";a:6:{s:4:\"Name\";O:24:\"Magento\\Framework\\Phrase\":2:{s:30:\"\0Magento\\Framework\\Phrase\0text\";s:13:\"Simran Yonzon\";s:35:\"\0Magento\\Framework\\Phrase\0arguments\";a:0:{}}s:5:\"Email\";s:90:\"<a href=\"mailto:yonzonsimran1603@gmail.com\" target=\"_BLANK\">yonzonsimran1603@gmail.com</a>\";s:15:\"Enter a Subject\";O:24:\"Magento\\Framework\\Phrase\":2:{s:30:\"\0Magento\\Framework\\Phrase\0text\";s:5:\"Other\";s:35:\"\0Magento\\Framework\\Phrase\0arguments\";a:0:{}}s:9:\"Order No.\";O:24:\"Magento\\Framework\\Phrase\":2:{s:30:\"\0Magento\\Framework\\Phrase\0text\";s:0:\"\";s:35:\"\0Magento\\Framework\\Phrase\0arguments\";a:0:{}}s:10:\"Mobile No.\";O:24:\"Magento\\Framework\\Phrase\":2:{s:30:\"\0Magento\\Framework\\Phrase\0text\";s:10:\"8250715840\";s:35:\"\0Magento\\Framework\\Phrase\0arguments\";a:0:{}}s:5:\"Query\";O:24:\"Magento\\Framework\\Phrase\":2:{s:30:\"\0Magento\\Framework\\Phrase\0text\";s:60:\"Hi. I’m an influencer and I want to collab with your brand\";s:35:\"\0Magento\\Framework\\Phrase\0arguments\";a:0:{}}}s:11:\"current_url\";s:32:\"https://swatimishra.com/contact/\";}','[{\"label\":\"Name\",\"field_type\":\"text\",\"required\":true,\"show_in_email\":true,\"field_options\":{\"size\":\"small\"},\"fieldcol\":12,\"wrappercol\":12,\"cid\":\"c1\",\"placeholder\":\"Name\",\"value\":\"Simran Yonzon\"},{\"label\":\"Email\",\"field_type\":\"email\",\"required\":true,\"show_in_email\":true,\"field_options\":[],\"wrappercol\":12,\"fieldcol\":12,\"cid\":\"c2\",\"placeholder\":\"Email\",\"thanks_email\":\"yonzonsimran1603@gmail.com\",\"value\":\"<a href=\\\"mailto:yonzonsimran1603@gmail.com\\\" target=\\\"_BLANK\\\">yonzonsimran1603@gmail.com<\\/a>\"},{\"label\":\"Enter a Subject\",\"field_type\":\"dropdown\",\"required\":true,\"show_in_email\":true,\"field_options\":{\"options\":[{\"label\":\"HR Query\",\"checked\":false},{\"label\":\"Loyalty Points Query\",\"checked\":false},{\"label\":\"Order Query\",\"checked\":false},{\"label\":\"Product Exchange Query\",\"checked\":false},{\"label\":\"Product Query\",\"checked\":false},{\"label\":\"Store Query\",\"checked\":false},{\"label\":\"Technical Query\",\"checked\":false},{\"label\":\"Other\",\"checked\":false}],\"include_blank_option\":false},\"wrappercol\":12,\"fieldcol\":12,\"cid\":\"c4\",\"value\":\"Other\"},{\"label\":\"Order No.\",\"field_type\":\"text\",\"required\":false,\"show_in_email\":true,\"field_options\":{\"size\":\"small\"},\"fieldcol\":12,\"wrappercol\":12,\"cid\":\"c4duplicate\",\"placeholder\":\"Order No.\",\"value\":\"\"},{\"label\":\"Mobile No.\",\"field_type\":\"text\",\"required\":true,\"show_in_email\":true,\"field_options\":{\"size\":\"small\"},\"fieldcol\":12,\"wrappercol\":12,\"cid\":\"c5\",\"value\":\"8250715840\"},{\"label\":\"Query\",\"field_type\":\"paragraph\",\"required\":true,\"show_in_email\":true,\"field_options\":{\"size\":\"small\"},\"fieldcol\":12,\"fieldheight\":\"200px\",\"wrappercol\":12,\"cid\":\"c6\",\"placeholder\":\"Query\",\"value\":\"Hi. I\\u2019m an influencer and I want to collab with your brand\"}]'),(27,2,0,0,'','SWATIMISHRA','2022-04-11 14:13:41','<div style=\"border:1px solid #E0E0E0; padding:15px; background:#F9F9F9;\">\n<table cellspacing=\"0\" cellpadding=\"0\" border=\"0\" width=\"100%\">\n            <tr  style=\"background-color:#f2f2f2\";>\n        <td width=\"30%\" style=\"padding: 10px;\">\n            <strong>Name</strong>\n        </td>  \n        <td style=\"padding: 10px;\">\n                KanushkaNagpal</td>\n        </tr>\n            <tr  style=\"background-color:#f2f2f2\";>\n        <td width=\"30%\" style=\"padding: 10px;\">\n            <strong>Email</strong>\n        </td>  \n        <td style=\"padding: 10px;\">\n                <a href=\"mailto:kanushanagpal23@gmail.com\" target=\"_BLANK\">kanushanagpal23@gmail.com</a></td>\n        </tr>\n            <tr  style=\"background-color:#f2f2f2\";>\n        <td width=\"30%\" style=\"padding: 10px;\">\n            <strong>Enter a Subject</strong>\n        </td>  \n        <td style=\"padding: 10px;\">\n                Store Query</td>\n        </tr>\n            <tr  style=\"background-color:#f2f2f2\";>\n        <td width=\"30%\" style=\"padding: 10px;\">\n            <strong>Order No.</strong>\n        </td>  \n        <td style=\"padding: 10px;\">\n                </td>\n        </tr>\n            <tr  style=\"background-color:#f2f2f2\";>\n        <td width=\"30%\" style=\"padding: 10px;\">\n            <strong>Mobile No.</strong>\n        </td>  \n        <td style=\"padding: 10px;\">\n                9996011119</td>\n        </tr>\n            <tr  style=\"background-color:#f2f2f2\";>\n        <td width=\"30%\" style=\"padding: 10px;\">\n            <strong>Query</strong>\n        </td>  \n        <td style=\"padding: 10px;\">\n                Need an appointment. </td>\n        </tr>\n        <tr >\n         <td width=\"30%\" style=\"padding: 10px;\">\n            <strong>Submited At</strong>\n        </td>\n        <td style=\"padding: 10px;\">\n            Apr 11, 2022        </td>\n    </tr>\n</table>\n</div>','122.173.25.190','a:4:{s:6:\"brower\";s:117:\"Mozilla/5.0 (Macintosh; Intel Mac OS X 10_15_6) AppleWebKit/605.1.15 (KHTML, like Gecko) Version/15.4 Safari/605.1.15\";s:9:\"http_host\";s:15:\"swatimishra.com\";s:11:\"submit_data\";a:6:{s:4:\"Name\";O:24:\"Magento\\Framework\\Phrase\":2:{s:30:\"\0Magento\\Framework\\Phrase\0text\";s:14:\"KanushkaNagpal\";s:35:\"\0Magento\\Framework\\Phrase\0arguments\";a:0:{}}s:5:\"Email\";s:88:\"<a href=\"mailto:kanushanagpal23@gmail.com\" target=\"_BLANK\">kanushanagpal23@gmail.com</a>\";s:15:\"Enter a Subject\";O:24:\"Magento\\Framework\\Phrase\":2:{s:30:\"\0Magento\\Framework\\Phrase\0text\";s:11:\"Store Query\";s:35:\"\0Magento\\Framework\\Phrase\0arguments\";a:0:{}}s:9:\"Order No.\";O:24:\"Magento\\Framework\\Phrase\":2:{s:30:\"\0Magento\\Framework\\Phrase\0text\";s:0:\"\";s:35:\"\0Magento\\Framework\\Phrase\0arguments\";a:0:{}}s:10:\"Mobile No.\";O:24:\"Magento\\Framework\\Phrase\":2:{s:30:\"\0Magento\\Framework\\Phrase\0text\";s:10:\"9996011119\";s:35:\"\0Magento\\Framework\\Phrase\0arguments\";a:0:{}}s:5:\"Query\";O:24:\"Magento\\Framework\\Phrase\":2:{s:30:\"\0Magento\\Framework\\Phrase\0text\";s:21:\"Need an appointment. \";s:35:\"\0Magento\\Framework\\Phrase\0arguments\";a:0:{}}}s:11:\"current_url\";s:32:\"https://swatimishra.com/contact/\";}','[{\"label\":\"Name\",\"field_type\":\"text\",\"required\":true,\"show_in_email\":true,\"field_options\":{\"size\":\"small\"},\"fieldcol\":12,\"wrappercol\":12,\"cid\":\"c1\",\"placeholder\":\"Name\",\"value\":\"KanushkaNagpal\"},{\"label\":\"Email\",\"field_type\":\"email\",\"required\":true,\"show_in_email\":true,\"field_options\":[],\"wrappercol\":12,\"fieldcol\":12,\"cid\":\"c2\",\"placeholder\":\"Email\",\"thanks_email\":\"kanushanagpal23@gmail.com\",\"value\":\"<a href=\\\"mailto:kanushanagpal23@gmail.com\\\" target=\\\"_BLANK\\\">kanushanagpal23@gmail.com<\\/a>\"},{\"label\":\"Enter a Subject\",\"field_type\":\"dropdown\",\"required\":true,\"show_in_email\":true,\"field_options\":{\"options\":[{\"label\":\"HR Query\",\"checked\":false},{\"label\":\"Loyalty Points Query\",\"checked\":false},{\"label\":\"Order Query\",\"checked\":false},{\"label\":\"Product Exchange Query\",\"checked\":false},{\"label\":\"Product Query\",\"checked\":false},{\"label\":\"Store Query\",\"checked\":false},{\"label\":\"Technical Query\",\"checked\":false},{\"label\":\"Other\",\"checked\":false}],\"include_blank_option\":false},\"wrappercol\":12,\"fieldcol\":12,\"cid\":\"c4\",\"value\":\"Store Query\"},{\"label\":\"Order No.\",\"field_type\":\"text\",\"required\":false,\"show_in_email\":true,\"field_options\":{\"size\":\"small\"},\"fieldcol\":12,\"wrappercol\":12,\"cid\":\"c4duplicate\",\"placeholder\":\"Order No.\",\"value\":\"\"},{\"label\":\"Mobile No.\",\"field_type\":\"text\",\"required\":true,\"show_in_email\":true,\"field_options\":{\"size\":\"small\"},\"fieldcol\":12,\"wrappercol\":12,\"cid\":\"c5\",\"value\":\"9996011119\"},{\"label\":\"Query\",\"field_type\":\"paragraph\",\"required\":true,\"show_in_email\":true,\"field_options\":{\"size\":\"small\"},\"fieldcol\":12,\"fieldheight\":\"200px\",\"wrappercol\":12,\"cid\":\"c6\",\"placeholder\":\"Query\",\"value\":\"Need an appointment. \"}]');

--
